{"id":14829,"date":"2023-09-26T19:04:53","date_gmt":"2023-09-26T18:04:53","guid":{"rendered":"https:\/\/zapateneo.net\/wordpress\/?post_type=product&#038;p=14829"},"modified":"2023-09-26T19:05:07","modified_gmt":"2023-09-26T18:05:07","slug":"el-dinero-del-poder-de-las-altas-finanzas-a-la-soberania-de-los-pueblos","status":"publish","type":"product","link":"https:\/\/zapateneo.net\/wordpress\/index.php\/producto\/el-dinero-del-poder-de-las-altas-finanzas-a-la-soberania-de-los-pueblos\/","title":{"rendered":"El dinero. Del poder de las altas finanzas a la soberan\u00eda de los pueblos"},"content":{"rendered":"<p>R\u00e9my Herrera analiza aqu\u00ed c\u00f3mo la evoluci\u00f3n del sistema mundial capitalista ha consolidado, durante d\u00e9cadas, la supremac\u00eda del d\u00f3lar estadounidense, pero tambi\u00e9n c\u00f3mo esta hegemon\u00eda est\u00e1 siendo desafiada, tanto por las iniciativas de diversos estados que empiezan a realizar sus transacciones internacionales en otras monedas, como por las criptomonedas, cuyo surgimiento plantea interrogantes pendientes de respuesta.<\/p>\n<p>Con una reflexi\u00f3n rigurosa, abordando los aspectos econ\u00f3micos, hist\u00f3ricos y geopol\u00edticos, el autor explica c\u00f3mo el dinero, herramienta de concentraci\u00f3n de la riqueza en manos de los oligopolios financieros, puede ser tambi\u00e9n un instrumento de poder y soberan\u00eda al servicio de los pueblos.<\/p>\n<p>Analizando la situaci\u00f3n en cada continente, este libro invita a debatir la liberaci\u00f3n del yugo del d\u00f3lar, el futuro del euro, el papel de los francos CFA y CFP, el peso cubano o el yuan chino entre otras monedas, y tambi\u00e9n plantea formas de tomar el control de nuestro futuro colectivo mediante el control de la moneda.<\/p>\n","protected":false},"excerpt":{"rendered":"<p><strong>Herrera, R\u00e9my<\/strong><br \/>\n9788419200358 &#8211; el viejo topo &#8211; 2023 &#8211; 336 p\u00e1ginas \/orri.<\/p>\n","protected":false},"featured_media":14859,"template":"","meta":[],"product_brand":[],"product_cat":[15],"product_tag":[111,6772,6773],"class_list":{"0":"post-14829","1":"product","2":"type-product","3":"status-publish","4":"has-post-thumbnail","6":"product_cat-otros-bestelakoak","7":"product_tag-el-viejo-topo","8":"product_tag-herrera","9":"product_tag-remy","11":"first","12":"instock","13":"sold-individually","14":"shipping-taxable","15":"purchasable","16":"product-type-simple"},"yoast_head":"<!-- This site is optimized with the Yoast SEO plugin v27.3 - https:\/\/yoast.com\/product\/yoast-seo-wordpress\/ -->\n<title>El dinero. Del poder de las altas finanzas a la soberan\u00eda de los pueblos &#8212; Zapateneo<\/title>\n<meta name=\"robots\" content=\"index, follow, max-snippet:-1, max-image-preview:large, max-video-preview:-1\" \/>\n<link rel=\"canonical\" href=\"https:\/\/zapateneo.net\/wordpress\/index.php\/producto\/el-dinero-del-poder-de-las-altas-finanzas-a-la-soberania-de-los-pueblos\/\" \/>\n<meta property=\"og:locale\" content=\"es_ES\" \/>\n<meta property=\"og:type\" content=\"article\" \/>\n<meta property=\"og:title\" content=\"El dinero. Del poder de las altas finanzas a la soberan\u00eda de los pueblos &#8212; Zapateneo\" \/>\n<meta property=\"og:description\" content=\"Herrera, R\u00e9my 9788419200358 - el viejo topo - 2023 - 336 p\u00e1ginas \/orri.\" \/>\n<meta property=\"og:url\" content=\"https:\/\/zapateneo.net\/wordpress\/index.php\/producto\/el-dinero-del-poder-de-las-altas-finanzas-a-la-soberania-de-los-pueblos\/\" \/>\n<meta property=\"og:site_name\" content=\"Zapateneo\" \/>\n<meta property=\"article:modified_time\" content=\"2023-09-26T18:05:07+00:00\" \/>\n<meta name=\"twitter:card\" content=\"summary_large_image\" \/>\n<meta name=\"twitter:site\" content=\"@zapateneo\" \/>\n<meta name=\"twitter:label1\" content=\"Tiempo de lectura\" \/>\n\t<meta name=\"twitter:data1\" content=\"1 minuto\" \/>\n<script type=\"application\/ld+json\" class=\"yoast-schema-graph\">{\"@context\":\"https:\\\/\\\/schema.org\",\"@graph\":[{\"@type\":\"WebPage\",\"@id\":\"https:\\\/\\\/zapateneo.net\\\/wordpress\\\/index.php\\\/producto\\\/el-dinero-del-poder-de-las-altas-finanzas-a-la-soberania-de-los-pueblos\\\/\",\"url\":\"https:\\\/\\\/zapateneo.net\\\/wordpress\\\/index.php\\\/producto\\\/el-dinero-del-poder-de-las-altas-finanzas-a-la-soberania-de-los-pueblos\\\/\",\"name\":\"El dinero. Del poder de las altas finanzas a la soberan\u00eda de los pueblos &#8212; Zapateneo\",\"isPartOf\":{\"@id\":\"https:\\\/\\\/zapateneo.net\\\/wordpress\\\/#website\"},\"primaryImageOfPage\":{\"@id\":\"https:\\\/\\\/zapateneo.net\\\/wordpress\\\/index.php\\\/producto\\\/el-dinero-del-poder-de-las-altas-finanzas-a-la-soberania-de-los-pueblos\\\/#primaryimage\"},\"image\":{\"@id\":\"https:\\\/\\\/zapateneo.net\\\/wordpress\\\/index.php\\\/producto\\\/el-dinero-del-poder-de-las-altas-finanzas-a-la-soberania-de-los-pueblos\\\/#primaryimage\"},\"thumbnailUrl\":\"https:\\\/\\\/zapateneo.net\\\/wordpress\\\/wp-content\\\/uploads\\\/2023\\\/09\\\/el-dinero-remy-herrera.jpg\",\"datePublished\":\"2023-09-26T18:04:53+00:00\",\"dateModified\":\"2023-09-26T18:05:07+00:00\",\"breadcrumb\":{\"@id\":\"https:\\\/\\\/zapateneo.net\\\/wordpress\\\/index.php\\\/producto\\\/el-dinero-del-poder-de-las-altas-finanzas-a-la-soberania-de-los-pueblos\\\/#breadcrumb\"},\"inLanguage\":\"es\",\"potentialAction\":[{\"@type\":\"ReadAction\",\"target\":[\"https:\\\/\\\/zapateneo.net\\\/wordpress\\\/index.php\\\/producto\\\/el-dinero-del-poder-de-las-altas-finanzas-a-la-soberania-de-los-pueblos\\\/\"]}]},{\"@type\":\"ImageObject\",\"inLanguage\":\"es\",\"@id\":\"https:\\\/\\\/zapateneo.net\\\/wordpress\\\/index.php\\\/producto\\\/el-dinero-del-poder-de-las-altas-finanzas-a-la-soberania-de-los-pueblos\\\/#primaryimage\",\"url\":\"https:\\\/\\\/zapateneo.net\\\/wordpress\\\/wp-content\\\/uploads\\\/2023\\\/09\\\/el-dinero-remy-herrera.jpg\",\"contentUrl\":\"https:\\\/\\\/zapateneo.net\\\/wordpress\\\/wp-content\\\/uploads\\\/2023\\\/09\\\/el-dinero-remy-herrera.jpg\",\"width\":400,\"height\":400},{\"@type\":\"BreadcrumbList\",\"@id\":\"https:\\\/\\\/zapateneo.net\\\/wordpress\\\/index.php\\\/producto\\\/el-dinero-del-poder-de-las-altas-finanzas-a-la-soberania-de-los-pueblos\\\/#breadcrumb\",\"itemListElement\":[{\"@type\":\"ListItem\",\"position\":1,\"name\":\"Portada\",\"item\":\"https:\\\/\\\/zapateneo.net\\\/wordpress\\\/\"},{\"@type\":\"ListItem\",\"position\":2,\"name\":\"Tienda\",\"item\":\"https:\\\/\\\/zapateneo.net\\\/wordpress\\\/\"},{\"@type\":\"ListItem\",\"position\":3,\"name\":\"El dinero. Del poder de las altas finanzas a la soberan\u00eda de los pueblos\"}]},{\"@type\":\"WebSite\",\"@id\":\"https:\\\/\\\/zapateneo.net\\\/wordpress\\\/#website\",\"url\":\"https:\\\/\\\/zapateneo.net\\\/wordpress\\\/\",\"name\":\"Zapateneo\",\"description\":\"Zapateneoaren webgunea\",\"publisher\":{\"@id\":\"https:\\\/\\\/zapateneo.net\\\/wordpress\\\/#organization\"},\"potentialAction\":[{\"@type\":\"SearchAction\",\"target\":{\"@type\":\"EntryPoint\",\"urlTemplate\":\"https:\\\/\\\/zapateneo.net\\\/wordpress\\\/?s={search_term_string}\"},\"query-input\":{\"@type\":\"PropertyValueSpecification\",\"valueRequired\":true,\"valueName\":\"search_term_string\"}}],\"inLanguage\":\"es\"},{\"@type\":\"Organization\",\"@id\":\"https:\\\/\\\/zapateneo.net\\\/wordpress\\\/#organization\",\"name\":\"Zapateneo Kultur Elkartea\",\"url\":\"https:\\\/\\\/zapateneo.net\\\/wordpress\\\/\",\"logo\":{\"@type\":\"ImageObject\",\"inLanguage\":\"es\",\"@id\":\"https:\\\/\\\/zapateneo.net\\\/wordpress\\\/#\\\/schema\\\/logo\\\/image\\\/\",\"url\":\"https:\\\/\\\/zapateneo.net\\\/wordpress\\\/wp-content\\\/uploads\\\/2021\\\/04\\\/zap-libu-kolec.jpg\",\"contentUrl\":\"https:\\\/\\\/zapateneo.net\\\/wordpress\\\/wp-content\\\/uploads\\\/2021\\\/04\\\/zap-libu-kolec.jpg\",\"width\":2234,\"height\":398,\"caption\":\"Zapateneo Kultur Elkartea\"},\"image\":{\"@id\":\"https:\\\/\\\/zapateneo.net\\\/wordpress\\\/#\\\/schema\\\/logo\\\/image\\\/\"},\"sameAs\":[\"https:\\\/\\\/x.com\\\/zapateneo\"]}]}<\/script>\n<!-- \/ Yoast SEO plugin. -->","yoast_head_json":{"title":"El dinero. Del poder de las altas finanzas a la soberan\u00eda de los pueblos &#8212; Zapateneo","robots":{"index":"index","follow":"follow","max-snippet":"max-snippet:-1","max-image-preview":"max-image-preview:large","max-video-preview":"max-video-preview:-1"},"canonical":"https:\/\/zapateneo.net\/wordpress\/index.php\/producto\/el-dinero-del-poder-de-las-altas-finanzas-a-la-soberania-de-los-pueblos\/","og_locale":"es_ES","og_type":"article","og_title":"El dinero. Del poder de las altas finanzas a la soberan\u00eda de los pueblos &#8212; Zapateneo","og_description":"Herrera, R\u00e9my 9788419200358 - el viejo topo - 2023 - 336 p\u00e1ginas \/orri.","og_url":"https:\/\/zapateneo.net\/wordpress\/index.php\/producto\/el-dinero-del-poder-de-las-altas-finanzas-a-la-soberania-de-los-pueblos\/","og_site_name":"Zapateneo","article_modified_time":"2023-09-26T18:05:07+00:00","twitter_card":"summary_large_image","twitter_site":"@zapateneo","twitter_misc":{"Tiempo de lectura":"1 minuto"},"schema":{"@context":"https:\/\/schema.org","@graph":[{"@type":"WebPage","@id":"https:\/\/zapateneo.net\/wordpress\/index.php\/producto\/el-dinero-del-poder-de-las-altas-finanzas-a-la-soberania-de-los-pueblos\/","url":"https:\/\/zapateneo.net\/wordpress\/index.php\/producto\/el-dinero-del-poder-de-las-altas-finanzas-a-la-soberania-de-los-pueblos\/","name":"El dinero. Del poder de las altas finanzas a la soberan\u00eda de los pueblos &#8212; Zapateneo","isPartOf":{"@id":"https:\/\/zapateneo.net\/wordpress\/#website"},"primaryImageOfPage":{"@id":"https:\/\/zapateneo.net\/wordpress\/index.php\/producto\/el-dinero-del-poder-de-las-altas-finanzas-a-la-soberania-de-los-pueblos\/#primaryimage"},"image":{"@id":"https:\/\/zapateneo.net\/wordpress\/index.php\/producto\/el-dinero-del-poder-de-las-altas-finanzas-a-la-soberania-de-los-pueblos\/#primaryimage"},"thumbnailUrl":"https:\/\/zapateneo.net\/wordpress\/wp-content\/uploads\/2023\/09\/el-dinero-remy-herrera.jpg","datePublished":"2023-09-26T18:04:53+00:00","dateModified":"2023-09-26T18:05:07+00:00","breadcrumb":{"@id":"https:\/\/zapateneo.net\/wordpress\/index.php\/producto\/el-dinero-del-poder-de-las-altas-finanzas-a-la-soberania-de-los-pueblos\/#breadcrumb"},"inLanguage":"es","potentialAction":[{"@type":"ReadAction","target":["https:\/\/zapateneo.net\/wordpress\/index.php\/producto\/el-dinero-del-poder-de-las-altas-finanzas-a-la-soberania-de-los-pueblos\/"]}]},{"@type":"ImageObject","inLanguage":"es","@id":"https:\/\/zapateneo.net\/wordpress\/index.php\/producto\/el-dinero-del-poder-de-las-altas-finanzas-a-la-soberania-de-los-pueblos\/#primaryimage","url":"https:\/\/zapateneo.net\/wordpress\/wp-content\/uploads\/2023\/09\/el-dinero-remy-herrera.jpg","contentUrl":"https:\/\/zapateneo.net\/wordpress\/wp-content\/uploads\/2023\/09\/el-dinero-remy-herrera.jpg","width":400,"height":400},{"@type":"BreadcrumbList","@id":"https:\/\/zapateneo.net\/wordpress\/index.php\/producto\/el-dinero-del-poder-de-las-altas-finanzas-a-la-soberania-de-los-pueblos\/#breadcrumb","itemListElement":[{"@type":"ListItem","position":1,"name":"Portada","item":"https:\/\/zapateneo.net\/wordpress\/"},{"@type":"ListItem","position":2,"name":"Tienda","item":"https:\/\/zapateneo.net\/wordpress\/"},{"@type":"ListItem","position":3,"name":"El dinero. Del poder de las altas finanzas a la soberan\u00eda de los pueblos"}]},{"@type":"WebSite","@id":"https:\/\/zapateneo.net\/wordpress\/#website","url":"https:\/\/zapateneo.net\/wordpress\/","name":"Zapateneo","description":"Zapateneoaren webgunea","publisher":{"@id":"https:\/\/zapateneo.net\/wordpress\/#organization"},"potentialAction":[{"@type":"SearchAction","target":{"@type":"EntryPoint","urlTemplate":"https:\/\/zapateneo.net\/wordpress\/?s={search_term_string}"},"query-input":{"@type":"PropertyValueSpecification","valueRequired":true,"valueName":"search_term_string"}}],"inLanguage":"es"},{"@type":"Organization","@id":"https:\/\/zapateneo.net\/wordpress\/#organization","name":"Zapateneo Kultur Elkartea","url":"https:\/\/zapateneo.net\/wordpress\/","logo":{"@type":"ImageObject","inLanguage":"es","@id":"https:\/\/zapateneo.net\/wordpress\/#\/schema\/logo\/image\/","url":"https:\/\/zapateneo.net\/wordpress\/wp-content\/uploads\/2021\/04\/zap-libu-kolec.jpg","contentUrl":"https:\/\/zapateneo.net\/wordpress\/wp-content\/uploads\/2021\/04\/zap-libu-kolec.jpg","width":2234,"height":398,"caption":"Zapateneo Kultur Elkartea"},"image":{"@id":"https:\/\/zapateneo.net\/wordpress\/#\/schema\/logo\/image\/"},"sameAs":["https:\/\/x.com\/zapateneo"]}]}},"_links":{"self":[{"href":"https:\/\/zapateneo.net\/wordpress\/index.php\/wp-json\/wp\/v2\/product\/14829","targetHints":{"allow":["GET"]}}],"collection":[{"href":"https:\/\/zapateneo.net\/wordpress\/index.php\/wp-json\/wp\/v2\/product"}],"about":[{"href":"https:\/\/zapateneo.net\/wordpress\/index.php\/wp-json\/wp\/v2\/types\/product"}],"wp:featuredmedia":[{"embeddable":true,"href":"https:\/\/zapateneo.net\/wordpress\/index.php\/wp-json\/wp\/v2\/media\/14859"}],"wp:attachment":[{"href":"https:\/\/zapateneo.net\/wordpress\/index.php\/wp-json\/wp\/v2\/media?parent=14829"}],"wp:term":[{"taxonomy":"product_brand","embeddable":true,"href":"https:\/\/zapateneo.net\/wordpress\/index.php\/wp-json\/wp\/v2\/product_brand?post=14829"},{"taxonomy":"product_cat","embeddable":true,"href":"https:\/\/zapateneo.net\/wordpress\/index.php\/wp-json\/wp\/v2\/product_cat?post=14829"},{"taxonomy":"product_tag","embeddable":true,"href":"https:\/\/zapateneo.net\/wordpress\/index.php\/wp-json\/wp\/v2\/product_tag?post=14829"}],"curies":[{"name":"wp","href":"https:\/\/api.w.org\/{rel}","templated":true}]}}