{"id":14779,"date":"2023-09-20T16:57:21","date_gmt":"2023-09-20T15:57:21","guid":{"rendered":"https:\/\/zapateneo.net\/wordpress\/?post_type=product&#038;p=14779"},"modified":"2023-09-20T16:57:32","modified_gmt":"2023-09-20T15:57:32","slug":"adios-a-una-epoca-que-muere-sin-paz-la-critica-del-mundo-moderno-en-la-literatura-espanola-1874-193","status":"publish","type":"product","link":"https:\/\/zapateneo.net\/wordpress\/index.php\/producto\/adios-a-una-epoca-que-muere-sin-paz-la-critica-del-mundo-moderno-en-la-literatura-espanola-1874-193\/","title":{"rendered":"ADI\u00d3S A UNA \u00c9POCA QUE MUERE SIN PAZ La cr\u00edtica del mundo moderno en la literatura espa\u00f1ola (1874-193"},"content":{"rendered":"<p>El periodo comprendido entre 1874 y 1936 conoci\u00f3, en Espa\u00f1a como en todo el globo, una vasta perturbaci\u00f3n provocada por la expansi\u00f3n de la sociedad industrial. La literatura de la \u00e9poca se enfrent\u00f3 a veces de forma cr\u00edtica a estos cambios, y la espa\u00f1ola no fue una excepci\u00f3n. Varios temas se repiten: el lamento expresado por la desaparici\u00f3n del mundo premoderno; el deseo de abandonar la sociedad industrial para volver a una vida m\u00e1s sencilla; los da\u00f1os causados por las nuevas condiciones de existencia; la anticipaci\u00f3n de un futuro no siempre feliz; y la aparici\u00f3n de una filosof\u00eda que empieza a interesarse por la t\u00e9cnica como un fen\u00f3meno por derecho propio.<\/p>\n<p>En contra de lo que podr\u00edan sugerir algunas interpretaciones apresuradas, esta cr\u00edtica literaria del mundo moderno casi nunca adopt\u00f3 la forma de un rechazo, sino de una aceptaci\u00f3n fatalista del nuevo estado de cosas. Esto es lo que se ha propuesto estudiar este libro, a partir de textos de escritores y fil\u00f3sofos espa\u00f1oles conocidos (P\u00e9rez Gald\u00f3s, Unamuno, Baroja, Ortega y Gasset, Garc\u00eda Lorca), as\u00ed como de obras de autores olvidados o considerados secundarios (N\u00fa\u00f1ez de Arce, Julio Camba, Manuel Llano, Luis de Oteyza).<\/p>\n<p>\u00abLa cr\u00edtica del mundo moderno que se analiza en estas p\u00e1ginas quiz\u00e1 suscite alguna reflexi\u00f3n nueva en quienes se sienten hoy asqueados por lo que las nuevas tecnolog\u00edas y el despilfarro de recursos est\u00e1n haciendo de nosotros. Tal vez permita entender los l\u00edmites de toda cr\u00edtica de la modernizaci\u00f3n a ultranza, que no puede desentenderse de los cambios y las tendencias reales de una \u00e9poca si no quiere caer en el voluntarismo a la hora de concebir un rumbo distinto\u00bb.<\/p>\n<p>Javier Rodr\u00edguez Hidalgo naci\u00f3 en Portugalete, Vizcaya, en 1978. Como insumiso, pas\u00f3 siete meses en prisi\u00f3n entre 2001 y 2002. Colabor\u00f3 con el bolet\u00edn de cr\u00edtica antindustrial Los Amigos de Ludd, aparecido entre los a\u00f1os 2001 y 2006. M\u00e1s tarde fue el editor de la revista Resquicios. Ha participado en la lucha contra el TAV (Tren de Alta Velocidad) en el Pa\u00eds Vasco. Asimismo, ha traducido al castellano a Lewis Mumford, Alexandre M. Jacob, Jaime Semprun, Ren\u00e9 Riesel, Jean-Marc Mandosio, Pablo Sastre, Joseba Sarrionandia, H. D. Thoreau, Simon Leys o E. M. Forster, entre otros. En El Salm\u00f3n ha publicado dos libros: La revoluci\u00f3n en la cr\u00edtica de F\u00e9lix Rodrigo Mora (2011); y \u00bfS\u00f3lo un dios puede a\u00fan salvarnos? Heidegger y la t\u00e9cnica (2013), am\u00e9n de haber traducido los libros George Orwell ante sus calumniadores, Un futuro sin porvenir. Por qu\u00e9 no hay que salvar la investigaci\u00f3n cient\u00edfica, Foucault: la longevidad de una impostura, El para\u00edso -que merece ser- recobrado, La M\u00e1quina se para y El traje nuevo del presidente Mao. Para Cul de Sac ha colaborado con los art\u00edculos \u00abImaginarios apocal\u00edpticos\u00bb, \u00ab\u00bfHay una transici\u00f3n en la cultura?\u00bb, \u00abAnte el auge del neomarxismo\u00bb e \u00abI, desgraciadamente, el dolor crece\u00bb. Recientemente ha escrito, junto a Ander Berrojalbiz, Los pen\u00faltimos d\u00edas de la humanidad (Pepitas, 2021).<\/p>\n","protected":false},"excerpt":{"rendered":"<p><strong>Javier Rodr\u00edguez Hidalgo<\/strong><br \/>\n9788412538670 &#8211; Ediciones El Salm\u00f3n &#8211; 2023 &#8211; 384 p\u00e1ginas \/orri.<\/p>\n","protected":false},"featured_media":14802,"template":"","meta":[],"product_brand":[],"product_cat":[15],"product_tag":[443,973],"class_list":{"0":"post-14779","1":"product","2":"type-product","3":"status-publish","4":"has-post-thumbnail","6":"product_cat-otros-bestelakoak","7":"product_tag-ediciones-el-salmon","8":"product_tag-javier-rodriguez-hidalgo","10":"first","11":"instock","12":"sold-individually","13":"shipping-taxable","14":"purchasable","15":"product-type-simple"},"yoast_head":"<!-- This site is optimized with the Yoast SEO plugin v27.3 - https:\/\/yoast.com\/product\/yoast-seo-wordpress\/ -->\n<title>ADI\u00d3S A UNA \u00c9POCA QUE MUERE SIN PAZ La cr\u00edtica del mundo moderno en la literatura espa\u00f1ola (1874-193 &#8212; Zapateneo<\/title>\n<meta name=\"robots\" content=\"index, follow, max-snippet:-1, max-image-preview:large, max-video-preview:-1\" \/>\n<link rel=\"canonical\" href=\"https:\/\/zapateneo.net\/wordpress\/index.php\/producto\/adios-a-una-epoca-que-muere-sin-paz-la-critica-del-mundo-moderno-en-la-literatura-espanola-1874-193\/\" \/>\n<meta property=\"og:locale\" content=\"es_ES\" \/>\n<meta property=\"og:type\" content=\"article\" \/>\n<meta property=\"og:title\" content=\"ADI\u00d3S A UNA \u00c9POCA QUE MUERE SIN PAZ La cr\u00edtica del mundo moderno en la literatura espa\u00f1ola (1874-193 &#8212; Zapateneo\" \/>\n<meta property=\"og:description\" content=\"Javier Rodr\u00edguez Hidalgo 9788412538670 - Ediciones El Salm\u00f3n - 2023 - 384 p\u00e1ginas \/orri.\" \/>\n<meta property=\"og:url\" content=\"https:\/\/zapateneo.net\/wordpress\/index.php\/producto\/adios-a-una-epoca-que-muere-sin-paz-la-critica-del-mundo-moderno-en-la-literatura-espanola-1874-193\/\" \/>\n<meta property=\"og:site_name\" content=\"Zapateneo\" \/>\n<meta property=\"article:modified_time\" content=\"2023-09-20T15:57:32+00:00\" \/>\n<meta name=\"twitter:card\" content=\"summary_large_image\" \/>\n<meta name=\"twitter:site\" content=\"@zapateneo\" \/>\n<meta name=\"twitter:label1\" content=\"Tiempo de lectura\" \/>\n\t<meta name=\"twitter:data1\" content=\"3 minutos\" \/>\n<script type=\"application\/ld+json\" class=\"yoast-schema-graph\">{\"@context\":\"https:\\\/\\\/schema.org\",\"@graph\":[{\"@type\":\"WebPage\",\"@id\":\"https:\\\/\\\/zapateneo.net\\\/wordpress\\\/index.php\\\/producto\\\/adios-a-una-epoca-que-muere-sin-paz-la-critica-del-mundo-moderno-en-la-literatura-espanola-1874-193\\\/\",\"url\":\"https:\\\/\\\/zapateneo.net\\\/wordpress\\\/index.php\\\/producto\\\/adios-a-una-epoca-que-muere-sin-paz-la-critica-del-mundo-moderno-en-la-literatura-espanola-1874-193\\\/\",\"name\":\"ADI\u00d3S A UNA \u00c9POCA QUE MUERE SIN PAZ La cr\u00edtica del mundo moderno en la literatura espa\u00f1ola (1874-193 &#8212; Zapateneo\",\"isPartOf\":{\"@id\":\"https:\\\/\\\/zapateneo.net\\\/wordpress\\\/#website\"},\"primaryImageOfPage\":{\"@id\":\"https:\\\/\\\/zapateneo.net\\\/wordpress\\\/index.php\\\/producto\\\/adios-a-una-epoca-que-muere-sin-paz-la-critica-del-mundo-moderno-en-la-literatura-espanola-1874-193\\\/#primaryimage\"},\"image\":{\"@id\":\"https:\\\/\\\/zapateneo.net\\\/wordpress\\\/index.php\\\/producto\\\/adios-a-una-epoca-que-muere-sin-paz-la-critica-del-mundo-moderno-en-la-literatura-espanola-1874-193\\\/#primaryimage\"},\"thumbnailUrl\":\"https:\\\/\\\/zapateneo.net\\\/wordpress\\\/wp-content\\\/uploads\\\/2023\\\/09\\\/adios-a-una-epoca-que-muere-sin-paz-9788412538670.jpg\",\"datePublished\":\"2023-09-20T15:57:21+00:00\",\"dateModified\":\"2023-09-20T15:57:32+00:00\",\"breadcrumb\":{\"@id\":\"https:\\\/\\\/zapateneo.net\\\/wordpress\\\/index.php\\\/producto\\\/adios-a-una-epoca-que-muere-sin-paz-la-critica-del-mundo-moderno-en-la-literatura-espanola-1874-193\\\/#breadcrumb\"},\"inLanguage\":\"es\",\"potentialAction\":[{\"@type\":\"ReadAction\",\"target\":[\"https:\\\/\\\/zapateneo.net\\\/wordpress\\\/index.php\\\/producto\\\/adios-a-una-epoca-que-muere-sin-paz-la-critica-del-mundo-moderno-en-la-literatura-espanola-1874-193\\\/\"]}]},{\"@type\":\"ImageObject\",\"inLanguage\":\"es\",\"@id\":\"https:\\\/\\\/zapateneo.net\\\/wordpress\\\/index.php\\\/producto\\\/adios-a-una-epoca-que-muere-sin-paz-la-critica-del-mundo-moderno-en-la-literatura-espanola-1874-193\\\/#primaryimage\",\"url\":\"https:\\\/\\\/zapateneo.net\\\/wordpress\\\/wp-content\\\/uploads\\\/2023\\\/09\\\/adios-a-una-epoca-que-muere-sin-paz-9788412538670.jpg\",\"contentUrl\":\"https:\\\/\\\/zapateneo.net\\\/wordpress\\\/wp-content\\\/uploads\\\/2023\\\/09\\\/adios-a-una-epoca-que-muere-sin-paz-9788412538670.jpg\",\"width\":254,\"height\":400},{\"@type\":\"BreadcrumbList\",\"@id\":\"https:\\\/\\\/zapateneo.net\\\/wordpress\\\/index.php\\\/producto\\\/adios-a-una-epoca-que-muere-sin-paz-la-critica-del-mundo-moderno-en-la-literatura-espanola-1874-193\\\/#breadcrumb\",\"itemListElement\":[{\"@type\":\"ListItem\",\"position\":1,\"name\":\"Portada\",\"item\":\"https:\\\/\\\/zapateneo.net\\\/wordpress\\\/\"},{\"@type\":\"ListItem\",\"position\":2,\"name\":\"Tienda\",\"item\":\"https:\\\/\\\/zapateneo.net\\\/wordpress\\\/\"},{\"@type\":\"ListItem\",\"position\":3,\"name\":\"ADI\u00d3S A UNA \u00c9POCA QUE MUERE SIN PAZ La cr\u00edtica del mundo moderno en la literatura espa\u00f1ola (1874-193\"}]},{\"@type\":\"WebSite\",\"@id\":\"https:\\\/\\\/zapateneo.net\\\/wordpress\\\/#website\",\"url\":\"https:\\\/\\\/zapateneo.net\\\/wordpress\\\/\",\"name\":\"Zapateneo\",\"description\":\"Zapateneoaren webgunea\",\"publisher\":{\"@id\":\"https:\\\/\\\/zapateneo.net\\\/wordpress\\\/#organization\"},\"potentialAction\":[{\"@type\":\"SearchAction\",\"target\":{\"@type\":\"EntryPoint\",\"urlTemplate\":\"https:\\\/\\\/zapateneo.net\\\/wordpress\\\/?s={search_term_string}\"},\"query-input\":{\"@type\":\"PropertyValueSpecification\",\"valueRequired\":true,\"valueName\":\"search_term_string\"}}],\"inLanguage\":\"es\"},{\"@type\":\"Organization\",\"@id\":\"https:\\\/\\\/zapateneo.net\\\/wordpress\\\/#organization\",\"name\":\"Zapateneo Kultur Elkartea\",\"url\":\"https:\\\/\\\/zapateneo.net\\\/wordpress\\\/\",\"logo\":{\"@type\":\"ImageObject\",\"inLanguage\":\"es\",\"@id\":\"https:\\\/\\\/zapateneo.net\\\/wordpress\\\/#\\\/schema\\\/logo\\\/image\\\/\",\"url\":\"https:\\\/\\\/zapateneo.net\\\/wordpress\\\/wp-content\\\/uploads\\\/2021\\\/04\\\/zap-libu-kolec.jpg\",\"contentUrl\":\"https:\\\/\\\/zapateneo.net\\\/wordpress\\\/wp-content\\\/uploads\\\/2021\\\/04\\\/zap-libu-kolec.jpg\",\"width\":2234,\"height\":398,\"caption\":\"Zapateneo Kultur Elkartea\"},\"image\":{\"@id\":\"https:\\\/\\\/zapateneo.net\\\/wordpress\\\/#\\\/schema\\\/logo\\\/image\\\/\"},\"sameAs\":[\"https:\\\/\\\/x.com\\\/zapateneo\"]}]}<\/script>\n<!-- \/ Yoast SEO plugin. -->","yoast_head_json":{"title":"ADI\u00d3S A UNA \u00c9POCA QUE MUERE SIN PAZ La cr\u00edtica del mundo moderno en la literatura espa\u00f1ola (1874-193 &#8212; Zapateneo","robots":{"index":"index","follow":"follow","max-snippet":"max-snippet:-1","max-image-preview":"max-image-preview:large","max-video-preview":"max-video-preview:-1"},"canonical":"https:\/\/zapateneo.net\/wordpress\/index.php\/producto\/adios-a-una-epoca-que-muere-sin-paz-la-critica-del-mundo-moderno-en-la-literatura-espanola-1874-193\/","og_locale":"es_ES","og_type":"article","og_title":"ADI\u00d3S A UNA \u00c9POCA QUE MUERE SIN PAZ La cr\u00edtica del mundo moderno en la literatura espa\u00f1ola (1874-193 &#8212; Zapateneo","og_description":"Javier Rodr\u00edguez Hidalgo 9788412538670 - Ediciones El Salm\u00f3n - 2023 - 384 p\u00e1ginas \/orri.","og_url":"https:\/\/zapateneo.net\/wordpress\/index.php\/producto\/adios-a-una-epoca-que-muere-sin-paz-la-critica-del-mundo-moderno-en-la-literatura-espanola-1874-193\/","og_site_name":"Zapateneo","article_modified_time":"2023-09-20T15:57:32+00:00","twitter_card":"summary_large_image","twitter_site":"@zapateneo","twitter_misc":{"Tiempo de lectura":"3 minutos"},"schema":{"@context":"https:\/\/schema.org","@graph":[{"@type":"WebPage","@id":"https:\/\/zapateneo.net\/wordpress\/index.php\/producto\/adios-a-una-epoca-que-muere-sin-paz-la-critica-del-mundo-moderno-en-la-literatura-espanola-1874-193\/","url":"https:\/\/zapateneo.net\/wordpress\/index.php\/producto\/adios-a-una-epoca-que-muere-sin-paz-la-critica-del-mundo-moderno-en-la-literatura-espanola-1874-193\/","name":"ADI\u00d3S A UNA \u00c9POCA QUE MUERE SIN PAZ La cr\u00edtica del mundo moderno en la literatura espa\u00f1ola (1874-193 &#8212; Zapateneo","isPartOf":{"@id":"https:\/\/zapateneo.net\/wordpress\/#website"},"primaryImageOfPage":{"@id":"https:\/\/zapateneo.net\/wordpress\/index.php\/producto\/adios-a-una-epoca-que-muere-sin-paz-la-critica-del-mundo-moderno-en-la-literatura-espanola-1874-193\/#primaryimage"},"image":{"@id":"https:\/\/zapateneo.net\/wordpress\/index.php\/producto\/adios-a-una-epoca-que-muere-sin-paz-la-critica-del-mundo-moderno-en-la-literatura-espanola-1874-193\/#primaryimage"},"thumbnailUrl":"https:\/\/zapateneo.net\/wordpress\/wp-content\/uploads\/2023\/09\/adios-a-una-epoca-que-muere-sin-paz-9788412538670.jpg","datePublished":"2023-09-20T15:57:21+00:00","dateModified":"2023-09-20T15:57:32+00:00","breadcrumb":{"@id":"https:\/\/zapateneo.net\/wordpress\/index.php\/producto\/adios-a-una-epoca-que-muere-sin-paz-la-critica-del-mundo-moderno-en-la-literatura-espanola-1874-193\/#breadcrumb"},"inLanguage":"es","potentialAction":[{"@type":"ReadAction","target":["https:\/\/zapateneo.net\/wordpress\/index.php\/producto\/adios-a-una-epoca-que-muere-sin-paz-la-critica-del-mundo-moderno-en-la-literatura-espanola-1874-193\/"]}]},{"@type":"ImageObject","inLanguage":"es","@id":"https:\/\/zapateneo.net\/wordpress\/index.php\/producto\/adios-a-una-epoca-que-muere-sin-paz-la-critica-del-mundo-moderno-en-la-literatura-espanola-1874-193\/#primaryimage","url":"https:\/\/zapateneo.net\/wordpress\/wp-content\/uploads\/2023\/09\/adios-a-una-epoca-que-muere-sin-paz-9788412538670.jpg","contentUrl":"https:\/\/zapateneo.net\/wordpress\/wp-content\/uploads\/2023\/09\/adios-a-una-epoca-que-muere-sin-paz-9788412538670.jpg","width":254,"height":400},{"@type":"BreadcrumbList","@id":"https:\/\/zapateneo.net\/wordpress\/index.php\/producto\/adios-a-una-epoca-que-muere-sin-paz-la-critica-del-mundo-moderno-en-la-literatura-espanola-1874-193\/#breadcrumb","itemListElement":[{"@type":"ListItem","position":1,"name":"Portada","item":"https:\/\/zapateneo.net\/wordpress\/"},{"@type":"ListItem","position":2,"name":"Tienda","item":"https:\/\/zapateneo.net\/wordpress\/"},{"@type":"ListItem","position":3,"name":"ADI\u00d3S A UNA \u00c9POCA QUE MUERE SIN PAZ La cr\u00edtica del mundo moderno en la literatura espa\u00f1ola (1874-193"}]},{"@type":"WebSite","@id":"https:\/\/zapateneo.net\/wordpress\/#website","url":"https:\/\/zapateneo.net\/wordpress\/","name":"Zapateneo","description":"Zapateneoaren webgunea","publisher":{"@id":"https:\/\/zapateneo.net\/wordpress\/#organization"},"potentialAction":[{"@type":"SearchAction","target":{"@type":"EntryPoint","urlTemplate":"https:\/\/zapateneo.net\/wordpress\/?s={search_term_string}"},"query-input":{"@type":"PropertyValueSpecification","valueRequired":true,"valueName":"search_term_string"}}],"inLanguage":"es"},{"@type":"Organization","@id":"https:\/\/zapateneo.net\/wordpress\/#organization","name":"Zapateneo Kultur Elkartea","url":"https:\/\/zapateneo.net\/wordpress\/","logo":{"@type":"ImageObject","inLanguage":"es","@id":"https:\/\/zapateneo.net\/wordpress\/#\/schema\/logo\/image\/","url":"https:\/\/zapateneo.net\/wordpress\/wp-content\/uploads\/2021\/04\/zap-libu-kolec.jpg","contentUrl":"https:\/\/zapateneo.net\/wordpress\/wp-content\/uploads\/2021\/04\/zap-libu-kolec.jpg","width":2234,"height":398,"caption":"Zapateneo Kultur Elkartea"},"image":{"@id":"https:\/\/zapateneo.net\/wordpress\/#\/schema\/logo\/image\/"},"sameAs":["https:\/\/x.com\/zapateneo"]}]}},"_links":{"self":[{"href":"https:\/\/zapateneo.net\/wordpress\/index.php\/wp-json\/wp\/v2\/product\/14779","targetHints":{"allow":["GET"]}}],"collection":[{"href":"https:\/\/zapateneo.net\/wordpress\/index.php\/wp-json\/wp\/v2\/product"}],"about":[{"href":"https:\/\/zapateneo.net\/wordpress\/index.php\/wp-json\/wp\/v2\/types\/product"}],"wp:featuredmedia":[{"embeddable":true,"href":"https:\/\/zapateneo.net\/wordpress\/index.php\/wp-json\/wp\/v2\/media\/14802"}],"wp:attachment":[{"href":"https:\/\/zapateneo.net\/wordpress\/index.php\/wp-json\/wp\/v2\/media?parent=14779"}],"wp:term":[{"taxonomy":"product_brand","embeddable":true,"href":"https:\/\/zapateneo.net\/wordpress\/index.php\/wp-json\/wp\/v2\/product_brand?post=14779"},{"taxonomy":"product_cat","embeddable":true,"href":"https:\/\/zapateneo.net\/wordpress\/index.php\/wp-json\/wp\/v2\/product_cat?post=14779"},{"taxonomy":"product_tag","embeddable":true,"href":"https:\/\/zapateneo.net\/wordpress\/index.php\/wp-json\/wp\/v2\/product_tag?post=14779"}],"curies":[{"name":"wp","href":"https:\/\/api.w.org\/{rel}","templated":true}]}}