{"id":14773,"date":"2023-09-20T16:57:20","date_gmt":"2023-09-20T15:57:20","guid":{"rendered":"https:\/\/zapateneo.net\/wordpress\/?post_type=product&#038;p=14773"},"modified":"2023-09-20T16:57:29","modified_gmt":"2023-09-20T15:57:29","slug":"ciudad-feliz-transformar-la-vida-a-traves-del-diseno-urbano","status":"publish","type":"product","link":"https:\/\/zapateneo.net\/wordpress\/index.php\/producto\/ciudad-feliz-transformar-la-vida-a-traves-del-diseno-urbano\/","title":{"rendered":"CIUDAD FELIZ Transformar la vida a trav\u00e9s del dise\u00f1o urbano"},"content":{"rendered":"<p>Este libro nos ofrece una exploraci\u00f3n reveladora de c\u00f3mo las ciudades pueden hacer que seamos m\u00e1s felices. Tras d\u00e9cadas de expansi\u00f3n descontrolada por \u00e1reas perif\u00e9ricas, cada vez m\u00e1s personas est\u00e1n volviendo a los n\u00facleos urbanos. La vida en ellos se ha prescrito como la panacea para la crisis medioambiental y de recursos de nuestro tiempo, pero \u00bfes mejor o peor para nuestra felicidad?<\/p>\n<p>A trav\u00e9s de un estimulante viaje por algunas de las ciudades m\u00e1s din\u00e1micas del mundo, Montgomery encuentra respuestas a estas preguntas en la intersecci\u00f3n entre el dise\u00f1o urbano y la emergente ciencia de la felicidad. Nos presenta al visionario alcalde de Bogot\u00e1 que implant\u00f3 una red de autobuses de lujo para atraer m\u00e1s usuarios, al arquitecto que traslad\u00f3 las lecciones de las ciudades medievales de la Toscana a la ciudad de Nueva York, al activista que convirti\u00f3 las autopistas urbanas de Par\u00eds en playas y a un ej\u00e9rcito de suburbanos estadounidenses que modificaron el dise\u00f1o de sus propias calles y barrios.<\/p>\n<p>El mensaje es tan sorprendente como esperanzador: si actualizamos las ciudades en pro de la felicidad, podemos afrontar los retos m\u00e1s urgentes de nuestra \u00e9poca.<\/p>\n<p>Charles Montgomery Montgomery creci\u00f3 en una peque\u00f1a granja de la isla de Vancouver. Como hombre gay, aprendi\u00f3 las formas en que la sociedad incluye o excluye a las personas en funci\u00f3n de su identidad, lo que provoc\u00f3 su inter\u00e9s por temas como la confianza y la inclusi\u00f3n social. Sus galardonados ensayos combinan reportajes de investigaci\u00f3n con historias reales para explorar la conexi\u00f3n entre cultura, ciencia, dise\u00f1o y bienestar humano. Su primer libro, The Last Heathen, gan\u00f3 el Premio Charles Taylor de no ficci\u00f3n literaria en 2005, entre otros galardones. En sus investigaciones, colabora en diversos experimentos basados en la ciencia del bienestar humano que nos desaf\u00edan a mirar nuestras ciudades y a nosotros mismos de formas totalmente nuevas. Montgomery es cofundador de Happy Cities, un equipo interdisciplinar que utiliza la evidencia, el compromiso y el dise\u00f1o para fomentar comunidades m\u00e1s felices, saludables e inclusivas, que ha ayudado a transformar espacios urbanos en cuatro continentes. El Instituto Canadiense de Urbanistas concedi\u00f3 a Happy Cities el Premio a la Planificaci\u00f3n de Comunidades Saludables 2020.<\/p>\n","protected":false},"excerpt":{"rendered":"<p><strong>Charles Montgomery<\/strong><br \/>\n9788412619812 &#8211; Capit\u00e1n Swing &#8211; 2023 &#8211; 416 p\u00e1ginas \/orri.<\/p>\n","protected":false},"featured_media":14796,"template":"","meta":[],"product_brand":[],"product_cat":[15],"product_tag":[102,6744],"class_list":{"0":"post-14773","1":"product","2":"type-product","3":"status-publish","4":"has-post-thumbnail","6":"product_cat-otros-bestelakoak","7":"product_tag-capitan-swing","8":"product_tag-charles-montgomery","10":"first","11":"instock","12":"sold-individually","13":"shipping-taxable","14":"purchasable","15":"product-type-simple"},"yoast_head":"<!-- This site is optimized with the Yoast SEO plugin v27.3 - https:\/\/yoast.com\/product\/yoast-seo-wordpress\/ -->\n<title>CIUDAD FELIZ Transformar la vida a trav\u00e9s del dise\u00f1o urbano &#8212; Zapateneo<\/title>\n<meta name=\"robots\" content=\"index, follow, max-snippet:-1, max-image-preview:large, max-video-preview:-1\" \/>\n<link rel=\"canonical\" href=\"https:\/\/zapateneo.net\/wordpress\/index.php\/producto\/ciudad-feliz-transformar-la-vida-a-traves-del-diseno-urbano\/\" \/>\n<meta property=\"og:locale\" content=\"es_ES\" \/>\n<meta property=\"og:type\" content=\"article\" \/>\n<meta property=\"og:title\" content=\"CIUDAD FELIZ Transformar la vida a trav\u00e9s del dise\u00f1o urbano &#8212; Zapateneo\" \/>\n<meta property=\"og:description\" content=\"Charles Montgomery 9788412619812 - Capit\u00e1n Swing - 2023 - 416 p\u00e1ginas \/orri.\" \/>\n<meta property=\"og:url\" content=\"https:\/\/zapateneo.net\/wordpress\/index.php\/producto\/ciudad-feliz-transformar-la-vida-a-traves-del-diseno-urbano\/\" \/>\n<meta property=\"og:site_name\" content=\"Zapateneo\" \/>\n<meta property=\"article:modified_time\" content=\"2023-09-20T15:57:29+00:00\" \/>\n<meta name=\"twitter:card\" content=\"summary_large_image\" \/>\n<meta name=\"twitter:site\" content=\"@zapateneo\" \/>\n<meta name=\"twitter:label1\" content=\"Tiempo de lectura\" \/>\n\t<meta name=\"twitter:data1\" content=\"2 minutos\" \/>\n<script type=\"application\/ld+json\" class=\"yoast-schema-graph\">{\"@context\":\"https:\\\/\\\/schema.org\",\"@graph\":[{\"@type\":\"WebPage\",\"@id\":\"https:\\\/\\\/zapateneo.net\\\/wordpress\\\/index.php\\\/producto\\\/ciudad-feliz-transformar-la-vida-a-traves-del-diseno-urbano\\\/\",\"url\":\"https:\\\/\\\/zapateneo.net\\\/wordpress\\\/index.php\\\/producto\\\/ciudad-feliz-transformar-la-vida-a-traves-del-diseno-urbano\\\/\",\"name\":\"CIUDAD FELIZ Transformar la vida a trav\u00e9s del dise\u00f1o urbano &#8212; Zapateneo\",\"isPartOf\":{\"@id\":\"https:\\\/\\\/zapateneo.net\\\/wordpress\\\/#website\"},\"primaryImageOfPage\":{\"@id\":\"https:\\\/\\\/zapateneo.net\\\/wordpress\\\/index.php\\\/producto\\\/ciudad-feliz-transformar-la-vida-a-traves-del-diseno-urbano\\\/#primaryimage\"},\"image\":{\"@id\":\"https:\\\/\\\/zapateneo.net\\\/wordpress\\\/index.php\\\/producto\\\/ciudad-feliz-transformar-la-vida-a-traves-del-diseno-urbano\\\/#primaryimage\"},\"thumbnailUrl\":\"https:\\\/\\\/zapateneo.net\\\/wordpress\\\/wp-content\\\/uploads\\\/2023\\\/09\\\/ciudad-feliz-9788412619812.jpg\",\"datePublished\":\"2023-09-20T15:57:20+00:00\",\"dateModified\":\"2023-09-20T15:57:29+00:00\",\"breadcrumb\":{\"@id\":\"https:\\\/\\\/zapateneo.net\\\/wordpress\\\/index.php\\\/producto\\\/ciudad-feliz-transformar-la-vida-a-traves-del-diseno-urbano\\\/#breadcrumb\"},\"inLanguage\":\"es\",\"potentialAction\":[{\"@type\":\"ReadAction\",\"target\":[\"https:\\\/\\\/zapateneo.net\\\/wordpress\\\/index.php\\\/producto\\\/ciudad-feliz-transformar-la-vida-a-traves-del-diseno-urbano\\\/\"]}]},{\"@type\":\"ImageObject\",\"inLanguage\":\"es\",\"@id\":\"https:\\\/\\\/zapateneo.net\\\/wordpress\\\/index.php\\\/producto\\\/ciudad-feliz-transformar-la-vida-a-traves-del-diseno-urbano\\\/#primaryimage\",\"url\":\"https:\\\/\\\/zapateneo.net\\\/wordpress\\\/wp-content\\\/uploads\\\/2023\\\/09\\\/ciudad-feliz-9788412619812.jpg\",\"contentUrl\":\"https:\\\/\\\/zapateneo.net\\\/wordpress\\\/wp-content\\\/uploads\\\/2023\\\/09\\\/ciudad-feliz-9788412619812.jpg\",\"width\":256,\"height\":400},{\"@type\":\"BreadcrumbList\",\"@id\":\"https:\\\/\\\/zapateneo.net\\\/wordpress\\\/index.php\\\/producto\\\/ciudad-feliz-transformar-la-vida-a-traves-del-diseno-urbano\\\/#breadcrumb\",\"itemListElement\":[{\"@type\":\"ListItem\",\"position\":1,\"name\":\"Portada\",\"item\":\"https:\\\/\\\/zapateneo.net\\\/wordpress\\\/\"},{\"@type\":\"ListItem\",\"position\":2,\"name\":\"Tienda\",\"item\":\"https:\\\/\\\/zapateneo.net\\\/wordpress\\\/\"},{\"@type\":\"ListItem\",\"position\":3,\"name\":\"CIUDAD FELIZ Transformar la vida a trav\u00e9s del dise\u00f1o urbano\"}]},{\"@type\":\"WebSite\",\"@id\":\"https:\\\/\\\/zapateneo.net\\\/wordpress\\\/#website\",\"url\":\"https:\\\/\\\/zapateneo.net\\\/wordpress\\\/\",\"name\":\"Zapateneo\",\"description\":\"Zapateneoaren webgunea\",\"publisher\":{\"@id\":\"https:\\\/\\\/zapateneo.net\\\/wordpress\\\/#organization\"},\"potentialAction\":[{\"@type\":\"SearchAction\",\"target\":{\"@type\":\"EntryPoint\",\"urlTemplate\":\"https:\\\/\\\/zapateneo.net\\\/wordpress\\\/?s={search_term_string}\"},\"query-input\":{\"@type\":\"PropertyValueSpecification\",\"valueRequired\":true,\"valueName\":\"search_term_string\"}}],\"inLanguage\":\"es\"},{\"@type\":\"Organization\",\"@id\":\"https:\\\/\\\/zapateneo.net\\\/wordpress\\\/#organization\",\"name\":\"Zapateneo Kultur Elkartea\",\"url\":\"https:\\\/\\\/zapateneo.net\\\/wordpress\\\/\",\"logo\":{\"@type\":\"ImageObject\",\"inLanguage\":\"es\",\"@id\":\"https:\\\/\\\/zapateneo.net\\\/wordpress\\\/#\\\/schema\\\/logo\\\/image\\\/\",\"url\":\"https:\\\/\\\/zapateneo.net\\\/wordpress\\\/wp-content\\\/uploads\\\/2021\\\/04\\\/zap-libu-kolec.jpg\",\"contentUrl\":\"https:\\\/\\\/zapateneo.net\\\/wordpress\\\/wp-content\\\/uploads\\\/2021\\\/04\\\/zap-libu-kolec.jpg\",\"width\":2234,\"height\":398,\"caption\":\"Zapateneo Kultur Elkartea\"},\"image\":{\"@id\":\"https:\\\/\\\/zapateneo.net\\\/wordpress\\\/#\\\/schema\\\/logo\\\/image\\\/\"},\"sameAs\":[\"https:\\\/\\\/x.com\\\/zapateneo\"]}]}<\/script>\n<!-- \/ Yoast SEO plugin. -->","yoast_head_json":{"title":"CIUDAD FELIZ Transformar la vida a trav\u00e9s del dise\u00f1o urbano &#8212; Zapateneo","robots":{"index":"index","follow":"follow","max-snippet":"max-snippet:-1","max-image-preview":"max-image-preview:large","max-video-preview":"max-video-preview:-1"},"canonical":"https:\/\/zapateneo.net\/wordpress\/index.php\/producto\/ciudad-feliz-transformar-la-vida-a-traves-del-diseno-urbano\/","og_locale":"es_ES","og_type":"article","og_title":"CIUDAD FELIZ Transformar la vida a trav\u00e9s del dise\u00f1o urbano &#8212; Zapateneo","og_description":"Charles Montgomery 9788412619812 - Capit\u00e1n Swing - 2023 - 416 p\u00e1ginas \/orri.","og_url":"https:\/\/zapateneo.net\/wordpress\/index.php\/producto\/ciudad-feliz-transformar-la-vida-a-traves-del-diseno-urbano\/","og_site_name":"Zapateneo","article_modified_time":"2023-09-20T15:57:29+00:00","twitter_card":"summary_large_image","twitter_site":"@zapateneo","twitter_misc":{"Tiempo de lectura":"2 minutos"},"schema":{"@context":"https:\/\/schema.org","@graph":[{"@type":"WebPage","@id":"https:\/\/zapateneo.net\/wordpress\/index.php\/producto\/ciudad-feliz-transformar-la-vida-a-traves-del-diseno-urbano\/","url":"https:\/\/zapateneo.net\/wordpress\/index.php\/producto\/ciudad-feliz-transformar-la-vida-a-traves-del-diseno-urbano\/","name":"CIUDAD FELIZ Transformar la vida a trav\u00e9s del dise\u00f1o urbano &#8212; Zapateneo","isPartOf":{"@id":"https:\/\/zapateneo.net\/wordpress\/#website"},"primaryImageOfPage":{"@id":"https:\/\/zapateneo.net\/wordpress\/index.php\/producto\/ciudad-feliz-transformar-la-vida-a-traves-del-diseno-urbano\/#primaryimage"},"image":{"@id":"https:\/\/zapateneo.net\/wordpress\/index.php\/producto\/ciudad-feliz-transformar-la-vida-a-traves-del-diseno-urbano\/#primaryimage"},"thumbnailUrl":"https:\/\/zapateneo.net\/wordpress\/wp-content\/uploads\/2023\/09\/ciudad-feliz-9788412619812.jpg","datePublished":"2023-09-20T15:57:20+00:00","dateModified":"2023-09-20T15:57:29+00:00","breadcrumb":{"@id":"https:\/\/zapateneo.net\/wordpress\/index.php\/producto\/ciudad-feliz-transformar-la-vida-a-traves-del-diseno-urbano\/#breadcrumb"},"inLanguage":"es","potentialAction":[{"@type":"ReadAction","target":["https:\/\/zapateneo.net\/wordpress\/index.php\/producto\/ciudad-feliz-transformar-la-vida-a-traves-del-diseno-urbano\/"]}]},{"@type":"ImageObject","inLanguage":"es","@id":"https:\/\/zapateneo.net\/wordpress\/index.php\/producto\/ciudad-feliz-transformar-la-vida-a-traves-del-diseno-urbano\/#primaryimage","url":"https:\/\/zapateneo.net\/wordpress\/wp-content\/uploads\/2023\/09\/ciudad-feliz-9788412619812.jpg","contentUrl":"https:\/\/zapateneo.net\/wordpress\/wp-content\/uploads\/2023\/09\/ciudad-feliz-9788412619812.jpg","width":256,"height":400},{"@type":"BreadcrumbList","@id":"https:\/\/zapateneo.net\/wordpress\/index.php\/producto\/ciudad-feliz-transformar-la-vida-a-traves-del-diseno-urbano\/#breadcrumb","itemListElement":[{"@type":"ListItem","position":1,"name":"Portada","item":"https:\/\/zapateneo.net\/wordpress\/"},{"@type":"ListItem","position":2,"name":"Tienda","item":"https:\/\/zapateneo.net\/wordpress\/"},{"@type":"ListItem","position":3,"name":"CIUDAD FELIZ Transformar la vida a trav\u00e9s del dise\u00f1o urbano"}]},{"@type":"WebSite","@id":"https:\/\/zapateneo.net\/wordpress\/#website","url":"https:\/\/zapateneo.net\/wordpress\/","name":"Zapateneo","description":"Zapateneoaren webgunea","publisher":{"@id":"https:\/\/zapateneo.net\/wordpress\/#organization"},"potentialAction":[{"@type":"SearchAction","target":{"@type":"EntryPoint","urlTemplate":"https:\/\/zapateneo.net\/wordpress\/?s={search_term_string}"},"query-input":{"@type":"PropertyValueSpecification","valueRequired":true,"valueName":"search_term_string"}}],"inLanguage":"es"},{"@type":"Organization","@id":"https:\/\/zapateneo.net\/wordpress\/#organization","name":"Zapateneo Kultur Elkartea","url":"https:\/\/zapateneo.net\/wordpress\/","logo":{"@type":"ImageObject","inLanguage":"es","@id":"https:\/\/zapateneo.net\/wordpress\/#\/schema\/logo\/image\/","url":"https:\/\/zapateneo.net\/wordpress\/wp-content\/uploads\/2021\/04\/zap-libu-kolec.jpg","contentUrl":"https:\/\/zapateneo.net\/wordpress\/wp-content\/uploads\/2021\/04\/zap-libu-kolec.jpg","width":2234,"height":398,"caption":"Zapateneo Kultur Elkartea"},"image":{"@id":"https:\/\/zapateneo.net\/wordpress\/#\/schema\/logo\/image\/"},"sameAs":["https:\/\/x.com\/zapateneo"]}]}},"_links":{"self":[{"href":"https:\/\/zapateneo.net\/wordpress\/index.php\/wp-json\/wp\/v2\/product\/14773","targetHints":{"allow":["GET"]}}],"collection":[{"href":"https:\/\/zapateneo.net\/wordpress\/index.php\/wp-json\/wp\/v2\/product"}],"about":[{"href":"https:\/\/zapateneo.net\/wordpress\/index.php\/wp-json\/wp\/v2\/types\/product"}],"wp:featuredmedia":[{"embeddable":true,"href":"https:\/\/zapateneo.net\/wordpress\/index.php\/wp-json\/wp\/v2\/media\/14796"}],"wp:attachment":[{"href":"https:\/\/zapateneo.net\/wordpress\/index.php\/wp-json\/wp\/v2\/media?parent=14773"}],"wp:term":[{"taxonomy":"product_brand","embeddable":true,"href":"https:\/\/zapateneo.net\/wordpress\/index.php\/wp-json\/wp\/v2\/product_brand?post=14773"},{"taxonomy":"product_cat","embeddable":true,"href":"https:\/\/zapateneo.net\/wordpress\/index.php\/wp-json\/wp\/v2\/product_cat?post=14773"},{"taxonomy":"product_tag","embeddable":true,"href":"https:\/\/zapateneo.net\/wordpress\/index.php\/wp-json\/wp\/v2\/product_tag?post=14773"}],"curies":[{"name":"wp","href":"https:\/\/api.w.org\/{rel}","templated":true}]}}