{"id":14771,"date":"2023-09-20T16:57:19","date_gmt":"2023-09-20T15:57:19","guid":{"rendered":"https:\/\/zapateneo.net\/wordpress\/?post_type=product&#038;p=14771"},"modified":"2023-09-20T16:57:28","modified_gmt":"2023-09-20T15:57:28","slug":"una-tumba-con-vistas-historia-y-glorias-de-cementerios","status":"publish","type":"product","link":"https:\/\/zapateneo.net\/wordpress\/index.php\/producto\/una-tumba-con-vistas-historia-y-glorias-de-cementerios\/","title":{"rendered":"UNA TUMBA CON VISTAS Historia y glorias de cementerios"},"content":{"rendered":"<p>Adentr\u00e9monos en un nuevo mundo de fascinaci\u00f3n y deleite a medida que el galardonado escritor Peter Ross descubre las historias y las glorias de los cementerios. \u00bfQui\u00e9nes son los muertos marginados de Londres y por qu\u00e9 David Bowie es su \u00e1ngel de la guarda? \u00bfCu\u00e1l es la extraordinaria verdad sobre Phoebe Hessel, que se disfraz\u00f3 de hombre para luchar al lado de su amor, y lleg\u00f3 a vivir bajo los reinados de cinco monarcas? \u00bfPor qu\u00e9 un cementerio de Bristol es el lugar perfecto para las bodas de los g\u00f3ticos?<\/p>\n<p>Todos estos dolientes misterios, y muchos m\u00e1s, tienen respuesta en Una tumba con vistas, un libro para cualquiera que haya paseado alguna vez por un campo de l\u00e1pidas inclinadas y se haya preguntado por la vida y la muerte de quienes yacen debajo. As\u00ed que abramos la puerta oxidada, apartemos la hiedra y echemos un vistazo al interior.<\/p>\n<p>Peter Ross Trabaja como periodista freelance en Escocia desde 1997. Ha escrito para medios como The Guardian, Sunday Times, The Times, National Geographic Traveler, Scotland On Sunday y Boston Review. Es un invitado frecuente en el programa de Shereen Nanjiani de Radio Scotland y en otros programas. Ha sido galardonado en nueve ocasiones con los premios de la prensa escocesa y es miembro de la fundaci\u00f3n Orwell. Tambi\u00e9n es autor de dos colecciones de art\u00edculos. La primera, Daunderlust, sali\u00f3 a la luz en 2014. La segunda es The Passion Of Harry Bingo. Sus escritos han aparecido en peri\u00f3dicos y revistas nacionales del Reino Unido y Estados Unidos. Su obra m\u00e1s reciente, Una tumba con vistas, gan\u00f3 el premio de no ficci\u00f3n en los Premios Nacionales del Libro de Escocia. A Ross le fascinan los cementerios desde que era joven y se dedicaba a rastrear las letras y s\u00edmbolos de las l\u00e1pidas del cementerio de la ciudad vieja de Stirling, cerca de la casa de sus abuelos, y leyendo las losas como si fueran \u00abestantes llenos de historias\u00bb. Actualmente vive junto al cementerio de Cathcart, en Glasgow, donde encuentra consuelo desde que la COVID-19 se extendi\u00f3 por todo el mundo y nos oblig\u00f3 a afrontar el concepto de mortalidad. Parece natural que el galardonado periodista utilice este entusiasmo para crear un volumen como este.<\/p>\n","protected":false},"excerpt":{"rendered":"<p><strong>Peter Ross<\/strong><br \/>\n9788412620016 &#8211; Capit\u00e1n Swing &#8211; 2023 &#8211; 344 p\u00e1ginas \/orri.<\/p>\n","protected":false},"featured_media":14794,"template":"","meta":[],"product_brand":[],"product_cat":[15],"product_tag":[102,6742],"class_list":{"0":"post-14771","1":"product","2":"type-product","3":"status-publish","4":"has-post-thumbnail","6":"product_cat-otros-bestelakoak","7":"product_tag-capitan-swing","8":"product_tag-peter-ross","10":"first","11":"instock","12":"sold-individually","13":"shipping-taxable","14":"purchasable","15":"product-type-simple"},"yoast_head":"<!-- This site is optimized with the Yoast SEO plugin v27.3 - https:\/\/yoast.com\/product\/yoast-seo-wordpress\/ -->\n<title>UNA TUMBA CON VISTAS Historia y glorias de cementerios &#8212; Zapateneo<\/title>\n<meta name=\"robots\" content=\"index, follow, max-snippet:-1, max-image-preview:large, max-video-preview:-1\" \/>\n<link rel=\"canonical\" href=\"https:\/\/zapateneo.net\/wordpress\/index.php\/producto\/una-tumba-con-vistas-historia-y-glorias-de-cementerios\/\" \/>\n<meta property=\"og:locale\" content=\"es_ES\" \/>\n<meta property=\"og:type\" content=\"article\" \/>\n<meta property=\"og:title\" content=\"UNA TUMBA CON VISTAS Historia y glorias de cementerios &#8212; Zapateneo\" \/>\n<meta property=\"og:description\" content=\"Peter Ross 9788412620016 - Capit\u00e1n Swing - 2023 - 344 p\u00e1ginas \/orri.\" \/>\n<meta property=\"og:url\" content=\"https:\/\/zapateneo.net\/wordpress\/index.php\/producto\/una-tumba-con-vistas-historia-y-glorias-de-cementerios\/\" \/>\n<meta property=\"og:site_name\" content=\"Zapateneo\" \/>\n<meta property=\"article:modified_time\" content=\"2023-09-20T15:57:28+00:00\" \/>\n<meta name=\"twitter:card\" content=\"summary_large_image\" \/>\n<meta name=\"twitter:site\" content=\"@zapateneo\" \/>\n<meta name=\"twitter:label1\" content=\"Tiempo de lectura\" \/>\n\t<meta name=\"twitter:data1\" content=\"2 minutos\" \/>\n<script type=\"application\/ld+json\" class=\"yoast-schema-graph\">{\"@context\":\"https:\\\/\\\/schema.org\",\"@graph\":[{\"@type\":\"WebPage\",\"@id\":\"https:\\\/\\\/zapateneo.net\\\/wordpress\\\/index.php\\\/producto\\\/una-tumba-con-vistas-historia-y-glorias-de-cementerios\\\/\",\"url\":\"https:\\\/\\\/zapateneo.net\\\/wordpress\\\/index.php\\\/producto\\\/una-tumba-con-vistas-historia-y-glorias-de-cementerios\\\/\",\"name\":\"UNA TUMBA CON VISTAS Historia y glorias de cementerios &#8212; Zapateneo\",\"isPartOf\":{\"@id\":\"https:\\\/\\\/zapateneo.net\\\/wordpress\\\/#website\"},\"primaryImageOfPage\":{\"@id\":\"https:\\\/\\\/zapateneo.net\\\/wordpress\\\/index.php\\\/producto\\\/una-tumba-con-vistas-historia-y-glorias-de-cementerios\\\/#primaryimage\"},\"image\":{\"@id\":\"https:\\\/\\\/zapateneo.net\\\/wordpress\\\/index.php\\\/producto\\\/una-tumba-con-vistas-historia-y-glorias-de-cementerios\\\/#primaryimage\"},\"thumbnailUrl\":\"https:\\\/\\\/zapateneo.net\\\/wordpress\\\/wp-content\\\/uploads\\\/2023\\\/09\\\/una-tumba-con-vistas-9788412620016.jpg\",\"datePublished\":\"2023-09-20T15:57:19+00:00\",\"dateModified\":\"2023-09-20T15:57:28+00:00\",\"breadcrumb\":{\"@id\":\"https:\\\/\\\/zapateneo.net\\\/wordpress\\\/index.php\\\/producto\\\/una-tumba-con-vistas-historia-y-glorias-de-cementerios\\\/#breadcrumb\"},\"inLanguage\":\"es\",\"potentialAction\":[{\"@type\":\"ReadAction\",\"target\":[\"https:\\\/\\\/zapateneo.net\\\/wordpress\\\/index.php\\\/producto\\\/una-tumba-con-vistas-historia-y-glorias-de-cementerios\\\/\"]}]},{\"@type\":\"ImageObject\",\"inLanguage\":\"es\",\"@id\":\"https:\\\/\\\/zapateneo.net\\\/wordpress\\\/index.php\\\/producto\\\/una-tumba-con-vistas-historia-y-glorias-de-cementerios\\\/#primaryimage\",\"url\":\"https:\\\/\\\/zapateneo.net\\\/wordpress\\\/wp-content\\\/uploads\\\/2023\\\/09\\\/una-tumba-con-vistas-9788412620016.jpg\",\"contentUrl\":\"https:\\\/\\\/zapateneo.net\\\/wordpress\\\/wp-content\\\/uploads\\\/2023\\\/09\\\/una-tumba-con-vistas-9788412620016.jpg\",\"width\":256,\"height\":400},{\"@type\":\"BreadcrumbList\",\"@id\":\"https:\\\/\\\/zapateneo.net\\\/wordpress\\\/index.php\\\/producto\\\/una-tumba-con-vistas-historia-y-glorias-de-cementerios\\\/#breadcrumb\",\"itemListElement\":[{\"@type\":\"ListItem\",\"position\":1,\"name\":\"Portada\",\"item\":\"https:\\\/\\\/zapateneo.net\\\/wordpress\\\/\"},{\"@type\":\"ListItem\",\"position\":2,\"name\":\"Tienda\",\"item\":\"https:\\\/\\\/zapateneo.net\\\/wordpress\\\/\"},{\"@type\":\"ListItem\",\"position\":3,\"name\":\"UNA TUMBA CON VISTAS Historia y glorias de cementerios\"}]},{\"@type\":\"WebSite\",\"@id\":\"https:\\\/\\\/zapateneo.net\\\/wordpress\\\/#website\",\"url\":\"https:\\\/\\\/zapateneo.net\\\/wordpress\\\/\",\"name\":\"Zapateneo\",\"description\":\"Zapateneoaren webgunea\",\"publisher\":{\"@id\":\"https:\\\/\\\/zapateneo.net\\\/wordpress\\\/#organization\"},\"potentialAction\":[{\"@type\":\"SearchAction\",\"target\":{\"@type\":\"EntryPoint\",\"urlTemplate\":\"https:\\\/\\\/zapateneo.net\\\/wordpress\\\/?s={search_term_string}\"},\"query-input\":{\"@type\":\"PropertyValueSpecification\",\"valueRequired\":true,\"valueName\":\"search_term_string\"}}],\"inLanguage\":\"es\"},{\"@type\":\"Organization\",\"@id\":\"https:\\\/\\\/zapateneo.net\\\/wordpress\\\/#organization\",\"name\":\"Zapateneo Kultur Elkartea\",\"url\":\"https:\\\/\\\/zapateneo.net\\\/wordpress\\\/\",\"logo\":{\"@type\":\"ImageObject\",\"inLanguage\":\"es\",\"@id\":\"https:\\\/\\\/zapateneo.net\\\/wordpress\\\/#\\\/schema\\\/logo\\\/image\\\/\",\"url\":\"https:\\\/\\\/zapateneo.net\\\/wordpress\\\/wp-content\\\/uploads\\\/2021\\\/04\\\/zap-libu-kolec.jpg\",\"contentUrl\":\"https:\\\/\\\/zapateneo.net\\\/wordpress\\\/wp-content\\\/uploads\\\/2021\\\/04\\\/zap-libu-kolec.jpg\",\"width\":2234,\"height\":398,\"caption\":\"Zapateneo Kultur Elkartea\"},\"image\":{\"@id\":\"https:\\\/\\\/zapateneo.net\\\/wordpress\\\/#\\\/schema\\\/logo\\\/image\\\/\"},\"sameAs\":[\"https:\\\/\\\/x.com\\\/zapateneo\"]}]}<\/script>\n<!-- \/ Yoast SEO plugin. -->","yoast_head_json":{"title":"UNA TUMBA CON VISTAS Historia y glorias de cementerios &#8212; Zapateneo","robots":{"index":"index","follow":"follow","max-snippet":"max-snippet:-1","max-image-preview":"max-image-preview:large","max-video-preview":"max-video-preview:-1"},"canonical":"https:\/\/zapateneo.net\/wordpress\/index.php\/producto\/una-tumba-con-vistas-historia-y-glorias-de-cementerios\/","og_locale":"es_ES","og_type":"article","og_title":"UNA TUMBA CON VISTAS Historia y glorias de cementerios &#8212; Zapateneo","og_description":"Peter Ross 9788412620016 - Capit\u00e1n Swing - 2023 - 344 p\u00e1ginas \/orri.","og_url":"https:\/\/zapateneo.net\/wordpress\/index.php\/producto\/una-tumba-con-vistas-historia-y-glorias-de-cementerios\/","og_site_name":"Zapateneo","article_modified_time":"2023-09-20T15:57:28+00:00","twitter_card":"summary_large_image","twitter_site":"@zapateneo","twitter_misc":{"Tiempo de lectura":"2 minutos"},"schema":{"@context":"https:\/\/schema.org","@graph":[{"@type":"WebPage","@id":"https:\/\/zapateneo.net\/wordpress\/index.php\/producto\/una-tumba-con-vistas-historia-y-glorias-de-cementerios\/","url":"https:\/\/zapateneo.net\/wordpress\/index.php\/producto\/una-tumba-con-vistas-historia-y-glorias-de-cementerios\/","name":"UNA TUMBA CON VISTAS Historia y glorias de cementerios &#8212; Zapateneo","isPartOf":{"@id":"https:\/\/zapateneo.net\/wordpress\/#website"},"primaryImageOfPage":{"@id":"https:\/\/zapateneo.net\/wordpress\/index.php\/producto\/una-tumba-con-vistas-historia-y-glorias-de-cementerios\/#primaryimage"},"image":{"@id":"https:\/\/zapateneo.net\/wordpress\/index.php\/producto\/una-tumba-con-vistas-historia-y-glorias-de-cementerios\/#primaryimage"},"thumbnailUrl":"https:\/\/zapateneo.net\/wordpress\/wp-content\/uploads\/2023\/09\/una-tumba-con-vistas-9788412620016.jpg","datePublished":"2023-09-20T15:57:19+00:00","dateModified":"2023-09-20T15:57:28+00:00","breadcrumb":{"@id":"https:\/\/zapateneo.net\/wordpress\/index.php\/producto\/una-tumba-con-vistas-historia-y-glorias-de-cementerios\/#breadcrumb"},"inLanguage":"es","potentialAction":[{"@type":"ReadAction","target":["https:\/\/zapateneo.net\/wordpress\/index.php\/producto\/una-tumba-con-vistas-historia-y-glorias-de-cementerios\/"]}]},{"@type":"ImageObject","inLanguage":"es","@id":"https:\/\/zapateneo.net\/wordpress\/index.php\/producto\/una-tumba-con-vistas-historia-y-glorias-de-cementerios\/#primaryimage","url":"https:\/\/zapateneo.net\/wordpress\/wp-content\/uploads\/2023\/09\/una-tumba-con-vistas-9788412620016.jpg","contentUrl":"https:\/\/zapateneo.net\/wordpress\/wp-content\/uploads\/2023\/09\/una-tumba-con-vistas-9788412620016.jpg","width":256,"height":400},{"@type":"BreadcrumbList","@id":"https:\/\/zapateneo.net\/wordpress\/index.php\/producto\/una-tumba-con-vistas-historia-y-glorias-de-cementerios\/#breadcrumb","itemListElement":[{"@type":"ListItem","position":1,"name":"Portada","item":"https:\/\/zapateneo.net\/wordpress\/"},{"@type":"ListItem","position":2,"name":"Tienda","item":"https:\/\/zapateneo.net\/wordpress\/"},{"@type":"ListItem","position":3,"name":"UNA TUMBA CON VISTAS Historia y glorias de cementerios"}]},{"@type":"WebSite","@id":"https:\/\/zapateneo.net\/wordpress\/#website","url":"https:\/\/zapateneo.net\/wordpress\/","name":"Zapateneo","description":"Zapateneoaren webgunea","publisher":{"@id":"https:\/\/zapateneo.net\/wordpress\/#organization"},"potentialAction":[{"@type":"SearchAction","target":{"@type":"EntryPoint","urlTemplate":"https:\/\/zapateneo.net\/wordpress\/?s={search_term_string}"},"query-input":{"@type":"PropertyValueSpecification","valueRequired":true,"valueName":"search_term_string"}}],"inLanguage":"es"},{"@type":"Organization","@id":"https:\/\/zapateneo.net\/wordpress\/#organization","name":"Zapateneo Kultur Elkartea","url":"https:\/\/zapateneo.net\/wordpress\/","logo":{"@type":"ImageObject","inLanguage":"es","@id":"https:\/\/zapateneo.net\/wordpress\/#\/schema\/logo\/image\/","url":"https:\/\/zapateneo.net\/wordpress\/wp-content\/uploads\/2021\/04\/zap-libu-kolec.jpg","contentUrl":"https:\/\/zapateneo.net\/wordpress\/wp-content\/uploads\/2021\/04\/zap-libu-kolec.jpg","width":2234,"height":398,"caption":"Zapateneo Kultur Elkartea"},"image":{"@id":"https:\/\/zapateneo.net\/wordpress\/#\/schema\/logo\/image\/"},"sameAs":["https:\/\/x.com\/zapateneo"]}]}},"_links":{"self":[{"href":"https:\/\/zapateneo.net\/wordpress\/index.php\/wp-json\/wp\/v2\/product\/14771","targetHints":{"allow":["GET"]}}],"collection":[{"href":"https:\/\/zapateneo.net\/wordpress\/index.php\/wp-json\/wp\/v2\/product"}],"about":[{"href":"https:\/\/zapateneo.net\/wordpress\/index.php\/wp-json\/wp\/v2\/types\/product"}],"wp:featuredmedia":[{"embeddable":true,"href":"https:\/\/zapateneo.net\/wordpress\/index.php\/wp-json\/wp\/v2\/media\/14794"}],"wp:attachment":[{"href":"https:\/\/zapateneo.net\/wordpress\/index.php\/wp-json\/wp\/v2\/media?parent=14771"}],"wp:term":[{"taxonomy":"product_brand","embeddable":true,"href":"https:\/\/zapateneo.net\/wordpress\/index.php\/wp-json\/wp\/v2\/product_brand?post=14771"},{"taxonomy":"product_cat","embeddable":true,"href":"https:\/\/zapateneo.net\/wordpress\/index.php\/wp-json\/wp\/v2\/product_cat?post=14771"},{"taxonomy":"product_tag","embeddable":true,"href":"https:\/\/zapateneo.net\/wordpress\/index.php\/wp-json\/wp\/v2\/product_tag?post=14771"}],"curies":[{"name":"wp","href":"https:\/\/api.w.org\/{rel}","templated":true}]}}