{"id":14769,"date":"2023-09-20T16:57:19","date_gmt":"2023-09-20T15:57:19","guid":{"rendered":"https:\/\/zapateneo.net\/wordpress\/?post_type=product&#038;p=14769"},"modified":"2023-09-20T16:57:27","modified_gmt":"2023-09-20T15:57:27","slug":"la-cultura-del-narcisismo-la-vida-en-una-era-de-expectativas-decrecientes","status":"publish","type":"product","link":"https:\/\/zapateneo.net\/wordpress\/index.php\/producto\/la-cultura-del-narcisismo-la-vida-en-una-era-de-expectativas-decrecientes\/","title":{"rendered":"LA CULTURA DEL NARCISISMO La vida en una era de expectativas decrecientes"},"content":{"rendered":"<p>Cuando esta obra se public\u00f3 por primera vez, en 1979, Christopher Lasch fue aclamado como un \u00abprofeta b\u00edblico\u00bb (Time). Su identificaci\u00f3n del narcisismo no solo como una dolencia individual, sino como una floreciente epidemia social, era innovadora. Pero su diagn\u00f3stico de la cultura estadounidense es a\u00fan m\u00e1s relevante hoy en d\u00eda, ya que predice la expansi\u00f3n ilimitada del yo narcisista, ansioso y codicioso, en todos los \u00e1mbitos de la vida.<\/p>\n<p>Lasch plantea que la evoluci\u00f3n social del siglo xx dio lugar a una estructura de personalidad narcisista, en la que el fr\u00e1gil concepto de s\u00ed mismo de los individuos hab\u00eda dado lugar, entre otras cosas, a un miedo al compromiso y a las relaciones duraderas, a un temor a envejecer \u2014es decir, la \u00abcultura juvenil\u00bb de los a\u00f1os sesenta y setenta\u2014 y a una admiraci\u00f3n ilimitada por la fama y la celebridad \u2014alimentada por la industria cinematogr\u00e1fica y fomentada por la televisi\u00f3n\u2014.<\/p>\n<p>En este en\u00e9rgico trabajo, Lasch pide un regreso a la comunidad, a escuelas que ense\u00f1en historia y no autoestima, y lo hace de una manera imparcial, mirando las lecciones de la historia estadounidense.<\/p>\n<p>Christopher Lasch Historiador, moralista y cr\u00edtico social estadounidense, profesor de Historia en la Universidad de Rochester. Lasch trat\u00f3 de utilizar la historia como herramienta para despertar a la sociedad estadounidense de la omnipresencia con la que las principales instituciones, p\u00fablicas y privadas, estaban erosionando la competencia e independencia de las familias y las comunidades. Se esforz\u00f3 por crear una cr\u00edtica social hist\u00f3ricamente informada que pudiera ense\u00f1ar a los estadounidenses a enfrentarse al consumismo desenfrenado, a la proletarizaci\u00f3n y a lo que \u00e9l mismo denomin\u00f3 \u00abla cultura del narcisismo\u00bb. Sus libros, como The New Radicalism in America (1965), Refugio en un mundo despiadado (1977), La cultura del narcisismo (1979), The True and Only Heaven (1991), y La rebeli\u00f3n de las \u00e9lites y la traici\u00f3n a la democracia (publicado p\u00f3stumamente en 1996) fueron ampliamente discutidos y rese\u00f1ados. La cultura del narcisismo se convirti\u00f3 en un best seller y gan\u00f3 el National Book Award. Lasch siempre fue un cr\u00edtico del liberalismo moderno y un historiador de los descontentos del liberalismo, pero con el tiempo, su perspectiva pol\u00edtica evolucion\u00f3 dr\u00e1sticamente. Contribuy\u00f3 con un pr\u00f3logo a las ediciones posteriores de The American Political Tradition de Hofstadter y con un art\u00edculo sobre Hofstadter en la New York Review of Books en 1973. Ense\u00f1\u00f3 en la Universidad de Iowa y fue profesor de Historia en la Universidad de Rochester desde 1970 hasta su muerte, en 1994.<\/p>\n","protected":false},"excerpt":{"rendered":"<p><strong>Christopher Lasch<\/strong><br \/>\n9788412619898 &#8211; Capit\u00e1n Swing &#8211; 2023 &#8211; 328 p\u00e1ginas \/orri.<\/p>\n","protected":false},"featured_media":14792,"template":"","meta":[],"product_brand":[],"product_cat":[15],"product_tag":[102,6740],"class_list":{"0":"post-14769","1":"product","2":"type-product","3":"status-publish","4":"has-post-thumbnail","6":"product_cat-otros-bestelakoak","7":"product_tag-capitan-swing","8":"product_tag-christopher-lasch","10":"first","11":"instock","12":"sold-individually","13":"shipping-taxable","14":"purchasable","15":"product-type-simple"},"yoast_head":"<!-- This site is optimized with the Yoast SEO plugin v27.3 - https:\/\/yoast.com\/product\/yoast-seo-wordpress\/ -->\n<title>LA CULTURA DEL NARCISISMO La vida en una era de expectativas decrecientes &#8212; Zapateneo<\/title>\n<meta name=\"robots\" content=\"index, follow, max-snippet:-1, max-image-preview:large, max-video-preview:-1\" \/>\n<link rel=\"canonical\" href=\"https:\/\/zapateneo.net\/wordpress\/index.php\/producto\/la-cultura-del-narcisismo-la-vida-en-una-era-de-expectativas-decrecientes\/\" \/>\n<meta property=\"og:locale\" content=\"es_ES\" \/>\n<meta property=\"og:type\" content=\"article\" \/>\n<meta property=\"og:title\" content=\"LA CULTURA DEL NARCISISMO La vida en una era de expectativas decrecientes &#8212; Zapateneo\" \/>\n<meta property=\"og:description\" content=\"Christopher Lasch 9788412619898 - Capit\u00e1n Swing - 2023 - 328 p\u00e1ginas \/orri.\" \/>\n<meta property=\"og:url\" content=\"https:\/\/zapateneo.net\/wordpress\/index.php\/producto\/la-cultura-del-narcisismo-la-vida-en-una-era-de-expectativas-decrecientes\/\" \/>\n<meta property=\"og:site_name\" content=\"Zapateneo\" \/>\n<meta property=\"article:modified_time\" content=\"2023-09-20T15:57:27+00:00\" \/>\n<meta name=\"twitter:card\" content=\"summary_large_image\" \/>\n<meta name=\"twitter:site\" content=\"@zapateneo\" \/>\n<meta name=\"twitter:label1\" content=\"Tiempo de lectura\" \/>\n\t<meta name=\"twitter:data1\" content=\"2 minutos\" \/>\n<script type=\"application\/ld+json\" class=\"yoast-schema-graph\">{\"@context\":\"https:\\\/\\\/schema.org\",\"@graph\":[{\"@type\":\"WebPage\",\"@id\":\"https:\\\/\\\/zapateneo.net\\\/wordpress\\\/index.php\\\/producto\\\/la-cultura-del-narcisismo-la-vida-en-una-era-de-expectativas-decrecientes\\\/\",\"url\":\"https:\\\/\\\/zapateneo.net\\\/wordpress\\\/index.php\\\/producto\\\/la-cultura-del-narcisismo-la-vida-en-una-era-de-expectativas-decrecientes\\\/\",\"name\":\"LA CULTURA DEL NARCISISMO La vida en una era de expectativas decrecientes &#8212; Zapateneo\",\"isPartOf\":{\"@id\":\"https:\\\/\\\/zapateneo.net\\\/wordpress\\\/#website\"},\"primaryImageOfPage\":{\"@id\":\"https:\\\/\\\/zapateneo.net\\\/wordpress\\\/index.php\\\/producto\\\/la-cultura-del-narcisismo-la-vida-en-una-era-de-expectativas-decrecientes\\\/#primaryimage\"},\"image\":{\"@id\":\"https:\\\/\\\/zapateneo.net\\\/wordpress\\\/index.php\\\/producto\\\/la-cultura-del-narcisismo-la-vida-en-una-era-de-expectativas-decrecientes\\\/#primaryimage\"},\"thumbnailUrl\":\"https:\\\/\\\/zapateneo.net\\\/wordpress\\\/wp-content\\\/uploads\\\/2023\\\/09\\\/la-cultura-del-narcisismo-9788412619898.jpg\",\"datePublished\":\"2023-09-20T15:57:19+00:00\",\"dateModified\":\"2023-09-20T15:57:27+00:00\",\"breadcrumb\":{\"@id\":\"https:\\\/\\\/zapateneo.net\\\/wordpress\\\/index.php\\\/producto\\\/la-cultura-del-narcisismo-la-vida-en-una-era-de-expectativas-decrecientes\\\/#breadcrumb\"},\"inLanguage\":\"es\",\"potentialAction\":[{\"@type\":\"ReadAction\",\"target\":[\"https:\\\/\\\/zapateneo.net\\\/wordpress\\\/index.php\\\/producto\\\/la-cultura-del-narcisismo-la-vida-en-una-era-de-expectativas-decrecientes\\\/\"]}]},{\"@type\":\"ImageObject\",\"inLanguage\":\"es\",\"@id\":\"https:\\\/\\\/zapateneo.net\\\/wordpress\\\/index.php\\\/producto\\\/la-cultura-del-narcisismo-la-vida-en-una-era-de-expectativas-decrecientes\\\/#primaryimage\",\"url\":\"https:\\\/\\\/zapateneo.net\\\/wordpress\\\/wp-content\\\/uploads\\\/2023\\\/09\\\/la-cultura-del-narcisismo-9788412619898.jpg\",\"contentUrl\":\"https:\\\/\\\/zapateneo.net\\\/wordpress\\\/wp-content\\\/uploads\\\/2023\\\/09\\\/la-cultura-del-narcisismo-9788412619898.jpg\",\"width\":256,\"height\":400},{\"@type\":\"BreadcrumbList\",\"@id\":\"https:\\\/\\\/zapateneo.net\\\/wordpress\\\/index.php\\\/producto\\\/la-cultura-del-narcisismo-la-vida-en-una-era-de-expectativas-decrecientes\\\/#breadcrumb\",\"itemListElement\":[{\"@type\":\"ListItem\",\"position\":1,\"name\":\"Portada\",\"item\":\"https:\\\/\\\/zapateneo.net\\\/wordpress\\\/\"},{\"@type\":\"ListItem\",\"position\":2,\"name\":\"Tienda\",\"item\":\"https:\\\/\\\/zapateneo.net\\\/wordpress\\\/\"},{\"@type\":\"ListItem\",\"position\":3,\"name\":\"LA CULTURA DEL NARCISISMO La vida en una era de expectativas decrecientes\"}]},{\"@type\":\"WebSite\",\"@id\":\"https:\\\/\\\/zapateneo.net\\\/wordpress\\\/#website\",\"url\":\"https:\\\/\\\/zapateneo.net\\\/wordpress\\\/\",\"name\":\"Zapateneo\",\"description\":\"Zapateneoaren webgunea\",\"publisher\":{\"@id\":\"https:\\\/\\\/zapateneo.net\\\/wordpress\\\/#organization\"},\"potentialAction\":[{\"@type\":\"SearchAction\",\"target\":{\"@type\":\"EntryPoint\",\"urlTemplate\":\"https:\\\/\\\/zapateneo.net\\\/wordpress\\\/?s={search_term_string}\"},\"query-input\":{\"@type\":\"PropertyValueSpecification\",\"valueRequired\":true,\"valueName\":\"search_term_string\"}}],\"inLanguage\":\"es\"},{\"@type\":\"Organization\",\"@id\":\"https:\\\/\\\/zapateneo.net\\\/wordpress\\\/#organization\",\"name\":\"Zapateneo Kultur Elkartea\",\"url\":\"https:\\\/\\\/zapateneo.net\\\/wordpress\\\/\",\"logo\":{\"@type\":\"ImageObject\",\"inLanguage\":\"es\",\"@id\":\"https:\\\/\\\/zapateneo.net\\\/wordpress\\\/#\\\/schema\\\/logo\\\/image\\\/\",\"url\":\"https:\\\/\\\/zapateneo.net\\\/wordpress\\\/wp-content\\\/uploads\\\/2021\\\/04\\\/zap-libu-kolec.jpg\",\"contentUrl\":\"https:\\\/\\\/zapateneo.net\\\/wordpress\\\/wp-content\\\/uploads\\\/2021\\\/04\\\/zap-libu-kolec.jpg\",\"width\":2234,\"height\":398,\"caption\":\"Zapateneo Kultur Elkartea\"},\"image\":{\"@id\":\"https:\\\/\\\/zapateneo.net\\\/wordpress\\\/#\\\/schema\\\/logo\\\/image\\\/\"},\"sameAs\":[\"https:\\\/\\\/x.com\\\/zapateneo\"]}]}<\/script>\n<!-- \/ Yoast SEO plugin. -->","yoast_head_json":{"title":"LA CULTURA DEL NARCISISMO La vida en una era de expectativas decrecientes &#8212; Zapateneo","robots":{"index":"index","follow":"follow","max-snippet":"max-snippet:-1","max-image-preview":"max-image-preview:large","max-video-preview":"max-video-preview:-1"},"canonical":"https:\/\/zapateneo.net\/wordpress\/index.php\/producto\/la-cultura-del-narcisismo-la-vida-en-una-era-de-expectativas-decrecientes\/","og_locale":"es_ES","og_type":"article","og_title":"LA CULTURA DEL NARCISISMO La vida en una era de expectativas decrecientes &#8212; Zapateneo","og_description":"Christopher Lasch 9788412619898 - Capit\u00e1n Swing - 2023 - 328 p\u00e1ginas \/orri.","og_url":"https:\/\/zapateneo.net\/wordpress\/index.php\/producto\/la-cultura-del-narcisismo-la-vida-en-una-era-de-expectativas-decrecientes\/","og_site_name":"Zapateneo","article_modified_time":"2023-09-20T15:57:27+00:00","twitter_card":"summary_large_image","twitter_site":"@zapateneo","twitter_misc":{"Tiempo de lectura":"2 minutos"},"schema":{"@context":"https:\/\/schema.org","@graph":[{"@type":"WebPage","@id":"https:\/\/zapateneo.net\/wordpress\/index.php\/producto\/la-cultura-del-narcisismo-la-vida-en-una-era-de-expectativas-decrecientes\/","url":"https:\/\/zapateneo.net\/wordpress\/index.php\/producto\/la-cultura-del-narcisismo-la-vida-en-una-era-de-expectativas-decrecientes\/","name":"LA CULTURA DEL NARCISISMO La vida en una era de expectativas decrecientes &#8212; Zapateneo","isPartOf":{"@id":"https:\/\/zapateneo.net\/wordpress\/#website"},"primaryImageOfPage":{"@id":"https:\/\/zapateneo.net\/wordpress\/index.php\/producto\/la-cultura-del-narcisismo-la-vida-en-una-era-de-expectativas-decrecientes\/#primaryimage"},"image":{"@id":"https:\/\/zapateneo.net\/wordpress\/index.php\/producto\/la-cultura-del-narcisismo-la-vida-en-una-era-de-expectativas-decrecientes\/#primaryimage"},"thumbnailUrl":"https:\/\/zapateneo.net\/wordpress\/wp-content\/uploads\/2023\/09\/la-cultura-del-narcisismo-9788412619898.jpg","datePublished":"2023-09-20T15:57:19+00:00","dateModified":"2023-09-20T15:57:27+00:00","breadcrumb":{"@id":"https:\/\/zapateneo.net\/wordpress\/index.php\/producto\/la-cultura-del-narcisismo-la-vida-en-una-era-de-expectativas-decrecientes\/#breadcrumb"},"inLanguage":"es","potentialAction":[{"@type":"ReadAction","target":["https:\/\/zapateneo.net\/wordpress\/index.php\/producto\/la-cultura-del-narcisismo-la-vida-en-una-era-de-expectativas-decrecientes\/"]}]},{"@type":"ImageObject","inLanguage":"es","@id":"https:\/\/zapateneo.net\/wordpress\/index.php\/producto\/la-cultura-del-narcisismo-la-vida-en-una-era-de-expectativas-decrecientes\/#primaryimage","url":"https:\/\/zapateneo.net\/wordpress\/wp-content\/uploads\/2023\/09\/la-cultura-del-narcisismo-9788412619898.jpg","contentUrl":"https:\/\/zapateneo.net\/wordpress\/wp-content\/uploads\/2023\/09\/la-cultura-del-narcisismo-9788412619898.jpg","width":256,"height":400},{"@type":"BreadcrumbList","@id":"https:\/\/zapateneo.net\/wordpress\/index.php\/producto\/la-cultura-del-narcisismo-la-vida-en-una-era-de-expectativas-decrecientes\/#breadcrumb","itemListElement":[{"@type":"ListItem","position":1,"name":"Portada","item":"https:\/\/zapateneo.net\/wordpress\/"},{"@type":"ListItem","position":2,"name":"Tienda","item":"https:\/\/zapateneo.net\/wordpress\/"},{"@type":"ListItem","position":3,"name":"LA CULTURA DEL NARCISISMO La vida en una era de expectativas decrecientes"}]},{"@type":"WebSite","@id":"https:\/\/zapateneo.net\/wordpress\/#website","url":"https:\/\/zapateneo.net\/wordpress\/","name":"Zapateneo","description":"Zapateneoaren webgunea","publisher":{"@id":"https:\/\/zapateneo.net\/wordpress\/#organization"},"potentialAction":[{"@type":"SearchAction","target":{"@type":"EntryPoint","urlTemplate":"https:\/\/zapateneo.net\/wordpress\/?s={search_term_string}"},"query-input":{"@type":"PropertyValueSpecification","valueRequired":true,"valueName":"search_term_string"}}],"inLanguage":"es"},{"@type":"Organization","@id":"https:\/\/zapateneo.net\/wordpress\/#organization","name":"Zapateneo Kultur Elkartea","url":"https:\/\/zapateneo.net\/wordpress\/","logo":{"@type":"ImageObject","inLanguage":"es","@id":"https:\/\/zapateneo.net\/wordpress\/#\/schema\/logo\/image\/","url":"https:\/\/zapateneo.net\/wordpress\/wp-content\/uploads\/2021\/04\/zap-libu-kolec.jpg","contentUrl":"https:\/\/zapateneo.net\/wordpress\/wp-content\/uploads\/2021\/04\/zap-libu-kolec.jpg","width":2234,"height":398,"caption":"Zapateneo Kultur Elkartea"},"image":{"@id":"https:\/\/zapateneo.net\/wordpress\/#\/schema\/logo\/image\/"},"sameAs":["https:\/\/x.com\/zapateneo"]}]}},"_links":{"self":[{"href":"https:\/\/zapateneo.net\/wordpress\/index.php\/wp-json\/wp\/v2\/product\/14769","targetHints":{"allow":["GET"]}}],"collection":[{"href":"https:\/\/zapateneo.net\/wordpress\/index.php\/wp-json\/wp\/v2\/product"}],"about":[{"href":"https:\/\/zapateneo.net\/wordpress\/index.php\/wp-json\/wp\/v2\/types\/product"}],"wp:featuredmedia":[{"embeddable":true,"href":"https:\/\/zapateneo.net\/wordpress\/index.php\/wp-json\/wp\/v2\/media\/14792"}],"wp:attachment":[{"href":"https:\/\/zapateneo.net\/wordpress\/index.php\/wp-json\/wp\/v2\/media?parent=14769"}],"wp:term":[{"taxonomy":"product_brand","embeddable":true,"href":"https:\/\/zapateneo.net\/wordpress\/index.php\/wp-json\/wp\/v2\/product_brand?post=14769"},{"taxonomy":"product_cat","embeddable":true,"href":"https:\/\/zapateneo.net\/wordpress\/index.php\/wp-json\/wp\/v2\/product_cat?post=14769"},{"taxonomy":"product_tag","embeddable":true,"href":"https:\/\/zapateneo.net\/wordpress\/index.php\/wp-json\/wp\/v2\/product_tag?post=14769"}],"curies":[{"name":"wp","href":"https:\/\/api.w.org\/{rel}","templated":true}]}}