{"id":14767,"date":"2023-09-20T16:57:18","date_gmt":"2023-09-20T15:57:18","guid":{"rendered":"https:\/\/zapateneo.net\/wordpress\/?post_type=product&#038;p=14767"},"modified":"2023-09-20T16:57:26","modified_gmt":"2023-09-20T15:57:26","slug":"primeros-pasos-desarrollo-y-educacion-en-los-primeros-anos","status":"publish","type":"product","link":"https:\/\/zapateneo.net\/wordpress\/index.php\/producto\/primeros-pasos-desarrollo-y-educacion-en-los-primeros-anos\/","title":{"rendered":"PRIMEROS PASOS Desarrollo y educaci\u00f3n en los primeros a\u00f1os"},"content":{"rendered":"<p>En este libro did\u00e1ctico sobre los cuatro primeros a\u00f1os de vida, el reputado pediatra Remo H. Largo consigue que las madres y padres conozcan mejor a sus hijos, que comprendan su naturaleza y que, por tanto, sean m\u00e1s competentes a la hora de tratar con ellos.<\/p>\n<p>El experimentado pediatra suizo nos presenta un libro educativo muy diferente a otras obras anteriores: no parte de una idea del desarrollo ideal ni de unos principios educativos fijos, sino que trata de ver al ni\u00f1o tal y como es. Sobre todo, quiere despertar la comprensi\u00f3n de madres, padres y educadores sobre las condiciones biol\u00f3gicas previas y la diversidad del comportamiento de los ni\u00f1os.<\/p>\n<p>Su concepto de singularidad y desarrollo individual de cada ni\u00f1o ha recibido la confianza de cientos de miles de madres, padres y abuelos desde la publicaci\u00f3n de esta obra de referencia, que aqu\u00ed presentamos en edici\u00f3n revisada y actualizada por el autor. Este es, por tanto, un cl\u00e1sico esencial de la educaci\u00f3n infantil y un libro imprescindible al que acudir en caso de necesidad.<\/p>\n<p>Remo H. Largo Pediatra y autor de libros sobre educaci\u00f3n. Estudi\u00f3 Medicina en la Universidad de Z\u00farich y se especializ\u00f3 en Pediatr\u00eda en la Universidad de California en Los \u00c1ngeles. Se doctor\u00f3 en ese \u00e1mbito en 1981 despu\u00e9s de haber dirigido el Departamento de Crecimiento y Desarrollo del Hospital Infantil de la Universidad de Z\u00farich desde 1978. Responsable de los denominados estudios longitudinales de Z\u00farich \u2014investigaciones internacionalmente reconocidas debido a sus avances en la comprensi\u00f3n del desarrollo infantil\u2014, pas\u00f3 cuarenta a\u00f1os investigando los trastornos del desarrollo y los comportamientos anormales en ni\u00f1os y j\u00f3venes. Es, adem\u00e1s, autor de numerosos ensayos cient\u00edcos y best sellers. Su libro Primeros pasos. Desarrollo y educaci\u00f3n en los primeros a\u00f1os (2004) es un cl\u00e1sico de la literatura educativa, con m\u00e1s de un mill\u00f3n de copias vendidas solo en Alemania. En 1987 la Sociedad Suiza de Pediatr\u00eda le otorg\u00f3 el Premio Falconi por sus investigaciones. En 2001 gan\u00f3 el Premio Mundial Nessim Habif de la Universidad de Ginebra, y en 2002 fue galardonado con el Premio de la Asociaci\u00f3n Profesional Suiza de Psicolog\u00eda Aplicada. Tambi\u00e9n ha recibido el Premio de Educaci\u00f3n por la Universidad de Z\u00farich en 2006 y el Premio Arnold Lucius Gesell del Theodor Hellbr\u00fcgge Stiftung en 2010. Padre de tres hijas, viv\u00eda con su segunda esposa en Uetliburg, donde falleci\u00f3 en noviembre de 2020 con setenta y seis a\u00f1os.<\/p>\n","protected":false},"excerpt":{"rendered":"<p><strong>Remo H. Largo<\/strong><br \/>\n9788412619942 &#8211; Capit\u00e1n Swing &#8211; 2023 &#8211; 544 p\u00e1ginas \/orri.<\/p>\n","protected":false},"featured_media":14790,"template":"","meta":[],"product_brand":[],"product_cat":[15],"product_tag":[102,6738],"class_list":{"0":"post-14767","1":"product","2":"type-product","3":"status-publish","4":"has-post-thumbnail","6":"product_cat-otros-bestelakoak","7":"product_tag-capitan-swing","8":"product_tag-remo-h-largo","10":"first","11":"instock","12":"sold-individually","13":"shipping-taxable","14":"purchasable","15":"product-type-simple"},"yoast_head":"<!-- This site is optimized with the Yoast SEO plugin v27.3 - https:\/\/yoast.com\/product\/yoast-seo-wordpress\/ -->\n<title>PRIMEROS PASOS Desarrollo y educaci\u00f3n en los primeros a\u00f1os &#8212; Zapateneo<\/title>\n<meta name=\"robots\" content=\"index, follow, max-snippet:-1, max-image-preview:large, max-video-preview:-1\" \/>\n<link rel=\"canonical\" href=\"https:\/\/zapateneo.net\/wordpress\/index.php\/producto\/primeros-pasos-desarrollo-y-educacion-en-los-primeros-anos\/\" \/>\n<meta property=\"og:locale\" content=\"es_ES\" \/>\n<meta property=\"og:type\" content=\"article\" \/>\n<meta property=\"og:title\" content=\"PRIMEROS PASOS Desarrollo y educaci\u00f3n en los primeros a\u00f1os &#8212; Zapateneo\" \/>\n<meta property=\"og:description\" content=\"Remo H. Largo 9788412619942 - Capit\u00e1n Swing - 2023 - 544 p\u00e1ginas \/orri.\" \/>\n<meta property=\"og:url\" content=\"https:\/\/zapateneo.net\/wordpress\/index.php\/producto\/primeros-pasos-desarrollo-y-educacion-en-los-primeros-anos\/\" \/>\n<meta property=\"og:site_name\" content=\"Zapateneo\" \/>\n<meta property=\"article:modified_time\" content=\"2023-09-20T15:57:26+00:00\" \/>\n<meta name=\"twitter:card\" content=\"summary_large_image\" \/>\n<meta name=\"twitter:site\" content=\"@zapateneo\" \/>\n<meta name=\"twitter:label1\" content=\"Tiempo de lectura\" \/>\n\t<meta name=\"twitter:data1\" content=\"2 minutos\" \/>\n<script type=\"application\/ld+json\" class=\"yoast-schema-graph\">{\"@context\":\"https:\\\/\\\/schema.org\",\"@graph\":[{\"@type\":\"WebPage\",\"@id\":\"https:\\\/\\\/zapateneo.net\\\/wordpress\\\/index.php\\\/producto\\\/primeros-pasos-desarrollo-y-educacion-en-los-primeros-anos\\\/\",\"url\":\"https:\\\/\\\/zapateneo.net\\\/wordpress\\\/index.php\\\/producto\\\/primeros-pasos-desarrollo-y-educacion-en-los-primeros-anos\\\/\",\"name\":\"PRIMEROS PASOS Desarrollo y educaci\u00f3n en los primeros a\u00f1os &#8212; Zapateneo\",\"isPartOf\":{\"@id\":\"https:\\\/\\\/zapateneo.net\\\/wordpress\\\/#website\"},\"primaryImageOfPage\":{\"@id\":\"https:\\\/\\\/zapateneo.net\\\/wordpress\\\/index.php\\\/producto\\\/primeros-pasos-desarrollo-y-educacion-en-los-primeros-anos\\\/#primaryimage\"},\"image\":{\"@id\":\"https:\\\/\\\/zapateneo.net\\\/wordpress\\\/index.php\\\/producto\\\/primeros-pasos-desarrollo-y-educacion-en-los-primeros-anos\\\/#primaryimage\"},\"thumbnailUrl\":\"https:\\\/\\\/zapateneo.net\\\/wordpress\\\/wp-content\\\/uploads\\\/2023\\\/09\\\/primeros-pasos-9788412619942.jpg\",\"datePublished\":\"2023-09-20T15:57:18+00:00\",\"dateModified\":\"2023-09-20T15:57:26+00:00\",\"breadcrumb\":{\"@id\":\"https:\\\/\\\/zapateneo.net\\\/wordpress\\\/index.php\\\/producto\\\/primeros-pasos-desarrollo-y-educacion-en-los-primeros-anos\\\/#breadcrumb\"},\"inLanguage\":\"es\",\"potentialAction\":[{\"@type\":\"ReadAction\",\"target\":[\"https:\\\/\\\/zapateneo.net\\\/wordpress\\\/index.php\\\/producto\\\/primeros-pasos-desarrollo-y-educacion-en-los-primeros-anos\\\/\"]}]},{\"@type\":\"ImageObject\",\"inLanguage\":\"es\",\"@id\":\"https:\\\/\\\/zapateneo.net\\\/wordpress\\\/index.php\\\/producto\\\/primeros-pasos-desarrollo-y-educacion-en-los-primeros-anos\\\/#primaryimage\",\"url\":\"https:\\\/\\\/zapateneo.net\\\/wordpress\\\/wp-content\\\/uploads\\\/2023\\\/09\\\/primeros-pasos-9788412619942.jpg\",\"contentUrl\":\"https:\\\/\\\/zapateneo.net\\\/wordpress\\\/wp-content\\\/uploads\\\/2023\\\/09\\\/primeros-pasos-9788412619942.jpg\",\"width\":256,\"height\":400},{\"@type\":\"BreadcrumbList\",\"@id\":\"https:\\\/\\\/zapateneo.net\\\/wordpress\\\/index.php\\\/producto\\\/primeros-pasos-desarrollo-y-educacion-en-los-primeros-anos\\\/#breadcrumb\",\"itemListElement\":[{\"@type\":\"ListItem\",\"position\":1,\"name\":\"Portada\",\"item\":\"https:\\\/\\\/zapateneo.net\\\/wordpress\\\/\"},{\"@type\":\"ListItem\",\"position\":2,\"name\":\"Tienda\",\"item\":\"https:\\\/\\\/zapateneo.net\\\/wordpress\\\/\"},{\"@type\":\"ListItem\",\"position\":3,\"name\":\"PRIMEROS PASOS Desarrollo y educaci\u00f3n en los primeros a\u00f1os\"}]},{\"@type\":\"WebSite\",\"@id\":\"https:\\\/\\\/zapateneo.net\\\/wordpress\\\/#website\",\"url\":\"https:\\\/\\\/zapateneo.net\\\/wordpress\\\/\",\"name\":\"Zapateneo\",\"description\":\"Zapateneoaren webgunea\",\"publisher\":{\"@id\":\"https:\\\/\\\/zapateneo.net\\\/wordpress\\\/#organization\"},\"potentialAction\":[{\"@type\":\"SearchAction\",\"target\":{\"@type\":\"EntryPoint\",\"urlTemplate\":\"https:\\\/\\\/zapateneo.net\\\/wordpress\\\/?s={search_term_string}\"},\"query-input\":{\"@type\":\"PropertyValueSpecification\",\"valueRequired\":true,\"valueName\":\"search_term_string\"}}],\"inLanguage\":\"es\"},{\"@type\":\"Organization\",\"@id\":\"https:\\\/\\\/zapateneo.net\\\/wordpress\\\/#organization\",\"name\":\"Zapateneo Kultur Elkartea\",\"url\":\"https:\\\/\\\/zapateneo.net\\\/wordpress\\\/\",\"logo\":{\"@type\":\"ImageObject\",\"inLanguage\":\"es\",\"@id\":\"https:\\\/\\\/zapateneo.net\\\/wordpress\\\/#\\\/schema\\\/logo\\\/image\\\/\",\"url\":\"https:\\\/\\\/zapateneo.net\\\/wordpress\\\/wp-content\\\/uploads\\\/2021\\\/04\\\/zap-libu-kolec.jpg\",\"contentUrl\":\"https:\\\/\\\/zapateneo.net\\\/wordpress\\\/wp-content\\\/uploads\\\/2021\\\/04\\\/zap-libu-kolec.jpg\",\"width\":2234,\"height\":398,\"caption\":\"Zapateneo Kultur Elkartea\"},\"image\":{\"@id\":\"https:\\\/\\\/zapateneo.net\\\/wordpress\\\/#\\\/schema\\\/logo\\\/image\\\/\"},\"sameAs\":[\"https:\\\/\\\/x.com\\\/zapateneo\"]}]}<\/script>\n<!-- \/ Yoast SEO plugin. -->","yoast_head_json":{"title":"PRIMEROS PASOS Desarrollo y educaci\u00f3n en los primeros a\u00f1os &#8212; Zapateneo","robots":{"index":"index","follow":"follow","max-snippet":"max-snippet:-1","max-image-preview":"max-image-preview:large","max-video-preview":"max-video-preview:-1"},"canonical":"https:\/\/zapateneo.net\/wordpress\/index.php\/producto\/primeros-pasos-desarrollo-y-educacion-en-los-primeros-anos\/","og_locale":"es_ES","og_type":"article","og_title":"PRIMEROS PASOS Desarrollo y educaci\u00f3n en los primeros a\u00f1os &#8212; Zapateneo","og_description":"Remo H. Largo 9788412619942 - Capit\u00e1n Swing - 2023 - 544 p\u00e1ginas \/orri.","og_url":"https:\/\/zapateneo.net\/wordpress\/index.php\/producto\/primeros-pasos-desarrollo-y-educacion-en-los-primeros-anos\/","og_site_name":"Zapateneo","article_modified_time":"2023-09-20T15:57:26+00:00","twitter_card":"summary_large_image","twitter_site":"@zapateneo","twitter_misc":{"Tiempo de lectura":"2 minutos"},"schema":{"@context":"https:\/\/schema.org","@graph":[{"@type":"WebPage","@id":"https:\/\/zapateneo.net\/wordpress\/index.php\/producto\/primeros-pasos-desarrollo-y-educacion-en-los-primeros-anos\/","url":"https:\/\/zapateneo.net\/wordpress\/index.php\/producto\/primeros-pasos-desarrollo-y-educacion-en-los-primeros-anos\/","name":"PRIMEROS PASOS Desarrollo y educaci\u00f3n en los primeros a\u00f1os &#8212; Zapateneo","isPartOf":{"@id":"https:\/\/zapateneo.net\/wordpress\/#website"},"primaryImageOfPage":{"@id":"https:\/\/zapateneo.net\/wordpress\/index.php\/producto\/primeros-pasos-desarrollo-y-educacion-en-los-primeros-anos\/#primaryimage"},"image":{"@id":"https:\/\/zapateneo.net\/wordpress\/index.php\/producto\/primeros-pasos-desarrollo-y-educacion-en-los-primeros-anos\/#primaryimage"},"thumbnailUrl":"https:\/\/zapateneo.net\/wordpress\/wp-content\/uploads\/2023\/09\/primeros-pasos-9788412619942.jpg","datePublished":"2023-09-20T15:57:18+00:00","dateModified":"2023-09-20T15:57:26+00:00","breadcrumb":{"@id":"https:\/\/zapateneo.net\/wordpress\/index.php\/producto\/primeros-pasos-desarrollo-y-educacion-en-los-primeros-anos\/#breadcrumb"},"inLanguage":"es","potentialAction":[{"@type":"ReadAction","target":["https:\/\/zapateneo.net\/wordpress\/index.php\/producto\/primeros-pasos-desarrollo-y-educacion-en-los-primeros-anos\/"]}]},{"@type":"ImageObject","inLanguage":"es","@id":"https:\/\/zapateneo.net\/wordpress\/index.php\/producto\/primeros-pasos-desarrollo-y-educacion-en-los-primeros-anos\/#primaryimage","url":"https:\/\/zapateneo.net\/wordpress\/wp-content\/uploads\/2023\/09\/primeros-pasos-9788412619942.jpg","contentUrl":"https:\/\/zapateneo.net\/wordpress\/wp-content\/uploads\/2023\/09\/primeros-pasos-9788412619942.jpg","width":256,"height":400},{"@type":"BreadcrumbList","@id":"https:\/\/zapateneo.net\/wordpress\/index.php\/producto\/primeros-pasos-desarrollo-y-educacion-en-los-primeros-anos\/#breadcrumb","itemListElement":[{"@type":"ListItem","position":1,"name":"Portada","item":"https:\/\/zapateneo.net\/wordpress\/"},{"@type":"ListItem","position":2,"name":"Tienda","item":"https:\/\/zapateneo.net\/wordpress\/"},{"@type":"ListItem","position":3,"name":"PRIMEROS PASOS Desarrollo y educaci\u00f3n en los primeros a\u00f1os"}]},{"@type":"WebSite","@id":"https:\/\/zapateneo.net\/wordpress\/#website","url":"https:\/\/zapateneo.net\/wordpress\/","name":"Zapateneo","description":"Zapateneoaren webgunea","publisher":{"@id":"https:\/\/zapateneo.net\/wordpress\/#organization"},"potentialAction":[{"@type":"SearchAction","target":{"@type":"EntryPoint","urlTemplate":"https:\/\/zapateneo.net\/wordpress\/?s={search_term_string}"},"query-input":{"@type":"PropertyValueSpecification","valueRequired":true,"valueName":"search_term_string"}}],"inLanguage":"es"},{"@type":"Organization","@id":"https:\/\/zapateneo.net\/wordpress\/#organization","name":"Zapateneo Kultur Elkartea","url":"https:\/\/zapateneo.net\/wordpress\/","logo":{"@type":"ImageObject","inLanguage":"es","@id":"https:\/\/zapateneo.net\/wordpress\/#\/schema\/logo\/image\/","url":"https:\/\/zapateneo.net\/wordpress\/wp-content\/uploads\/2021\/04\/zap-libu-kolec.jpg","contentUrl":"https:\/\/zapateneo.net\/wordpress\/wp-content\/uploads\/2021\/04\/zap-libu-kolec.jpg","width":2234,"height":398,"caption":"Zapateneo Kultur Elkartea"},"image":{"@id":"https:\/\/zapateneo.net\/wordpress\/#\/schema\/logo\/image\/"},"sameAs":["https:\/\/x.com\/zapateneo"]}]}},"_links":{"self":[{"href":"https:\/\/zapateneo.net\/wordpress\/index.php\/wp-json\/wp\/v2\/product\/14767","targetHints":{"allow":["GET"]}}],"collection":[{"href":"https:\/\/zapateneo.net\/wordpress\/index.php\/wp-json\/wp\/v2\/product"}],"about":[{"href":"https:\/\/zapateneo.net\/wordpress\/index.php\/wp-json\/wp\/v2\/types\/product"}],"wp:featuredmedia":[{"embeddable":true,"href":"https:\/\/zapateneo.net\/wordpress\/index.php\/wp-json\/wp\/v2\/media\/14790"}],"wp:attachment":[{"href":"https:\/\/zapateneo.net\/wordpress\/index.php\/wp-json\/wp\/v2\/media?parent=14767"}],"wp:term":[{"taxonomy":"product_brand","embeddable":true,"href":"https:\/\/zapateneo.net\/wordpress\/index.php\/wp-json\/wp\/v2\/product_brand?post=14767"},{"taxonomy":"product_cat","embeddable":true,"href":"https:\/\/zapateneo.net\/wordpress\/index.php\/wp-json\/wp\/v2\/product_cat?post=14767"},{"taxonomy":"product_tag","embeddable":true,"href":"https:\/\/zapateneo.net\/wordpress\/index.php\/wp-json\/wp\/v2\/product_tag?post=14767"}],"curies":[{"name":"wp","href":"https:\/\/api.w.org\/{rel}","templated":true}]}}