{"id":14684,"date":"2023-09-13T19:10:24","date_gmt":"2023-09-13T18:10:24","guid":{"rendered":"https:\/\/zapateneo.net\/wordpress\/?post_type=product&#038;p=14684"},"modified":"2023-09-13T19:10:39","modified_gmt":"2023-09-13T18:10:39","slug":"abajo-los-jefes-escritos-libertarios-1857-1861","status":"publish","type":"product","link":"https:\/\/zapateneo.net\/wordpress\/index.php\/producto\/abajo-los-jefes-escritos-libertarios-1857-1861\/","title":{"rendered":"\u00a1ABAJO LOS JEFES! Escritos libertarios (1857-1861)"},"content":{"rendered":"<p>abajo-los-jefes-9788418998386<\/p>\n<p>    \u00a1ABAJO LOS JEFES!<br \/>\n    Escritos libertarios (1857-1861)<br \/>\n    Joseph D\u00e9jacque<br \/>\n    208 pags.<br \/>\n    ISBN: 9788418998386<br \/>\n    Fund. Anselmo Lorenzo<br \/>\n    D\u00f3nde encontrarlo<br \/>\n    http:\/\/www.cnt.es\/fal\/<br \/>\n    Anarquismo y pensamiento antiautoritario |Filosofia<\/p>\n<p>    18,90 \u20ac<\/p>\n<p>Los textos incluidos en esta antolog\u00eda fueron publicados en Le Libertaire. Journal du Mouvement Social, peri\u00f3dico editado en Nueva Orleans y dirigido por Joseph D\u00e9jacque, quien fue testigo y enlace de primera magnitud entre el Viejo y el Nuevo Mundo. Pele\u00f3n, culto y en\u00e9rgico, los debates que D\u00e9jacque plantea no dejan espacio para la tibieza, aunque sabe que \u00abuno tiene que vivir en su siglo\u00bb, por lo que trata de conjugar las ideas m\u00e1s radicales \u2014y con amplitud de miras\u2014 con una realidad muy poco halag\u00fce\u00f1a, por no decir descorazonadora.<\/p>\n<p>La igualdad real entre sexos, el laberinto del comercio y el intercambio, el parasitismo, la propiedad de los medios de producci\u00f3n, las leyes, la denuncia de las diferentes formas de esclavitud y el salariado, la cr\u00edtica de la autoridad y los jefecillos de tres al cuarto son algunas de las ideas que pueblan esta magn\u00edfica antolog\u00eda traducida y prologada por Diego Luis Sanrom\u00e1n.<\/p>\n<p>Anarquista de primera hora (entonces todav\u00eda se hac\u00edan llamar socialistas), D\u00e9jacque ha pasado a la historia por ser quien primero utiliz\u00f3 el t\u00e9rmino \u00ablibertario\u00bb. Pero su aportaci\u00f3n va mucho m\u00e1s all\u00e1. Su obra mantiene, casi doscientos a\u00f1os despu\u00e9s, una lucidez, una vigencia y una energ\u00eda arrolladoras. Aunque d\u00e9cadas atr\u00e1s se public\u00f3 El humanisferio, esta es la primera antolog\u00eda de sus escritos que aparece en castellano. La furibunda cr\u00edtica contra el capitalismo de rapi\u00f1a de aquellos libertarios \u2014que ten\u00edan una visi\u00f3n del progreso distinta a la que se profesa ahora\u2014 electrifica estas p\u00e1ginas. Escritos de una \u00e9poca lejana que, sin embargo, plantean cuestiones que siguen irresueltas y que, adem\u00e1s, nos ponen delante de una realidad social un tanto desconocida: la de Estados Unidos a mediados del siglo XIX.<\/p>\n<p>Joseph D\u00e9jacque (Par\u00eds 1821-1865) naci\u00f3 en un barrio proletario y pele\u00f3n. Hu\u00e9rfano de padre, su madre se preocup\u00f3 mucho por su educaci\u00f3n. Pronto dio muestras de su gusto por la lectura y la poes\u00eda, aunque tuvo que ponerse a trabajar a los doce a\u00f1os. Durante la revoluci\u00f3n de 1848 particip\u00f3 en los grupos de discusi\u00f3n del momento y colabor\u00f3 en el peri\u00f3dico La Voix des Femmes. En esa \u00e9poca fue enviado a prisi\u00f3n (la misma suerte que corrieron otros quince mil rebeldes). En 1851 publica su primer libro, Les Lazar\u00e9ennes.<\/p>\n<p>Coedici\u00f3n con Pepitas de Calabaza.<\/p>\n","protected":false},"excerpt":{"rendered":"<p><strong>Joseph D\u00e9jacque<\/strong><br \/>\n9788418998386 &#8211; Fundaci\u00f3n Anselmo Lorenzo, Pepitas de calabaza &#8211; 2023 &#8211; 208 p\u00e1ginas \/orri.<\/p>\n","protected":false},"featured_media":14699,"template":"","meta":[],"product_brand":[],"product_cat":[1868,16],"product_tag":[561,6705,47],"class_list":{"0":"post-14684","1":"product","2":"type-product","3":"status-publish","4":"has-post-thumbnail","6":"product_cat-anarkismoa-anarquismo","7":"product_cat-libros","8":"product_tag-fundacion-anselmo-lorenzo","9":"product_tag-joseph-dejacque","10":"product_tag-pepitas-de-calabaza","12":"first","13":"instock","14":"sold-individually","15":"shipping-taxable","16":"purchasable","17":"product-type-simple"},"yoast_head":"<!-- This site is optimized with the Yoast SEO plugin v27.3 - https:\/\/yoast.com\/product\/yoast-seo-wordpress\/ -->\n<title>\u00a1ABAJO LOS JEFES! Escritos libertarios (1857-1861) &#8212; Zapateneo<\/title>\n<meta name=\"robots\" content=\"index, follow, max-snippet:-1, max-image-preview:large, max-video-preview:-1\" \/>\n<link rel=\"canonical\" href=\"https:\/\/zapateneo.net\/wordpress\/index.php\/producto\/abajo-los-jefes-escritos-libertarios-1857-1861\/\" \/>\n<meta property=\"og:locale\" content=\"es_ES\" \/>\n<meta property=\"og:type\" content=\"article\" \/>\n<meta property=\"og:title\" content=\"\u00a1ABAJO LOS JEFES! Escritos libertarios (1857-1861) &#8212; Zapateneo\" \/>\n<meta property=\"og:description\" content=\"Joseph D\u00e9jacque 9788418998386 - Fundaci\u00f3n Anselmo Lorenzo, Pepitas de calabaza - 2023 - 208 p\u00e1ginas \/orri.\" \/>\n<meta property=\"og:url\" content=\"https:\/\/zapateneo.net\/wordpress\/index.php\/producto\/abajo-los-jefes-escritos-libertarios-1857-1861\/\" \/>\n<meta property=\"og:site_name\" content=\"Zapateneo\" \/>\n<meta property=\"article:modified_time\" content=\"2023-09-13T18:10:39+00:00\" \/>\n<meta name=\"twitter:card\" content=\"summary_large_image\" \/>\n<meta name=\"twitter:site\" content=\"@zapateneo\" \/>\n<meta name=\"twitter:label1\" content=\"Tiempo de lectura\" \/>\n\t<meta name=\"twitter:data1\" content=\"2 minutos\" \/>\n<script type=\"application\/ld+json\" class=\"yoast-schema-graph\">{\"@context\":\"https:\\\/\\\/schema.org\",\"@graph\":[{\"@type\":\"WebPage\",\"@id\":\"https:\\\/\\\/zapateneo.net\\\/wordpress\\\/index.php\\\/producto\\\/abajo-los-jefes-escritos-libertarios-1857-1861\\\/\",\"url\":\"https:\\\/\\\/zapateneo.net\\\/wordpress\\\/index.php\\\/producto\\\/abajo-los-jefes-escritos-libertarios-1857-1861\\\/\",\"name\":\"\u00a1ABAJO LOS JEFES! Escritos libertarios (1857-1861) &#8212; Zapateneo\",\"isPartOf\":{\"@id\":\"https:\\\/\\\/zapateneo.net\\\/wordpress\\\/#website\"},\"primaryImageOfPage\":{\"@id\":\"https:\\\/\\\/zapateneo.net\\\/wordpress\\\/index.php\\\/producto\\\/abajo-los-jefes-escritos-libertarios-1857-1861\\\/#primaryimage\"},\"image\":{\"@id\":\"https:\\\/\\\/zapateneo.net\\\/wordpress\\\/index.php\\\/producto\\\/abajo-los-jefes-escritos-libertarios-1857-1861\\\/#primaryimage\"},\"thumbnailUrl\":\"https:\\\/\\\/zapateneo.net\\\/wordpress\\\/wp-content\\\/uploads\\\/2023\\\/09\\\/abajo-los-jefes-9788418998386.jpg\",\"datePublished\":\"2023-09-13T18:10:24+00:00\",\"dateModified\":\"2023-09-13T18:10:39+00:00\",\"breadcrumb\":{\"@id\":\"https:\\\/\\\/zapateneo.net\\\/wordpress\\\/index.php\\\/producto\\\/abajo-los-jefes-escritos-libertarios-1857-1861\\\/#breadcrumb\"},\"inLanguage\":\"es\",\"potentialAction\":[{\"@type\":\"ReadAction\",\"target\":[\"https:\\\/\\\/zapateneo.net\\\/wordpress\\\/index.php\\\/producto\\\/abajo-los-jefes-escritos-libertarios-1857-1861\\\/\"]}]},{\"@type\":\"ImageObject\",\"inLanguage\":\"es\",\"@id\":\"https:\\\/\\\/zapateneo.net\\\/wordpress\\\/index.php\\\/producto\\\/abajo-los-jefes-escritos-libertarios-1857-1861\\\/#primaryimage\",\"url\":\"https:\\\/\\\/zapateneo.net\\\/wordpress\\\/wp-content\\\/uploads\\\/2023\\\/09\\\/abajo-los-jefes-9788418998386.jpg\",\"contentUrl\":\"https:\\\/\\\/zapateneo.net\\\/wordpress\\\/wp-content\\\/uploads\\\/2023\\\/09\\\/abajo-los-jefes-9788418998386.jpg\",\"width\":254,\"height\":400},{\"@type\":\"BreadcrumbList\",\"@id\":\"https:\\\/\\\/zapateneo.net\\\/wordpress\\\/index.php\\\/producto\\\/abajo-los-jefes-escritos-libertarios-1857-1861\\\/#breadcrumb\",\"itemListElement\":[{\"@type\":\"ListItem\",\"position\":1,\"name\":\"Portada\",\"item\":\"https:\\\/\\\/zapateneo.net\\\/wordpress\\\/\"},{\"@type\":\"ListItem\",\"position\":2,\"name\":\"Tienda\",\"item\":\"https:\\\/\\\/zapateneo.net\\\/wordpress\\\/\"},{\"@type\":\"ListItem\",\"position\":3,\"name\":\"\u00a1ABAJO LOS JEFES! Escritos libertarios (1857-1861)\"}]},{\"@type\":\"WebSite\",\"@id\":\"https:\\\/\\\/zapateneo.net\\\/wordpress\\\/#website\",\"url\":\"https:\\\/\\\/zapateneo.net\\\/wordpress\\\/\",\"name\":\"Zapateneo\",\"description\":\"Zapateneoaren webgunea\",\"publisher\":{\"@id\":\"https:\\\/\\\/zapateneo.net\\\/wordpress\\\/#organization\"},\"potentialAction\":[{\"@type\":\"SearchAction\",\"target\":{\"@type\":\"EntryPoint\",\"urlTemplate\":\"https:\\\/\\\/zapateneo.net\\\/wordpress\\\/?s={search_term_string}\"},\"query-input\":{\"@type\":\"PropertyValueSpecification\",\"valueRequired\":true,\"valueName\":\"search_term_string\"}}],\"inLanguage\":\"es\"},{\"@type\":\"Organization\",\"@id\":\"https:\\\/\\\/zapateneo.net\\\/wordpress\\\/#organization\",\"name\":\"Zapateneo Kultur Elkartea\",\"url\":\"https:\\\/\\\/zapateneo.net\\\/wordpress\\\/\",\"logo\":{\"@type\":\"ImageObject\",\"inLanguage\":\"es\",\"@id\":\"https:\\\/\\\/zapateneo.net\\\/wordpress\\\/#\\\/schema\\\/logo\\\/image\\\/\",\"url\":\"https:\\\/\\\/zapateneo.net\\\/wordpress\\\/wp-content\\\/uploads\\\/2021\\\/04\\\/zap-libu-kolec.jpg\",\"contentUrl\":\"https:\\\/\\\/zapateneo.net\\\/wordpress\\\/wp-content\\\/uploads\\\/2021\\\/04\\\/zap-libu-kolec.jpg\",\"width\":2234,\"height\":398,\"caption\":\"Zapateneo Kultur Elkartea\"},\"image\":{\"@id\":\"https:\\\/\\\/zapateneo.net\\\/wordpress\\\/#\\\/schema\\\/logo\\\/image\\\/\"},\"sameAs\":[\"https:\\\/\\\/x.com\\\/zapateneo\"]}]}<\/script>\n<!-- \/ Yoast SEO plugin. -->","yoast_head_json":{"title":"\u00a1ABAJO LOS JEFES! Escritos libertarios (1857-1861) &#8212; Zapateneo","robots":{"index":"index","follow":"follow","max-snippet":"max-snippet:-1","max-image-preview":"max-image-preview:large","max-video-preview":"max-video-preview:-1"},"canonical":"https:\/\/zapateneo.net\/wordpress\/index.php\/producto\/abajo-los-jefes-escritos-libertarios-1857-1861\/","og_locale":"es_ES","og_type":"article","og_title":"\u00a1ABAJO LOS JEFES! Escritos libertarios (1857-1861) &#8212; Zapateneo","og_description":"Joseph D\u00e9jacque 9788418998386 - Fundaci\u00f3n Anselmo Lorenzo, Pepitas de calabaza - 2023 - 208 p\u00e1ginas \/orri.","og_url":"https:\/\/zapateneo.net\/wordpress\/index.php\/producto\/abajo-los-jefes-escritos-libertarios-1857-1861\/","og_site_name":"Zapateneo","article_modified_time":"2023-09-13T18:10:39+00:00","twitter_card":"summary_large_image","twitter_site":"@zapateneo","twitter_misc":{"Tiempo de lectura":"2 minutos"},"schema":{"@context":"https:\/\/schema.org","@graph":[{"@type":"WebPage","@id":"https:\/\/zapateneo.net\/wordpress\/index.php\/producto\/abajo-los-jefes-escritos-libertarios-1857-1861\/","url":"https:\/\/zapateneo.net\/wordpress\/index.php\/producto\/abajo-los-jefes-escritos-libertarios-1857-1861\/","name":"\u00a1ABAJO LOS JEFES! Escritos libertarios (1857-1861) &#8212; Zapateneo","isPartOf":{"@id":"https:\/\/zapateneo.net\/wordpress\/#website"},"primaryImageOfPage":{"@id":"https:\/\/zapateneo.net\/wordpress\/index.php\/producto\/abajo-los-jefes-escritos-libertarios-1857-1861\/#primaryimage"},"image":{"@id":"https:\/\/zapateneo.net\/wordpress\/index.php\/producto\/abajo-los-jefes-escritos-libertarios-1857-1861\/#primaryimage"},"thumbnailUrl":"https:\/\/zapateneo.net\/wordpress\/wp-content\/uploads\/2023\/09\/abajo-los-jefes-9788418998386.jpg","datePublished":"2023-09-13T18:10:24+00:00","dateModified":"2023-09-13T18:10:39+00:00","breadcrumb":{"@id":"https:\/\/zapateneo.net\/wordpress\/index.php\/producto\/abajo-los-jefes-escritos-libertarios-1857-1861\/#breadcrumb"},"inLanguage":"es","potentialAction":[{"@type":"ReadAction","target":["https:\/\/zapateneo.net\/wordpress\/index.php\/producto\/abajo-los-jefes-escritos-libertarios-1857-1861\/"]}]},{"@type":"ImageObject","inLanguage":"es","@id":"https:\/\/zapateneo.net\/wordpress\/index.php\/producto\/abajo-los-jefes-escritos-libertarios-1857-1861\/#primaryimage","url":"https:\/\/zapateneo.net\/wordpress\/wp-content\/uploads\/2023\/09\/abajo-los-jefes-9788418998386.jpg","contentUrl":"https:\/\/zapateneo.net\/wordpress\/wp-content\/uploads\/2023\/09\/abajo-los-jefes-9788418998386.jpg","width":254,"height":400},{"@type":"BreadcrumbList","@id":"https:\/\/zapateneo.net\/wordpress\/index.php\/producto\/abajo-los-jefes-escritos-libertarios-1857-1861\/#breadcrumb","itemListElement":[{"@type":"ListItem","position":1,"name":"Portada","item":"https:\/\/zapateneo.net\/wordpress\/"},{"@type":"ListItem","position":2,"name":"Tienda","item":"https:\/\/zapateneo.net\/wordpress\/"},{"@type":"ListItem","position":3,"name":"\u00a1ABAJO LOS JEFES! Escritos libertarios (1857-1861)"}]},{"@type":"WebSite","@id":"https:\/\/zapateneo.net\/wordpress\/#website","url":"https:\/\/zapateneo.net\/wordpress\/","name":"Zapateneo","description":"Zapateneoaren webgunea","publisher":{"@id":"https:\/\/zapateneo.net\/wordpress\/#organization"},"potentialAction":[{"@type":"SearchAction","target":{"@type":"EntryPoint","urlTemplate":"https:\/\/zapateneo.net\/wordpress\/?s={search_term_string}"},"query-input":{"@type":"PropertyValueSpecification","valueRequired":true,"valueName":"search_term_string"}}],"inLanguage":"es"},{"@type":"Organization","@id":"https:\/\/zapateneo.net\/wordpress\/#organization","name":"Zapateneo Kultur Elkartea","url":"https:\/\/zapateneo.net\/wordpress\/","logo":{"@type":"ImageObject","inLanguage":"es","@id":"https:\/\/zapateneo.net\/wordpress\/#\/schema\/logo\/image\/","url":"https:\/\/zapateneo.net\/wordpress\/wp-content\/uploads\/2021\/04\/zap-libu-kolec.jpg","contentUrl":"https:\/\/zapateneo.net\/wordpress\/wp-content\/uploads\/2021\/04\/zap-libu-kolec.jpg","width":2234,"height":398,"caption":"Zapateneo Kultur Elkartea"},"image":{"@id":"https:\/\/zapateneo.net\/wordpress\/#\/schema\/logo\/image\/"},"sameAs":["https:\/\/x.com\/zapateneo"]}]}},"_links":{"self":[{"href":"https:\/\/zapateneo.net\/wordpress\/index.php\/wp-json\/wp\/v2\/product\/14684","targetHints":{"allow":["GET"]}}],"collection":[{"href":"https:\/\/zapateneo.net\/wordpress\/index.php\/wp-json\/wp\/v2\/product"}],"about":[{"href":"https:\/\/zapateneo.net\/wordpress\/index.php\/wp-json\/wp\/v2\/types\/product"}],"wp:featuredmedia":[{"embeddable":true,"href":"https:\/\/zapateneo.net\/wordpress\/index.php\/wp-json\/wp\/v2\/media\/14699"}],"wp:attachment":[{"href":"https:\/\/zapateneo.net\/wordpress\/index.php\/wp-json\/wp\/v2\/media?parent=14684"}],"wp:term":[{"taxonomy":"product_brand","embeddable":true,"href":"https:\/\/zapateneo.net\/wordpress\/index.php\/wp-json\/wp\/v2\/product_brand?post=14684"},{"taxonomy":"product_cat","embeddable":true,"href":"https:\/\/zapateneo.net\/wordpress\/index.php\/wp-json\/wp\/v2\/product_cat?post=14684"},{"taxonomy":"product_tag","embeddable":true,"href":"https:\/\/zapateneo.net\/wordpress\/index.php\/wp-json\/wp\/v2\/product_tag?post=14684"}],"curies":[{"name":"wp","href":"https:\/\/api.w.org\/{rel}","templated":true}]}}