{"id":14601,"date":"2023-06-29T18:25:33","date_gmt":"2023-06-29T17:25:33","guid":{"rendered":"https:\/\/zapateneo.net\/wordpress\/?post_type=product&#038;p=14601"},"modified":"2023-06-29T18:26:54","modified_gmt":"2023-06-29T17:26:54","slug":"la-invencion-del-marxismo-estudio-sobre-la-formacion-del-marxismo-en-la-socialdemocracia-alemana-del","status":"publish","type":"product","link":"https:\/\/zapateneo.net\/wordpress\/index.php\/producto\/la-invencion-del-marxismo-estudio-sobre-la-formacion-del-marxismo-en-la-socialdemocracia-alemana-del\/","title":{"rendered":"LA INVENCI\u00d3N DEL MARXISMO Estudio sobre la formaci\u00f3n del marxismo en la socialdemocracia alemana del"},"content":{"rendered":"<p>A la muerte de Marx, el 14 de marzo de 1883, el marxismo no exist\u00eda. Circulaba sin duda alguna mala copia del viejo Manifiesto comunista y se hab\u00eda reimpreso el primer volumen de El Capital. Hab\u00eda tambi\u00e9n una traducci\u00f3n francesa de ese primer tomo, adem\u00e1s de diversos textos breves, folletos y panfletos: el an\u00e1lisis de la Comuna de 1871, el discurso en el Congreso de La Haya de la Internacional. \u00bfC\u00f3mo entonces se produjo esta identificaci\u00f3n entre socialdemocracia y movimiento obrero?<\/p>\n<p>En este libro, Montserrat Galcer\u00e1n realiza una investigaci\u00f3n hist\u00f3rica sobre la formaci\u00f3n del marxismo a partir de su portador, el movimiento obrero. La autora rastrea los principales acontecimientos en cuyas interpretaciones se fragu\u00f3 esta doctrina: las discusiones y publicaciones de la \u00e9poca, las tomas de posici\u00f3n pol\u00edtico-te\u00f3rica del movimiento obrero y especialmente de su organizaci\u00f3n paradigm\u00e1tica, la socialdemocracia alemana de finales de siglo XIX.<\/p>\n<p>Bajo esta perspectiva, el marxismo aparece no tanto como la aplicaci\u00f3n pr\u00e1ctica de las tesis de Marx, que como una lectura e interpretaci\u00f3n espec\u00edfica de las mismas en el marco de la socialdemocracia. El marxismo fue sencillamente una invenci\u00f3n funcional a un contexto donde las expectativas revolucionarias del propio Marx hab\u00edan dejado de operar.<\/p>\n<p>Montserrat Galcer\u00e1n Huguet 1946 Barcelona (Barcelona, Pa\u00efsos catalans) Catedr\u00e1tica em\u00e9rita de filosof\u00eda por la Universidad Complutense de Madrid (UCM). Contribuy\u00f3 a crear la Universidad N\u00f3mada, un grupo de producci\u00f3n intelectual actualmente integrado en la Fundaci\u00f3n de los Comunes. Adem\u00e1s de autora de diversas obras, es una destacada activista que llego a ser concejala de gobierno del Ayuntamiento de Madrid, desde 2015 a 2019.<\/p>\n","protected":false},"excerpt":{"rendered":"<p><strong>Montserrat Galcer\u00e1n<\/strong><br \/>\n9788419833020 &#8211; Traficantes de Sue\u00f1os &#8211; 2023 &#8211; 460 p\u00e1ginas \/orri.<\/p>\n","protected":false},"featured_media":14615,"template":"","meta":[],"product_brand":[],"product_cat":[16,176],"product_tag":[6671,72],"class_list":{"0":"post-14601","1":"product","2":"type-product","3":"status-publish","4":"has-post-thumbnail","6":"product_cat-libros","7":"product_cat-marxismoa-marxismo","8":"product_tag-montserrat-galceran","9":"product_tag-traficantes-de-suenos","11":"first","12":"instock","13":"sold-individually","14":"shipping-taxable","15":"purchasable","16":"product-type-simple"},"yoast_head":"<!-- This site is optimized with the Yoast SEO plugin v27.3 - https:\/\/yoast.com\/product\/yoast-seo-wordpress\/ -->\n<title>LA INVENCI\u00d3N DEL MARXISMO Estudio sobre la formaci\u00f3n del marxismo en la socialdemocracia alemana del &#8212; Zapateneo<\/title>\n<meta name=\"robots\" content=\"index, follow, max-snippet:-1, max-image-preview:large, max-video-preview:-1\" \/>\n<link rel=\"canonical\" href=\"https:\/\/zapateneo.net\/wordpress\/index.php\/producto\/la-invencion-del-marxismo-estudio-sobre-la-formacion-del-marxismo-en-la-socialdemocracia-alemana-del\/\" \/>\n<meta property=\"og:locale\" content=\"es_ES\" \/>\n<meta property=\"og:type\" content=\"article\" \/>\n<meta property=\"og:title\" content=\"LA INVENCI\u00d3N DEL MARXISMO Estudio sobre la formaci\u00f3n del marxismo en la socialdemocracia alemana del &#8212; Zapateneo\" \/>\n<meta property=\"og:description\" content=\"Montserrat Galcer\u00e1n 9788419833020 - Traficantes de Sue\u00f1os - 2023 - 460 p\u00e1ginas \/orri.\" \/>\n<meta property=\"og:url\" content=\"https:\/\/zapateneo.net\/wordpress\/index.php\/producto\/la-invencion-del-marxismo-estudio-sobre-la-formacion-del-marxismo-en-la-socialdemocracia-alemana-del\/\" \/>\n<meta property=\"og:site_name\" content=\"Zapateneo\" \/>\n<meta property=\"article:modified_time\" content=\"2023-06-29T17:26:54+00:00\" \/>\n<meta property=\"og:image\" content=\"https:\/\/zapateneo.net\/wordpress\/wp-content\/uploads\/2023\/06\/la-invencion-del-marxismo-9788419833020.gif\" \/>\n\t<meta property=\"og:image:width\" content=\"240\" \/>\n\t<meta property=\"og:image:height\" content=\"351\" \/>\n\t<meta property=\"og:image:type\" content=\"image\/gif\" \/>\n<meta name=\"twitter:card\" content=\"summary_large_image\" \/>\n<meta name=\"twitter:site\" content=\"@zapateneo\" \/>\n<meta name=\"twitter:label1\" content=\"Tiempo de lectura\" \/>\n\t<meta name=\"twitter:data1\" content=\"1 minuto\" \/>\n<script type=\"application\/ld+json\" class=\"yoast-schema-graph\">{\"@context\":\"https:\\\/\\\/schema.org\",\"@graph\":[{\"@type\":\"WebPage\",\"@id\":\"https:\\\/\\\/zapateneo.net\\\/wordpress\\\/index.php\\\/producto\\\/la-invencion-del-marxismo-estudio-sobre-la-formacion-del-marxismo-en-la-socialdemocracia-alemana-del\\\/\",\"url\":\"https:\\\/\\\/zapateneo.net\\\/wordpress\\\/index.php\\\/producto\\\/la-invencion-del-marxismo-estudio-sobre-la-formacion-del-marxismo-en-la-socialdemocracia-alemana-del\\\/\",\"name\":\"LA INVENCI\u00d3N DEL MARXISMO Estudio sobre la formaci\u00f3n del marxismo en la socialdemocracia alemana del &#8212; Zapateneo\",\"isPartOf\":{\"@id\":\"https:\\\/\\\/zapateneo.net\\\/wordpress\\\/#website\"},\"primaryImageOfPage\":{\"@id\":\"https:\\\/\\\/zapateneo.net\\\/wordpress\\\/index.php\\\/producto\\\/la-invencion-del-marxismo-estudio-sobre-la-formacion-del-marxismo-en-la-socialdemocracia-alemana-del\\\/#primaryimage\"},\"image\":{\"@id\":\"https:\\\/\\\/zapateneo.net\\\/wordpress\\\/index.php\\\/producto\\\/la-invencion-del-marxismo-estudio-sobre-la-formacion-del-marxismo-en-la-socialdemocracia-alemana-del\\\/#primaryimage\"},\"thumbnailUrl\":\"https:\\\/\\\/zapateneo.net\\\/wordpress\\\/wp-content\\\/uploads\\\/2023\\\/06\\\/la-invencion-del-marxismo-9788419833020.gif\",\"datePublished\":\"2023-06-29T17:25:33+00:00\",\"dateModified\":\"2023-06-29T17:26:54+00:00\",\"breadcrumb\":{\"@id\":\"https:\\\/\\\/zapateneo.net\\\/wordpress\\\/index.php\\\/producto\\\/la-invencion-del-marxismo-estudio-sobre-la-formacion-del-marxismo-en-la-socialdemocracia-alemana-del\\\/#breadcrumb\"},\"inLanguage\":\"es\",\"potentialAction\":[{\"@type\":\"ReadAction\",\"target\":[\"https:\\\/\\\/zapateneo.net\\\/wordpress\\\/index.php\\\/producto\\\/la-invencion-del-marxismo-estudio-sobre-la-formacion-del-marxismo-en-la-socialdemocracia-alemana-del\\\/\"]}]},{\"@type\":\"ImageObject\",\"inLanguage\":\"es\",\"@id\":\"https:\\\/\\\/zapateneo.net\\\/wordpress\\\/index.php\\\/producto\\\/la-invencion-del-marxismo-estudio-sobre-la-formacion-del-marxismo-en-la-socialdemocracia-alemana-del\\\/#primaryimage\",\"url\":\"https:\\\/\\\/zapateneo.net\\\/wordpress\\\/wp-content\\\/uploads\\\/2023\\\/06\\\/la-invencion-del-marxismo-9788419833020.gif\",\"contentUrl\":\"https:\\\/\\\/zapateneo.net\\\/wordpress\\\/wp-content\\\/uploads\\\/2023\\\/06\\\/la-invencion-del-marxismo-9788419833020.gif\",\"width\":240,\"height\":351},{\"@type\":\"BreadcrumbList\",\"@id\":\"https:\\\/\\\/zapateneo.net\\\/wordpress\\\/index.php\\\/producto\\\/la-invencion-del-marxismo-estudio-sobre-la-formacion-del-marxismo-en-la-socialdemocracia-alemana-del\\\/#breadcrumb\",\"itemListElement\":[{\"@type\":\"ListItem\",\"position\":1,\"name\":\"Portada\",\"item\":\"https:\\\/\\\/zapateneo.net\\\/wordpress\\\/\"},{\"@type\":\"ListItem\",\"position\":2,\"name\":\"Tienda\",\"item\":\"https:\\\/\\\/zapateneo.net\\\/wordpress\\\/\"},{\"@type\":\"ListItem\",\"position\":3,\"name\":\"LA INVENCI\u00d3N DEL MARXISMO Estudio sobre la formaci\u00f3n del marxismo en la socialdemocracia alemana del\"}]},{\"@type\":\"WebSite\",\"@id\":\"https:\\\/\\\/zapateneo.net\\\/wordpress\\\/#website\",\"url\":\"https:\\\/\\\/zapateneo.net\\\/wordpress\\\/\",\"name\":\"Zapateneo\",\"description\":\"Zapateneoaren webgunea\",\"publisher\":{\"@id\":\"https:\\\/\\\/zapateneo.net\\\/wordpress\\\/#organization\"},\"potentialAction\":[{\"@type\":\"SearchAction\",\"target\":{\"@type\":\"EntryPoint\",\"urlTemplate\":\"https:\\\/\\\/zapateneo.net\\\/wordpress\\\/?s={search_term_string}\"},\"query-input\":{\"@type\":\"PropertyValueSpecification\",\"valueRequired\":true,\"valueName\":\"search_term_string\"}}],\"inLanguage\":\"es\"},{\"@type\":\"Organization\",\"@id\":\"https:\\\/\\\/zapateneo.net\\\/wordpress\\\/#organization\",\"name\":\"Zapateneo Kultur Elkartea\",\"url\":\"https:\\\/\\\/zapateneo.net\\\/wordpress\\\/\",\"logo\":{\"@type\":\"ImageObject\",\"inLanguage\":\"es\",\"@id\":\"https:\\\/\\\/zapateneo.net\\\/wordpress\\\/#\\\/schema\\\/logo\\\/image\\\/\",\"url\":\"https:\\\/\\\/zapateneo.net\\\/wordpress\\\/wp-content\\\/uploads\\\/2021\\\/04\\\/zap-libu-kolec.jpg\",\"contentUrl\":\"https:\\\/\\\/zapateneo.net\\\/wordpress\\\/wp-content\\\/uploads\\\/2021\\\/04\\\/zap-libu-kolec.jpg\",\"width\":2234,\"height\":398,\"caption\":\"Zapateneo Kultur Elkartea\"},\"image\":{\"@id\":\"https:\\\/\\\/zapateneo.net\\\/wordpress\\\/#\\\/schema\\\/logo\\\/image\\\/\"},\"sameAs\":[\"https:\\\/\\\/x.com\\\/zapateneo\"]}]}<\/script>\n<!-- \/ Yoast SEO plugin. -->","yoast_head_json":{"title":"LA INVENCI\u00d3N DEL MARXISMO Estudio sobre la formaci\u00f3n del marxismo en la socialdemocracia alemana del &#8212; Zapateneo","robots":{"index":"index","follow":"follow","max-snippet":"max-snippet:-1","max-image-preview":"max-image-preview:large","max-video-preview":"max-video-preview:-1"},"canonical":"https:\/\/zapateneo.net\/wordpress\/index.php\/producto\/la-invencion-del-marxismo-estudio-sobre-la-formacion-del-marxismo-en-la-socialdemocracia-alemana-del\/","og_locale":"es_ES","og_type":"article","og_title":"LA INVENCI\u00d3N DEL MARXISMO Estudio sobre la formaci\u00f3n del marxismo en la socialdemocracia alemana del &#8212; Zapateneo","og_description":"Montserrat Galcer\u00e1n 9788419833020 - Traficantes de Sue\u00f1os - 2023 - 460 p\u00e1ginas \/orri.","og_url":"https:\/\/zapateneo.net\/wordpress\/index.php\/producto\/la-invencion-del-marxismo-estudio-sobre-la-formacion-del-marxismo-en-la-socialdemocracia-alemana-del\/","og_site_name":"Zapateneo","article_modified_time":"2023-06-29T17:26:54+00:00","og_image":[{"width":240,"height":351,"url":"https:\/\/zapateneo.net\/wordpress\/wp-content\/uploads\/2023\/06\/la-invencion-del-marxismo-9788419833020.gif","type":"image\/gif"}],"twitter_card":"summary_large_image","twitter_site":"@zapateneo","twitter_misc":{"Tiempo de lectura":"1 minuto"},"schema":{"@context":"https:\/\/schema.org","@graph":[{"@type":"WebPage","@id":"https:\/\/zapateneo.net\/wordpress\/index.php\/producto\/la-invencion-del-marxismo-estudio-sobre-la-formacion-del-marxismo-en-la-socialdemocracia-alemana-del\/","url":"https:\/\/zapateneo.net\/wordpress\/index.php\/producto\/la-invencion-del-marxismo-estudio-sobre-la-formacion-del-marxismo-en-la-socialdemocracia-alemana-del\/","name":"LA INVENCI\u00d3N DEL MARXISMO Estudio sobre la formaci\u00f3n del marxismo en la socialdemocracia alemana del &#8212; Zapateneo","isPartOf":{"@id":"https:\/\/zapateneo.net\/wordpress\/#website"},"primaryImageOfPage":{"@id":"https:\/\/zapateneo.net\/wordpress\/index.php\/producto\/la-invencion-del-marxismo-estudio-sobre-la-formacion-del-marxismo-en-la-socialdemocracia-alemana-del\/#primaryimage"},"image":{"@id":"https:\/\/zapateneo.net\/wordpress\/index.php\/producto\/la-invencion-del-marxismo-estudio-sobre-la-formacion-del-marxismo-en-la-socialdemocracia-alemana-del\/#primaryimage"},"thumbnailUrl":"https:\/\/zapateneo.net\/wordpress\/wp-content\/uploads\/2023\/06\/la-invencion-del-marxismo-9788419833020.gif","datePublished":"2023-06-29T17:25:33+00:00","dateModified":"2023-06-29T17:26:54+00:00","breadcrumb":{"@id":"https:\/\/zapateneo.net\/wordpress\/index.php\/producto\/la-invencion-del-marxismo-estudio-sobre-la-formacion-del-marxismo-en-la-socialdemocracia-alemana-del\/#breadcrumb"},"inLanguage":"es","potentialAction":[{"@type":"ReadAction","target":["https:\/\/zapateneo.net\/wordpress\/index.php\/producto\/la-invencion-del-marxismo-estudio-sobre-la-formacion-del-marxismo-en-la-socialdemocracia-alemana-del\/"]}]},{"@type":"ImageObject","inLanguage":"es","@id":"https:\/\/zapateneo.net\/wordpress\/index.php\/producto\/la-invencion-del-marxismo-estudio-sobre-la-formacion-del-marxismo-en-la-socialdemocracia-alemana-del\/#primaryimage","url":"https:\/\/zapateneo.net\/wordpress\/wp-content\/uploads\/2023\/06\/la-invencion-del-marxismo-9788419833020.gif","contentUrl":"https:\/\/zapateneo.net\/wordpress\/wp-content\/uploads\/2023\/06\/la-invencion-del-marxismo-9788419833020.gif","width":240,"height":351},{"@type":"BreadcrumbList","@id":"https:\/\/zapateneo.net\/wordpress\/index.php\/producto\/la-invencion-del-marxismo-estudio-sobre-la-formacion-del-marxismo-en-la-socialdemocracia-alemana-del\/#breadcrumb","itemListElement":[{"@type":"ListItem","position":1,"name":"Portada","item":"https:\/\/zapateneo.net\/wordpress\/"},{"@type":"ListItem","position":2,"name":"Tienda","item":"https:\/\/zapateneo.net\/wordpress\/"},{"@type":"ListItem","position":3,"name":"LA INVENCI\u00d3N DEL MARXISMO Estudio sobre la formaci\u00f3n del marxismo en la socialdemocracia alemana del"}]},{"@type":"WebSite","@id":"https:\/\/zapateneo.net\/wordpress\/#website","url":"https:\/\/zapateneo.net\/wordpress\/","name":"Zapateneo","description":"Zapateneoaren webgunea","publisher":{"@id":"https:\/\/zapateneo.net\/wordpress\/#organization"},"potentialAction":[{"@type":"SearchAction","target":{"@type":"EntryPoint","urlTemplate":"https:\/\/zapateneo.net\/wordpress\/?s={search_term_string}"},"query-input":{"@type":"PropertyValueSpecification","valueRequired":true,"valueName":"search_term_string"}}],"inLanguage":"es"},{"@type":"Organization","@id":"https:\/\/zapateneo.net\/wordpress\/#organization","name":"Zapateneo Kultur Elkartea","url":"https:\/\/zapateneo.net\/wordpress\/","logo":{"@type":"ImageObject","inLanguage":"es","@id":"https:\/\/zapateneo.net\/wordpress\/#\/schema\/logo\/image\/","url":"https:\/\/zapateneo.net\/wordpress\/wp-content\/uploads\/2021\/04\/zap-libu-kolec.jpg","contentUrl":"https:\/\/zapateneo.net\/wordpress\/wp-content\/uploads\/2021\/04\/zap-libu-kolec.jpg","width":2234,"height":398,"caption":"Zapateneo Kultur Elkartea"},"image":{"@id":"https:\/\/zapateneo.net\/wordpress\/#\/schema\/logo\/image\/"},"sameAs":["https:\/\/x.com\/zapateneo"]}]}},"_links":{"self":[{"href":"https:\/\/zapateneo.net\/wordpress\/index.php\/wp-json\/wp\/v2\/product\/14601","targetHints":{"allow":["GET"]}}],"collection":[{"href":"https:\/\/zapateneo.net\/wordpress\/index.php\/wp-json\/wp\/v2\/product"}],"about":[{"href":"https:\/\/zapateneo.net\/wordpress\/index.php\/wp-json\/wp\/v2\/types\/product"}],"wp:featuredmedia":[{"embeddable":true,"href":"https:\/\/zapateneo.net\/wordpress\/index.php\/wp-json\/wp\/v2\/media\/14615"}],"wp:attachment":[{"href":"https:\/\/zapateneo.net\/wordpress\/index.php\/wp-json\/wp\/v2\/media?parent=14601"}],"wp:term":[{"taxonomy":"product_brand","embeddable":true,"href":"https:\/\/zapateneo.net\/wordpress\/index.php\/wp-json\/wp\/v2\/product_brand?post=14601"},{"taxonomy":"product_cat","embeddable":true,"href":"https:\/\/zapateneo.net\/wordpress\/index.php\/wp-json\/wp\/v2\/product_cat?post=14601"},{"taxonomy":"product_tag","embeddable":true,"href":"https:\/\/zapateneo.net\/wordpress\/index.php\/wp-json\/wp\/v2\/product_tag?post=14601"}],"curies":[{"name":"wp","href":"https:\/\/api.w.org\/{rel}","templated":true}]}}