{"id":14276,"date":"2021-06-16T15:46:57","date_gmt":"2021-06-16T14:46:57","guid":{"rendered":"https:\/\/zapateneo.net\/wordpress\/?post_type=product&#038;p=14276"},"modified":"2023-07-04T15:59:38","modified_gmt":"2023-07-04T14:59:38","slug":"gritos-de-histeria-ya-no-keda-nadie","status":"publish","type":"product","link":"https:\/\/zapateneo.net\/wordpress\/index.php\/producto\/gritos-de-histeria-ya-no-keda-nadie\/","title":{"rendered":"Gritos de histeria &#8211; Ya no keda nadie"},"content":{"rendered":"<p><span style=\"font-style: italic;\">\u00abUn grupo de colegas que antes hab\u00edamos sido miembros de grupos de punkrock decidimos formar una banda de punk siniestro. Entre ellos est\u00e1bamos antiguos miembros de grupos como <\/span><span style=\"font-style: italic;\">Decadencia<\/span><span style=\"font-style: italic;\">, <\/span><span style=\"font-style: italic;\">Ultim\u00e1tum<\/span><span style=\"font-style: italic;\"> y el <\/span><span style=\"font-style: italic;\">Konde Rata<\/span><span style=\"font-style: italic;\">.<\/span> <span style=\"font-style: italic;\">La idea surge tras una borrachera en la que sacamos una versi\u00f3n de <\/span><span style=\"font-style: italic;\">Par\u00e1lisis Permanente<\/span><span style=\"font-style: italic;\">. La movida va cogiendo forma y en un mini estudio que ten\u00eda un colega grabamos los primeros 3 temas de corte siniestro. La versi\u00f3n de <\/span><span style=\"font-style: italic;\">Par\u00e1lisis Permanente<\/span><span style=\"font-style: italic;\">, <\/span><em style=\"font-style: italic;\">Frecuentadores de la oscuridad<\/em><span style=\"font-style: italic;\"> basada en un cuento escrito por <\/span><span style=\"font-style: italic;\">H.P. Lovecraft<\/span><span style=\"font-style: italic;\"> y <\/span><em style=\"font-style: italic;\">Obsesi\u00f3n<\/em><span style=\"font-style: italic;\">.<\/span> <span style=\"font-style: italic;\">El resultado nos gusta y eso hace embarcarnos en el siguiente objetivo: llevar los temas a la bajera. <\/span><span style=\"font-style: italic;\">Gritos de Histeria<\/span><span style=\"font-style: italic;\"> se forma a finales de 2003 en el garito del <\/span><span style=\"font-style: italic;\">Perro Ingles<\/span><span style=\"font-style: italic;\"> de <\/span><em style=\"font-style: italic;\">Aizoain (Nafarroa)<\/em><span style=\"font-style: italic;\">. La primera formaci\u00f3n estaba compuesta por: Maria y Kutxa (cantante de <\/span><span style=\"font-style: italic;\">Ultim\u00e1tum<\/span><span style=\"font-style: italic;\">) a la voz, Txabi bajo, Herman y Miguelas (guitarra y bajista de <\/span><span style=\"font-style: italic;\">Decadencia<\/span><span style=\"font-style: italic;\">) a las guitarras y Potxeta (ex miembro de <\/span><span style=\"font-style: italic;\">Tijuana In blue<\/span><span style=\"font-style: italic;\"> y <\/span><span style=\"font-style: italic;\">Ultim\u00e1t<\/span><span style=\"font-style: italic;\">um<\/span><span style=\"font-style: italic;\">) a la bater\u00eda.<\/span> <span style=\"font-style: italic;\">A los 6 meses se graba la primera maqueta del grupo \u201c<\/span><em style=\"font-style: italic;\">Ya no keda nadie<\/em><span style=\"font-style: italic;\">\u201d<\/span> <span style=\"font-style: italic;\">con alg\u00fan cambio en la formaci\u00f3n ya que Kutxa deja de pertenecer al grup<\/span><span style=\"font-style: italic;\">o y Mikel exguitarra de <\/span><span style=\"font-style: italic;\">El Konde Rata<\/span><span style=\"font-style: italic;\"> sustituye a Miguelas. Eneko, que ya hab\u00eda colaborado en la maqueta como violinista pasa a ser un integrante m\u00e1s del grupo.<\/span> <span style=\"font-style: italic;\">El 2 de Julio de 2004 la banda debuta en directo y damos junto a <\/span><span style=\"font-style: italic;\">El Trono De Judas<\/span><span style=\"font-style: italic;\"> nuestro primer concierto en la pe\u00f1a <\/span><span style=\"font-style: italic;\">Alegr\u00eda<\/span><span style=\"font-style: italic;\"> de <\/span><em style=\"font-style: italic;\">Iru\u00f1a<\/em><span style=\"font-style: italic;\">.<\/span> <span style=\"font-style: italic;\">El verano trae nuevos cambios en el grupo hasta llegar a la formaci\u00f3n actual: Isaac bater\u00eda, Herman y Konan guitarras, Txabi bajo, Maria voz y Eneko viol\u00edn.<\/span> <span style=\"font-style: italic;\">En enero de 2007 y tras un peque\u00f1o impas nos arrejuntamos con el Txiki (a la guitarra) y el Urru (a la percusi\u00f3n) el resto del grupo sigue estando formado por Txabi (bajo), Maria (Voz), Eneko (Violin) y Herman (Guitarra).\u00bb<\/span><\/p>\n<p>&nbsp;<\/p>\n<p><strong>Gritos de Histeria &#8211; Ya no Keda Nadie<\/strong> (2004)<br \/>\n<span style=\"font-style: italic;\">01 culpables<\/span><br \/>\n<span style=\"font-style: italic;\">02 pabellon c<\/span><br \/>\n<span style=\"font-style: italic;\">03 frecuentadores de la oscuridad<\/span><br \/>\n<span style=\"font-style: italic;\">04 la pedrada<\/span><br \/>\n<span style=\"font-style: italic;\">05 adictos de la lujuria<\/span><br \/>\n<span style=\"font-style: italic;\">06 la inconstancia de los demonios<\/span><br \/>\n<span style=\"font-style: italic;\">07 obsesion<\/span><br \/>\n<span style=\"font-style: italic;\">08 pesadilla<\/span><\/p>\n","protected":false},"excerpt":{"rendered":"<p><strong>Gritos de histeria<\/strong><br \/>\n2004 &#8211; CD<\/p>\n","protected":false},"featured_media":13137,"template":"","meta":[],"product_brand":[],"product_cat":[168],"product_tag":[6336],"class_list":{"0":"post-14276","1":"product","2":"type-product","3":"status-publish","4":"has-post-thumbnail","6":"product_cat-musica-musika","7":"product_tag-gritos-de-histeria","9":"first","10":"instock","11":"sold-individually","12":"shipping-taxable","13":"purchasable","14":"product-type-simple"},"yoast_head":"<!-- This site is optimized with the Yoast SEO plugin v27.3 - https:\/\/yoast.com\/product\/yoast-seo-wordpress\/ -->\n<title>Gritos de histeria - Ya no keda nadie &#8212; Zapateneo<\/title>\n<meta name=\"robots\" content=\"index, follow, max-snippet:-1, max-image-preview:large, max-video-preview:-1\" \/>\n<link rel=\"canonical\" href=\"https:\/\/zapateneo.net\/wordpress\/index.php\/producto\/gritos-de-histeria-ya-no-keda-nadie\/\" \/>\n<meta property=\"og:locale\" content=\"es_ES\" \/>\n<meta property=\"og:type\" content=\"article\" \/>\n<meta property=\"og:title\" content=\"Gritos de histeria - Ya no keda nadie &#8212; Zapateneo\" \/>\n<meta property=\"og:description\" content=\"Gritos de histeria 2004 - CD\" \/>\n<meta property=\"og:url\" content=\"https:\/\/zapateneo.net\/wordpress\/index.php\/producto\/gritos-de-histeria-ya-no-keda-nadie\/\" \/>\n<meta property=\"og:site_name\" content=\"Zapateneo\" \/>\n<meta property=\"article:modified_time\" content=\"2023-07-04T14:59:38+00:00\" \/>\n<meta property=\"og:image\" content=\"https:\/\/zapateneo.net\/wordpress\/wp-content\/uploads\/2023\/06\/gritos-de-histeria.jpeg\" \/>\n\t<meta property=\"og:image:width\" content=\"200\" \/>\n\t<meta property=\"og:image:height\" content=\"206\" \/>\n\t<meta property=\"og:image:type\" content=\"image\/jpeg\" \/>\n<meta name=\"twitter:card\" content=\"summary_large_image\" \/>\n<meta name=\"twitter:site\" content=\"@zapateneo\" \/>\n<meta name=\"twitter:label1\" content=\"Tiempo de lectura\" \/>\n\t<meta name=\"twitter:data1\" content=\"2 minutos\" \/>\n<script type=\"application\/ld+json\" class=\"yoast-schema-graph\">{\"@context\":\"https:\\\/\\\/schema.org\",\"@graph\":[{\"@type\":\"WebPage\",\"@id\":\"https:\\\/\\\/zapateneo.net\\\/wordpress\\\/index.php\\\/producto\\\/gritos-de-histeria-ya-no-keda-nadie\\\/\",\"url\":\"https:\\\/\\\/zapateneo.net\\\/wordpress\\\/index.php\\\/producto\\\/gritos-de-histeria-ya-no-keda-nadie\\\/\",\"name\":\"Gritos de histeria - Ya no keda nadie &#8212; Zapateneo\",\"isPartOf\":{\"@id\":\"https:\\\/\\\/zapateneo.net\\\/wordpress\\\/#website\"},\"primaryImageOfPage\":{\"@id\":\"https:\\\/\\\/zapateneo.net\\\/wordpress\\\/index.php\\\/producto\\\/gritos-de-histeria-ya-no-keda-nadie\\\/#primaryimage\"},\"image\":{\"@id\":\"https:\\\/\\\/zapateneo.net\\\/wordpress\\\/index.php\\\/producto\\\/gritos-de-histeria-ya-no-keda-nadie\\\/#primaryimage\"},\"thumbnailUrl\":\"https:\\\/\\\/zapateneo.net\\\/wordpress\\\/wp-content\\\/uploads\\\/2023\\\/06\\\/gritos-de-histeria.jpeg\",\"datePublished\":\"2021-06-16T14:46:57+00:00\",\"dateModified\":\"2023-07-04T14:59:38+00:00\",\"breadcrumb\":{\"@id\":\"https:\\\/\\\/zapateneo.net\\\/wordpress\\\/index.php\\\/producto\\\/gritos-de-histeria-ya-no-keda-nadie\\\/#breadcrumb\"},\"inLanguage\":\"es\",\"potentialAction\":[{\"@type\":\"ReadAction\",\"target\":[\"https:\\\/\\\/zapateneo.net\\\/wordpress\\\/index.php\\\/producto\\\/gritos-de-histeria-ya-no-keda-nadie\\\/\"]}]},{\"@type\":\"ImageObject\",\"inLanguage\":\"es\",\"@id\":\"https:\\\/\\\/zapateneo.net\\\/wordpress\\\/index.php\\\/producto\\\/gritos-de-histeria-ya-no-keda-nadie\\\/#primaryimage\",\"url\":\"https:\\\/\\\/zapateneo.net\\\/wordpress\\\/wp-content\\\/uploads\\\/2023\\\/06\\\/gritos-de-histeria.jpeg\",\"contentUrl\":\"https:\\\/\\\/zapateneo.net\\\/wordpress\\\/wp-content\\\/uploads\\\/2023\\\/06\\\/gritos-de-histeria.jpeg\",\"width\":200,\"height\":206},{\"@type\":\"BreadcrumbList\",\"@id\":\"https:\\\/\\\/zapateneo.net\\\/wordpress\\\/index.php\\\/producto\\\/gritos-de-histeria-ya-no-keda-nadie\\\/#breadcrumb\",\"itemListElement\":[{\"@type\":\"ListItem\",\"position\":1,\"name\":\"Portada\",\"item\":\"https:\\\/\\\/zapateneo.net\\\/wordpress\\\/\"},{\"@type\":\"ListItem\",\"position\":2,\"name\":\"Tienda\",\"item\":\"https:\\\/\\\/zapateneo.net\\\/wordpress\\\/\"},{\"@type\":\"ListItem\",\"position\":3,\"name\":\"Gritos de histeria &#8211; Ya no keda nadie\"}]},{\"@type\":\"WebSite\",\"@id\":\"https:\\\/\\\/zapateneo.net\\\/wordpress\\\/#website\",\"url\":\"https:\\\/\\\/zapateneo.net\\\/wordpress\\\/\",\"name\":\"Zapateneo\",\"description\":\"Zapateneoaren webgunea\",\"publisher\":{\"@id\":\"https:\\\/\\\/zapateneo.net\\\/wordpress\\\/#organization\"},\"potentialAction\":[{\"@type\":\"SearchAction\",\"target\":{\"@type\":\"EntryPoint\",\"urlTemplate\":\"https:\\\/\\\/zapateneo.net\\\/wordpress\\\/?s={search_term_string}\"},\"query-input\":{\"@type\":\"PropertyValueSpecification\",\"valueRequired\":true,\"valueName\":\"search_term_string\"}}],\"inLanguage\":\"es\"},{\"@type\":\"Organization\",\"@id\":\"https:\\\/\\\/zapateneo.net\\\/wordpress\\\/#organization\",\"name\":\"Zapateneo Kultur Elkartea\",\"url\":\"https:\\\/\\\/zapateneo.net\\\/wordpress\\\/\",\"logo\":{\"@type\":\"ImageObject\",\"inLanguage\":\"es\",\"@id\":\"https:\\\/\\\/zapateneo.net\\\/wordpress\\\/#\\\/schema\\\/logo\\\/image\\\/\",\"url\":\"https:\\\/\\\/zapateneo.net\\\/wordpress\\\/wp-content\\\/uploads\\\/2021\\\/04\\\/zap-libu-kolec.jpg\",\"contentUrl\":\"https:\\\/\\\/zapateneo.net\\\/wordpress\\\/wp-content\\\/uploads\\\/2021\\\/04\\\/zap-libu-kolec.jpg\",\"width\":2234,\"height\":398,\"caption\":\"Zapateneo Kultur Elkartea\"},\"image\":{\"@id\":\"https:\\\/\\\/zapateneo.net\\\/wordpress\\\/#\\\/schema\\\/logo\\\/image\\\/\"},\"sameAs\":[\"https:\\\/\\\/x.com\\\/zapateneo\"]}]}<\/script>\n<!-- \/ Yoast SEO plugin. -->","yoast_head_json":{"title":"Gritos de histeria - Ya no keda nadie &#8212; Zapateneo","robots":{"index":"index","follow":"follow","max-snippet":"max-snippet:-1","max-image-preview":"max-image-preview:large","max-video-preview":"max-video-preview:-1"},"canonical":"https:\/\/zapateneo.net\/wordpress\/index.php\/producto\/gritos-de-histeria-ya-no-keda-nadie\/","og_locale":"es_ES","og_type":"article","og_title":"Gritos de histeria - Ya no keda nadie &#8212; Zapateneo","og_description":"Gritos de histeria 2004 - CD","og_url":"https:\/\/zapateneo.net\/wordpress\/index.php\/producto\/gritos-de-histeria-ya-no-keda-nadie\/","og_site_name":"Zapateneo","article_modified_time":"2023-07-04T14:59:38+00:00","og_image":[{"width":200,"height":206,"url":"https:\/\/zapateneo.net\/wordpress\/wp-content\/uploads\/2023\/06\/gritos-de-histeria.jpeg","type":"image\/jpeg"}],"twitter_card":"summary_large_image","twitter_site":"@zapateneo","twitter_misc":{"Tiempo de lectura":"2 minutos"},"schema":{"@context":"https:\/\/schema.org","@graph":[{"@type":"WebPage","@id":"https:\/\/zapateneo.net\/wordpress\/index.php\/producto\/gritos-de-histeria-ya-no-keda-nadie\/","url":"https:\/\/zapateneo.net\/wordpress\/index.php\/producto\/gritos-de-histeria-ya-no-keda-nadie\/","name":"Gritos de histeria - Ya no keda nadie &#8212; Zapateneo","isPartOf":{"@id":"https:\/\/zapateneo.net\/wordpress\/#website"},"primaryImageOfPage":{"@id":"https:\/\/zapateneo.net\/wordpress\/index.php\/producto\/gritos-de-histeria-ya-no-keda-nadie\/#primaryimage"},"image":{"@id":"https:\/\/zapateneo.net\/wordpress\/index.php\/producto\/gritos-de-histeria-ya-no-keda-nadie\/#primaryimage"},"thumbnailUrl":"https:\/\/zapateneo.net\/wordpress\/wp-content\/uploads\/2023\/06\/gritos-de-histeria.jpeg","datePublished":"2021-06-16T14:46:57+00:00","dateModified":"2023-07-04T14:59:38+00:00","breadcrumb":{"@id":"https:\/\/zapateneo.net\/wordpress\/index.php\/producto\/gritos-de-histeria-ya-no-keda-nadie\/#breadcrumb"},"inLanguage":"es","potentialAction":[{"@type":"ReadAction","target":["https:\/\/zapateneo.net\/wordpress\/index.php\/producto\/gritos-de-histeria-ya-no-keda-nadie\/"]}]},{"@type":"ImageObject","inLanguage":"es","@id":"https:\/\/zapateneo.net\/wordpress\/index.php\/producto\/gritos-de-histeria-ya-no-keda-nadie\/#primaryimage","url":"https:\/\/zapateneo.net\/wordpress\/wp-content\/uploads\/2023\/06\/gritos-de-histeria.jpeg","contentUrl":"https:\/\/zapateneo.net\/wordpress\/wp-content\/uploads\/2023\/06\/gritos-de-histeria.jpeg","width":200,"height":206},{"@type":"BreadcrumbList","@id":"https:\/\/zapateneo.net\/wordpress\/index.php\/producto\/gritos-de-histeria-ya-no-keda-nadie\/#breadcrumb","itemListElement":[{"@type":"ListItem","position":1,"name":"Portada","item":"https:\/\/zapateneo.net\/wordpress\/"},{"@type":"ListItem","position":2,"name":"Tienda","item":"https:\/\/zapateneo.net\/wordpress\/"},{"@type":"ListItem","position":3,"name":"Gritos de histeria &#8211; Ya no keda nadie"}]},{"@type":"WebSite","@id":"https:\/\/zapateneo.net\/wordpress\/#website","url":"https:\/\/zapateneo.net\/wordpress\/","name":"Zapateneo","description":"Zapateneoaren webgunea","publisher":{"@id":"https:\/\/zapateneo.net\/wordpress\/#organization"},"potentialAction":[{"@type":"SearchAction","target":{"@type":"EntryPoint","urlTemplate":"https:\/\/zapateneo.net\/wordpress\/?s={search_term_string}"},"query-input":{"@type":"PropertyValueSpecification","valueRequired":true,"valueName":"search_term_string"}}],"inLanguage":"es"},{"@type":"Organization","@id":"https:\/\/zapateneo.net\/wordpress\/#organization","name":"Zapateneo Kultur Elkartea","url":"https:\/\/zapateneo.net\/wordpress\/","logo":{"@type":"ImageObject","inLanguage":"es","@id":"https:\/\/zapateneo.net\/wordpress\/#\/schema\/logo\/image\/","url":"https:\/\/zapateneo.net\/wordpress\/wp-content\/uploads\/2021\/04\/zap-libu-kolec.jpg","contentUrl":"https:\/\/zapateneo.net\/wordpress\/wp-content\/uploads\/2021\/04\/zap-libu-kolec.jpg","width":2234,"height":398,"caption":"Zapateneo Kultur Elkartea"},"image":{"@id":"https:\/\/zapateneo.net\/wordpress\/#\/schema\/logo\/image\/"},"sameAs":["https:\/\/x.com\/zapateneo"]}]}},"_links":{"self":[{"href":"https:\/\/zapateneo.net\/wordpress\/index.php\/wp-json\/wp\/v2\/product\/14276","targetHints":{"allow":["GET"]}}],"collection":[{"href":"https:\/\/zapateneo.net\/wordpress\/index.php\/wp-json\/wp\/v2\/product"}],"about":[{"href":"https:\/\/zapateneo.net\/wordpress\/index.php\/wp-json\/wp\/v2\/types\/product"}],"wp:featuredmedia":[{"embeddable":true,"href":"https:\/\/zapateneo.net\/wordpress\/index.php\/wp-json\/wp\/v2\/media\/13137"}],"wp:attachment":[{"href":"https:\/\/zapateneo.net\/wordpress\/index.php\/wp-json\/wp\/v2\/media?parent=14276"}],"wp:term":[{"taxonomy":"product_brand","embeddable":true,"href":"https:\/\/zapateneo.net\/wordpress\/index.php\/wp-json\/wp\/v2\/product_brand?post=14276"},{"taxonomy":"product_cat","embeddable":true,"href":"https:\/\/zapateneo.net\/wordpress\/index.php\/wp-json\/wp\/v2\/product_cat?post=14276"},{"taxonomy":"product_tag","embeddable":true,"href":"https:\/\/zapateneo.net\/wordpress\/index.php\/wp-json\/wp\/v2\/product_tag?post=14276"}],"curies":[{"name":"wp","href":"https:\/\/api.w.org\/{rel}","templated":true}]}}