{"id":12722,"date":"2023-04-10T19:29:23","date_gmt":"2023-04-10T18:29:23","guid":{"rendered":"https:\/\/zapateneo.net\/wordpress\/?post_type=product&#038;p=12722"},"modified":"2023-04-10T19:29:45","modified_gmt":"2023-04-10T18:29:45","slug":"pueblos-y-territorios-frente-al-tren-maya-escenarios-sociales-economicos-y-culturales","status":"publish","type":"product","link":"https:\/\/zapateneo.net\/wordpress\/index.php\/producto\/pueblos-y-territorios-frente-al-tren-maya-escenarios-sociales-economicos-y-culturales\/","title":{"rendered":"PUEBLOS Y TERRITORIOS FRENTE AL TREN MAYA Escenarios sociales, econ\u00f3micos y culturales"},"content":{"rendered":"<p>Esta obra re\u00fane investigaciones, an\u00e1lisis y opiniones de un grupo de cient\u00edficos sociales, cuyo objetivo es alertar sobre las posibles consecuencias del megaproyecto mexicano denominado Tren Maya. La difusi\u00f3n de los escenarios de riesgo previo a la implementaci\u00f3n de los megaproyectos podr\u00eda evitar m\u00faltiples impactos y conflictos sociales, en lugar de documentar como frecuentemente sucede las afectaciones irreversibles provocadas tras la puesta en marcha de una obra. Por ello frente a la generalizada desinformaci\u00f3n en torno al proyecto, desde principios de 2019 el grupo investig\u00f3 los principales puntos cr\u00edticos del proyecto, buscando sistematizar los datos escasos y dispersos para producir informaci\u00f3n fundamentada y veraz que contribuyera a alertar tanto a las organizaciones de base para la defensa del territorio, como a alimentar el debate p\u00fablico y pol\u00edtico.<\/p>\n<p>El llamado Tren Maya prev\u00e9 la construcci\u00f3n de una l\u00ednea f\u00e9rrea de m\u00e1s de 1.500 km a trav\u00e9s de los Estados de Chiapas, Tabasco, Campeche, Yucat\u00e1n y Quintana Roo, y la entrada en funcionamiento de un tren alimentado a biodi\u00e9sel y, parcialmente, el\u00e9ctrico, para transporte de carga y pasajeros. Seg\u00fan documentos y declaraciones oficiales, dicha l\u00ednea potenciar\u00e1 el transporte, principalmente de gasolina y productos que se consumen en la regi\u00f3n hipertur\u00edstica de Quintana Roo; detonar\u00eda el desarrollo tur\u00edstico al facilitar el acceso a zonas poco conectadas y al conectar distintos polos de atracci\u00f3n tur\u00edstica de masa (Canc\u00fan&#8230;) con otros en v\u00eda de desarrollo. Este megaproyecto, adem\u00e1s de ser un servicio de transporte f\u00e9rreo y corredor tur\u00edstico, contempla reordenar la pen\u00ednsula e integrar otras regiones a partir del impulso de la industria energ\u00e9tica, la agroindustria y el desarrollo tecnol\u00f3gico.<\/p>\n","protected":false},"excerpt":{"rendered":"<p><strong>Giovanna Gasparello, Violeta N\u00fa\u00f1ez Rodr\u00edguez<\/strong><br \/>\n9786079852146 &#8211; Pez en el \u00e1rbol &#8211; 2022 &#8211; 296 p\u00e1ginas \/orri.<\/p>\n","protected":false},"featured_media":12752,"template":"","meta":[],"product_brand":[],"product_cat":[179,16],"product_tag":[5954,5953,5955],"class_list":{"0":"post-12722","1":"product","2":"type-product","3":"status-publish","4":"has-post-thumbnail","6":"product_cat-internazionalismoa-internacionalismo","7":"product_cat-libros","8":"product_tag-giovanna-gasparello","9":"product_tag-pez-en-el-arbol","10":"product_tag-violeta-nunez-rodriguez","12":"first","13":"instock","14":"sold-individually","15":"shipping-taxable","16":"purchasable","17":"product-type-simple"},"yoast_head":"<!-- This site is optimized with the Yoast SEO plugin v27.3 - https:\/\/yoast.com\/product\/yoast-seo-wordpress\/ -->\n<title>PUEBLOS Y TERRITORIOS FRENTE AL TREN MAYA Escenarios sociales, econ\u00f3micos y culturales &#8212; Zapateneo<\/title>\n<meta name=\"robots\" content=\"index, follow, max-snippet:-1, max-image-preview:large, max-video-preview:-1\" \/>\n<link rel=\"canonical\" href=\"https:\/\/zapateneo.net\/wordpress\/index.php\/producto\/pueblos-y-territorios-frente-al-tren-maya-escenarios-sociales-economicos-y-culturales\/\" \/>\n<meta property=\"og:locale\" content=\"es_ES\" \/>\n<meta property=\"og:type\" content=\"article\" \/>\n<meta property=\"og:title\" content=\"PUEBLOS Y TERRITORIOS FRENTE AL TREN MAYA Escenarios sociales, econ\u00f3micos y culturales &#8212; Zapateneo\" \/>\n<meta property=\"og:description\" content=\"Giovanna Gasparello, Violeta N\u00fa\u00f1ez Rodr\u00edguez 9786079852146 - Pez en el \u00e1rbol - 2022 - 296 p\u00e1ginas \/orri.\" \/>\n<meta property=\"og:url\" content=\"https:\/\/zapateneo.net\/wordpress\/index.php\/producto\/pueblos-y-territorios-frente-al-tren-maya-escenarios-sociales-economicos-y-culturales\/\" \/>\n<meta property=\"og:site_name\" content=\"Zapateneo\" \/>\n<meta property=\"article:modified_time\" content=\"2023-04-10T18:29:45+00:00\" \/>\n<meta name=\"twitter:card\" content=\"summary_large_image\" \/>\n<meta name=\"twitter:site\" content=\"@zapateneo\" \/>\n<meta name=\"twitter:label1\" content=\"Tiempo de lectura\" \/>\n\t<meta name=\"twitter:data1\" content=\"1 minuto\" \/>\n<script type=\"application\/ld+json\" class=\"yoast-schema-graph\">{\"@context\":\"https:\\\/\\\/schema.org\",\"@graph\":[{\"@type\":\"WebPage\",\"@id\":\"https:\\\/\\\/zapateneo.net\\\/wordpress\\\/index.php\\\/producto\\\/pueblos-y-territorios-frente-al-tren-maya-escenarios-sociales-economicos-y-culturales\\\/\",\"url\":\"https:\\\/\\\/zapateneo.net\\\/wordpress\\\/index.php\\\/producto\\\/pueblos-y-territorios-frente-al-tren-maya-escenarios-sociales-economicos-y-culturales\\\/\",\"name\":\"PUEBLOS Y TERRITORIOS FRENTE AL TREN MAYA Escenarios sociales, econ\u00f3micos y culturales &#8212; Zapateneo\",\"isPartOf\":{\"@id\":\"https:\\\/\\\/zapateneo.net\\\/wordpress\\\/#website\"},\"primaryImageOfPage\":{\"@id\":\"https:\\\/\\\/zapateneo.net\\\/wordpress\\\/index.php\\\/producto\\\/pueblos-y-territorios-frente-al-tren-maya-escenarios-sociales-economicos-y-culturales\\\/#primaryimage\"},\"image\":{\"@id\":\"https:\\\/\\\/zapateneo.net\\\/wordpress\\\/index.php\\\/producto\\\/pueblos-y-territorios-frente-al-tren-maya-escenarios-sociales-economicos-y-culturales\\\/#primaryimage\"},\"thumbnailUrl\":\"https:\\\/\\\/zapateneo.net\\\/wordpress\\\/wp-content\\\/uploads\\\/2023\\\/04\\\/9786079852146.gif\",\"datePublished\":\"2023-04-10T18:29:23+00:00\",\"dateModified\":\"2023-04-10T18:29:45+00:00\",\"breadcrumb\":{\"@id\":\"https:\\\/\\\/zapateneo.net\\\/wordpress\\\/index.php\\\/producto\\\/pueblos-y-territorios-frente-al-tren-maya-escenarios-sociales-economicos-y-culturales\\\/#breadcrumb\"},\"inLanguage\":\"es\",\"potentialAction\":[{\"@type\":\"ReadAction\",\"target\":[\"https:\\\/\\\/zapateneo.net\\\/wordpress\\\/index.php\\\/producto\\\/pueblos-y-territorios-frente-al-tren-maya-escenarios-sociales-economicos-y-culturales\\\/\"]}]},{\"@type\":\"ImageObject\",\"inLanguage\":\"es\",\"@id\":\"https:\\\/\\\/zapateneo.net\\\/wordpress\\\/index.php\\\/producto\\\/pueblos-y-territorios-frente-al-tren-maya-escenarios-sociales-economicos-y-culturales\\\/#primaryimage\",\"url\":\"https:\\\/\\\/zapateneo.net\\\/wordpress\\\/wp-content\\\/uploads\\\/2023\\\/04\\\/9786079852146.gif\",\"contentUrl\":\"https:\\\/\\\/zapateneo.net\\\/wordpress\\\/wp-content\\\/uploads\\\/2023\\\/04\\\/9786079852146.gif\",\"width\":240,\"height\":359},{\"@type\":\"BreadcrumbList\",\"@id\":\"https:\\\/\\\/zapateneo.net\\\/wordpress\\\/index.php\\\/producto\\\/pueblos-y-territorios-frente-al-tren-maya-escenarios-sociales-economicos-y-culturales\\\/#breadcrumb\",\"itemListElement\":[{\"@type\":\"ListItem\",\"position\":1,\"name\":\"Portada\",\"item\":\"https:\\\/\\\/zapateneo.net\\\/wordpress\\\/\"},{\"@type\":\"ListItem\",\"position\":2,\"name\":\"Tienda\",\"item\":\"https:\\\/\\\/zapateneo.net\\\/wordpress\\\/\"},{\"@type\":\"ListItem\",\"position\":3,\"name\":\"PUEBLOS Y TERRITORIOS FRENTE AL TREN MAYA Escenarios sociales, econ\u00f3micos y culturales\"}]},{\"@type\":\"WebSite\",\"@id\":\"https:\\\/\\\/zapateneo.net\\\/wordpress\\\/#website\",\"url\":\"https:\\\/\\\/zapateneo.net\\\/wordpress\\\/\",\"name\":\"Zapateneo\",\"description\":\"Zapateneoaren webgunea\",\"publisher\":{\"@id\":\"https:\\\/\\\/zapateneo.net\\\/wordpress\\\/#organization\"},\"potentialAction\":[{\"@type\":\"SearchAction\",\"target\":{\"@type\":\"EntryPoint\",\"urlTemplate\":\"https:\\\/\\\/zapateneo.net\\\/wordpress\\\/?s={search_term_string}\"},\"query-input\":{\"@type\":\"PropertyValueSpecification\",\"valueRequired\":true,\"valueName\":\"search_term_string\"}}],\"inLanguage\":\"es\"},{\"@type\":\"Organization\",\"@id\":\"https:\\\/\\\/zapateneo.net\\\/wordpress\\\/#organization\",\"name\":\"Zapateneo Kultur Elkartea\",\"url\":\"https:\\\/\\\/zapateneo.net\\\/wordpress\\\/\",\"logo\":{\"@type\":\"ImageObject\",\"inLanguage\":\"es\",\"@id\":\"https:\\\/\\\/zapateneo.net\\\/wordpress\\\/#\\\/schema\\\/logo\\\/image\\\/\",\"url\":\"https:\\\/\\\/zapateneo.net\\\/wordpress\\\/wp-content\\\/uploads\\\/2021\\\/04\\\/zap-libu-kolec.jpg\",\"contentUrl\":\"https:\\\/\\\/zapateneo.net\\\/wordpress\\\/wp-content\\\/uploads\\\/2021\\\/04\\\/zap-libu-kolec.jpg\",\"width\":2234,\"height\":398,\"caption\":\"Zapateneo Kultur Elkartea\"},\"image\":{\"@id\":\"https:\\\/\\\/zapateneo.net\\\/wordpress\\\/#\\\/schema\\\/logo\\\/image\\\/\"},\"sameAs\":[\"https:\\\/\\\/x.com\\\/zapateneo\"]}]}<\/script>\n<!-- \/ Yoast SEO plugin. -->","yoast_head_json":{"title":"PUEBLOS Y TERRITORIOS FRENTE AL TREN MAYA Escenarios sociales, econ\u00f3micos y culturales &#8212; Zapateneo","robots":{"index":"index","follow":"follow","max-snippet":"max-snippet:-1","max-image-preview":"max-image-preview:large","max-video-preview":"max-video-preview:-1"},"canonical":"https:\/\/zapateneo.net\/wordpress\/index.php\/producto\/pueblos-y-territorios-frente-al-tren-maya-escenarios-sociales-economicos-y-culturales\/","og_locale":"es_ES","og_type":"article","og_title":"PUEBLOS Y TERRITORIOS FRENTE AL TREN MAYA Escenarios sociales, econ\u00f3micos y culturales &#8212; Zapateneo","og_description":"Giovanna Gasparello, Violeta N\u00fa\u00f1ez Rodr\u00edguez 9786079852146 - Pez en el \u00e1rbol - 2022 - 296 p\u00e1ginas \/orri.","og_url":"https:\/\/zapateneo.net\/wordpress\/index.php\/producto\/pueblos-y-territorios-frente-al-tren-maya-escenarios-sociales-economicos-y-culturales\/","og_site_name":"Zapateneo","article_modified_time":"2023-04-10T18:29:45+00:00","twitter_card":"summary_large_image","twitter_site":"@zapateneo","twitter_misc":{"Tiempo de lectura":"1 minuto"},"schema":{"@context":"https:\/\/schema.org","@graph":[{"@type":"WebPage","@id":"https:\/\/zapateneo.net\/wordpress\/index.php\/producto\/pueblos-y-territorios-frente-al-tren-maya-escenarios-sociales-economicos-y-culturales\/","url":"https:\/\/zapateneo.net\/wordpress\/index.php\/producto\/pueblos-y-territorios-frente-al-tren-maya-escenarios-sociales-economicos-y-culturales\/","name":"PUEBLOS Y TERRITORIOS FRENTE AL TREN MAYA Escenarios sociales, econ\u00f3micos y culturales &#8212; Zapateneo","isPartOf":{"@id":"https:\/\/zapateneo.net\/wordpress\/#website"},"primaryImageOfPage":{"@id":"https:\/\/zapateneo.net\/wordpress\/index.php\/producto\/pueblos-y-territorios-frente-al-tren-maya-escenarios-sociales-economicos-y-culturales\/#primaryimage"},"image":{"@id":"https:\/\/zapateneo.net\/wordpress\/index.php\/producto\/pueblos-y-territorios-frente-al-tren-maya-escenarios-sociales-economicos-y-culturales\/#primaryimage"},"thumbnailUrl":"https:\/\/zapateneo.net\/wordpress\/wp-content\/uploads\/2023\/04\/9786079852146.gif","datePublished":"2023-04-10T18:29:23+00:00","dateModified":"2023-04-10T18:29:45+00:00","breadcrumb":{"@id":"https:\/\/zapateneo.net\/wordpress\/index.php\/producto\/pueblos-y-territorios-frente-al-tren-maya-escenarios-sociales-economicos-y-culturales\/#breadcrumb"},"inLanguage":"es","potentialAction":[{"@type":"ReadAction","target":["https:\/\/zapateneo.net\/wordpress\/index.php\/producto\/pueblos-y-territorios-frente-al-tren-maya-escenarios-sociales-economicos-y-culturales\/"]}]},{"@type":"ImageObject","inLanguage":"es","@id":"https:\/\/zapateneo.net\/wordpress\/index.php\/producto\/pueblos-y-territorios-frente-al-tren-maya-escenarios-sociales-economicos-y-culturales\/#primaryimage","url":"https:\/\/zapateneo.net\/wordpress\/wp-content\/uploads\/2023\/04\/9786079852146.gif","contentUrl":"https:\/\/zapateneo.net\/wordpress\/wp-content\/uploads\/2023\/04\/9786079852146.gif","width":240,"height":359},{"@type":"BreadcrumbList","@id":"https:\/\/zapateneo.net\/wordpress\/index.php\/producto\/pueblos-y-territorios-frente-al-tren-maya-escenarios-sociales-economicos-y-culturales\/#breadcrumb","itemListElement":[{"@type":"ListItem","position":1,"name":"Portada","item":"https:\/\/zapateneo.net\/wordpress\/"},{"@type":"ListItem","position":2,"name":"Tienda","item":"https:\/\/zapateneo.net\/wordpress\/"},{"@type":"ListItem","position":3,"name":"PUEBLOS Y TERRITORIOS FRENTE AL TREN MAYA Escenarios sociales, econ\u00f3micos y culturales"}]},{"@type":"WebSite","@id":"https:\/\/zapateneo.net\/wordpress\/#website","url":"https:\/\/zapateneo.net\/wordpress\/","name":"Zapateneo","description":"Zapateneoaren webgunea","publisher":{"@id":"https:\/\/zapateneo.net\/wordpress\/#organization"},"potentialAction":[{"@type":"SearchAction","target":{"@type":"EntryPoint","urlTemplate":"https:\/\/zapateneo.net\/wordpress\/?s={search_term_string}"},"query-input":{"@type":"PropertyValueSpecification","valueRequired":true,"valueName":"search_term_string"}}],"inLanguage":"es"},{"@type":"Organization","@id":"https:\/\/zapateneo.net\/wordpress\/#organization","name":"Zapateneo Kultur Elkartea","url":"https:\/\/zapateneo.net\/wordpress\/","logo":{"@type":"ImageObject","inLanguage":"es","@id":"https:\/\/zapateneo.net\/wordpress\/#\/schema\/logo\/image\/","url":"https:\/\/zapateneo.net\/wordpress\/wp-content\/uploads\/2021\/04\/zap-libu-kolec.jpg","contentUrl":"https:\/\/zapateneo.net\/wordpress\/wp-content\/uploads\/2021\/04\/zap-libu-kolec.jpg","width":2234,"height":398,"caption":"Zapateneo Kultur Elkartea"},"image":{"@id":"https:\/\/zapateneo.net\/wordpress\/#\/schema\/logo\/image\/"},"sameAs":["https:\/\/x.com\/zapateneo"]}]}},"_links":{"self":[{"href":"https:\/\/zapateneo.net\/wordpress\/index.php\/wp-json\/wp\/v2\/product\/12722","targetHints":{"allow":["GET"]}}],"collection":[{"href":"https:\/\/zapateneo.net\/wordpress\/index.php\/wp-json\/wp\/v2\/product"}],"about":[{"href":"https:\/\/zapateneo.net\/wordpress\/index.php\/wp-json\/wp\/v2\/types\/product"}],"wp:featuredmedia":[{"embeddable":true,"href":"https:\/\/zapateneo.net\/wordpress\/index.php\/wp-json\/wp\/v2\/media\/12752"}],"wp:attachment":[{"href":"https:\/\/zapateneo.net\/wordpress\/index.php\/wp-json\/wp\/v2\/media?parent=12722"}],"wp:term":[{"taxonomy":"product_brand","embeddable":true,"href":"https:\/\/zapateneo.net\/wordpress\/index.php\/wp-json\/wp\/v2\/product_brand?post=12722"},{"taxonomy":"product_cat","embeddable":true,"href":"https:\/\/zapateneo.net\/wordpress\/index.php\/wp-json\/wp\/v2\/product_cat?post=12722"},{"taxonomy":"product_tag","embeddable":true,"href":"https:\/\/zapateneo.net\/wordpress\/index.php\/wp-json\/wp\/v2\/product_tag?post=12722"}],"curies":[{"name":"wp","href":"https:\/\/api.w.org\/{rel}","templated":true}]}}