{"id":12721,"date":"2023-04-10T19:29:23","date_gmt":"2023-04-10T18:29:23","guid":{"rendered":"https:\/\/zapateneo.net\/wordpress\/?post_type=product&#038;p=12721"},"modified":"2023-04-10T19:29:44","modified_gmt":"2023-04-10T18:29:44","slug":"autonomias-y-derechos-indigenas-en-mexico","status":"publish","type":"product","link":"https:\/\/zapateneo.net\/wordpress\/index.php\/producto\/autonomias-y-derechos-indigenas-en-mexico\/","title":{"rendered":"AUTONOM\u00cdAS Y DERECHOS IND\u00cdGENAS EN M\u00c9XICO"},"content":{"rendered":"<p>El libro se sumerge en los ejes centrales del debate sobre los derechos de los pueblos ind\u00edgenas en M\u00e9xico. Partiendo de la configuraci\u00f3n jur\u00eddicoin\u00adternacional de los pueblos ind\u00edgenas, de su reconocimiento en tanto que pueblos y del derecho a la libre determinaci\u00f3n, nos lleva al modo en que el Estado los ha concebido a lo largo de su historia. Tras ello nos acerca al sentido de la rebeli\u00f3n zapatista y al debate jur\u00eddico-pol\u00edtico que la misma ha sabido generar.<\/p>\n<p>Despu\u00e9s de radiografiar los f\u00e9rreos l\u00edmites que el derecho y el Estado han impuesto a los procesos de subjetivizaci\u00f3n pol\u00edtica de los pueblos ind\u00edgenas, el libro concluye con una reflexi\u00f3n sobre la construcci\u00f3n de las autonom\u00edas ind\u00edgenas, m\u00e1s all\u00e1 del Estado, m\u00e1s all\u00e1 del derecho. Nos habla de las razones, de los sujetos, de sus contenidos y procesos. Nos habla de la fuerza de las autonom\u00edas, entendidas no como un objetivo a alcanzar, sino como permanentes mecanismos de transformaci\u00f3n social.<\/p>\n<p>Estamos ante un ejemplo de investigaci\u00f3n y de an\u00e1lisis entendidos como herramientas de lucha Las implicaciones que el conjunto de reivindica\u00adciones y pr\u00e1cticas auton\u00f3micas poseen, van mucho m\u00e1s all\u00e1 del mero debate sobre los mecanismos de distribuci\u00f3n territorial del poder. Tienen que ver con la ruptura del dogma de la unidad de poder y de ordenamiento jur\u00eddico que ha acompa\u00f1ado la creaci\u00f3n y consolidaci\u00f3n del Estado liberal y la cultura del individualismo posesivo.<\/p>\n","protected":false},"excerpt":{"rendered":"<p><strong>Francisco L\u00f3pez B\u00e1rcenas<\/strong><br \/>\n9789200082320 &#8211; Pez en el \u00e1rbol &#8211; 2022 &#8211; 228 p\u00e1ginas \/orri.<\/p>\n","protected":false},"featured_media":12751,"template":"","meta":[],"product_brand":[],"product_cat":[177,16],"product_tag":[5952,5953],"class_list":{"0":"post-12721","1":"product","2":"type-product","3":"status-publish","4":"has-post-thumbnail","6":"product_cat-gizarte-mugimenduak-movimientos-sociales","7":"product_cat-libros","8":"product_tag-francisco-lopez-barcenas","9":"product_tag-pez-en-el-arbol","11":"first","12":"instock","13":"sold-individually","14":"shipping-taxable","15":"purchasable","16":"product-type-simple"},"yoast_head":"<!-- This site is optimized with the Yoast SEO plugin v27.3 - https:\/\/yoast.com\/product\/yoast-seo-wordpress\/ -->\n<title>AUTONOM\u00cdAS Y DERECHOS IND\u00cdGENAS EN M\u00c9XICO &#8212; Zapateneo<\/title>\n<meta name=\"robots\" content=\"index, follow, max-snippet:-1, max-image-preview:large, max-video-preview:-1\" \/>\n<link rel=\"canonical\" href=\"https:\/\/zapateneo.net\/wordpress\/index.php\/producto\/autonomias-y-derechos-indigenas-en-mexico\/\" \/>\n<meta property=\"og:locale\" content=\"es_ES\" \/>\n<meta property=\"og:type\" content=\"article\" \/>\n<meta property=\"og:title\" content=\"AUTONOM\u00cdAS Y DERECHOS IND\u00cdGENAS EN M\u00c9XICO &#8212; Zapateneo\" \/>\n<meta property=\"og:description\" content=\"Francisco L\u00f3pez B\u00e1rcenas 9789200082320 - Pez en el \u00e1rbol - 2022 - 228 p\u00e1ginas \/orri.\" \/>\n<meta property=\"og:url\" content=\"https:\/\/zapateneo.net\/wordpress\/index.php\/producto\/autonomias-y-derechos-indigenas-en-mexico\/\" \/>\n<meta property=\"og:site_name\" content=\"Zapateneo\" \/>\n<meta property=\"article:modified_time\" content=\"2023-04-10T18:29:44+00:00\" \/>\n<meta name=\"twitter:card\" content=\"summary_large_image\" \/>\n<meta name=\"twitter:site\" content=\"@zapateneo\" \/>\n<meta name=\"twitter:label1\" content=\"Tiempo de lectura\" \/>\n\t<meta name=\"twitter:data1\" content=\"1 minuto\" \/>\n<script type=\"application\/ld+json\" class=\"yoast-schema-graph\">{\"@context\":\"https:\\\/\\\/schema.org\",\"@graph\":[{\"@type\":\"WebPage\",\"@id\":\"https:\\\/\\\/zapateneo.net\\\/wordpress\\\/index.php\\\/producto\\\/autonomias-y-derechos-indigenas-en-mexico\\\/\",\"url\":\"https:\\\/\\\/zapateneo.net\\\/wordpress\\\/index.php\\\/producto\\\/autonomias-y-derechos-indigenas-en-mexico\\\/\",\"name\":\"AUTONOM\u00cdAS Y DERECHOS IND\u00cdGENAS EN M\u00c9XICO &#8212; Zapateneo\",\"isPartOf\":{\"@id\":\"https:\\\/\\\/zapateneo.net\\\/wordpress\\\/#website\"},\"primaryImageOfPage\":{\"@id\":\"https:\\\/\\\/zapateneo.net\\\/wordpress\\\/index.php\\\/producto\\\/autonomias-y-derechos-indigenas-en-mexico\\\/#primaryimage\"},\"image\":{\"@id\":\"https:\\\/\\\/zapateneo.net\\\/wordpress\\\/index.php\\\/producto\\\/autonomias-y-derechos-indigenas-en-mexico\\\/#primaryimage\"},\"thumbnailUrl\":\"https:\\\/\\\/zapateneo.net\\\/wordpress\\\/wp-content\\\/uploads\\\/2023\\\/04\\\/autonomias-y-derechos-indigenas-en-mexico-9789200082320.jpg\",\"datePublished\":\"2023-04-10T18:29:23+00:00\",\"dateModified\":\"2023-04-10T18:29:44+00:00\",\"breadcrumb\":{\"@id\":\"https:\\\/\\\/zapateneo.net\\\/wordpress\\\/index.php\\\/producto\\\/autonomias-y-derechos-indigenas-en-mexico\\\/#breadcrumb\"},\"inLanguage\":\"es\",\"potentialAction\":[{\"@type\":\"ReadAction\",\"target\":[\"https:\\\/\\\/zapateneo.net\\\/wordpress\\\/index.php\\\/producto\\\/autonomias-y-derechos-indigenas-en-mexico\\\/\"]}]},{\"@type\":\"ImageObject\",\"inLanguage\":\"es\",\"@id\":\"https:\\\/\\\/zapateneo.net\\\/wordpress\\\/index.php\\\/producto\\\/autonomias-y-derechos-indigenas-en-mexico\\\/#primaryimage\",\"url\":\"https:\\\/\\\/zapateneo.net\\\/wordpress\\\/wp-content\\\/uploads\\\/2023\\\/04\\\/autonomias-y-derechos-indigenas-en-mexico-9789200082320.jpg\",\"contentUrl\":\"https:\\\/\\\/zapateneo.net\\\/wordpress\\\/wp-content\\\/uploads\\\/2023\\\/04\\\/autonomias-y-derechos-indigenas-en-mexico-9789200082320.jpg\",\"width\":240,\"height\":368},{\"@type\":\"BreadcrumbList\",\"@id\":\"https:\\\/\\\/zapateneo.net\\\/wordpress\\\/index.php\\\/producto\\\/autonomias-y-derechos-indigenas-en-mexico\\\/#breadcrumb\",\"itemListElement\":[{\"@type\":\"ListItem\",\"position\":1,\"name\":\"Portada\",\"item\":\"https:\\\/\\\/zapateneo.net\\\/wordpress\\\/\"},{\"@type\":\"ListItem\",\"position\":2,\"name\":\"Tienda\",\"item\":\"https:\\\/\\\/zapateneo.net\\\/wordpress\\\/\"},{\"@type\":\"ListItem\",\"position\":3,\"name\":\"AUTONOM\u00cdAS Y DERECHOS IND\u00cdGENAS EN M\u00c9XICO\"}]},{\"@type\":\"WebSite\",\"@id\":\"https:\\\/\\\/zapateneo.net\\\/wordpress\\\/#website\",\"url\":\"https:\\\/\\\/zapateneo.net\\\/wordpress\\\/\",\"name\":\"Zapateneo\",\"description\":\"Zapateneoaren webgunea\",\"publisher\":{\"@id\":\"https:\\\/\\\/zapateneo.net\\\/wordpress\\\/#organization\"},\"potentialAction\":[{\"@type\":\"SearchAction\",\"target\":{\"@type\":\"EntryPoint\",\"urlTemplate\":\"https:\\\/\\\/zapateneo.net\\\/wordpress\\\/?s={search_term_string}\"},\"query-input\":{\"@type\":\"PropertyValueSpecification\",\"valueRequired\":true,\"valueName\":\"search_term_string\"}}],\"inLanguage\":\"es\"},{\"@type\":\"Organization\",\"@id\":\"https:\\\/\\\/zapateneo.net\\\/wordpress\\\/#organization\",\"name\":\"Zapateneo Kultur Elkartea\",\"url\":\"https:\\\/\\\/zapateneo.net\\\/wordpress\\\/\",\"logo\":{\"@type\":\"ImageObject\",\"inLanguage\":\"es\",\"@id\":\"https:\\\/\\\/zapateneo.net\\\/wordpress\\\/#\\\/schema\\\/logo\\\/image\\\/\",\"url\":\"https:\\\/\\\/zapateneo.net\\\/wordpress\\\/wp-content\\\/uploads\\\/2021\\\/04\\\/zap-libu-kolec.jpg\",\"contentUrl\":\"https:\\\/\\\/zapateneo.net\\\/wordpress\\\/wp-content\\\/uploads\\\/2021\\\/04\\\/zap-libu-kolec.jpg\",\"width\":2234,\"height\":398,\"caption\":\"Zapateneo Kultur Elkartea\"},\"image\":{\"@id\":\"https:\\\/\\\/zapateneo.net\\\/wordpress\\\/#\\\/schema\\\/logo\\\/image\\\/\"},\"sameAs\":[\"https:\\\/\\\/x.com\\\/zapateneo\"]}]}<\/script>\n<!-- \/ Yoast SEO plugin. -->","yoast_head_json":{"title":"AUTONOM\u00cdAS Y DERECHOS IND\u00cdGENAS EN M\u00c9XICO &#8212; Zapateneo","robots":{"index":"index","follow":"follow","max-snippet":"max-snippet:-1","max-image-preview":"max-image-preview:large","max-video-preview":"max-video-preview:-1"},"canonical":"https:\/\/zapateneo.net\/wordpress\/index.php\/producto\/autonomias-y-derechos-indigenas-en-mexico\/","og_locale":"es_ES","og_type":"article","og_title":"AUTONOM\u00cdAS Y DERECHOS IND\u00cdGENAS EN M\u00c9XICO &#8212; Zapateneo","og_description":"Francisco L\u00f3pez B\u00e1rcenas 9789200082320 - Pez en el \u00e1rbol - 2022 - 228 p\u00e1ginas \/orri.","og_url":"https:\/\/zapateneo.net\/wordpress\/index.php\/producto\/autonomias-y-derechos-indigenas-en-mexico\/","og_site_name":"Zapateneo","article_modified_time":"2023-04-10T18:29:44+00:00","twitter_card":"summary_large_image","twitter_site":"@zapateneo","twitter_misc":{"Tiempo de lectura":"1 minuto"},"schema":{"@context":"https:\/\/schema.org","@graph":[{"@type":"WebPage","@id":"https:\/\/zapateneo.net\/wordpress\/index.php\/producto\/autonomias-y-derechos-indigenas-en-mexico\/","url":"https:\/\/zapateneo.net\/wordpress\/index.php\/producto\/autonomias-y-derechos-indigenas-en-mexico\/","name":"AUTONOM\u00cdAS Y DERECHOS IND\u00cdGENAS EN M\u00c9XICO &#8212; Zapateneo","isPartOf":{"@id":"https:\/\/zapateneo.net\/wordpress\/#website"},"primaryImageOfPage":{"@id":"https:\/\/zapateneo.net\/wordpress\/index.php\/producto\/autonomias-y-derechos-indigenas-en-mexico\/#primaryimage"},"image":{"@id":"https:\/\/zapateneo.net\/wordpress\/index.php\/producto\/autonomias-y-derechos-indigenas-en-mexico\/#primaryimage"},"thumbnailUrl":"https:\/\/zapateneo.net\/wordpress\/wp-content\/uploads\/2023\/04\/autonomias-y-derechos-indigenas-en-mexico-9789200082320.jpg","datePublished":"2023-04-10T18:29:23+00:00","dateModified":"2023-04-10T18:29:44+00:00","breadcrumb":{"@id":"https:\/\/zapateneo.net\/wordpress\/index.php\/producto\/autonomias-y-derechos-indigenas-en-mexico\/#breadcrumb"},"inLanguage":"es","potentialAction":[{"@type":"ReadAction","target":["https:\/\/zapateneo.net\/wordpress\/index.php\/producto\/autonomias-y-derechos-indigenas-en-mexico\/"]}]},{"@type":"ImageObject","inLanguage":"es","@id":"https:\/\/zapateneo.net\/wordpress\/index.php\/producto\/autonomias-y-derechos-indigenas-en-mexico\/#primaryimage","url":"https:\/\/zapateneo.net\/wordpress\/wp-content\/uploads\/2023\/04\/autonomias-y-derechos-indigenas-en-mexico-9789200082320.jpg","contentUrl":"https:\/\/zapateneo.net\/wordpress\/wp-content\/uploads\/2023\/04\/autonomias-y-derechos-indigenas-en-mexico-9789200082320.jpg","width":240,"height":368},{"@type":"BreadcrumbList","@id":"https:\/\/zapateneo.net\/wordpress\/index.php\/producto\/autonomias-y-derechos-indigenas-en-mexico\/#breadcrumb","itemListElement":[{"@type":"ListItem","position":1,"name":"Portada","item":"https:\/\/zapateneo.net\/wordpress\/"},{"@type":"ListItem","position":2,"name":"Tienda","item":"https:\/\/zapateneo.net\/wordpress\/"},{"@type":"ListItem","position":3,"name":"AUTONOM\u00cdAS Y DERECHOS IND\u00cdGENAS EN M\u00c9XICO"}]},{"@type":"WebSite","@id":"https:\/\/zapateneo.net\/wordpress\/#website","url":"https:\/\/zapateneo.net\/wordpress\/","name":"Zapateneo","description":"Zapateneoaren webgunea","publisher":{"@id":"https:\/\/zapateneo.net\/wordpress\/#organization"},"potentialAction":[{"@type":"SearchAction","target":{"@type":"EntryPoint","urlTemplate":"https:\/\/zapateneo.net\/wordpress\/?s={search_term_string}"},"query-input":{"@type":"PropertyValueSpecification","valueRequired":true,"valueName":"search_term_string"}}],"inLanguage":"es"},{"@type":"Organization","@id":"https:\/\/zapateneo.net\/wordpress\/#organization","name":"Zapateneo Kultur Elkartea","url":"https:\/\/zapateneo.net\/wordpress\/","logo":{"@type":"ImageObject","inLanguage":"es","@id":"https:\/\/zapateneo.net\/wordpress\/#\/schema\/logo\/image\/","url":"https:\/\/zapateneo.net\/wordpress\/wp-content\/uploads\/2021\/04\/zap-libu-kolec.jpg","contentUrl":"https:\/\/zapateneo.net\/wordpress\/wp-content\/uploads\/2021\/04\/zap-libu-kolec.jpg","width":2234,"height":398,"caption":"Zapateneo Kultur Elkartea"},"image":{"@id":"https:\/\/zapateneo.net\/wordpress\/#\/schema\/logo\/image\/"},"sameAs":["https:\/\/x.com\/zapateneo"]}]}},"_links":{"self":[{"href":"https:\/\/zapateneo.net\/wordpress\/index.php\/wp-json\/wp\/v2\/product\/12721","targetHints":{"allow":["GET"]}}],"collection":[{"href":"https:\/\/zapateneo.net\/wordpress\/index.php\/wp-json\/wp\/v2\/product"}],"about":[{"href":"https:\/\/zapateneo.net\/wordpress\/index.php\/wp-json\/wp\/v2\/types\/product"}],"wp:featuredmedia":[{"embeddable":true,"href":"https:\/\/zapateneo.net\/wordpress\/index.php\/wp-json\/wp\/v2\/media\/12751"}],"wp:attachment":[{"href":"https:\/\/zapateneo.net\/wordpress\/index.php\/wp-json\/wp\/v2\/media?parent=12721"}],"wp:term":[{"taxonomy":"product_brand","embeddable":true,"href":"https:\/\/zapateneo.net\/wordpress\/index.php\/wp-json\/wp\/v2\/product_brand?post=12721"},{"taxonomy":"product_cat","embeddable":true,"href":"https:\/\/zapateneo.net\/wordpress\/index.php\/wp-json\/wp\/v2\/product_cat?post=12721"},{"taxonomy":"product_tag","embeddable":true,"href":"https:\/\/zapateneo.net\/wordpress\/index.php\/wp-json\/wp\/v2\/product_tag?post=12721"}],"curies":[{"name":"wp","href":"https:\/\/api.w.org\/{rel}","templated":true}]}}