{"id":12714,"date":"2023-04-10T19:29:21","date_gmt":"2023-04-10T18:29:21","guid":{"rendered":"https:\/\/zapateneo.net\/wordpress\/?post_type=product&#038;p=12714"},"modified":"2023-04-10T19:29:38","modified_gmt":"2023-04-10T18:29:38","slug":"sin-esperanza-y-sin-miedo-cinicos-estoicos-y-epicureos","status":"publish","type":"product","link":"https:\/\/zapateneo.net\/wordpress\/index.php\/producto\/sin-esperanza-y-sin-miedo-cinicos-estoicos-y-epicureos\/","title":{"rendered":"SIN ESPERANZA Y SIN MIEDO C\u00ednicos, estoicos y epic\u00fareos"},"content":{"rendered":"<p>Amena, irreverente y provocadora \u2014abst\u00e9nganse las mentes timoratas\u2014 vulgata, el libro recoge los cursos que durante el reciente confinamiento, la autora imparti\u00f3 en su af\u00e1n de rescatar de filosof\u00eda cl\u00e1sica helen\u00edstica de \u00ablos claustros de las altas casas de estudio\u00bb que la fosilizan. El hilo conductor: c\u00f3mo construir una existencia feliz, c\u00f3mo salir de los marcos establecidos, c\u00f3mo romper con la norma de una vida pautada y reglada al mil\u00edmetro. Y para ello, \u00bfqu\u00e9 mejor que repasar tanto las concepciones como las pr\u00e1cticas de los pensadores c\u00ednicos, estoicos y epic\u00fareos?<\/p>\n<p>Alguna vez la filosof\u00eda supo ser mucho m\u00e1s que la acumulaci\u00f3n intrascendente de conocimientos abstractos y se pareci\u00f3 a un ring donde se hace sombra con el s\u00ed mismo. La alegr\u00eda hoy en manos de la banalidad de la autoayuda, tiene muchas manifestaciones. Puede ser la calma, la imperturbabilidad, el autogobierno inmanente y singular, la ferocidad de la burla. Pero sobre todo es la ausencia de dos grandes males humanos, llamados esperanza y temor, que hacen que el cogito del sujeto sea la sinraz\u00f3n m\u00e1s absurda que se pueda concebir cuando se intenta luchar contra lo ineluctable y se obliga al cuerpo a expresarse en el logos del Imperio como \u00fanica posibilidad social.<\/p>\n<p>Otro fin del mundo es posible. Esta no es la primera vez que se derrumban ideales. No tenemos por qu\u00e9 resignarnos. Y menos a\u00fan aceptar el aburrimiento y el miedo. Silvestri, desde la mirada cimarrona y perra, nos lo fundamenta aprendiendo de los cl\u00e1sicos.<\/p>\n","protected":false},"excerpt":{"rendered":"<p><strong>Leonor Silvestri<\/strong><br \/>\n9789200733505 &#8211; Queen Ludd &#8211; 2022 &#8211; 116 p\u00e1ginas \/orri.<\/p>\n","protected":false},"featured_media":12744,"template":"","meta":[],"product_brand":[],"product_cat":[16,173],"product_tag":[5945,4426],"class_list":{"0":"post-12714","1":"product","2":"type-product","3":"status-publish","4":"has-post-thumbnail","6":"product_cat-libros","7":"product_cat-saiakera-ensayo","8":"product_tag-leonor-silvestri","9":"product_tag-queen-ludd","11":"first","12":"instock","13":"sold-individually","14":"shipping-taxable","15":"purchasable","16":"product-type-simple"},"yoast_head":"<!-- This site is optimized with the Yoast SEO plugin v27.3 - https:\/\/yoast.com\/product\/yoast-seo-wordpress\/ -->\n<title>SIN ESPERANZA Y SIN MIEDO C\u00ednicos, estoicos y epic\u00fareos &#8212; Zapateneo<\/title>\n<meta name=\"robots\" content=\"index, follow, max-snippet:-1, max-image-preview:large, max-video-preview:-1\" \/>\n<link rel=\"canonical\" href=\"https:\/\/zapateneo.net\/wordpress\/index.php\/producto\/sin-esperanza-y-sin-miedo-cinicos-estoicos-y-epicureos\/\" \/>\n<meta property=\"og:locale\" content=\"es_ES\" \/>\n<meta property=\"og:type\" content=\"article\" \/>\n<meta property=\"og:title\" content=\"SIN ESPERANZA Y SIN MIEDO C\u00ednicos, estoicos y epic\u00fareos &#8212; Zapateneo\" \/>\n<meta property=\"og:description\" content=\"Leonor Silvestri 9789200733505 - Queen Ludd - 2022 - 116 p\u00e1ginas \/orri.\" \/>\n<meta property=\"og:url\" content=\"https:\/\/zapateneo.net\/wordpress\/index.php\/producto\/sin-esperanza-y-sin-miedo-cinicos-estoicos-y-epicureos\/\" \/>\n<meta property=\"og:site_name\" content=\"Zapateneo\" \/>\n<meta property=\"article:modified_time\" content=\"2023-04-10T18:29:38+00:00\" \/>\n<meta name=\"twitter:card\" content=\"summary_large_image\" \/>\n<meta name=\"twitter:site\" content=\"@zapateneo\" \/>\n<meta name=\"twitter:label1\" content=\"Tiempo de lectura\" \/>\n\t<meta name=\"twitter:data1\" content=\"1 minuto\" \/>\n<script type=\"application\/ld+json\" class=\"yoast-schema-graph\">{\"@context\":\"https:\\\/\\\/schema.org\",\"@graph\":[{\"@type\":\"WebPage\",\"@id\":\"https:\\\/\\\/zapateneo.net\\\/wordpress\\\/index.php\\\/producto\\\/sin-esperanza-y-sin-miedo-cinicos-estoicos-y-epicureos\\\/\",\"url\":\"https:\\\/\\\/zapateneo.net\\\/wordpress\\\/index.php\\\/producto\\\/sin-esperanza-y-sin-miedo-cinicos-estoicos-y-epicureos\\\/\",\"name\":\"SIN ESPERANZA Y SIN MIEDO C\u00ednicos, estoicos y epic\u00fareos &#8212; Zapateneo\",\"isPartOf\":{\"@id\":\"https:\\\/\\\/zapateneo.net\\\/wordpress\\\/#website\"},\"primaryImageOfPage\":{\"@id\":\"https:\\\/\\\/zapateneo.net\\\/wordpress\\\/index.php\\\/producto\\\/sin-esperanza-y-sin-miedo-cinicos-estoicos-y-epicureos\\\/#primaryimage\"},\"image\":{\"@id\":\"https:\\\/\\\/zapateneo.net\\\/wordpress\\\/index.php\\\/producto\\\/sin-esperanza-y-sin-miedo-cinicos-estoicos-y-epicureos\\\/#primaryimage\"},\"thumbnailUrl\":\"https:\\\/\\\/zapateneo.net\\\/wordpress\\\/wp-content\\\/uploads\\\/2023\\\/04\\\/sin-esperanza-y-sin-miedo-9789200733505_1.jpg\",\"datePublished\":\"2023-04-10T18:29:21+00:00\",\"dateModified\":\"2023-04-10T18:29:38+00:00\",\"breadcrumb\":{\"@id\":\"https:\\\/\\\/zapateneo.net\\\/wordpress\\\/index.php\\\/producto\\\/sin-esperanza-y-sin-miedo-cinicos-estoicos-y-epicureos\\\/#breadcrumb\"},\"inLanguage\":\"es\",\"potentialAction\":[{\"@type\":\"ReadAction\",\"target\":[\"https:\\\/\\\/zapateneo.net\\\/wordpress\\\/index.php\\\/producto\\\/sin-esperanza-y-sin-miedo-cinicos-estoicos-y-epicureos\\\/\"]}]},{\"@type\":\"ImageObject\",\"inLanguage\":\"es\",\"@id\":\"https:\\\/\\\/zapateneo.net\\\/wordpress\\\/index.php\\\/producto\\\/sin-esperanza-y-sin-miedo-cinicos-estoicos-y-epicureos\\\/#primaryimage\",\"url\":\"https:\\\/\\\/zapateneo.net\\\/wordpress\\\/wp-content\\\/uploads\\\/2023\\\/04\\\/sin-esperanza-y-sin-miedo-9789200733505_1.jpg\",\"contentUrl\":\"https:\\\/\\\/zapateneo.net\\\/wordpress\\\/wp-content\\\/uploads\\\/2023\\\/04\\\/sin-esperanza-y-sin-miedo-9789200733505_1.jpg\",\"width\":255,\"height\":400},{\"@type\":\"BreadcrumbList\",\"@id\":\"https:\\\/\\\/zapateneo.net\\\/wordpress\\\/index.php\\\/producto\\\/sin-esperanza-y-sin-miedo-cinicos-estoicos-y-epicureos\\\/#breadcrumb\",\"itemListElement\":[{\"@type\":\"ListItem\",\"position\":1,\"name\":\"Portada\",\"item\":\"https:\\\/\\\/zapateneo.net\\\/wordpress\\\/\"},{\"@type\":\"ListItem\",\"position\":2,\"name\":\"Tienda\",\"item\":\"https:\\\/\\\/zapateneo.net\\\/wordpress\\\/\"},{\"@type\":\"ListItem\",\"position\":3,\"name\":\"SIN ESPERANZA Y SIN MIEDO C\u00ednicos, estoicos y epic\u00fareos\"}]},{\"@type\":\"WebSite\",\"@id\":\"https:\\\/\\\/zapateneo.net\\\/wordpress\\\/#website\",\"url\":\"https:\\\/\\\/zapateneo.net\\\/wordpress\\\/\",\"name\":\"Zapateneo\",\"description\":\"Zapateneoaren webgunea\",\"publisher\":{\"@id\":\"https:\\\/\\\/zapateneo.net\\\/wordpress\\\/#organization\"},\"potentialAction\":[{\"@type\":\"SearchAction\",\"target\":{\"@type\":\"EntryPoint\",\"urlTemplate\":\"https:\\\/\\\/zapateneo.net\\\/wordpress\\\/?s={search_term_string}\"},\"query-input\":{\"@type\":\"PropertyValueSpecification\",\"valueRequired\":true,\"valueName\":\"search_term_string\"}}],\"inLanguage\":\"es\"},{\"@type\":\"Organization\",\"@id\":\"https:\\\/\\\/zapateneo.net\\\/wordpress\\\/#organization\",\"name\":\"Zapateneo Kultur Elkartea\",\"url\":\"https:\\\/\\\/zapateneo.net\\\/wordpress\\\/\",\"logo\":{\"@type\":\"ImageObject\",\"inLanguage\":\"es\",\"@id\":\"https:\\\/\\\/zapateneo.net\\\/wordpress\\\/#\\\/schema\\\/logo\\\/image\\\/\",\"url\":\"https:\\\/\\\/zapateneo.net\\\/wordpress\\\/wp-content\\\/uploads\\\/2021\\\/04\\\/zap-libu-kolec.jpg\",\"contentUrl\":\"https:\\\/\\\/zapateneo.net\\\/wordpress\\\/wp-content\\\/uploads\\\/2021\\\/04\\\/zap-libu-kolec.jpg\",\"width\":2234,\"height\":398,\"caption\":\"Zapateneo Kultur Elkartea\"},\"image\":{\"@id\":\"https:\\\/\\\/zapateneo.net\\\/wordpress\\\/#\\\/schema\\\/logo\\\/image\\\/\"},\"sameAs\":[\"https:\\\/\\\/x.com\\\/zapateneo\"]}]}<\/script>\n<!-- \/ Yoast SEO plugin. -->","yoast_head_json":{"title":"SIN ESPERANZA Y SIN MIEDO C\u00ednicos, estoicos y epic\u00fareos &#8212; Zapateneo","robots":{"index":"index","follow":"follow","max-snippet":"max-snippet:-1","max-image-preview":"max-image-preview:large","max-video-preview":"max-video-preview:-1"},"canonical":"https:\/\/zapateneo.net\/wordpress\/index.php\/producto\/sin-esperanza-y-sin-miedo-cinicos-estoicos-y-epicureos\/","og_locale":"es_ES","og_type":"article","og_title":"SIN ESPERANZA Y SIN MIEDO C\u00ednicos, estoicos y epic\u00fareos &#8212; Zapateneo","og_description":"Leonor Silvestri 9789200733505 - Queen Ludd - 2022 - 116 p\u00e1ginas \/orri.","og_url":"https:\/\/zapateneo.net\/wordpress\/index.php\/producto\/sin-esperanza-y-sin-miedo-cinicos-estoicos-y-epicureos\/","og_site_name":"Zapateneo","article_modified_time":"2023-04-10T18:29:38+00:00","twitter_card":"summary_large_image","twitter_site":"@zapateneo","twitter_misc":{"Tiempo de lectura":"1 minuto"},"schema":{"@context":"https:\/\/schema.org","@graph":[{"@type":"WebPage","@id":"https:\/\/zapateneo.net\/wordpress\/index.php\/producto\/sin-esperanza-y-sin-miedo-cinicos-estoicos-y-epicureos\/","url":"https:\/\/zapateneo.net\/wordpress\/index.php\/producto\/sin-esperanza-y-sin-miedo-cinicos-estoicos-y-epicureos\/","name":"SIN ESPERANZA Y SIN MIEDO C\u00ednicos, estoicos y epic\u00fareos &#8212; Zapateneo","isPartOf":{"@id":"https:\/\/zapateneo.net\/wordpress\/#website"},"primaryImageOfPage":{"@id":"https:\/\/zapateneo.net\/wordpress\/index.php\/producto\/sin-esperanza-y-sin-miedo-cinicos-estoicos-y-epicureos\/#primaryimage"},"image":{"@id":"https:\/\/zapateneo.net\/wordpress\/index.php\/producto\/sin-esperanza-y-sin-miedo-cinicos-estoicos-y-epicureos\/#primaryimage"},"thumbnailUrl":"https:\/\/zapateneo.net\/wordpress\/wp-content\/uploads\/2023\/04\/sin-esperanza-y-sin-miedo-9789200733505_1.jpg","datePublished":"2023-04-10T18:29:21+00:00","dateModified":"2023-04-10T18:29:38+00:00","breadcrumb":{"@id":"https:\/\/zapateneo.net\/wordpress\/index.php\/producto\/sin-esperanza-y-sin-miedo-cinicos-estoicos-y-epicureos\/#breadcrumb"},"inLanguage":"es","potentialAction":[{"@type":"ReadAction","target":["https:\/\/zapateneo.net\/wordpress\/index.php\/producto\/sin-esperanza-y-sin-miedo-cinicos-estoicos-y-epicureos\/"]}]},{"@type":"ImageObject","inLanguage":"es","@id":"https:\/\/zapateneo.net\/wordpress\/index.php\/producto\/sin-esperanza-y-sin-miedo-cinicos-estoicos-y-epicureos\/#primaryimage","url":"https:\/\/zapateneo.net\/wordpress\/wp-content\/uploads\/2023\/04\/sin-esperanza-y-sin-miedo-9789200733505_1.jpg","contentUrl":"https:\/\/zapateneo.net\/wordpress\/wp-content\/uploads\/2023\/04\/sin-esperanza-y-sin-miedo-9789200733505_1.jpg","width":255,"height":400},{"@type":"BreadcrumbList","@id":"https:\/\/zapateneo.net\/wordpress\/index.php\/producto\/sin-esperanza-y-sin-miedo-cinicos-estoicos-y-epicureos\/#breadcrumb","itemListElement":[{"@type":"ListItem","position":1,"name":"Portada","item":"https:\/\/zapateneo.net\/wordpress\/"},{"@type":"ListItem","position":2,"name":"Tienda","item":"https:\/\/zapateneo.net\/wordpress\/"},{"@type":"ListItem","position":3,"name":"SIN ESPERANZA Y SIN MIEDO C\u00ednicos, estoicos y epic\u00fareos"}]},{"@type":"WebSite","@id":"https:\/\/zapateneo.net\/wordpress\/#website","url":"https:\/\/zapateneo.net\/wordpress\/","name":"Zapateneo","description":"Zapateneoaren webgunea","publisher":{"@id":"https:\/\/zapateneo.net\/wordpress\/#organization"},"potentialAction":[{"@type":"SearchAction","target":{"@type":"EntryPoint","urlTemplate":"https:\/\/zapateneo.net\/wordpress\/?s={search_term_string}"},"query-input":{"@type":"PropertyValueSpecification","valueRequired":true,"valueName":"search_term_string"}}],"inLanguage":"es"},{"@type":"Organization","@id":"https:\/\/zapateneo.net\/wordpress\/#organization","name":"Zapateneo Kultur Elkartea","url":"https:\/\/zapateneo.net\/wordpress\/","logo":{"@type":"ImageObject","inLanguage":"es","@id":"https:\/\/zapateneo.net\/wordpress\/#\/schema\/logo\/image\/","url":"https:\/\/zapateneo.net\/wordpress\/wp-content\/uploads\/2021\/04\/zap-libu-kolec.jpg","contentUrl":"https:\/\/zapateneo.net\/wordpress\/wp-content\/uploads\/2021\/04\/zap-libu-kolec.jpg","width":2234,"height":398,"caption":"Zapateneo Kultur Elkartea"},"image":{"@id":"https:\/\/zapateneo.net\/wordpress\/#\/schema\/logo\/image\/"},"sameAs":["https:\/\/x.com\/zapateneo"]}]}},"_links":{"self":[{"href":"https:\/\/zapateneo.net\/wordpress\/index.php\/wp-json\/wp\/v2\/product\/12714","targetHints":{"allow":["GET"]}}],"collection":[{"href":"https:\/\/zapateneo.net\/wordpress\/index.php\/wp-json\/wp\/v2\/product"}],"about":[{"href":"https:\/\/zapateneo.net\/wordpress\/index.php\/wp-json\/wp\/v2\/types\/product"}],"wp:featuredmedia":[{"embeddable":true,"href":"https:\/\/zapateneo.net\/wordpress\/index.php\/wp-json\/wp\/v2\/media\/12744"}],"wp:attachment":[{"href":"https:\/\/zapateneo.net\/wordpress\/index.php\/wp-json\/wp\/v2\/media?parent=12714"}],"wp:term":[{"taxonomy":"product_brand","embeddable":true,"href":"https:\/\/zapateneo.net\/wordpress\/index.php\/wp-json\/wp\/v2\/product_brand?post=12714"},{"taxonomy":"product_cat","embeddable":true,"href":"https:\/\/zapateneo.net\/wordpress\/index.php\/wp-json\/wp\/v2\/product_cat?post=12714"},{"taxonomy":"product_tag","embeddable":true,"href":"https:\/\/zapateneo.net\/wordpress\/index.php\/wp-json\/wp\/v2\/product_tag?post=12714"}],"curies":[{"name":"wp","href":"https:\/\/api.w.org\/{rel}","templated":true}]}}