{"id":12712,"date":"2023-04-10T19:29:20","date_gmt":"2023-04-10T18:29:20","guid":{"rendered":"https:\/\/zapateneo.net\/wordpress\/?post_type=product&#038;p=12712"},"modified":"2023-04-10T19:29:36","modified_gmt":"2023-04-10T18:29:36","slug":"feminismos-desde-abya-yala-ideas-y-proposiciones-de-las-mujeres-de-607-pueblos-en-nuestra-america","status":"publish","type":"product","link":"https:\/\/zapateneo.net\/wordpress\/index.php\/producto\/feminismos-desde-abya-yala-ideas-y-proposiciones-de-las-mujeres-de-607-pueblos-en-nuestra-america\/","title":{"rendered":"FEMINISMOS DESDE ABYA YALA Ideas y proposiciones de las mujeres de 607 pueblos en Nuestra Am\u00e9rica"},"content":{"rendered":"<p>Un aporte a la producci\u00f3n de conocimiento desde las mujeres latinoamericanas, un libro que recorre saberes y mujeres que, siendo o no feministas, fueron perseguidas y silenciadas genocidamente. Articula, a la vez, ese compromiso denunciante que muestra los distintos tipos de violencia patriarcal que han sufrido las mujeres y hace revivir nuestras muertas como ejercicio necesario de memoria en movimiento.<\/p>\n<p>Francesca desenmascara la presencia absoluta de las interpretaciones europeas y esclavistas con las que hemos comprendido las relaciones sociales, a veces infundidas a punta de palo y garrote, otras veces con sutileza. Con su enfoque nos permite constatar que capitalismo, cosmovisi\u00f3n occidental y moral cristiana son inseparables en Am\u00e9rica. Sus entramados se reflejan con claridad en distintas pautas de vida que muchos no nos cuestionamos, como el ideal de la monogamia s\u00f3lo entre mujeres y hombres, el reconocer una forma \u00fanica de ser mujer o, tambi\u00e9n, el asumir de manera arbitraria la superioridad del ser humano sobre la naturaleza para transformarla y depredarla, un ser humano cuyas acciones son valoradas solo en cuanto a su utilidad y cuyo sentimiento de integridad est\u00e1 mediado por la econom\u00eda, el trabajo y las decisiones individuales. Pensadas por mujeres que luchan desde sus comunidades actuales, las ideas de buena vida entran en pugna con la prepotencia del conjunto de creencias que provienen del mundo occidental, y buscan adem\u00e1s formas de organizaci\u00f3n propias contra la miseria, la explotaci\u00f3n y la exclusi\u00f3n.<\/p>\n<p>En el relato de estas mujeres se repasa tambi\u00e9n la historia de nuestra Abya yala, reconociendo muchas formas de vida moderna que coexisten en sus m\u00e1s de 607 pueblos y naciones oprimidas. Francesca ense\u00f1a tambi\u00e9n multifac\u00e9ticos pensamientos feministas, demostrando que no todas las mujeres adscriben esta lucha y los vicios organizativos que incluso, reproducen l\u00f3gicas dominantes. Entre ellas est\u00e1n las que trabajan a nivel comunitario, las que niegan llamarse feministas (asumi\u00e9ndolo como una imposici\u00f3n de las mujeres blancas y urbanas), las que buscan los puntos de contacto entre la visibilizaci\u00f3n, su comunidad y las aportaciones de las activistas urbanas, o las que se declaran abiertamente feministas de pensamiento aut\u00f3nomo.<\/p>\n<p>Constatamos as\u00ed un contraste entre feministas ind\u00edgenas comunitarias y feministas urbanas, donde estas \u00faltimas se identifican con el imperio civilizador, un reconocimiento basado en un proyecto de autonom\u00eda individual dentro del libre mercado, sentencia la autora.<\/p>\n<p>Francesca Gargallo (nacida el 25 de noviembre 1956 en Siracusa, Italia) es escritora y poeta. Estudi\u00f3 filosof\u00eda en su pa\u00eds natal en la Universit\u00e0 di Roma Delgi Studi y luego en la Universidad Nacional Aut\u00f3noma de M\u00e9xico (UNAM). Gargallo, naturalizada como ciudadana mexicana, ha vivido en ese pa\u00eds desde 1979. Al cambiar de frontera y lengua hace 35 a\u00f1os, se ha dedicado a estudiar la historia de las ideas en Nuestra Am\u00e9rica, a entender las din\u00e1micas de la opresi\u00f3n de las mujeres en las sociedades poscoloniales e ind\u00edgenas, narrar y a hacer versos. El arte visual, desde la pintura hasta el performance, la atrae e libera. Los viajes y los di\u00e1logos que entabla con las mujeres con quien se encuentra, a\u00fan m\u00e1s.<\/p>\n<p>Ha escrito dos docenas de libros, se licenci\u00f3 en Filosof\u00eda y curs\u00f3 una maestr\u00eda y un doctorado en Estudios Latinoamericanos. En 2013 renunci\u00f3 a la docencia universitaria para dedicarse a pensar y escribir con libertad. Entre sus novelas destacan: Al paso de los d\u00edas, La decisi\u00f3n del capit\u00e1n, Marcha Seca, Estar en el mundo, entre otras. Entre sus textos de pensamiento despuntan Feminismos desde Abya Yala, Ideas Feministas Latinoamericanas y Gar\u00edfuna, Gar\u00ednagu, Caribe. En 2010, recibi\u00f3 el Premio Nacional de Artes por Siete pintores de una generaci\u00f3n sin nombre.<\/p>\n","protected":false},"excerpt":{"rendered":"<p><strong>Francesca Gargallo Celentani<\/strong><br \/>\n9789200710971 &#8211; Quimant\u00fa &#8211; 2022 &#8211; 380 p\u00e1ginas \/orri.<\/p>\n","protected":false},"featured_media":12742,"template":"","meta":[],"product_brand":[],"product_cat":[174,16],"product_tag":[5944,5942],"class_list":{"0":"post-12712","1":"product","2":"type-product","3":"status-publish","4":"has-post-thumbnail","6":"product_cat-generoak-generos","7":"product_cat-libros","8":"product_tag-francesca-gargallo-celentani","9":"product_tag-quimantu","11":"first","12":"instock","13":"sold-individually","14":"shipping-taxable","15":"purchasable","16":"product-type-simple"},"yoast_head":"<!-- This site is optimized with the Yoast SEO plugin v27.3 - https:\/\/yoast.com\/product\/yoast-seo-wordpress\/ -->\n<title>FEMINISMOS DESDE ABYA YALA Ideas y proposiciones de las mujeres de 607 pueblos en Nuestra Am\u00e9rica &#8212; Zapateneo<\/title>\n<meta name=\"robots\" content=\"index, follow, max-snippet:-1, max-image-preview:large, max-video-preview:-1\" \/>\n<link rel=\"canonical\" href=\"https:\/\/zapateneo.net\/wordpress\/index.php\/producto\/feminismos-desde-abya-yala-ideas-y-proposiciones-de-las-mujeres-de-607-pueblos-en-nuestra-america\/\" \/>\n<meta property=\"og:locale\" content=\"es_ES\" \/>\n<meta property=\"og:type\" content=\"article\" \/>\n<meta property=\"og:title\" content=\"FEMINISMOS DESDE ABYA YALA Ideas y proposiciones de las mujeres de 607 pueblos en Nuestra Am\u00e9rica &#8212; Zapateneo\" \/>\n<meta property=\"og:description\" content=\"Francesca Gargallo Celentani 9789200710971 - Quimant\u00fa - 2022 - 380 p\u00e1ginas \/orri.\" \/>\n<meta property=\"og:url\" content=\"https:\/\/zapateneo.net\/wordpress\/index.php\/producto\/feminismos-desde-abya-yala-ideas-y-proposiciones-de-las-mujeres-de-607-pueblos-en-nuestra-america\/\" \/>\n<meta property=\"og:site_name\" content=\"Zapateneo\" \/>\n<meta property=\"article:modified_time\" content=\"2023-04-10T18:29:36+00:00\" \/>\n<meta name=\"twitter:card\" content=\"summary_large_image\" \/>\n<meta name=\"twitter:site\" content=\"@zapateneo\" \/>\n<meta name=\"twitter:label1\" content=\"Tiempo de lectura\" \/>\n\t<meta name=\"twitter:data1\" content=\"3 minutos\" \/>\n<script type=\"application\/ld+json\" class=\"yoast-schema-graph\">{\"@context\":\"https:\\\/\\\/schema.org\",\"@graph\":[{\"@type\":\"WebPage\",\"@id\":\"https:\\\/\\\/zapateneo.net\\\/wordpress\\\/index.php\\\/producto\\\/feminismos-desde-abya-yala-ideas-y-proposiciones-de-las-mujeres-de-607-pueblos-en-nuestra-america\\\/\",\"url\":\"https:\\\/\\\/zapateneo.net\\\/wordpress\\\/index.php\\\/producto\\\/feminismos-desde-abya-yala-ideas-y-proposiciones-de-las-mujeres-de-607-pueblos-en-nuestra-america\\\/\",\"name\":\"FEMINISMOS DESDE ABYA YALA Ideas y proposiciones de las mujeres de 607 pueblos en Nuestra Am\u00e9rica &#8212; Zapateneo\",\"isPartOf\":{\"@id\":\"https:\\\/\\\/zapateneo.net\\\/wordpress\\\/#website\"},\"primaryImageOfPage\":{\"@id\":\"https:\\\/\\\/zapateneo.net\\\/wordpress\\\/index.php\\\/producto\\\/feminismos-desde-abya-yala-ideas-y-proposiciones-de-las-mujeres-de-607-pueblos-en-nuestra-america\\\/#primaryimage\"},\"image\":{\"@id\":\"https:\\\/\\\/zapateneo.net\\\/wordpress\\\/index.php\\\/producto\\\/feminismos-desde-abya-yala-ideas-y-proposiciones-de-las-mujeres-de-607-pueblos-en-nuestra-america\\\/#primaryimage\"},\"thumbnailUrl\":\"https:\\\/\\\/zapateneo.net\\\/wordpress\\\/wp-content\\\/uploads\\\/2023\\\/04\\\/feminismos-desde-abya-yala-9789200710971.jpg\",\"datePublished\":\"2023-04-10T18:29:20+00:00\",\"dateModified\":\"2023-04-10T18:29:36+00:00\",\"breadcrumb\":{\"@id\":\"https:\\\/\\\/zapateneo.net\\\/wordpress\\\/index.php\\\/producto\\\/feminismos-desde-abya-yala-ideas-y-proposiciones-de-las-mujeres-de-607-pueblos-en-nuestra-america\\\/#breadcrumb\"},\"inLanguage\":\"es\",\"potentialAction\":[{\"@type\":\"ReadAction\",\"target\":[\"https:\\\/\\\/zapateneo.net\\\/wordpress\\\/index.php\\\/producto\\\/feminismos-desde-abya-yala-ideas-y-proposiciones-de-las-mujeres-de-607-pueblos-en-nuestra-america\\\/\"]}]},{\"@type\":\"ImageObject\",\"inLanguage\":\"es\",\"@id\":\"https:\\\/\\\/zapateneo.net\\\/wordpress\\\/index.php\\\/producto\\\/feminismos-desde-abya-yala-ideas-y-proposiciones-de-las-mujeres-de-607-pueblos-en-nuestra-america\\\/#primaryimage\",\"url\":\"https:\\\/\\\/zapateneo.net\\\/wordpress\\\/wp-content\\\/uploads\\\/2023\\\/04\\\/feminismos-desde-abya-yala-9789200710971.jpg\",\"contentUrl\":\"https:\\\/\\\/zapateneo.net\\\/wordpress\\\/wp-content\\\/uploads\\\/2023\\\/04\\\/feminismos-desde-abya-yala-9789200710971.jpg\",\"width\":284,\"height\":400},{\"@type\":\"BreadcrumbList\",\"@id\":\"https:\\\/\\\/zapateneo.net\\\/wordpress\\\/index.php\\\/producto\\\/feminismos-desde-abya-yala-ideas-y-proposiciones-de-las-mujeres-de-607-pueblos-en-nuestra-america\\\/#breadcrumb\",\"itemListElement\":[{\"@type\":\"ListItem\",\"position\":1,\"name\":\"Portada\",\"item\":\"https:\\\/\\\/zapateneo.net\\\/wordpress\\\/\"},{\"@type\":\"ListItem\",\"position\":2,\"name\":\"Tienda\",\"item\":\"https:\\\/\\\/zapateneo.net\\\/wordpress\\\/\"},{\"@type\":\"ListItem\",\"position\":3,\"name\":\"FEMINISMOS DESDE ABYA YALA Ideas y proposiciones de las mujeres de 607 pueblos en Nuestra Am\u00e9rica\"}]},{\"@type\":\"WebSite\",\"@id\":\"https:\\\/\\\/zapateneo.net\\\/wordpress\\\/#website\",\"url\":\"https:\\\/\\\/zapateneo.net\\\/wordpress\\\/\",\"name\":\"Zapateneo\",\"description\":\"Zapateneoaren webgunea\",\"publisher\":{\"@id\":\"https:\\\/\\\/zapateneo.net\\\/wordpress\\\/#organization\"},\"potentialAction\":[{\"@type\":\"SearchAction\",\"target\":{\"@type\":\"EntryPoint\",\"urlTemplate\":\"https:\\\/\\\/zapateneo.net\\\/wordpress\\\/?s={search_term_string}\"},\"query-input\":{\"@type\":\"PropertyValueSpecification\",\"valueRequired\":true,\"valueName\":\"search_term_string\"}}],\"inLanguage\":\"es\"},{\"@type\":\"Organization\",\"@id\":\"https:\\\/\\\/zapateneo.net\\\/wordpress\\\/#organization\",\"name\":\"Zapateneo Kultur Elkartea\",\"url\":\"https:\\\/\\\/zapateneo.net\\\/wordpress\\\/\",\"logo\":{\"@type\":\"ImageObject\",\"inLanguage\":\"es\",\"@id\":\"https:\\\/\\\/zapateneo.net\\\/wordpress\\\/#\\\/schema\\\/logo\\\/image\\\/\",\"url\":\"https:\\\/\\\/zapateneo.net\\\/wordpress\\\/wp-content\\\/uploads\\\/2021\\\/04\\\/zap-libu-kolec.jpg\",\"contentUrl\":\"https:\\\/\\\/zapateneo.net\\\/wordpress\\\/wp-content\\\/uploads\\\/2021\\\/04\\\/zap-libu-kolec.jpg\",\"width\":2234,\"height\":398,\"caption\":\"Zapateneo Kultur Elkartea\"},\"image\":{\"@id\":\"https:\\\/\\\/zapateneo.net\\\/wordpress\\\/#\\\/schema\\\/logo\\\/image\\\/\"},\"sameAs\":[\"https:\\\/\\\/x.com\\\/zapateneo\"]}]}<\/script>\n<!-- \/ Yoast SEO plugin. -->","yoast_head_json":{"title":"FEMINISMOS DESDE ABYA YALA Ideas y proposiciones de las mujeres de 607 pueblos en Nuestra Am\u00e9rica &#8212; Zapateneo","robots":{"index":"index","follow":"follow","max-snippet":"max-snippet:-1","max-image-preview":"max-image-preview:large","max-video-preview":"max-video-preview:-1"},"canonical":"https:\/\/zapateneo.net\/wordpress\/index.php\/producto\/feminismos-desde-abya-yala-ideas-y-proposiciones-de-las-mujeres-de-607-pueblos-en-nuestra-america\/","og_locale":"es_ES","og_type":"article","og_title":"FEMINISMOS DESDE ABYA YALA Ideas y proposiciones de las mujeres de 607 pueblos en Nuestra Am\u00e9rica &#8212; Zapateneo","og_description":"Francesca Gargallo Celentani 9789200710971 - Quimant\u00fa - 2022 - 380 p\u00e1ginas \/orri.","og_url":"https:\/\/zapateneo.net\/wordpress\/index.php\/producto\/feminismos-desde-abya-yala-ideas-y-proposiciones-de-las-mujeres-de-607-pueblos-en-nuestra-america\/","og_site_name":"Zapateneo","article_modified_time":"2023-04-10T18:29:36+00:00","twitter_card":"summary_large_image","twitter_site":"@zapateneo","twitter_misc":{"Tiempo de lectura":"3 minutos"},"schema":{"@context":"https:\/\/schema.org","@graph":[{"@type":"WebPage","@id":"https:\/\/zapateneo.net\/wordpress\/index.php\/producto\/feminismos-desde-abya-yala-ideas-y-proposiciones-de-las-mujeres-de-607-pueblos-en-nuestra-america\/","url":"https:\/\/zapateneo.net\/wordpress\/index.php\/producto\/feminismos-desde-abya-yala-ideas-y-proposiciones-de-las-mujeres-de-607-pueblos-en-nuestra-america\/","name":"FEMINISMOS DESDE ABYA YALA Ideas y proposiciones de las mujeres de 607 pueblos en Nuestra Am\u00e9rica &#8212; Zapateneo","isPartOf":{"@id":"https:\/\/zapateneo.net\/wordpress\/#website"},"primaryImageOfPage":{"@id":"https:\/\/zapateneo.net\/wordpress\/index.php\/producto\/feminismos-desde-abya-yala-ideas-y-proposiciones-de-las-mujeres-de-607-pueblos-en-nuestra-america\/#primaryimage"},"image":{"@id":"https:\/\/zapateneo.net\/wordpress\/index.php\/producto\/feminismos-desde-abya-yala-ideas-y-proposiciones-de-las-mujeres-de-607-pueblos-en-nuestra-america\/#primaryimage"},"thumbnailUrl":"https:\/\/zapateneo.net\/wordpress\/wp-content\/uploads\/2023\/04\/feminismos-desde-abya-yala-9789200710971.jpg","datePublished":"2023-04-10T18:29:20+00:00","dateModified":"2023-04-10T18:29:36+00:00","breadcrumb":{"@id":"https:\/\/zapateneo.net\/wordpress\/index.php\/producto\/feminismos-desde-abya-yala-ideas-y-proposiciones-de-las-mujeres-de-607-pueblos-en-nuestra-america\/#breadcrumb"},"inLanguage":"es","potentialAction":[{"@type":"ReadAction","target":["https:\/\/zapateneo.net\/wordpress\/index.php\/producto\/feminismos-desde-abya-yala-ideas-y-proposiciones-de-las-mujeres-de-607-pueblos-en-nuestra-america\/"]}]},{"@type":"ImageObject","inLanguage":"es","@id":"https:\/\/zapateneo.net\/wordpress\/index.php\/producto\/feminismos-desde-abya-yala-ideas-y-proposiciones-de-las-mujeres-de-607-pueblos-en-nuestra-america\/#primaryimage","url":"https:\/\/zapateneo.net\/wordpress\/wp-content\/uploads\/2023\/04\/feminismos-desde-abya-yala-9789200710971.jpg","contentUrl":"https:\/\/zapateneo.net\/wordpress\/wp-content\/uploads\/2023\/04\/feminismos-desde-abya-yala-9789200710971.jpg","width":284,"height":400},{"@type":"BreadcrumbList","@id":"https:\/\/zapateneo.net\/wordpress\/index.php\/producto\/feminismos-desde-abya-yala-ideas-y-proposiciones-de-las-mujeres-de-607-pueblos-en-nuestra-america\/#breadcrumb","itemListElement":[{"@type":"ListItem","position":1,"name":"Portada","item":"https:\/\/zapateneo.net\/wordpress\/"},{"@type":"ListItem","position":2,"name":"Tienda","item":"https:\/\/zapateneo.net\/wordpress\/"},{"@type":"ListItem","position":3,"name":"FEMINISMOS DESDE ABYA YALA Ideas y proposiciones de las mujeres de 607 pueblos en Nuestra Am\u00e9rica"}]},{"@type":"WebSite","@id":"https:\/\/zapateneo.net\/wordpress\/#website","url":"https:\/\/zapateneo.net\/wordpress\/","name":"Zapateneo","description":"Zapateneoaren webgunea","publisher":{"@id":"https:\/\/zapateneo.net\/wordpress\/#organization"},"potentialAction":[{"@type":"SearchAction","target":{"@type":"EntryPoint","urlTemplate":"https:\/\/zapateneo.net\/wordpress\/?s={search_term_string}"},"query-input":{"@type":"PropertyValueSpecification","valueRequired":true,"valueName":"search_term_string"}}],"inLanguage":"es"},{"@type":"Organization","@id":"https:\/\/zapateneo.net\/wordpress\/#organization","name":"Zapateneo Kultur Elkartea","url":"https:\/\/zapateneo.net\/wordpress\/","logo":{"@type":"ImageObject","inLanguage":"es","@id":"https:\/\/zapateneo.net\/wordpress\/#\/schema\/logo\/image\/","url":"https:\/\/zapateneo.net\/wordpress\/wp-content\/uploads\/2021\/04\/zap-libu-kolec.jpg","contentUrl":"https:\/\/zapateneo.net\/wordpress\/wp-content\/uploads\/2021\/04\/zap-libu-kolec.jpg","width":2234,"height":398,"caption":"Zapateneo Kultur Elkartea"},"image":{"@id":"https:\/\/zapateneo.net\/wordpress\/#\/schema\/logo\/image\/"},"sameAs":["https:\/\/x.com\/zapateneo"]}]}},"_links":{"self":[{"href":"https:\/\/zapateneo.net\/wordpress\/index.php\/wp-json\/wp\/v2\/product\/12712","targetHints":{"allow":["GET"]}}],"collection":[{"href":"https:\/\/zapateneo.net\/wordpress\/index.php\/wp-json\/wp\/v2\/product"}],"about":[{"href":"https:\/\/zapateneo.net\/wordpress\/index.php\/wp-json\/wp\/v2\/types\/product"}],"wp:featuredmedia":[{"embeddable":true,"href":"https:\/\/zapateneo.net\/wordpress\/index.php\/wp-json\/wp\/v2\/media\/12742"}],"wp:attachment":[{"href":"https:\/\/zapateneo.net\/wordpress\/index.php\/wp-json\/wp\/v2\/media?parent=12712"}],"wp:term":[{"taxonomy":"product_brand","embeddable":true,"href":"https:\/\/zapateneo.net\/wordpress\/index.php\/wp-json\/wp\/v2\/product_brand?post=12712"},{"taxonomy":"product_cat","embeddable":true,"href":"https:\/\/zapateneo.net\/wordpress\/index.php\/wp-json\/wp\/v2\/product_cat?post=12712"},{"taxonomy":"product_tag","embeddable":true,"href":"https:\/\/zapateneo.net\/wordpress\/index.php\/wp-json\/wp\/v2\/product_tag?post=12712"}],"curies":[{"name":"wp","href":"https:\/\/api.w.org\/{rel}","templated":true}]}}