{"id":12711,"date":"2023-04-10T19:29:20","date_gmt":"2023-04-10T18:29:20","guid":{"rendered":"https:\/\/zapateneo.net\/wordpress\/?post_type=product&#038;p=12711"},"modified":"2023-04-11T08:40:12","modified_gmt":"2023-04-11T07:40:12","slug":"antimanual-del-buen-rebelde-guia-de-la-contrapolitica-para-subalternos-anticapitalistas-y-antisistemicos","status":"publish","type":"product","link":"https:\/\/zapateneo.net\/wordpress\/index.php\/producto\/antimanual-del-buen-rebelde-guia-de-la-contrapolitica-para-subalternos-anticapitalistas-y-antisistemicos\/","title":{"rendered":"ANTIMANUAL DEL BUEN REBELDE Gu\u00eda de la contrapol\u00edtica para subalternos anticapitalistas y antisist\u00e9micos"},"content":{"rendered":"<p>El 1 de enero de 1994 con la aparici\u00f3n p\u00fablica del neozapatismo en Chiapas, es para el autor la fecha de arranque de ese nuevo ciclo de la protesta mundial que ha dado origen al conjunto de los movimientos sociales que hoy, a lo largo y ancho del planeta, intentan asumirse y definirse de una manera clara y evidente como verdaderos movimientos antisist\u00e9micos. Movimientos que son muy distintos de los movimientos sociales que se desarrollaron antes de la emblem\u00e1tica fecha de 1968.<\/p>\n<p>Carlos Aguirre nos plantea que entre 1968 y 1994 se da una transci\u00f3n durante la que se procesa y se madura, lenta pero sostenidamente, una verdadera mutaci\u00f3n de larga duraci\u00f3n dentro de la historia de los movimientos sociales de protesta en el capitalismo. Una mutaci\u00f3n que hace fenecer lentamente y luego desaparecer a los movimientos sociales que fueron caracter\u00edsticos de todo el siglo XIX y de los primeros dos tercios del siglo XX, para ir gestando poco a poco, con dificultades y retrocesos y avances diversos, a los nuevos movimientos sociales que hoy pueblan el conjunto de la geograf\u00eda de la rebeld\u00eda mundial.<\/p>\n<p>Para abordar las nuevas figuras de la protesta social, la obra revisa tanto las revueltas populares del emblem\u00e1tico a\u00f1o 2011 inaugurado por las primaveras \u00e1rabes, como el car\u00e1cter inspirador o mod\u00e9lico (a nivel mundial) del neozapatismo mexicano. Lo que permite analizar los elementos que caracterizan y distinguen a un simple movimiento social de un movimiento anticapitalista real, y a \u00e9ste \u00faltimo de un mucho m\u00e1s profundo y radical movimiento antisist\u00e9mico. Tambi\u00e9n se aborda el tema de la densidad epocal excepcional de los tiempos de crisis que hoy vivimoss; de Am\u00e9rica Latina como frente de vanguardia mundial de las actuales luchas antisist\u00e9micas;, o del crucial debate sobre la postura de los actuales movimientos sociales frente al Estado y el poder.<\/p>\n<p>Carlos Antonio Aguirre Rojas Investigador titular del Instituto de Investigaciones Sociales de la UNAM, con estudios en Econom\u00eda e Historia. Es director de la revista Contrahistorias, la otra mirada de Cl\u00edo, desde el 2003, y miembro del Sistema Nacional de Investigadores de M\u00e9xico desde 1988. Fue nombrado Premio Universidad Nacional en el \u00c1rea de Investigaci\u00f3n en Ciencias Sociales en 2013. Prol\u00edfico autor de libros y art\u00edculos, encontramos entre sus publicaciones \u201cMicrohistoria Italiana. Modo de Empleo\u201d (2009), \u201cAntimanual del mal Historiador\u201d (2002), \u201cMovimientos Antisist\u00e9micos. Pensar lo antisist\u00e9mico en el siglo XXI\u201d (2010), \u201cAm\u00e9rica Latina en la encrucijada\u201d (2005) y \u201cContrahistoria de la Revoluci\u00f3n Mexicana\u201d (2009). Sus libros han nacido en distintas partes del mundo, a trav\u00e9s de grandes y (mucho m\u00e1s) peque\u00f1as editoriales de M\u00e9xico, Guatemala, Cuba, Colombia, Venezuela, Argentina, Brasil, pero tambi\u00e9n en China, Italia, Francia, Alemania, Rusia, Espa\u00f1a, Hungr\u00eda, entre otras. No es la primera vez que publica en Chile, pero poco comparado con otros pa\u00edses, situaci\u00f3n que Quimant\u00fa espera subsanar en el corto plazo.<\/p>\n","protected":false},"excerpt":{"rendered":"<p><strong>Carlos Antonio Aguirre Rojas<\/strong><br \/>\n9789200731372 &#8211; Quimant\u00fa &#8211; 2022 &#8211; 208 p\u00e1ginas \/orri.<\/p>\n","protected":false},"featured_media":12741,"template":"","meta":[],"product_brand":[],"product_cat":[177,16],"product_tag":[5943,5942],"class_list":{"0":"post-12711","1":"product","2":"type-product","3":"status-publish","4":"has-post-thumbnail","6":"product_cat-gizarte-mugimenduak-movimientos-sociales","7":"product_cat-libros","8":"product_tag-carlos-antonio-aguirre-rojas","9":"product_tag-quimantu","11":"first","12":"instock","13":"sold-individually","14":"shipping-taxable","15":"purchasable","16":"product-type-simple"},"yoast_head":"<!-- This site is optimized with the Yoast SEO plugin v27.4 - https:\/\/yoast.com\/product\/yoast-seo-wordpress\/ -->\n<title>ANTIMANUAL DEL BUEN REBELDE Gu\u00eda de la contrapol\u00edtica para subalternos anticapitalistas y antisist\u00e9micos &#8212; Zapateneo<\/title>\n<meta name=\"robots\" content=\"index, follow, max-snippet:-1, max-image-preview:large, max-video-preview:-1\" \/>\n<link rel=\"canonical\" href=\"https:\/\/zapateneo.net\/wordpress\/index.php\/producto\/antimanual-del-buen-rebelde-guia-de-la-contrapolitica-para-subalternos-anticapitalistas-y-antisistemicos\/\" \/>\n<meta property=\"og:locale\" content=\"es_ES\" \/>\n<meta property=\"og:type\" content=\"article\" \/>\n<meta property=\"og:title\" content=\"ANTIMANUAL DEL BUEN REBELDE Gu\u00eda de la contrapol\u00edtica para subalternos anticapitalistas y antisist\u00e9micos &#8212; Zapateneo\" \/>\n<meta property=\"og:description\" content=\"Carlos Antonio Aguirre Rojas 9789200731372 - Quimant\u00fa - 2022 - 208 p\u00e1ginas \/orri.\" \/>\n<meta property=\"og:url\" content=\"https:\/\/zapateneo.net\/wordpress\/index.php\/producto\/antimanual-del-buen-rebelde-guia-de-la-contrapolitica-para-subalternos-anticapitalistas-y-antisistemicos\/\" \/>\n<meta property=\"og:site_name\" content=\"Zapateneo\" \/>\n<meta property=\"article:modified_time\" content=\"2023-04-11T07:40:12+00:00\" \/>\n<meta property=\"og:image\" content=\"https:\/\/zapateneo.net\/wordpress\/wp-content\/uploads\/2023\/04\/antimanual-del-buen-rebelde-9789200731372.jpg\" \/>\n\t<meta property=\"og:image:width\" content=\"284\" \/>\n\t<meta property=\"og:image:height\" content=\"400\" \/>\n\t<meta property=\"og:image:type\" content=\"image\/jpeg\" \/>\n<meta name=\"twitter:card\" content=\"summary_large_image\" \/>\n<meta name=\"twitter:site\" content=\"@zapateneo\" \/>\n<meta name=\"twitter:label1\" content=\"Tiempo de lectura\" \/>\n\t<meta name=\"twitter:data1\" content=\"2 minutos\" \/>\n<script type=\"application\/ld+json\" class=\"yoast-schema-graph\">{\"@context\":\"https:\\\/\\\/schema.org\",\"@graph\":[{\"@type\":\"WebPage\",\"@id\":\"https:\\\/\\\/zapateneo.net\\\/wordpress\\\/index.php\\\/producto\\\/antimanual-del-buen-rebelde-guia-de-la-contrapolitica-para-subalternos-anticapitalistas-y-antisistemicos\\\/\",\"url\":\"https:\\\/\\\/zapateneo.net\\\/wordpress\\\/index.php\\\/producto\\\/antimanual-del-buen-rebelde-guia-de-la-contrapolitica-para-subalternos-anticapitalistas-y-antisistemicos\\\/\",\"name\":\"ANTIMANUAL DEL BUEN REBELDE Gu\u00eda de la contrapol\u00edtica para subalternos anticapitalistas y antisist\u00e9micos &#8212; Zapateneo\",\"isPartOf\":{\"@id\":\"https:\\\/\\\/zapateneo.net\\\/wordpress\\\/#website\"},\"primaryImageOfPage\":{\"@id\":\"https:\\\/\\\/zapateneo.net\\\/wordpress\\\/index.php\\\/producto\\\/antimanual-del-buen-rebelde-guia-de-la-contrapolitica-para-subalternos-anticapitalistas-y-antisistemicos\\\/#primaryimage\"},\"image\":{\"@id\":\"https:\\\/\\\/zapateneo.net\\\/wordpress\\\/index.php\\\/producto\\\/antimanual-del-buen-rebelde-guia-de-la-contrapolitica-para-subalternos-anticapitalistas-y-antisistemicos\\\/#primaryimage\"},\"thumbnailUrl\":\"https:\\\/\\\/zapateneo.net\\\/wordpress\\\/wp-content\\\/uploads\\\/2023\\\/04\\\/antimanual-del-buen-rebelde-9789200731372.jpg\",\"datePublished\":\"2023-04-10T18:29:20+00:00\",\"dateModified\":\"2023-04-11T07:40:12+00:00\",\"breadcrumb\":{\"@id\":\"https:\\\/\\\/zapateneo.net\\\/wordpress\\\/index.php\\\/producto\\\/antimanual-del-buen-rebelde-guia-de-la-contrapolitica-para-subalternos-anticapitalistas-y-antisistemicos\\\/#breadcrumb\"},\"inLanguage\":\"es\",\"potentialAction\":[{\"@type\":\"ReadAction\",\"target\":[\"https:\\\/\\\/zapateneo.net\\\/wordpress\\\/index.php\\\/producto\\\/antimanual-del-buen-rebelde-guia-de-la-contrapolitica-para-subalternos-anticapitalistas-y-antisistemicos\\\/\"]}]},{\"@type\":\"ImageObject\",\"inLanguage\":\"es\",\"@id\":\"https:\\\/\\\/zapateneo.net\\\/wordpress\\\/index.php\\\/producto\\\/antimanual-del-buen-rebelde-guia-de-la-contrapolitica-para-subalternos-anticapitalistas-y-antisistemicos\\\/#primaryimage\",\"url\":\"https:\\\/\\\/zapateneo.net\\\/wordpress\\\/wp-content\\\/uploads\\\/2023\\\/04\\\/antimanual-del-buen-rebelde-9789200731372.jpg\",\"contentUrl\":\"https:\\\/\\\/zapateneo.net\\\/wordpress\\\/wp-content\\\/uploads\\\/2023\\\/04\\\/antimanual-del-buen-rebelde-9789200731372.jpg\",\"width\":284,\"height\":400},{\"@type\":\"BreadcrumbList\",\"@id\":\"https:\\\/\\\/zapateneo.net\\\/wordpress\\\/index.php\\\/producto\\\/antimanual-del-buen-rebelde-guia-de-la-contrapolitica-para-subalternos-anticapitalistas-y-antisistemicos\\\/#breadcrumb\",\"itemListElement\":[{\"@type\":\"ListItem\",\"position\":1,\"name\":\"Portada\",\"item\":\"https:\\\/\\\/zapateneo.net\\\/wordpress\\\/\"},{\"@type\":\"ListItem\",\"position\":2,\"name\":\"Tienda\",\"item\":\"https:\\\/\\\/zapateneo.net\\\/wordpress\\\/\"},{\"@type\":\"ListItem\",\"position\":3,\"name\":\"ANTIMANUAL DEL BUEN REBELDE Gu\u00eda de la contrapol\u00edtica para subalternos anticapitalistas y antisist\u00e9micos\"}]},{\"@type\":\"WebSite\",\"@id\":\"https:\\\/\\\/zapateneo.net\\\/wordpress\\\/#website\",\"url\":\"https:\\\/\\\/zapateneo.net\\\/wordpress\\\/\",\"name\":\"Zapateneo\",\"description\":\"Zapateneoaren webgunea\",\"publisher\":{\"@id\":\"https:\\\/\\\/zapateneo.net\\\/wordpress\\\/#organization\"},\"potentialAction\":[{\"@type\":\"SearchAction\",\"target\":{\"@type\":\"EntryPoint\",\"urlTemplate\":\"https:\\\/\\\/zapateneo.net\\\/wordpress\\\/?s={search_term_string}\"},\"query-input\":{\"@type\":\"PropertyValueSpecification\",\"valueRequired\":true,\"valueName\":\"search_term_string\"}}],\"inLanguage\":\"es\"},{\"@type\":\"Organization\",\"@id\":\"https:\\\/\\\/zapateneo.net\\\/wordpress\\\/#organization\",\"name\":\"Zapateneo Kultur Elkartea\",\"url\":\"https:\\\/\\\/zapateneo.net\\\/wordpress\\\/\",\"logo\":{\"@type\":\"ImageObject\",\"inLanguage\":\"es\",\"@id\":\"https:\\\/\\\/zapateneo.net\\\/wordpress\\\/#\\\/schema\\\/logo\\\/image\\\/\",\"url\":\"https:\\\/\\\/zapateneo.net\\\/wordpress\\\/wp-content\\\/uploads\\\/2021\\\/04\\\/zap-libu-kolec.jpg\",\"contentUrl\":\"https:\\\/\\\/zapateneo.net\\\/wordpress\\\/wp-content\\\/uploads\\\/2021\\\/04\\\/zap-libu-kolec.jpg\",\"width\":2234,\"height\":398,\"caption\":\"Zapateneo Kultur Elkartea\"},\"image\":{\"@id\":\"https:\\\/\\\/zapateneo.net\\\/wordpress\\\/#\\\/schema\\\/logo\\\/image\\\/\"},\"sameAs\":[\"https:\\\/\\\/x.com\\\/zapateneo\"]}]}<\/script>\n<!-- \/ Yoast SEO plugin. -->","yoast_head_json":{"title":"ANTIMANUAL DEL BUEN REBELDE Gu\u00eda de la contrapol\u00edtica para subalternos anticapitalistas y antisist\u00e9micos &#8212; Zapateneo","robots":{"index":"index","follow":"follow","max-snippet":"max-snippet:-1","max-image-preview":"max-image-preview:large","max-video-preview":"max-video-preview:-1"},"canonical":"https:\/\/zapateneo.net\/wordpress\/index.php\/producto\/antimanual-del-buen-rebelde-guia-de-la-contrapolitica-para-subalternos-anticapitalistas-y-antisistemicos\/","og_locale":"es_ES","og_type":"article","og_title":"ANTIMANUAL DEL BUEN REBELDE Gu\u00eda de la contrapol\u00edtica para subalternos anticapitalistas y antisist\u00e9micos &#8212; Zapateneo","og_description":"Carlos Antonio Aguirre Rojas 9789200731372 - Quimant\u00fa - 2022 - 208 p\u00e1ginas \/orri.","og_url":"https:\/\/zapateneo.net\/wordpress\/index.php\/producto\/antimanual-del-buen-rebelde-guia-de-la-contrapolitica-para-subalternos-anticapitalistas-y-antisistemicos\/","og_site_name":"Zapateneo","article_modified_time":"2023-04-11T07:40:12+00:00","og_image":[{"width":284,"height":400,"url":"https:\/\/zapateneo.net\/wordpress\/wp-content\/uploads\/2023\/04\/antimanual-del-buen-rebelde-9789200731372.jpg","type":"image\/jpeg"}],"twitter_card":"summary_large_image","twitter_site":"@zapateneo","twitter_misc":{"Tiempo de lectura":"2 minutos"},"schema":{"@context":"https:\/\/schema.org","@graph":[{"@type":"WebPage","@id":"https:\/\/zapateneo.net\/wordpress\/index.php\/producto\/antimanual-del-buen-rebelde-guia-de-la-contrapolitica-para-subalternos-anticapitalistas-y-antisistemicos\/","url":"https:\/\/zapateneo.net\/wordpress\/index.php\/producto\/antimanual-del-buen-rebelde-guia-de-la-contrapolitica-para-subalternos-anticapitalistas-y-antisistemicos\/","name":"ANTIMANUAL DEL BUEN REBELDE Gu\u00eda de la contrapol\u00edtica para subalternos anticapitalistas y antisist\u00e9micos &#8212; Zapateneo","isPartOf":{"@id":"https:\/\/zapateneo.net\/wordpress\/#website"},"primaryImageOfPage":{"@id":"https:\/\/zapateneo.net\/wordpress\/index.php\/producto\/antimanual-del-buen-rebelde-guia-de-la-contrapolitica-para-subalternos-anticapitalistas-y-antisistemicos\/#primaryimage"},"image":{"@id":"https:\/\/zapateneo.net\/wordpress\/index.php\/producto\/antimanual-del-buen-rebelde-guia-de-la-contrapolitica-para-subalternos-anticapitalistas-y-antisistemicos\/#primaryimage"},"thumbnailUrl":"https:\/\/zapateneo.net\/wordpress\/wp-content\/uploads\/2023\/04\/antimanual-del-buen-rebelde-9789200731372.jpg","datePublished":"2023-04-10T18:29:20+00:00","dateModified":"2023-04-11T07:40:12+00:00","breadcrumb":{"@id":"https:\/\/zapateneo.net\/wordpress\/index.php\/producto\/antimanual-del-buen-rebelde-guia-de-la-contrapolitica-para-subalternos-anticapitalistas-y-antisistemicos\/#breadcrumb"},"inLanguage":"es","potentialAction":[{"@type":"ReadAction","target":["https:\/\/zapateneo.net\/wordpress\/index.php\/producto\/antimanual-del-buen-rebelde-guia-de-la-contrapolitica-para-subalternos-anticapitalistas-y-antisistemicos\/"]}]},{"@type":"ImageObject","inLanguage":"es","@id":"https:\/\/zapateneo.net\/wordpress\/index.php\/producto\/antimanual-del-buen-rebelde-guia-de-la-contrapolitica-para-subalternos-anticapitalistas-y-antisistemicos\/#primaryimage","url":"https:\/\/zapateneo.net\/wordpress\/wp-content\/uploads\/2023\/04\/antimanual-del-buen-rebelde-9789200731372.jpg","contentUrl":"https:\/\/zapateneo.net\/wordpress\/wp-content\/uploads\/2023\/04\/antimanual-del-buen-rebelde-9789200731372.jpg","width":284,"height":400},{"@type":"BreadcrumbList","@id":"https:\/\/zapateneo.net\/wordpress\/index.php\/producto\/antimanual-del-buen-rebelde-guia-de-la-contrapolitica-para-subalternos-anticapitalistas-y-antisistemicos\/#breadcrumb","itemListElement":[{"@type":"ListItem","position":1,"name":"Portada","item":"https:\/\/zapateneo.net\/wordpress\/"},{"@type":"ListItem","position":2,"name":"Tienda","item":"https:\/\/zapateneo.net\/wordpress\/"},{"@type":"ListItem","position":3,"name":"ANTIMANUAL DEL BUEN REBELDE Gu\u00eda de la contrapol\u00edtica para subalternos anticapitalistas y antisist\u00e9micos"}]},{"@type":"WebSite","@id":"https:\/\/zapateneo.net\/wordpress\/#website","url":"https:\/\/zapateneo.net\/wordpress\/","name":"Zapateneo","description":"Zapateneoaren webgunea","publisher":{"@id":"https:\/\/zapateneo.net\/wordpress\/#organization"},"potentialAction":[{"@type":"SearchAction","target":{"@type":"EntryPoint","urlTemplate":"https:\/\/zapateneo.net\/wordpress\/?s={search_term_string}"},"query-input":{"@type":"PropertyValueSpecification","valueRequired":true,"valueName":"search_term_string"}}],"inLanguage":"es"},{"@type":"Organization","@id":"https:\/\/zapateneo.net\/wordpress\/#organization","name":"Zapateneo Kultur Elkartea","url":"https:\/\/zapateneo.net\/wordpress\/","logo":{"@type":"ImageObject","inLanguage":"es","@id":"https:\/\/zapateneo.net\/wordpress\/#\/schema\/logo\/image\/","url":"https:\/\/zapateneo.net\/wordpress\/wp-content\/uploads\/2021\/04\/zap-libu-kolec.jpg","contentUrl":"https:\/\/zapateneo.net\/wordpress\/wp-content\/uploads\/2021\/04\/zap-libu-kolec.jpg","width":2234,"height":398,"caption":"Zapateneo Kultur Elkartea"},"image":{"@id":"https:\/\/zapateneo.net\/wordpress\/#\/schema\/logo\/image\/"},"sameAs":["https:\/\/x.com\/zapateneo"]}]}},"_links":{"self":[{"href":"https:\/\/zapateneo.net\/wordpress\/index.php\/wp-json\/wp\/v2\/product\/12711","targetHints":{"allow":["GET"]}}],"collection":[{"href":"https:\/\/zapateneo.net\/wordpress\/index.php\/wp-json\/wp\/v2\/product"}],"about":[{"href":"https:\/\/zapateneo.net\/wordpress\/index.php\/wp-json\/wp\/v2\/types\/product"}],"wp:featuredmedia":[{"embeddable":true,"href":"https:\/\/zapateneo.net\/wordpress\/index.php\/wp-json\/wp\/v2\/media\/12741"}],"wp:attachment":[{"href":"https:\/\/zapateneo.net\/wordpress\/index.php\/wp-json\/wp\/v2\/media?parent=12711"}],"wp:term":[{"taxonomy":"product_brand","embeddable":true,"href":"https:\/\/zapateneo.net\/wordpress\/index.php\/wp-json\/wp\/v2\/product_brand?post=12711"},{"taxonomy":"product_cat","embeddable":true,"href":"https:\/\/zapateneo.net\/wordpress\/index.php\/wp-json\/wp\/v2\/product_cat?post=12711"},{"taxonomy":"product_tag","embeddable":true,"href":"https:\/\/zapateneo.net\/wordpress\/index.php\/wp-json\/wp\/v2\/product_tag?post=12711"}],"curies":[{"name":"wp","href":"https:\/\/api.w.org\/{rel}","templated":true}]}}