{"id":12707,"date":"2023-04-10T19:29:18","date_gmt":"2023-04-10T18:29:18","guid":{"rendered":"https:\/\/zapateneo.net\/wordpress\/?post_type=product&#038;p=12707"},"modified":"2023-04-10T19:29:32","modified_gmt":"2023-04-10T18:29:32","slug":"leyendas-negras-marcas-blancas-la-malsana-obsesion-con-la-imagen-de-espana-en-el-mundo","status":"publish","type":"product","link":"https:\/\/zapateneo.net\/wordpress\/index.php\/producto\/leyendas-negras-marcas-blancas-la-malsana-obsesion-con-la-imagen-de-espana-en-el-mundo\/","title":{"rendered":"LEYENDAS NEGRAS, MARCAS BLANCAS La malsana obsesi\u00f3n con la imagen de Espa\u00f1a en el mundo"},"content":{"rendered":"<p>Faber reconstruye con su perspicacia habitual c\u00f3mo el bienintencionado deseo de mejorar la imagen de Espa\u00f1a suele acabar contaminado por el nacionalismo excluyente, gener\u00e1ndose un clima de intolerancia hacia todo aquel que se atreva a presentar una visi\u00f3n cr\u00edtica o discordante del relato dominante, incluidos los hispanistas que, como \u00e9l mismo, escapan del molde en el que se les quiere reducir, el de observadores externos que estudian con cari\u00f1o la historia y la cultura espa\u00f1olas. Los ejemplos que pone son desoladores, pero no dejan de tener un punto c\u00f3mico, casi berlanguiano.<\/p>\n<p>El nacionalismo espa\u00f1ol excluyente que se ha extendido durante la \u00faltima d\u00e9cada tiene manifestaciones muy extremas y minoritarias (reflejadas en Vox, en autores como Mar\u00eda Elvira Roca Barea, en los seguidores de Gustavo Bueno), pero en versiones algo m\u00e1s diluidas ha penetrado muy profundamente en la sociedad espa\u00f1ola, como Sebastiaan Faber se encarga de demostrar en este libro.<\/p>\n<p>Un an\u00e1lisis sobre c\u00f3mo el bienintencionado deseo de mejorar la imagen de Espa\u00f1a suele acabar contaminado por el nacionalismo excluyente, gener\u00e1ndose un clima de intolerancia hacia todo aquel que se atreva a presentar una visi\u00f3n cr\u00edtica o discordante del relato dominante.<\/p>\n<p>Pr\u00f3logo de Ignacio S\u00e1nchez-Cuenca<\/p>\n","protected":false},"excerpt":{"rendered":"<p><strong>Sebastiaan Faber<\/strong><br \/>\n9788412524185 &#8211; Escritos contextatarios &#8211; 2022 &#8211; 104 p\u00e1ginas \/orri.<\/p>\n","protected":false},"featured_media":12737,"template":"","meta":[],"product_brand":[],"product_cat":[185,16],"product_tag":[5697,5940],"class_list":{"0":"post-12707","1":"product","2":"type-product","3":"status-publish","4":"has-post-thumbnail","6":"product_cat-historia","7":"product_cat-libros","8":"product_tag-escritos-contextatarios","9":"product_tag-sebastiaan-faber","11":"first","12":"instock","13":"sold-individually","14":"shipping-taxable","15":"purchasable","16":"product-type-simple"},"yoast_head":"<!-- This site is optimized with the Yoast SEO plugin v27.3 - https:\/\/yoast.com\/product\/yoast-seo-wordpress\/ -->\n<title>LEYENDAS NEGRAS, MARCAS BLANCAS La malsana obsesi\u00f3n con la imagen de Espa\u00f1a en el mundo &#8212; Zapateneo<\/title>\n<meta name=\"robots\" content=\"index, follow, max-snippet:-1, max-image-preview:large, max-video-preview:-1\" \/>\n<link rel=\"canonical\" href=\"https:\/\/zapateneo.net\/wordpress\/index.php\/producto\/leyendas-negras-marcas-blancas-la-malsana-obsesion-con-la-imagen-de-espana-en-el-mundo\/\" \/>\n<meta property=\"og:locale\" content=\"es_ES\" \/>\n<meta property=\"og:type\" content=\"article\" \/>\n<meta property=\"og:title\" content=\"LEYENDAS NEGRAS, MARCAS BLANCAS La malsana obsesi\u00f3n con la imagen de Espa\u00f1a en el mundo &#8212; Zapateneo\" \/>\n<meta property=\"og:description\" content=\"Sebastiaan Faber 9788412524185 - Escritos contextatarios - 2022 - 104 p\u00e1ginas \/orri.\" \/>\n<meta property=\"og:url\" content=\"https:\/\/zapateneo.net\/wordpress\/index.php\/producto\/leyendas-negras-marcas-blancas-la-malsana-obsesion-con-la-imagen-de-espana-en-el-mundo\/\" \/>\n<meta property=\"og:site_name\" content=\"Zapateneo\" \/>\n<meta property=\"article:modified_time\" content=\"2023-04-10T18:29:32+00:00\" \/>\n<meta name=\"twitter:card\" content=\"summary_large_image\" \/>\n<meta name=\"twitter:site\" content=\"@zapateneo\" \/>\n<meta name=\"twitter:label1\" content=\"Tiempo de lectura\" \/>\n\t<meta name=\"twitter:data1\" content=\"1 minuto\" \/>\n<script type=\"application\/ld+json\" class=\"yoast-schema-graph\">{\"@context\":\"https:\\\/\\\/schema.org\",\"@graph\":[{\"@type\":\"WebPage\",\"@id\":\"https:\\\/\\\/zapateneo.net\\\/wordpress\\\/index.php\\\/producto\\\/leyendas-negras-marcas-blancas-la-malsana-obsesion-con-la-imagen-de-espana-en-el-mundo\\\/\",\"url\":\"https:\\\/\\\/zapateneo.net\\\/wordpress\\\/index.php\\\/producto\\\/leyendas-negras-marcas-blancas-la-malsana-obsesion-con-la-imagen-de-espana-en-el-mundo\\\/\",\"name\":\"LEYENDAS NEGRAS, MARCAS BLANCAS La malsana obsesi\u00f3n con la imagen de Espa\u00f1a en el mundo &#8212; Zapateneo\",\"isPartOf\":{\"@id\":\"https:\\\/\\\/zapateneo.net\\\/wordpress\\\/#website\"},\"primaryImageOfPage\":{\"@id\":\"https:\\\/\\\/zapateneo.net\\\/wordpress\\\/index.php\\\/producto\\\/leyendas-negras-marcas-blancas-la-malsana-obsesion-con-la-imagen-de-espana-en-el-mundo\\\/#primaryimage\"},\"image\":{\"@id\":\"https:\\\/\\\/zapateneo.net\\\/wordpress\\\/index.php\\\/producto\\\/leyendas-negras-marcas-blancas-la-malsana-obsesion-con-la-imagen-de-espana-en-el-mundo\\\/#primaryimage\"},\"thumbnailUrl\":\"https:\\\/\\\/zapateneo.net\\\/wordpress\\\/wp-content\\\/uploads\\\/2023\\\/04\\\/leyendas-negras-marcas-blancas-9788412524185.jpg\",\"datePublished\":\"2023-04-10T18:29:18+00:00\",\"dateModified\":\"2023-04-10T18:29:32+00:00\",\"breadcrumb\":{\"@id\":\"https:\\\/\\\/zapateneo.net\\\/wordpress\\\/index.php\\\/producto\\\/leyendas-negras-marcas-blancas-la-malsana-obsesion-con-la-imagen-de-espana-en-el-mundo\\\/#breadcrumb\"},\"inLanguage\":\"es\",\"potentialAction\":[{\"@type\":\"ReadAction\",\"target\":[\"https:\\\/\\\/zapateneo.net\\\/wordpress\\\/index.php\\\/producto\\\/leyendas-negras-marcas-blancas-la-malsana-obsesion-con-la-imagen-de-espana-en-el-mundo\\\/\"]}]},{\"@type\":\"ImageObject\",\"inLanguage\":\"es\",\"@id\":\"https:\\\/\\\/zapateneo.net\\\/wordpress\\\/index.php\\\/producto\\\/leyendas-negras-marcas-blancas-la-malsana-obsesion-con-la-imagen-de-espana-en-el-mundo\\\/#primaryimage\",\"url\":\"https:\\\/\\\/zapateneo.net\\\/wordpress\\\/wp-content\\\/uploads\\\/2023\\\/04\\\/leyendas-negras-marcas-blancas-9788412524185.jpg\",\"contentUrl\":\"https:\\\/\\\/zapateneo.net\\\/wordpress\\\/wp-content\\\/uploads\\\/2023\\\/04\\\/leyendas-negras-marcas-blancas-9788412524185.jpg\",\"width\":247,\"height\":400},{\"@type\":\"BreadcrumbList\",\"@id\":\"https:\\\/\\\/zapateneo.net\\\/wordpress\\\/index.php\\\/producto\\\/leyendas-negras-marcas-blancas-la-malsana-obsesion-con-la-imagen-de-espana-en-el-mundo\\\/#breadcrumb\",\"itemListElement\":[{\"@type\":\"ListItem\",\"position\":1,\"name\":\"Portada\",\"item\":\"https:\\\/\\\/zapateneo.net\\\/wordpress\\\/\"},{\"@type\":\"ListItem\",\"position\":2,\"name\":\"Tienda\",\"item\":\"https:\\\/\\\/zapateneo.net\\\/wordpress\\\/\"},{\"@type\":\"ListItem\",\"position\":3,\"name\":\"LEYENDAS NEGRAS, MARCAS BLANCAS La malsana obsesi\u00f3n con la imagen de Espa\u00f1a en el mundo\"}]},{\"@type\":\"WebSite\",\"@id\":\"https:\\\/\\\/zapateneo.net\\\/wordpress\\\/#website\",\"url\":\"https:\\\/\\\/zapateneo.net\\\/wordpress\\\/\",\"name\":\"Zapateneo\",\"description\":\"Zapateneoaren webgunea\",\"publisher\":{\"@id\":\"https:\\\/\\\/zapateneo.net\\\/wordpress\\\/#organization\"},\"potentialAction\":[{\"@type\":\"SearchAction\",\"target\":{\"@type\":\"EntryPoint\",\"urlTemplate\":\"https:\\\/\\\/zapateneo.net\\\/wordpress\\\/?s={search_term_string}\"},\"query-input\":{\"@type\":\"PropertyValueSpecification\",\"valueRequired\":true,\"valueName\":\"search_term_string\"}}],\"inLanguage\":\"es\"},{\"@type\":\"Organization\",\"@id\":\"https:\\\/\\\/zapateneo.net\\\/wordpress\\\/#organization\",\"name\":\"Zapateneo Kultur Elkartea\",\"url\":\"https:\\\/\\\/zapateneo.net\\\/wordpress\\\/\",\"logo\":{\"@type\":\"ImageObject\",\"inLanguage\":\"es\",\"@id\":\"https:\\\/\\\/zapateneo.net\\\/wordpress\\\/#\\\/schema\\\/logo\\\/image\\\/\",\"url\":\"https:\\\/\\\/zapateneo.net\\\/wordpress\\\/wp-content\\\/uploads\\\/2021\\\/04\\\/zap-libu-kolec.jpg\",\"contentUrl\":\"https:\\\/\\\/zapateneo.net\\\/wordpress\\\/wp-content\\\/uploads\\\/2021\\\/04\\\/zap-libu-kolec.jpg\",\"width\":2234,\"height\":398,\"caption\":\"Zapateneo Kultur Elkartea\"},\"image\":{\"@id\":\"https:\\\/\\\/zapateneo.net\\\/wordpress\\\/#\\\/schema\\\/logo\\\/image\\\/\"},\"sameAs\":[\"https:\\\/\\\/x.com\\\/zapateneo\"]}]}<\/script>\n<!-- \/ Yoast SEO plugin. -->","yoast_head_json":{"title":"LEYENDAS NEGRAS, MARCAS BLANCAS La malsana obsesi\u00f3n con la imagen de Espa\u00f1a en el mundo &#8212; Zapateneo","robots":{"index":"index","follow":"follow","max-snippet":"max-snippet:-1","max-image-preview":"max-image-preview:large","max-video-preview":"max-video-preview:-1"},"canonical":"https:\/\/zapateneo.net\/wordpress\/index.php\/producto\/leyendas-negras-marcas-blancas-la-malsana-obsesion-con-la-imagen-de-espana-en-el-mundo\/","og_locale":"es_ES","og_type":"article","og_title":"LEYENDAS NEGRAS, MARCAS BLANCAS La malsana obsesi\u00f3n con la imagen de Espa\u00f1a en el mundo &#8212; Zapateneo","og_description":"Sebastiaan Faber 9788412524185 - Escritos contextatarios - 2022 - 104 p\u00e1ginas \/orri.","og_url":"https:\/\/zapateneo.net\/wordpress\/index.php\/producto\/leyendas-negras-marcas-blancas-la-malsana-obsesion-con-la-imagen-de-espana-en-el-mundo\/","og_site_name":"Zapateneo","article_modified_time":"2023-04-10T18:29:32+00:00","twitter_card":"summary_large_image","twitter_site":"@zapateneo","twitter_misc":{"Tiempo de lectura":"1 minuto"},"schema":{"@context":"https:\/\/schema.org","@graph":[{"@type":"WebPage","@id":"https:\/\/zapateneo.net\/wordpress\/index.php\/producto\/leyendas-negras-marcas-blancas-la-malsana-obsesion-con-la-imagen-de-espana-en-el-mundo\/","url":"https:\/\/zapateneo.net\/wordpress\/index.php\/producto\/leyendas-negras-marcas-blancas-la-malsana-obsesion-con-la-imagen-de-espana-en-el-mundo\/","name":"LEYENDAS NEGRAS, MARCAS BLANCAS La malsana obsesi\u00f3n con la imagen de Espa\u00f1a en el mundo &#8212; Zapateneo","isPartOf":{"@id":"https:\/\/zapateneo.net\/wordpress\/#website"},"primaryImageOfPage":{"@id":"https:\/\/zapateneo.net\/wordpress\/index.php\/producto\/leyendas-negras-marcas-blancas-la-malsana-obsesion-con-la-imagen-de-espana-en-el-mundo\/#primaryimage"},"image":{"@id":"https:\/\/zapateneo.net\/wordpress\/index.php\/producto\/leyendas-negras-marcas-blancas-la-malsana-obsesion-con-la-imagen-de-espana-en-el-mundo\/#primaryimage"},"thumbnailUrl":"https:\/\/zapateneo.net\/wordpress\/wp-content\/uploads\/2023\/04\/leyendas-negras-marcas-blancas-9788412524185.jpg","datePublished":"2023-04-10T18:29:18+00:00","dateModified":"2023-04-10T18:29:32+00:00","breadcrumb":{"@id":"https:\/\/zapateneo.net\/wordpress\/index.php\/producto\/leyendas-negras-marcas-blancas-la-malsana-obsesion-con-la-imagen-de-espana-en-el-mundo\/#breadcrumb"},"inLanguage":"es","potentialAction":[{"@type":"ReadAction","target":["https:\/\/zapateneo.net\/wordpress\/index.php\/producto\/leyendas-negras-marcas-blancas-la-malsana-obsesion-con-la-imagen-de-espana-en-el-mundo\/"]}]},{"@type":"ImageObject","inLanguage":"es","@id":"https:\/\/zapateneo.net\/wordpress\/index.php\/producto\/leyendas-negras-marcas-blancas-la-malsana-obsesion-con-la-imagen-de-espana-en-el-mundo\/#primaryimage","url":"https:\/\/zapateneo.net\/wordpress\/wp-content\/uploads\/2023\/04\/leyendas-negras-marcas-blancas-9788412524185.jpg","contentUrl":"https:\/\/zapateneo.net\/wordpress\/wp-content\/uploads\/2023\/04\/leyendas-negras-marcas-blancas-9788412524185.jpg","width":247,"height":400},{"@type":"BreadcrumbList","@id":"https:\/\/zapateneo.net\/wordpress\/index.php\/producto\/leyendas-negras-marcas-blancas-la-malsana-obsesion-con-la-imagen-de-espana-en-el-mundo\/#breadcrumb","itemListElement":[{"@type":"ListItem","position":1,"name":"Portada","item":"https:\/\/zapateneo.net\/wordpress\/"},{"@type":"ListItem","position":2,"name":"Tienda","item":"https:\/\/zapateneo.net\/wordpress\/"},{"@type":"ListItem","position":3,"name":"LEYENDAS NEGRAS, MARCAS BLANCAS La malsana obsesi\u00f3n con la imagen de Espa\u00f1a en el mundo"}]},{"@type":"WebSite","@id":"https:\/\/zapateneo.net\/wordpress\/#website","url":"https:\/\/zapateneo.net\/wordpress\/","name":"Zapateneo","description":"Zapateneoaren webgunea","publisher":{"@id":"https:\/\/zapateneo.net\/wordpress\/#organization"},"potentialAction":[{"@type":"SearchAction","target":{"@type":"EntryPoint","urlTemplate":"https:\/\/zapateneo.net\/wordpress\/?s={search_term_string}"},"query-input":{"@type":"PropertyValueSpecification","valueRequired":true,"valueName":"search_term_string"}}],"inLanguage":"es"},{"@type":"Organization","@id":"https:\/\/zapateneo.net\/wordpress\/#organization","name":"Zapateneo Kultur Elkartea","url":"https:\/\/zapateneo.net\/wordpress\/","logo":{"@type":"ImageObject","inLanguage":"es","@id":"https:\/\/zapateneo.net\/wordpress\/#\/schema\/logo\/image\/","url":"https:\/\/zapateneo.net\/wordpress\/wp-content\/uploads\/2021\/04\/zap-libu-kolec.jpg","contentUrl":"https:\/\/zapateneo.net\/wordpress\/wp-content\/uploads\/2021\/04\/zap-libu-kolec.jpg","width":2234,"height":398,"caption":"Zapateneo Kultur Elkartea"},"image":{"@id":"https:\/\/zapateneo.net\/wordpress\/#\/schema\/logo\/image\/"},"sameAs":["https:\/\/x.com\/zapateneo"]}]}},"_links":{"self":[{"href":"https:\/\/zapateneo.net\/wordpress\/index.php\/wp-json\/wp\/v2\/product\/12707","targetHints":{"allow":["GET"]}}],"collection":[{"href":"https:\/\/zapateneo.net\/wordpress\/index.php\/wp-json\/wp\/v2\/product"}],"about":[{"href":"https:\/\/zapateneo.net\/wordpress\/index.php\/wp-json\/wp\/v2\/types\/product"}],"wp:featuredmedia":[{"embeddable":true,"href":"https:\/\/zapateneo.net\/wordpress\/index.php\/wp-json\/wp\/v2\/media\/12737"}],"wp:attachment":[{"href":"https:\/\/zapateneo.net\/wordpress\/index.php\/wp-json\/wp\/v2\/media?parent=12707"}],"wp:term":[{"taxonomy":"product_brand","embeddable":true,"href":"https:\/\/zapateneo.net\/wordpress\/index.php\/wp-json\/wp\/v2\/product_brand?post=12707"},{"taxonomy":"product_cat","embeddable":true,"href":"https:\/\/zapateneo.net\/wordpress\/index.php\/wp-json\/wp\/v2\/product_cat?post=12707"},{"taxonomy":"product_tag","embeddable":true,"href":"https:\/\/zapateneo.net\/wordpress\/index.php\/wp-json\/wp\/v2\/product_tag?post=12707"}],"curies":[{"name":"wp","href":"https:\/\/api.w.org\/{rel}","templated":true}]}}