{"id":12700,"date":"2023-04-10T19:29:16","date_gmt":"2023-04-10T18:29:16","guid":{"rendered":"https:\/\/zapateneo.net\/wordpress\/?post_type=product&#038;p=12700"},"modified":"2023-04-10T19:29:27","modified_gmt":"2023-04-10T18:29:27","slug":"la-invencion-de-las-mujeres-una-perspectiva-africana-sobre-los-discursos-occidentales-del-genero","status":"publish","type":"product","link":"https:\/\/zapateneo.net\/wordpress\/index.php\/producto\/la-invencion-de-las-mujeres-una-perspectiva-africana-sobre-los-discursos-occidentales-del-genero\/","title":{"rendered":"LA INVENCI\u00d3N DE LAS MUJERES Una perspectiva africana sobre los discursos occidentales del g\u00e9nero"},"content":{"rendered":"<p>La publicaci\u00f3n de este libro supuso tal sacudida intelectual que lo convirti\u00f3 en una de las bases del feminismo descolonial. Desde una mirada africana, con un profundo conocimiento de la historia, la lengua y las estructuras sociales yor\u00f9b\u00e1 y de su conflicto con la colonizaci\u00f3n brit\u00e1nica, La invenci\u00f3n de las mujeres supone una aut\u00e9ntica transformaci\u00f3n de la lectura del v\u00ednculo entre colonialidad y g\u00e9nero.<\/p>\n<p>Partiendo de la inexistencia de la categor\u00eda \u00abmujer\u00bb en la historia social, la filolog\u00eda y las instituciones yor\u00f9b\u00e1 (organizadas fundamentalmente en t\u00e9rminos de edad y no de diferencias corporales o sexuales), Oy\u00e8r\u00f3nk\u00e9 Oyew\u00f9m\u00ed considera que es la acci\u00f3n colonial la que establece la divisi\u00f3n sexual del trabajo o del poder pol\u00edtico en las comunidades colonizadas. Habr\u00eda sido la voluntad de civilizar aquellas sociedades calificadas de \u00absalvajes\u00bb, someti\u00e9ndolas a sus categor\u00edas y valores, la que habr\u00eda introducido la divisi\u00f3n mujer\/hombre como una diferencia social, acompa\u00f1ada de los preceptos y roles sociales, supuestamente universales, que la acompa\u00f1an.<\/p>\n<p>Derribando al tiempo el mito del buen o del mal salvaje, Oyew\u00f9m\u00ed muestra un prolongado choque entre unas sociedades yor\u00f9b\u00e1 pol\u00edtica y culturalmente complejas, con su propia historia e instituciones, y un proyecto civilizatorio decidido a modular a su imagen y semejanza a las poblaciones, los mundos y las cosmovisiones sometidas al proceso colonizador.<\/p>\n<p>Un texto fundacional y de referencia de la cr\u00edtica descolonial, con algunas de las tesis m\u00e1s enriquecedoras y fruct\u00edferas a la hora de cuestionar las l\u00f3gicas heredadas del racismo y del sexismo, La invenci\u00f3n de las mujeres es una lectura obligatoria para subvertir la mirada colonial y particularmente lo que Fran\u00e7oise Verg\u00e8s ha denominado \u00abfeminismo civilizacional\u00bb.<\/p>\n<p>Oy\u00e8r\u00f3nk\u00e9 Oyew\u00f9m\u00ed (\u00d2gb\u00f3m\u00f2s\u00f3, 1973) Profesora de Sociolog\u00eda en la Universidad de Stony Brook, estudi\u00f3 y se licenci\u00f3 en la Universidad de \u00ccb\u00e0d\u00e0n (Nigeria), obteniendo el posgrado en Sociolog\u00eda en la Universidad de California. Preocupada por la preeminencia de la mirada occidental en las ciencias sociales africanas, se ha centrado en investigar las cuestiones de g\u00e9nero desde una perspectiva que reconozca la mirada africana y su con\u00adflicto persistente con la Academia y el feminismo occidentales. Una de las voces m\u00e1s reconocidas y pol\u00e9micas de las corrientes poscoloniales y descoloniales del feminismo, fue distinguida en 2021 con el Africanist Award of the African Studies Association.<\/p>\n<p>Adem\u00e1s del libro que presentamos, Oyew\u00f9m\u00ed es autora de: African Women and Feminism. Reflecting on the Politics of Sisterhood (2003), African Gender Studies (2005), Gender Epistemologies in Africa. Gendering Traditions, Spaces (2010) y What Gender is Motherhood? Changing Yor\u00f9b\u00e1 Ideals of  Power, Procreation, and Identity in the Age of Modernity (2016).<\/p>\n<p>Pr\u00f3logo Esther (Mayoko) Ortega Arjonilla<br \/>\nPresentaci\u00f3n Yuderkis Espinosa Mi\u00f1oso<br \/>\nTraducci\u00f3n Alejandro Montelongo<br \/>\nIlustraci\u00f3n de portada Bianca Batlle Nguema<\/p>\n","protected":false},"excerpt":{"rendered":"<p><strong>Oy\u00e8r\u00f3nk\u00e9 Oyew\u00f9m\u00ed<\/strong><br \/>\n9788417870225 &#8211; Virus &#8211; 2023 &#8211; 384 p\u00e1ginas \/orri.<\/p>\n","protected":false},"featured_media":12730,"template":"","meta":[],"product_brand":[],"product_cat":[174,16],"product_tag":[5933,57],"class_list":{"0":"post-12700","1":"product","2":"type-product","3":"status-publish","4":"has-post-thumbnail","6":"product_cat-generoak-generos","7":"product_cat-libros","8":"product_tag-oyeronke-oyewumi","9":"product_tag-virus","11":"first","12":"instock","13":"sold-individually","14":"shipping-taxable","15":"purchasable","16":"product-type-simple"},"yoast_head":"<!-- This site is optimized with the Yoast SEO plugin v27.3 - https:\/\/yoast.com\/product\/yoast-seo-wordpress\/ -->\n<title>LA INVENCI\u00d3N DE LAS MUJERES Una perspectiva africana sobre los discursos occidentales del g\u00e9nero &#8212; Zapateneo<\/title>\n<meta name=\"robots\" content=\"index, follow, max-snippet:-1, max-image-preview:large, max-video-preview:-1\" \/>\n<link rel=\"canonical\" href=\"https:\/\/zapateneo.net\/wordpress\/index.php\/producto\/la-invencion-de-las-mujeres-una-perspectiva-africana-sobre-los-discursos-occidentales-del-genero\/\" \/>\n<meta property=\"og:locale\" content=\"es_ES\" \/>\n<meta property=\"og:type\" content=\"article\" \/>\n<meta property=\"og:title\" content=\"LA INVENCI\u00d3N DE LAS MUJERES Una perspectiva africana sobre los discursos occidentales del g\u00e9nero &#8212; Zapateneo\" \/>\n<meta property=\"og:description\" content=\"Oy\u00e8r\u00f3nk\u00e9 Oyew\u00f9m\u00ed 9788417870225 - Virus - 2023 - 384 p\u00e1ginas \/orri.\" \/>\n<meta property=\"og:url\" content=\"https:\/\/zapateneo.net\/wordpress\/index.php\/producto\/la-invencion-de-las-mujeres-una-perspectiva-africana-sobre-los-discursos-occidentales-del-genero\/\" \/>\n<meta property=\"og:site_name\" content=\"Zapateneo\" \/>\n<meta property=\"article:modified_time\" content=\"2023-04-10T18:29:27+00:00\" \/>\n<meta name=\"twitter:card\" content=\"summary_large_image\" \/>\n<meta name=\"twitter:site\" content=\"@zapateneo\" \/>\n<meta name=\"twitter:label1\" content=\"Tiempo de lectura\" \/>\n\t<meta name=\"twitter:data1\" content=\"2 minutos\" \/>\n<script type=\"application\/ld+json\" class=\"yoast-schema-graph\">{\"@context\":\"https:\\\/\\\/schema.org\",\"@graph\":[{\"@type\":\"WebPage\",\"@id\":\"https:\\\/\\\/zapateneo.net\\\/wordpress\\\/index.php\\\/producto\\\/la-invencion-de-las-mujeres-una-perspectiva-africana-sobre-los-discursos-occidentales-del-genero\\\/\",\"url\":\"https:\\\/\\\/zapateneo.net\\\/wordpress\\\/index.php\\\/producto\\\/la-invencion-de-las-mujeres-una-perspectiva-africana-sobre-los-discursos-occidentales-del-genero\\\/\",\"name\":\"LA INVENCI\u00d3N DE LAS MUJERES Una perspectiva africana sobre los discursos occidentales del g\u00e9nero &#8212; Zapateneo\",\"isPartOf\":{\"@id\":\"https:\\\/\\\/zapateneo.net\\\/wordpress\\\/#website\"},\"primaryImageOfPage\":{\"@id\":\"https:\\\/\\\/zapateneo.net\\\/wordpress\\\/index.php\\\/producto\\\/la-invencion-de-las-mujeres-una-perspectiva-africana-sobre-los-discursos-occidentales-del-genero\\\/#primaryimage\"},\"image\":{\"@id\":\"https:\\\/\\\/zapateneo.net\\\/wordpress\\\/index.php\\\/producto\\\/la-invencion-de-las-mujeres-una-perspectiva-africana-sobre-los-discursos-occidentales-del-genero\\\/#primaryimage\"},\"thumbnailUrl\":\"https:\\\/\\\/zapateneo.net\\\/wordpress\\\/wp-content\\\/uploads\\\/2023\\\/04\\\/la-invencion-de-las-mujeres-9788417870225.jpg\",\"datePublished\":\"2023-04-10T18:29:16+00:00\",\"dateModified\":\"2023-04-10T18:29:27+00:00\",\"breadcrumb\":{\"@id\":\"https:\\\/\\\/zapateneo.net\\\/wordpress\\\/index.php\\\/producto\\\/la-invencion-de-las-mujeres-una-perspectiva-africana-sobre-los-discursos-occidentales-del-genero\\\/#breadcrumb\"},\"inLanguage\":\"es\",\"potentialAction\":[{\"@type\":\"ReadAction\",\"target\":[\"https:\\\/\\\/zapateneo.net\\\/wordpress\\\/index.php\\\/producto\\\/la-invencion-de-las-mujeres-una-perspectiva-africana-sobre-los-discursos-occidentales-del-genero\\\/\"]}]},{\"@type\":\"ImageObject\",\"inLanguage\":\"es\",\"@id\":\"https:\\\/\\\/zapateneo.net\\\/wordpress\\\/index.php\\\/producto\\\/la-invencion-de-las-mujeres-una-perspectiva-africana-sobre-los-discursos-occidentales-del-genero\\\/#primaryimage\",\"url\":\"https:\\\/\\\/zapateneo.net\\\/wordpress\\\/wp-content\\\/uploads\\\/2023\\\/04\\\/la-invencion-de-las-mujeres-9788417870225.jpg\",\"contentUrl\":\"https:\\\/\\\/zapateneo.net\\\/wordpress\\\/wp-content\\\/uploads\\\/2023\\\/04\\\/la-invencion-de-las-mujeres-9788417870225.jpg\",\"width\":266,\"height\":400},{\"@type\":\"BreadcrumbList\",\"@id\":\"https:\\\/\\\/zapateneo.net\\\/wordpress\\\/index.php\\\/producto\\\/la-invencion-de-las-mujeres-una-perspectiva-africana-sobre-los-discursos-occidentales-del-genero\\\/#breadcrumb\",\"itemListElement\":[{\"@type\":\"ListItem\",\"position\":1,\"name\":\"Portada\",\"item\":\"https:\\\/\\\/zapateneo.net\\\/wordpress\\\/\"},{\"@type\":\"ListItem\",\"position\":2,\"name\":\"Tienda\",\"item\":\"https:\\\/\\\/zapateneo.net\\\/wordpress\\\/\"},{\"@type\":\"ListItem\",\"position\":3,\"name\":\"LA INVENCI\u00d3N DE LAS MUJERES Una perspectiva africana sobre los discursos occidentales del g\u00e9nero\"}]},{\"@type\":\"WebSite\",\"@id\":\"https:\\\/\\\/zapateneo.net\\\/wordpress\\\/#website\",\"url\":\"https:\\\/\\\/zapateneo.net\\\/wordpress\\\/\",\"name\":\"Zapateneo\",\"description\":\"Zapateneoaren webgunea\",\"publisher\":{\"@id\":\"https:\\\/\\\/zapateneo.net\\\/wordpress\\\/#organization\"},\"potentialAction\":[{\"@type\":\"SearchAction\",\"target\":{\"@type\":\"EntryPoint\",\"urlTemplate\":\"https:\\\/\\\/zapateneo.net\\\/wordpress\\\/?s={search_term_string}\"},\"query-input\":{\"@type\":\"PropertyValueSpecification\",\"valueRequired\":true,\"valueName\":\"search_term_string\"}}],\"inLanguage\":\"es\"},{\"@type\":\"Organization\",\"@id\":\"https:\\\/\\\/zapateneo.net\\\/wordpress\\\/#organization\",\"name\":\"Zapateneo Kultur Elkartea\",\"url\":\"https:\\\/\\\/zapateneo.net\\\/wordpress\\\/\",\"logo\":{\"@type\":\"ImageObject\",\"inLanguage\":\"es\",\"@id\":\"https:\\\/\\\/zapateneo.net\\\/wordpress\\\/#\\\/schema\\\/logo\\\/image\\\/\",\"url\":\"https:\\\/\\\/zapateneo.net\\\/wordpress\\\/wp-content\\\/uploads\\\/2021\\\/04\\\/zap-libu-kolec.jpg\",\"contentUrl\":\"https:\\\/\\\/zapateneo.net\\\/wordpress\\\/wp-content\\\/uploads\\\/2021\\\/04\\\/zap-libu-kolec.jpg\",\"width\":2234,\"height\":398,\"caption\":\"Zapateneo Kultur Elkartea\"},\"image\":{\"@id\":\"https:\\\/\\\/zapateneo.net\\\/wordpress\\\/#\\\/schema\\\/logo\\\/image\\\/\"},\"sameAs\":[\"https:\\\/\\\/x.com\\\/zapateneo\"]}]}<\/script>\n<!-- \/ Yoast SEO plugin. -->","yoast_head_json":{"title":"LA INVENCI\u00d3N DE LAS MUJERES Una perspectiva africana sobre los discursos occidentales del g\u00e9nero &#8212; Zapateneo","robots":{"index":"index","follow":"follow","max-snippet":"max-snippet:-1","max-image-preview":"max-image-preview:large","max-video-preview":"max-video-preview:-1"},"canonical":"https:\/\/zapateneo.net\/wordpress\/index.php\/producto\/la-invencion-de-las-mujeres-una-perspectiva-africana-sobre-los-discursos-occidentales-del-genero\/","og_locale":"es_ES","og_type":"article","og_title":"LA INVENCI\u00d3N DE LAS MUJERES Una perspectiva africana sobre los discursos occidentales del g\u00e9nero &#8212; Zapateneo","og_description":"Oy\u00e8r\u00f3nk\u00e9 Oyew\u00f9m\u00ed 9788417870225 - Virus - 2023 - 384 p\u00e1ginas \/orri.","og_url":"https:\/\/zapateneo.net\/wordpress\/index.php\/producto\/la-invencion-de-las-mujeres-una-perspectiva-africana-sobre-los-discursos-occidentales-del-genero\/","og_site_name":"Zapateneo","article_modified_time":"2023-04-10T18:29:27+00:00","twitter_card":"summary_large_image","twitter_site":"@zapateneo","twitter_misc":{"Tiempo de lectura":"2 minutos"},"schema":{"@context":"https:\/\/schema.org","@graph":[{"@type":"WebPage","@id":"https:\/\/zapateneo.net\/wordpress\/index.php\/producto\/la-invencion-de-las-mujeres-una-perspectiva-africana-sobre-los-discursos-occidentales-del-genero\/","url":"https:\/\/zapateneo.net\/wordpress\/index.php\/producto\/la-invencion-de-las-mujeres-una-perspectiva-africana-sobre-los-discursos-occidentales-del-genero\/","name":"LA INVENCI\u00d3N DE LAS MUJERES Una perspectiva africana sobre los discursos occidentales del g\u00e9nero &#8212; Zapateneo","isPartOf":{"@id":"https:\/\/zapateneo.net\/wordpress\/#website"},"primaryImageOfPage":{"@id":"https:\/\/zapateneo.net\/wordpress\/index.php\/producto\/la-invencion-de-las-mujeres-una-perspectiva-africana-sobre-los-discursos-occidentales-del-genero\/#primaryimage"},"image":{"@id":"https:\/\/zapateneo.net\/wordpress\/index.php\/producto\/la-invencion-de-las-mujeres-una-perspectiva-africana-sobre-los-discursos-occidentales-del-genero\/#primaryimage"},"thumbnailUrl":"https:\/\/zapateneo.net\/wordpress\/wp-content\/uploads\/2023\/04\/la-invencion-de-las-mujeres-9788417870225.jpg","datePublished":"2023-04-10T18:29:16+00:00","dateModified":"2023-04-10T18:29:27+00:00","breadcrumb":{"@id":"https:\/\/zapateneo.net\/wordpress\/index.php\/producto\/la-invencion-de-las-mujeres-una-perspectiva-africana-sobre-los-discursos-occidentales-del-genero\/#breadcrumb"},"inLanguage":"es","potentialAction":[{"@type":"ReadAction","target":["https:\/\/zapateneo.net\/wordpress\/index.php\/producto\/la-invencion-de-las-mujeres-una-perspectiva-africana-sobre-los-discursos-occidentales-del-genero\/"]}]},{"@type":"ImageObject","inLanguage":"es","@id":"https:\/\/zapateneo.net\/wordpress\/index.php\/producto\/la-invencion-de-las-mujeres-una-perspectiva-africana-sobre-los-discursos-occidentales-del-genero\/#primaryimage","url":"https:\/\/zapateneo.net\/wordpress\/wp-content\/uploads\/2023\/04\/la-invencion-de-las-mujeres-9788417870225.jpg","contentUrl":"https:\/\/zapateneo.net\/wordpress\/wp-content\/uploads\/2023\/04\/la-invencion-de-las-mujeres-9788417870225.jpg","width":266,"height":400},{"@type":"BreadcrumbList","@id":"https:\/\/zapateneo.net\/wordpress\/index.php\/producto\/la-invencion-de-las-mujeres-una-perspectiva-africana-sobre-los-discursos-occidentales-del-genero\/#breadcrumb","itemListElement":[{"@type":"ListItem","position":1,"name":"Portada","item":"https:\/\/zapateneo.net\/wordpress\/"},{"@type":"ListItem","position":2,"name":"Tienda","item":"https:\/\/zapateneo.net\/wordpress\/"},{"@type":"ListItem","position":3,"name":"LA INVENCI\u00d3N DE LAS MUJERES Una perspectiva africana sobre los discursos occidentales del g\u00e9nero"}]},{"@type":"WebSite","@id":"https:\/\/zapateneo.net\/wordpress\/#website","url":"https:\/\/zapateneo.net\/wordpress\/","name":"Zapateneo","description":"Zapateneoaren webgunea","publisher":{"@id":"https:\/\/zapateneo.net\/wordpress\/#organization"},"potentialAction":[{"@type":"SearchAction","target":{"@type":"EntryPoint","urlTemplate":"https:\/\/zapateneo.net\/wordpress\/?s={search_term_string}"},"query-input":{"@type":"PropertyValueSpecification","valueRequired":true,"valueName":"search_term_string"}}],"inLanguage":"es"},{"@type":"Organization","@id":"https:\/\/zapateneo.net\/wordpress\/#organization","name":"Zapateneo Kultur Elkartea","url":"https:\/\/zapateneo.net\/wordpress\/","logo":{"@type":"ImageObject","inLanguage":"es","@id":"https:\/\/zapateneo.net\/wordpress\/#\/schema\/logo\/image\/","url":"https:\/\/zapateneo.net\/wordpress\/wp-content\/uploads\/2021\/04\/zap-libu-kolec.jpg","contentUrl":"https:\/\/zapateneo.net\/wordpress\/wp-content\/uploads\/2021\/04\/zap-libu-kolec.jpg","width":2234,"height":398,"caption":"Zapateneo Kultur Elkartea"},"image":{"@id":"https:\/\/zapateneo.net\/wordpress\/#\/schema\/logo\/image\/"},"sameAs":["https:\/\/x.com\/zapateneo"]}]}},"_links":{"self":[{"href":"https:\/\/zapateneo.net\/wordpress\/index.php\/wp-json\/wp\/v2\/product\/12700","targetHints":{"allow":["GET"]}}],"collection":[{"href":"https:\/\/zapateneo.net\/wordpress\/index.php\/wp-json\/wp\/v2\/product"}],"about":[{"href":"https:\/\/zapateneo.net\/wordpress\/index.php\/wp-json\/wp\/v2\/types\/product"}],"wp:featuredmedia":[{"embeddable":true,"href":"https:\/\/zapateneo.net\/wordpress\/index.php\/wp-json\/wp\/v2\/media\/12730"}],"wp:attachment":[{"href":"https:\/\/zapateneo.net\/wordpress\/index.php\/wp-json\/wp\/v2\/media?parent=12700"}],"wp:term":[{"taxonomy":"product_brand","embeddable":true,"href":"https:\/\/zapateneo.net\/wordpress\/index.php\/wp-json\/wp\/v2\/product_brand?post=12700"},{"taxonomy":"product_cat","embeddable":true,"href":"https:\/\/zapateneo.net\/wordpress\/index.php\/wp-json\/wp\/v2\/product_cat?post=12700"},{"taxonomy":"product_tag","embeddable":true,"href":"https:\/\/zapateneo.net\/wordpress\/index.php\/wp-json\/wp\/v2\/product_tag?post=12700"}],"curies":[{"name":"wp","href":"https:\/\/api.w.org\/{rel}","templated":true}]}}