{"id":12664,"date":"2023-04-09T18:53:06","date_gmt":"2023-04-09T17:53:06","guid":{"rendered":"https:\/\/zapateneo.net\/wordpress\/?post_type=product&#038;p=12664"},"modified":"2023-04-09T18:53:25","modified_gmt":"2023-04-09T17:53:25","slug":"las-guerras-comerciales-son-guerras-de-clases","status":"publish","type":"product","link":"https:\/\/zapateneo.net\/wordpress\/index.php\/producto\/las-guerras-comerciales-son-guerras-de-clases\/","title":{"rendered":"LAS GUERRAS COMERCIALES SON GUERRAS DE CLASES"},"content":{"rendered":"<p>Las disputas comerciales suelen entenderse como conflictos entre pa\u00edses con intereses nacionales contrapuestos, pero como demuestran Matthew C. Klein y Michael Pettis, a menudo son el resultado inesperado de decisiones pol\u00edticas internas para servir a los intereses de los ricos a costa de los trabajadores y los jubilados de a pie.<\/p>\n<p>Klein y Pettis rastrean los or\u00edgenes de las actuales guerras comerciales en las decisiones tomadas por los pol\u00edticos y los l\u00edderes empresariales de China, Europa y Estados Unidos en los \u00faltimos treinta a\u00f1os. En todo el mundo, los ricos han prosperado mientras los trabajadores ya no pueden permitirse comprar lo que producen, han perdido sus puestos de trabajo o se han visto obligados a endeudarse m\u00e1s.<\/p>\n<p>En este desaf\u00edo a la corriente dominante que invita a la reflexi\u00f3n, los autores ofrecen una narraci\u00f3n coherente que muestra c\u00f3mo las guerras de clases de la creciente desigualdad son una amenaza para la econom\u00eda mundial y la paz internacional, y lo que podemos hacer al respecto.<\/p>\n<p>Matthew Klein Comentarista de econom\u00eda en Barron&#8217;s. Ha escrito para el Financial Times, Bloomberg View y The Economist. Antes de dedicarse al periodismo, fue asistente de investigaci\u00f3n en el Consejo de Relaciones Exteriores y asociado de inversiones en Bridgewater. Estudi\u00f3 historia en Yale, licenci\u00e1ndose con distinciones, y se centr\u00f3 en los v\u00ednculos entre la pol\u00edtica nacional y las relaciones internacionales. Originario de Chicago, vive en San Francisco.<\/p>\n<p>Michael Pettis Profesor de finanzas en la Escuela de Administraci\u00f3n Guanghua de la Universidad de Pek\u00edn. Fue fundador y copropietario de la discoteca punk-rock D22 de Pek\u00edn, que cerr\u00f3 en enero de 2012. Es un conferenciante y escritor sobre el crecimiento econ\u00f3mico mundial. Ingres\u00f3 en la Universidad de Columbia en 1976. Obtuvo un m\u00e1ster en Asuntos Internacionales (\u00e9nfasis en Desarrollo Econ\u00f3mico) en 1981 y un m\u00e1ster en Administraci\u00f3n de Empresas en Finanzas en 1984, ambos por la Universidad de Columbia. comenz\u00f3 su carrera en 1987, incorpor\u00e1ndose a Manufacturers Hanover (ahora JPMorgan Chase) como operador en el grupo de deuda soberana. De 1996 a 2001, estuvo en Bear Stearns como director gerente-principal en los mercados de capitales latinoamericanos. Pettis tambi\u00e9n ha sido asesor de gobiernos soberanos en temas de gesti\u00f3n financiera; entre ellos, los gobiernos de M\u00e9xico, Macedonia del Norte y Corea del Sur.<\/p>\n","protected":false},"excerpt":{"rendered":"<p><strong>Michael Pettis, Matthew C. Klein<\/strong><br \/>\n9788412619928 &#8211; Capit\u00e1n Swing &#8211; 2022 &#8211; 340 p\u00e1ginas \/orri.<\/p>\n","protected":false},"featured_media":12692,"template":"","meta":[],"product_brand":[],"product_cat":[178,16],"product_tag":[102,5927,5926],"class_list":{"0":"post-12664","1":"product","2":"type-product","3":"status-publish","4":"has-post-thumbnail","6":"product_cat-ekonomia-economia","7":"product_cat-libros","8":"product_tag-capitan-swing","9":"product_tag-matthew-c-klein","10":"product_tag-michael-pettis","12":"first","13":"instock","14":"sold-individually","15":"shipping-taxable","16":"purchasable","17":"product-type-simple"},"yoast_head":"<!-- This site is optimized with the Yoast SEO plugin v27.3 - https:\/\/yoast.com\/product\/yoast-seo-wordpress\/ -->\n<title>LAS GUERRAS COMERCIALES SON GUERRAS DE CLASES &#8212; Zapateneo<\/title>\n<meta name=\"robots\" content=\"index, follow, max-snippet:-1, max-image-preview:large, max-video-preview:-1\" \/>\n<link rel=\"canonical\" href=\"https:\/\/zapateneo.net\/wordpress\/index.php\/producto\/las-guerras-comerciales-son-guerras-de-clases\/\" \/>\n<meta property=\"og:locale\" content=\"es_ES\" \/>\n<meta property=\"og:type\" content=\"article\" \/>\n<meta property=\"og:title\" content=\"LAS GUERRAS COMERCIALES SON GUERRAS DE CLASES &#8212; Zapateneo\" \/>\n<meta property=\"og:description\" content=\"Michael Pettis, Matthew C. Klein 9788412619928 - Capit\u00e1n Swing - 2022 - 340 p\u00e1ginas \/orri.\" \/>\n<meta property=\"og:url\" content=\"https:\/\/zapateneo.net\/wordpress\/index.php\/producto\/las-guerras-comerciales-son-guerras-de-clases\/\" \/>\n<meta property=\"og:site_name\" content=\"Zapateneo\" \/>\n<meta property=\"article:modified_time\" content=\"2023-04-09T17:53:25+00:00\" \/>\n<meta name=\"twitter:card\" content=\"summary_large_image\" \/>\n<meta name=\"twitter:site\" content=\"@zapateneo\" \/>\n<meta name=\"twitter:label1\" content=\"Tiempo de lectura\" \/>\n\t<meta name=\"twitter:data1\" content=\"2 minutos\" \/>\n<script type=\"application\/ld+json\" class=\"yoast-schema-graph\">{\"@context\":\"https:\\\/\\\/schema.org\",\"@graph\":[{\"@type\":\"WebPage\",\"@id\":\"https:\\\/\\\/zapateneo.net\\\/wordpress\\\/index.php\\\/producto\\\/las-guerras-comerciales-son-guerras-de-clases\\\/\",\"url\":\"https:\\\/\\\/zapateneo.net\\\/wordpress\\\/index.php\\\/producto\\\/las-guerras-comerciales-son-guerras-de-clases\\\/\",\"name\":\"LAS GUERRAS COMERCIALES SON GUERRAS DE CLASES &#8212; Zapateneo\",\"isPartOf\":{\"@id\":\"https:\\\/\\\/zapateneo.net\\\/wordpress\\\/#website\"},\"primaryImageOfPage\":{\"@id\":\"https:\\\/\\\/zapateneo.net\\\/wordpress\\\/index.php\\\/producto\\\/las-guerras-comerciales-son-guerras-de-clases\\\/#primaryimage\"},\"image\":{\"@id\":\"https:\\\/\\\/zapateneo.net\\\/wordpress\\\/index.php\\\/producto\\\/las-guerras-comerciales-son-guerras-de-clases\\\/#primaryimage\"},\"thumbnailUrl\":\"https:\\\/\\\/zapateneo.net\\\/wordpress\\\/wp-content\\\/uploads\\\/2023\\\/04\\\/las-guerras-comerciales-son-guerras-de-clases-9788412619928.jpg\",\"datePublished\":\"2023-04-09T17:53:06+00:00\",\"dateModified\":\"2023-04-09T17:53:25+00:00\",\"breadcrumb\":{\"@id\":\"https:\\\/\\\/zapateneo.net\\\/wordpress\\\/index.php\\\/producto\\\/las-guerras-comerciales-son-guerras-de-clases\\\/#breadcrumb\"},\"inLanguage\":\"es\",\"potentialAction\":[{\"@type\":\"ReadAction\",\"target\":[\"https:\\\/\\\/zapateneo.net\\\/wordpress\\\/index.php\\\/producto\\\/las-guerras-comerciales-son-guerras-de-clases\\\/\"]}]},{\"@type\":\"ImageObject\",\"inLanguage\":\"es\",\"@id\":\"https:\\\/\\\/zapateneo.net\\\/wordpress\\\/index.php\\\/producto\\\/las-guerras-comerciales-son-guerras-de-clases\\\/#primaryimage\",\"url\":\"https:\\\/\\\/zapateneo.net\\\/wordpress\\\/wp-content\\\/uploads\\\/2023\\\/04\\\/las-guerras-comerciales-son-guerras-de-clases-9788412619928.jpg\",\"contentUrl\":\"https:\\\/\\\/zapateneo.net\\\/wordpress\\\/wp-content\\\/uploads\\\/2023\\\/04\\\/las-guerras-comerciales-son-guerras-de-clases-9788412619928.jpg\",\"width\":256,\"height\":400},{\"@type\":\"BreadcrumbList\",\"@id\":\"https:\\\/\\\/zapateneo.net\\\/wordpress\\\/index.php\\\/producto\\\/las-guerras-comerciales-son-guerras-de-clases\\\/#breadcrumb\",\"itemListElement\":[{\"@type\":\"ListItem\",\"position\":1,\"name\":\"Portada\",\"item\":\"https:\\\/\\\/zapateneo.net\\\/wordpress\\\/\"},{\"@type\":\"ListItem\",\"position\":2,\"name\":\"Tienda\",\"item\":\"https:\\\/\\\/zapateneo.net\\\/wordpress\\\/\"},{\"@type\":\"ListItem\",\"position\":3,\"name\":\"LAS GUERRAS COMERCIALES SON GUERRAS DE CLASES\"}]},{\"@type\":\"WebSite\",\"@id\":\"https:\\\/\\\/zapateneo.net\\\/wordpress\\\/#website\",\"url\":\"https:\\\/\\\/zapateneo.net\\\/wordpress\\\/\",\"name\":\"Zapateneo\",\"description\":\"Zapateneoaren webgunea\",\"publisher\":{\"@id\":\"https:\\\/\\\/zapateneo.net\\\/wordpress\\\/#organization\"},\"potentialAction\":[{\"@type\":\"SearchAction\",\"target\":{\"@type\":\"EntryPoint\",\"urlTemplate\":\"https:\\\/\\\/zapateneo.net\\\/wordpress\\\/?s={search_term_string}\"},\"query-input\":{\"@type\":\"PropertyValueSpecification\",\"valueRequired\":true,\"valueName\":\"search_term_string\"}}],\"inLanguage\":\"es\"},{\"@type\":\"Organization\",\"@id\":\"https:\\\/\\\/zapateneo.net\\\/wordpress\\\/#organization\",\"name\":\"Zapateneo Kultur Elkartea\",\"url\":\"https:\\\/\\\/zapateneo.net\\\/wordpress\\\/\",\"logo\":{\"@type\":\"ImageObject\",\"inLanguage\":\"es\",\"@id\":\"https:\\\/\\\/zapateneo.net\\\/wordpress\\\/#\\\/schema\\\/logo\\\/image\\\/\",\"url\":\"https:\\\/\\\/zapateneo.net\\\/wordpress\\\/wp-content\\\/uploads\\\/2021\\\/04\\\/zap-libu-kolec.jpg\",\"contentUrl\":\"https:\\\/\\\/zapateneo.net\\\/wordpress\\\/wp-content\\\/uploads\\\/2021\\\/04\\\/zap-libu-kolec.jpg\",\"width\":2234,\"height\":398,\"caption\":\"Zapateneo Kultur Elkartea\"},\"image\":{\"@id\":\"https:\\\/\\\/zapateneo.net\\\/wordpress\\\/#\\\/schema\\\/logo\\\/image\\\/\"},\"sameAs\":[\"https:\\\/\\\/x.com\\\/zapateneo\"]}]}<\/script>\n<!-- \/ Yoast SEO plugin. -->","yoast_head_json":{"title":"LAS GUERRAS COMERCIALES SON GUERRAS DE CLASES &#8212; Zapateneo","robots":{"index":"index","follow":"follow","max-snippet":"max-snippet:-1","max-image-preview":"max-image-preview:large","max-video-preview":"max-video-preview:-1"},"canonical":"https:\/\/zapateneo.net\/wordpress\/index.php\/producto\/las-guerras-comerciales-son-guerras-de-clases\/","og_locale":"es_ES","og_type":"article","og_title":"LAS GUERRAS COMERCIALES SON GUERRAS DE CLASES &#8212; Zapateneo","og_description":"Michael Pettis, Matthew C. Klein 9788412619928 - Capit\u00e1n Swing - 2022 - 340 p\u00e1ginas \/orri.","og_url":"https:\/\/zapateneo.net\/wordpress\/index.php\/producto\/las-guerras-comerciales-son-guerras-de-clases\/","og_site_name":"Zapateneo","article_modified_time":"2023-04-09T17:53:25+00:00","twitter_card":"summary_large_image","twitter_site":"@zapateneo","twitter_misc":{"Tiempo de lectura":"2 minutos"},"schema":{"@context":"https:\/\/schema.org","@graph":[{"@type":"WebPage","@id":"https:\/\/zapateneo.net\/wordpress\/index.php\/producto\/las-guerras-comerciales-son-guerras-de-clases\/","url":"https:\/\/zapateneo.net\/wordpress\/index.php\/producto\/las-guerras-comerciales-son-guerras-de-clases\/","name":"LAS GUERRAS COMERCIALES SON GUERRAS DE CLASES &#8212; Zapateneo","isPartOf":{"@id":"https:\/\/zapateneo.net\/wordpress\/#website"},"primaryImageOfPage":{"@id":"https:\/\/zapateneo.net\/wordpress\/index.php\/producto\/las-guerras-comerciales-son-guerras-de-clases\/#primaryimage"},"image":{"@id":"https:\/\/zapateneo.net\/wordpress\/index.php\/producto\/las-guerras-comerciales-son-guerras-de-clases\/#primaryimage"},"thumbnailUrl":"https:\/\/zapateneo.net\/wordpress\/wp-content\/uploads\/2023\/04\/las-guerras-comerciales-son-guerras-de-clases-9788412619928.jpg","datePublished":"2023-04-09T17:53:06+00:00","dateModified":"2023-04-09T17:53:25+00:00","breadcrumb":{"@id":"https:\/\/zapateneo.net\/wordpress\/index.php\/producto\/las-guerras-comerciales-son-guerras-de-clases\/#breadcrumb"},"inLanguage":"es","potentialAction":[{"@type":"ReadAction","target":["https:\/\/zapateneo.net\/wordpress\/index.php\/producto\/las-guerras-comerciales-son-guerras-de-clases\/"]}]},{"@type":"ImageObject","inLanguage":"es","@id":"https:\/\/zapateneo.net\/wordpress\/index.php\/producto\/las-guerras-comerciales-son-guerras-de-clases\/#primaryimage","url":"https:\/\/zapateneo.net\/wordpress\/wp-content\/uploads\/2023\/04\/las-guerras-comerciales-son-guerras-de-clases-9788412619928.jpg","contentUrl":"https:\/\/zapateneo.net\/wordpress\/wp-content\/uploads\/2023\/04\/las-guerras-comerciales-son-guerras-de-clases-9788412619928.jpg","width":256,"height":400},{"@type":"BreadcrumbList","@id":"https:\/\/zapateneo.net\/wordpress\/index.php\/producto\/las-guerras-comerciales-son-guerras-de-clases\/#breadcrumb","itemListElement":[{"@type":"ListItem","position":1,"name":"Portada","item":"https:\/\/zapateneo.net\/wordpress\/"},{"@type":"ListItem","position":2,"name":"Tienda","item":"https:\/\/zapateneo.net\/wordpress\/"},{"@type":"ListItem","position":3,"name":"LAS GUERRAS COMERCIALES SON GUERRAS DE CLASES"}]},{"@type":"WebSite","@id":"https:\/\/zapateneo.net\/wordpress\/#website","url":"https:\/\/zapateneo.net\/wordpress\/","name":"Zapateneo","description":"Zapateneoaren webgunea","publisher":{"@id":"https:\/\/zapateneo.net\/wordpress\/#organization"},"potentialAction":[{"@type":"SearchAction","target":{"@type":"EntryPoint","urlTemplate":"https:\/\/zapateneo.net\/wordpress\/?s={search_term_string}"},"query-input":{"@type":"PropertyValueSpecification","valueRequired":true,"valueName":"search_term_string"}}],"inLanguage":"es"},{"@type":"Organization","@id":"https:\/\/zapateneo.net\/wordpress\/#organization","name":"Zapateneo Kultur Elkartea","url":"https:\/\/zapateneo.net\/wordpress\/","logo":{"@type":"ImageObject","inLanguage":"es","@id":"https:\/\/zapateneo.net\/wordpress\/#\/schema\/logo\/image\/","url":"https:\/\/zapateneo.net\/wordpress\/wp-content\/uploads\/2021\/04\/zap-libu-kolec.jpg","contentUrl":"https:\/\/zapateneo.net\/wordpress\/wp-content\/uploads\/2021\/04\/zap-libu-kolec.jpg","width":2234,"height":398,"caption":"Zapateneo Kultur Elkartea"},"image":{"@id":"https:\/\/zapateneo.net\/wordpress\/#\/schema\/logo\/image\/"},"sameAs":["https:\/\/x.com\/zapateneo"]}]}},"_links":{"self":[{"href":"https:\/\/zapateneo.net\/wordpress\/index.php\/wp-json\/wp\/v2\/product\/12664","targetHints":{"allow":["GET"]}}],"collection":[{"href":"https:\/\/zapateneo.net\/wordpress\/index.php\/wp-json\/wp\/v2\/product"}],"about":[{"href":"https:\/\/zapateneo.net\/wordpress\/index.php\/wp-json\/wp\/v2\/types\/product"}],"wp:featuredmedia":[{"embeddable":true,"href":"https:\/\/zapateneo.net\/wordpress\/index.php\/wp-json\/wp\/v2\/media\/12692"}],"wp:attachment":[{"href":"https:\/\/zapateneo.net\/wordpress\/index.php\/wp-json\/wp\/v2\/media?parent=12664"}],"wp:term":[{"taxonomy":"product_brand","embeddable":true,"href":"https:\/\/zapateneo.net\/wordpress\/index.php\/wp-json\/wp\/v2\/product_brand?post=12664"},{"taxonomy":"product_cat","embeddable":true,"href":"https:\/\/zapateneo.net\/wordpress\/index.php\/wp-json\/wp\/v2\/product_cat?post=12664"},{"taxonomy":"product_tag","embeddable":true,"href":"https:\/\/zapateneo.net\/wordpress\/index.php\/wp-json\/wp\/v2\/product_tag?post=12664"}],"curies":[{"name":"wp","href":"https:\/\/api.w.org\/{rel}","templated":true}]}}