{"id":12661,"date":"2023-04-09T18:53:05","date_gmt":"2023-04-09T17:53:05","guid":{"rendered":"https:\/\/zapateneo.net\/wordpress\/?post_type=product&#038;p=12661"},"modified":"2023-07-27T08:25:57","modified_gmt":"2023-07-27T07:25:57","slug":"en-los-origenes-del-decrecimiento-vol-1","status":"publish","type":"product","link":"https:\/\/zapateneo.net\/wordpress\/index.php\/producto\/en-los-origenes-del-decrecimiento-vol-1\/","title":{"rendered":"EN LOS OR\u00cdGENES DEL DECRECIMIENTO (Vol. 1)"},"content":{"rendered":"<p>El decrecimiento es hoy m\u00e1s necesario que nunca. Estos pensadores, cuyas obras muy diversas abarcan los \u00faltimos dos siglos (volumen 1, siglo XX; volumen 2, siglo XXI), nos ayudan a comprender por qu\u00e9 y nos brindan formas de salir de la megam\u00e1quina y construir una sociedad centrada en el ser humano. Sus reflexiones profundas, atemporales y clarividentes, presentadas aqu\u00ed de forma sencilla y did\u00e1ctica, cuestionan radicalmente los procesos de destrucci\u00f3n del medio ambiente, el culto al crecimiento, el esp\u00edritu de c\u00e1lculo, la fe en las tecnolog\u00edas, la alienaci\u00f3n a trav\u00e9s de las mercanc\u00edas&#8230; Apelan a una sabidur\u00eda inmemorial: no hay mayor riqueza que la vida.<\/p>\n<p>C\u00e9dric Biagini, colaborador de las ediciones de la editorial francesa L\u2019\u00e9chapp\u00e9e, es coordinador de varios libros de cr\u00edtica a las tecnolog\u00edas digitales y al progreso. Es el autor de L\u2019Emprise num\u00e9rique. Comment Internet et les nouvelles technologies ont colonis\u00e9 nos vies (L\u2019\u00e9chapp\u00e9e, 2012), de pr\u00f3xima aparici\u00f3n en Editorial Popular.<br \/>\nDavid Murray, editor de la editorial quebequense \u00c9cosoci\u00e9t\u00e9, fue coordinador con Yves-Marie Abraham del libro Creuser jusqu\u2019o\u00f9? Extractivisme et limites \u00e0 la croissance (\u00c9cosoci\u00e9t\u00e9, 2015).<br \/>\nPierre Thiesset es periodista de La D\u00e9croissance, editor de Le Pas de c\u00f4t\u00e9. Coordinador de Vivre la simplicit\u00e9 volontaire. Histoire et t\u00e9moignages (L\u2019\u00e9chapp\u00e9e\/Le Pas de c\u00f4t\u00e9, 2014) y Le Progr\u00e8s m\u2019a tuer. Leur \u00e9cologie et la n\u00f4tre (L\u2019\u00e9chapp\u00e9e\/Le Pas de c\u00f4t\u00e9, 2016).<\/p>\n","protected":false},"excerpt":{"rendered":"<p><strong>C\u00e9dric Biagini, David Murray, Pierre Thiesset<\/strong><br \/>\n9788478849093 &#8211; Popular &#8211; 2022 &#8211; 208 p\u00e1ginas \/orri.<\/p>\n","protected":false},"featured_media":12689,"template":"","meta":[],"product_brand":[],"product_cat":[180,16],"product_tag":[5920,5921,5922,3592],"class_list":{"0":"post-12661","1":"product","2":"type-product","3":"status-publish","4":"has-post-thumbnail","6":"product_cat-ekologia-ecologia","7":"product_cat-libros","8":"product_tag-cedric-biagini","9":"product_tag-david-murray","10":"product_tag-pierre-thiesset","11":"product_tag-popular","13":"first","14":"outofstock","15":"sold-individually","16":"shipping-taxable","17":"purchasable","18":"product-type-simple"},"yoast_head":"<!-- This site is optimized with the Yoast SEO plugin v27.3 - https:\/\/yoast.com\/product\/yoast-seo-wordpress\/ -->\n<title>EN LOS OR\u00cdGENES DEL DECRECIMIENTO (Vol. 1) &#8212; Zapateneo<\/title>\n<meta name=\"robots\" content=\"index, follow, max-snippet:-1, max-image-preview:large, max-video-preview:-1\" \/>\n<link rel=\"canonical\" href=\"https:\/\/zapateneo.net\/wordpress\/index.php\/producto\/en-los-origenes-del-decrecimiento-vol-1\/\" \/>\n<meta property=\"og:locale\" content=\"es_ES\" \/>\n<meta property=\"og:type\" content=\"article\" \/>\n<meta property=\"og:title\" content=\"EN LOS OR\u00cdGENES DEL DECRECIMIENTO (Vol. 1) &#8212; Zapateneo\" \/>\n<meta property=\"og:description\" content=\"C\u00e9dric Biagini, David Murray, Pierre Thiesset 9788478849093 - Popular - 2022 - 208 p\u00e1ginas \/orri.\" \/>\n<meta property=\"og:url\" content=\"https:\/\/zapateneo.net\/wordpress\/index.php\/producto\/en-los-origenes-del-decrecimiento-vol-1\/\" \/>\n<meta property=\"og:site_name\" content=\"Zapateneo\" \/>\n<meta property=\"article:modified_time\" content=\"2023-07-27T07:25:57+00:00\" \/>\n<meta property=\"og:image\" content=\"https:\/\/zapateneo.net\/wordpress\/wp-content\/uploads\/2023\/04\/en-los-origenes-del-decrecimiento-vol-1-9788478849093.jpg\" \/>\n\t<meta property=\"og:image:width\" content=\"269\" \/>\n\t<meta property=\"og:image:height\" content=\"400\" \/>\n\t<meta property=\"og:image:type\" content=\"image\/jpeg\" \/>\n<meta name=\"twitter:card\" content=\"summary_large_image\" \/>\n<meta name=\"twitter:site\" content=\"@zapateneo\" \/>\n<meta name=\"twitter:label1\" content=\"Tiempo de lectura\" \/>\n\t<meta name=\"twitter:data1\" content=\"1 minuto\" \/>\n<script type=\"application\/ld+json\" class=\"yoast-schema-graph\">{\"@context\":\"https:\\\/\\\/schema.org\",\"@graph\":[{\"@type\":\"WebPage\",\"@id\":\"https:\\\/\\\/zapateneo.net\\\/wordpress\\\/index.php\\\/producto\\\/en-los-origenes-del-decrecimiento-vol-1\\\/\",\"url\":\"https:\\\/\\\/zapateneo.net\\\/wordpress\\\/index.php\\\/producto\\\/en-los-origenes-del-decrecimiento-vol-1\\\/\",\"name\":\"EN LOS OR\u00cdGENES DEL DECRECIMIENTO (Vol. 1) &#8212; Zapateneo\",\"isPartOf\":{\"@id\":\"https:\\\/\\\/zapateneo.net\\\/wordpress\\\/#website\"},\"primaryImageOfPage\":{\"@id\":\"https:\\\/\\\/zapateneo.net\\\/wordpress\\\/index.php\\\/producto\\\/en-los-origenes-del-decrecimiento-vol-1\\\/#primaryimage\"},\"image\":{\"@id\":\"https:\\\/\\\/zapateneo.net\\\/wordpress\\\/index.php\\\/producto\\\/en-los-origenes-del-decrecimiento-vol-1\\\/#primaryimage\"},\"thumbnailUrl\":\"https:\\\/\\\/zapateneo.net\\\/wordpress\\\/wp-content\\\/uploads\\\/2023\\\/04\\\/en-los-origenes-del-decrecimiento-vol-1-9788478849093.jpg\",\"datePublished\":\"2023-04-09T17:53:05+00:00\",\"dateModified\":\"2023-07-27T07:25:57+00:00\",\"breadcrumb\":{\"@id\":\"https:\\\/\\\/zapateneo.net\\\/wordpress\\\/index.php\\\/producto\\\/en-los-origenes-del-decrecimiento-vol-1\\\/#breadcrumb\"},\"inLanguage\":\"es\",\"potentialAction\":[{\"@type\":\"ReadAction\",\"target\":[\"https:\\\/\\\/zapateneo.net\\\/wordpress\\\/index.php\\\/producto\\\/en-los-origenes-del-decrecimiento-vol-1\\\/\"]}]},{\"@type\":\"ImageObject\",\"inLanguage\":\"es\",\"@id\":\"https:\\\/\\\/zapateneo.net\\\/wordpress\\\/index.php\\\/producto\\\/en-los-origenes-del-decrecimiento-vol-1\\\/#primaryimage\",\"url\":\"https:\\\/\\\/zapateneo.net\\\/wordpress\\\/wp-content\\\/uploads\\\/2023\\\/04\\\/en-los-origenes-del-decrecimiento-vol-1-9788478849093.jpg\",\"contentUrl\":\"https:\\\/\\\/zapateneo.net\\\/wordpress\\\/wp-content\\\/uploads\\\/2023\\\/04\\\/en-los-origenes-del-decrecimiento-vol-1-9788478849093.jpg\",\"width\":269,\"height\":400},{\"@type\":\"BreadcrumbList\",\"@id\":\"https:\\\/\\\/zapateneo.net\\\/wordpress\\\/index.php\\\/producto\\\/en-los-origenes-del-decrecimiento-vol-1\\\/#breadcrumb\",\"itemListElement\":[{\"@type\":\"ListItem\",\"position\":1,\"name\":\"Portada\",\"item\":\"https:\\\/\\\/zapateneo.net\\\/wordpress\\\/\"},{\"@type\":\"ListItem\",\"position\":2,\"name\":\"Tienda\",\"item\":\"https:\\\/\\\/zapateneo.net\\\/wordpress\\\/\"},{\"@type\":\"ListItem\",\"position\":3,\"name\":\"EN LOS OR\u00cdGENES DEL DECRECIMIENTO (Vol. 1)\"}]},{\"@type\":\"WebSite\",\"@id\":\"https:\\\/\\\/zapateneo.net\\\/wordpress\\\/#website\",\"url\":\"https:\\\/\\\/zapateneo.net\\\/wordpress\\\/\",\"name\":\"Zapateneo\",\"description\":\"Zapateneoaren webgunea\",\"publisher\":{\"@id\":\"https:\\\/\\\/zapateneo.net\\\/wordpress\\\/#organization\"},\"potentialAction\":[{\"@type\":\"SearchAction\",\"target\":{\"@type\":\"EntryPoint\",\"urlTemplate\":\"https:\\\/\\\/zapateneo.net\\\/wordpress\\\/?s={search_term_string}\"},\"query-input\":{\"@type\":\"PropertyValueSpecification\",\"valueRequired\":true,\"valueName\":\"search_term_string\"}}],\"inLanguage\":\"es\"},{\"@type\":\"Organization\",\"@id\":\"https:\\\/\\\/zapateneo.net\\\/wordpress\\\/#organization\",\"name\":\"Zapateneo Kultur Elkartea\",\"url\":\"https:\\\/\\\/zapateneo.net\\\/wordpress\\\/\",\"logo\":{\"@type\":\"ImageObject\",\"inLanguage\":\"es\",\"@id\":\"https:\\\/\\\/zapateneo.net\\\/wordpress\\\/#\\\/schema\\\/logo\\\/image\\\/\",\"url\":\"https:\\\/\\\/zapateneo.net\\\/wordpress\\\/wp-content\\\/uploads\\\/2021\\\/04\\\/zap-libu-kolec.jpg\",\"contentUrl\":\"https:\\\/\\\/zapateneo.net\\\/wordpress\\\/wp-content\\\/uploads\\\/2021\\\/04\\\/zap-libu-kolec.jpg\",\"width\":2234,\"height\":398,\"caption\":\"Zapateneo Kultur Elkartea\"},\"image\":{\"@id\":\"https:\\\/\\\/zapateneo.net\\\/wordpress\\\/#\\\/schema\\\/logo\\\/image\\\/\"},\"sameAs\":[\"https:\\\/\\\/x.com\\\/zapateneo\"]}]}<\/script>\n<!-- \/ Yoast SEO plugin. -->","yoast_head_json":{"title":"EN LOS OR\u00cdGENES DEL DECRECIMIENTO (Vol. 1) &#8212; Zapateneo","robots":{"index":"index","follow":"follow","max-snippet":"max-snippet:-1","max-image-preview":"max-image-preview:large","max-video-preview":"max-video-preview:-1"},"canonical":"https:\/\/zapateneo.net\/wordpress\/index.php\/producto\/en-los-origenes-del-decrecimiento-vol-1\/","og_locale":"es_ES","og_type":"article","og_title":"EN LOS OR\u00cdGENES DEL DECRECIMIENTO (Vol. 1) &#8212; Zapateneo","og_description":"C\u00e9dric Biagini, David Murray, Pierre Thiesset 9788478849093 - Popular - 2022 - 208 p\u00e1ginas \/orri.","og_url":"https:\/\/zapateneo.net\/wordpress\/index.php\/producto\/en-los-origenes-del-decrecimiento-vol-1\/","og_site_name":"Zapateneo","article_modified_time":"2023-07-27T07:25:57+00:00","og_image":[{"width":269,"height":400,"url":"https:\/\/zapateneo.net\/wordpress\/wp-content\/uploads\/2023\/04\/en-los-origenes-del-decrecimiento-vol-1-9788478849093.jpg","type":"image\/jpeg"}],"twitter_card":"summary_large_image","twitter_site":"@zapateneo","twitter_misc":{"Tiempo de lectura":"1 minuto"},"schema":{"@context":"https:\/\/schema.org","@graph":[{"@type":"WebPage","@id":"https:\/\/zapateneo.net\/wordpress\/index.php\/producto\/en-los-origenes-del-decrecimiento-vol-1\/","url":"https:\/\/zapateneo.net\/wordpress\/index.php\/producto\/en-los-origenes-del-decrecimiento-vol-1\/","name":"EN LOS OR\u00cdGENES DEL DECRECIMIENTO (Vol. 1) &#8212; Zapateneo","isPartOf":{"@id":"https:\/\/zapateneo.net\/wordpress\/#website"},"primaryImageOfPage":{"@id":"https:\/\/zapateneo.net\/wordpress\/index.php\/producto\/en-los-origenes-del-decrecimiento-vol-1\/#primaryimage"},"image":{"@id":"https:\/\/zapateneo.net\/wordpress\/index.php\/producto\/en-los-origenes-del-decrecimiento-vol-1\/#primaryimage"},"thumbnailUrl":"https:\/\/zapateneo.net\/wordpress\/wp-content\/uploads\/2023\/04\/en-los-origenes-del-decrecimiento-vol-1-9788478849093.jpg","datePublished":"2023-04-09T17:53:05+00:00","dateModified":"2023-07-27T07:25:57+00:00","breadcrumb":{"@id":"https:\/\/zapateneo.net\/wordpress\/index.php\/producto\/en-los-origenes-del-decrecimiento-vol-1\/#breadcrumb"},"inLanguage":"es","potentialAction":[{"@type":"ReadAction","target":["https:\/\/zapateneo.net\/wordpress\/index.php\/producto\/en-los-origenes-del-decrecimiento-vol-1\/"]}]},{"@type":"ImageObject","inLanguage":"es","@id":"https:\/\/zapateneo.net\/wordpress\/index.php\/producto\/en-los-origenes-del-decrecimiento-vol-1\/#primaryimage","url":"https:\/\/zapateneo.net\/wordpress\/wp-content\/uploads\/2023\/04\/en-los-origenes-del-decrecimiento-vol-1-9788478849093.jpg","contentUrl":"https:\/\/zapateneo.net\/wordpress\/wp-content\/uploads\/2023\/04\/en-los-origenes-del-decrecimiento-vol-1-9788478849093.jpg","width":269,"height":400},{"@type":"BreadcrumbList","@id":"https:\/\/zapateneo.net\/wordpress\/index.php\/producto\/en-los-origenes-del-decrecimiento-vol-1\/#breadcrumb","itemListElement":[{"@type":"ListItem","position":1,"name":"Portada","item":"https:\/\/zapateneo.net\/wordpress\/"},{"@type":"ListItem","position":2,"name":"Tienda","item":"https:\/\/zapateneo.net\/wordpress\/"},{"@type":"ListItem","position":3,"name":"EN LOS OR\u00cdGENES DEL DECRECIMIENTO (Vol. 1)"}]},{"@type":"WebSite","@id":"https:\/\/zapateneo.net\/wordpress\/#website","url":"https:\/\/zapateneo.net\/wordpress\/","name":"Zapateneo","description":"Zapateneoaren webgunea","publisher":{"@id":"https:\/\/zapateneo.net\/wordpress\/#organization"},"potentialAction":[{"@type":"SearchAction","target":{"@type":"EntryPoint","urlTemplate":"https:\/\/zapateneo.net\/wordpress\/?s={search_term_string}"},"query-input":{"@type":"PropertyValueSpecification","valueRequired":true,"valueName":"search_term_string"}}],"inLanguage":"es"},{"@type":"Organization","@id":"https:\/\/zapateneo.net\/wordpress\/#organization","name":"Zapateneo Kultur Elkartea","url":"https:\/\/zapateneo.net\/wordpress\/","logo":{"@type":"ImageObject","inLanguage":"es","@id":"https:\/\/zapateneo.net\/wordpress\/#\/schema\/logo\/image\/","url":"https:\/\/zapateneo.net\/wordpress\/wp-content\/uploads\/2021\/04\/zap-libu-kolec.jpg","contentUrl":"https:\/\/zapateneo.net\/wordpress\/wp-content\/uploads\/2021\/04\/zap-libu-kolec.jpg","width":2234,"height":398,"caption":"Zapateneo Kultur Elkartea"},"image":{"@id":"https:\/\/zapateneo.net\/wordpress\/#\/schema\/logo\/image\/"},"sameAs":["https:\/\/x.com\/zapateneo"]}]}},"_links":{"self":[{"href":"https:\/\/zapateneo.net\/wordpress\/index.php\/wp-json\/wp\/v2\/product\/12661","targetHints":{"allow":["GET"]}}],"collection":[{"href":"https:\/\/zapateneo.net\/wordpress\/index.php\/wp-json\/wp\/v2\/product"}],"about":[{"href":"https:\/\/zapateneo.net\/wordpress\/index.php\/wp-json\/wp\/v2\/types\/product"}],"wp:featuredmedia":[{"embeddable":true,"href":"https:\/\/zapateneo.net\/wordpress\/index.php\/wp-json\/wp\/v2\/media\/12689"}],"wp:attachment":[{"href":"https:\/\/zapateneo.net\/wordpress\/index.php\/wp-json\/wp\/v2\/media?parent=12661"}],"wp:term":[{"taxonomy":"product_brand","embeddable":true,"href":"https:\/\/zapateneo.net\/wordpress\/index.php\/wp-json\/wp\/v2\/product_brand?post=12661"},{"taxonomy":"product_cat","embeddable":true,"href":"https:\/\/zapateneo.net\/wordpress\/index.php\/wp-json\/wp\/v2\/product_cat?post=12661"},{"taxonomy":"product_tag","embeddable":true,"href":"https:\/\/zapateneo.net\/wordpress\/index.php\/wp-json\/wp\/v2\/product_tag?post=12661"}],"curies":[{"name":"wp","href":"https:\/\/api.w.org\/{rel}","templated":true}]}}