{"id":12648,"date":"2023-04-09T18:53:01","date_gmt":"2023-04-09T17:53:01","guid":{"rendered":"https:\/\/zapateneo.net\/wordpress\/?post_type=product&#038;p=12648"},"modified":"2023-04-09T18:53:14","modified_gmt":"2023-04-09T17:53:14","slug":"hombre-luna","status":"publish","type":"product","link":"https:\/\/zapateneo.net\/wordpress\/index.php\/producto\/hombre-luna\/","title":{"rendered":"HOMBRE LUNA"},"content":{"rendered":"<p>\u00abCada noche, desde su esfera flotante, Hombre Luna ve\u00eda a la gente bailar en la Tierra. \u2018\u2018\u00a1Si al menos pudiera unirme a su diversi\u00f3n solo una vez!\u2019\u2019, pensaba con envidia. \u2018\u2018La vida aqu\u00ed arriba es tan aburrida&#8230;\u2019\u2019\u00bb<\/p>\n<p>Todas las noches Hombre Luna contempla a los seres humanos desde el espacio y alberga en su interior el deseo de reunirse con ellos. Un d\u00eda, sobre la cola de un cometa, emprende su ansiado viaje a nuestro planeta. Sin embargo, su curiosidad pronto se transforma en padecimiento porque los humanos no lo ver\u00e1n como un amigo, sino como un extra\u00f1o, como un invasor.<\/p>\n<p>Hombre Luna es una de las grandes creaciones de Tomi Ungerer, el celebrado autor de Los tres bandidos, que en 1998 recibiera el Premio Andersen. Publicado por primera vez en 1967, Hombre Luna ha sido traducido desde entonces a m\u00e1s de quince lenguas y se ha transformado en un cl\u00e1sico contempor\u00e1neo de la literatura infantil.<\/p>\n<p>Tomi Ungerer naci\u00f3 en Estrasburgo en 1931. Irreverente y pol\u00e9mico, provocador y sat\u00edrico, pero ante todo humano y comprometido, Jean-Thomas Ungerer es un ilustrador inclasificable que abord\u00f3 m\u00faltiples caras del arte. Su infancia estuvo marcada por dos hechos que influir\u00edan en su extravagante personalidad. El primero fue la muerte de su padre, de quien aprendi\u00f3 el amor y el respeto por los libros. El segundo, la invasi\u00f3n alemana a su ciudad natal, en la Segunda Guerra Mundial, por la cual desarroll\u00f3 un agudo sentido de la observaci\u00f3n y un esp\u00edritu rebelde contra toda autoridad. A los veinticinco a\u00f1os, atra\u00eddo por la cultura estadounidense, viaj\u00f3 a Nueva York con poco dinero y un ba\u00fal lleno de dibujos y manuscritos. La calidad de sus ilustraciones le permiti\u00f3 publicar en importantes revistas como Squire o Harper\u2019s Magazine y en peri\u00f3dicos como The New York Times, entre otros. Tambi\u00e9n salieron a la luz sus primeras publicaciones infantiles, como la saga de Los Melops, Cr\u00edctor, Ning\u00fan beso para mam\u00e1 o Los tres bandidos. En 1966 apareci\u00f3 Hombre Luna, uno de sus libros m\u00e1s reconocidos. En 1970, desencantado de la sociedad en la que viv\u00eda, se estableci\u00f3 en una granja en Canad\u00e1. Mientras tanto, en Estrasburgo, ciudad a la que hab\u00eda donado 4.500 dibujos y su colecci\u00f3n de 2.500 juguetes antiguos, se organiz\u00f3 una gran exposici\u00f3n con sus ilustraciones, y m\u00e1s tarde, en 2007, se fund\u00f3 un museo consagrado a su obra. Ha recibido importantes reconocimientos internacionales como la Legi\u00f3n de Honor en Par\u00eds (1990), el nombramiento de Embajador de la Ni\u00f1ez y la Educaci\u00f3n por el Consejo de Europa (2003), el Premio Hans Christian Andersen (1998) y la Medalla de Oro de la Sociedad de Ilustradores (2011). El 9 de febrero de 2019 falleci\u00f3 en Cork (Irlanda) a los ochenta y siete a\u00f1os.<\/p>\n","protected":false},"excerpt":{"rendered":"<p><strong>Tomi Ungerer<\/strong><br \/>\n9788494033629 &#8211; Zorro Rojo &#8211; 2022 &#8211; 40 p\u00e1ginas \/orri.<\/p>\n","protected":false},"featured_media":12676,"template":"","meta":[],"product_brand":[],"product_cat":[172,16],"product_tag":[5911,5116],"class_list":{"0":"post-12648","1":"product","2":"type-product","3":"status-publish","4":"has-post-thumbnail","6":"product_cat-ipuinak-cuentos","7":"product_cat-libros","8":"product_tag-tomi-ungerer","9":"product_tag-zorro-rojo","11":"first","12":"instock","13":"sold-individually","14":"shipping-taxable","15":"purchasable","16":"product-type-simple"},"yoast_head":"<!-- This site is optimized with the Yoast SEO plugin v27.3 - https:\/\/yoast.com\/product\/yoast-seo-wordpress\/ -->\n<title>HOMBRE LUNA &#8212; Zapateneo<\/title>\n<meta name=\"robots\" content=\"index, follow, max-snippet:-1, max-image-preview:large, max-video-preview:-1\" \/>\n<link rel=\"canonical\" href=\"https:\/\/zapateneo.net\/wordpress\/index.php\/producto\/hombre-luna\/\" \/>\n<meta property=\"og:locale\" content=\"es_ES\" \/>\n<meta property=\"og:type\" content=\"article\" \/>\n<meta property=\"og:title\" content=\"HOMBRE LUNA &#8212; Zapateneo\" \/>\n<meta property=\"og:description\" content=\"Tomi Ungerer 9788494033629 - Zorro Rojo - 2022 - 40 p\u00e1ginas \/orri.\" \/>\n<meta property=\"og:url\" content=\"https:\/\/zapateneo.net\/wordpress\/index.php\/producto\/hombre-luna\/\" \/>\n<meta property=\"og:site_name\" content=\"Zapateneo\" \/>\n<meta property=\"article:modified_time\" content=\"2023-04-09T17:53:14+00:00\" \/>\n<meta name=\"twitter:card\" content=\"summary_large_image\" \/>\n<meta name=\"twitter:site\" content=\"@zapateneo\" \/>\n<meta name=\"twitter:label1\" content=\"Tiempo de lectura\" \/>\n\t<meta name=\"twitter:data1\" content=\"2 minutos\" \/>\n<script type=\"application\/ld+json\" class=\"yoast-schema-graph\">{\"@context\":\"https:\\\/\\\/schema.org\",\"@graph\":[{\"@type\":\"WebPage\",\"@id\":\"https:\\\/\\\/zapateneo.net\\\/wordpress\\\/index.php\\\/producto\\\/hombre-luna\\\/\",\"url\":\"https:\\\/\\\/zapateneo.net\\\/wordpress\\\/index.php\\\/producto\\\/hombre-luna\\\/\",\"name\":\"HOMBRE LUNA &#8212; Zapateneo\",\"isPartOf\":{\"@id\":\"https:\\\/\\\/zapateneo.net\\\/wordpress\\\/#website\"},\"primaryImageOfPage\":{\"@id\":\"https:\\\/\\\/zapateneo.net\\\/wordpress\\\/index.php\\\/producto\\\/hombre-luna\\\/#primaryimage\"},\"image\":{\"@id\":\"https:\\\/\\\/zapateneo.net\\\/wordpress\\\/index.php\\\/producto\\\/hombre-luna\\\/#primaryimage\"},\"thumbnailUrl\":\"https:\\\/\\\/zapateneo.net\\\/wordpress\\\/wp-content\\\/uploads\\\/2023\\\/04\\\/hombre-luna-9788494033629.png\",\"datePublished\":\"2023-04-09T17:53:01+00:00\",\"dateModified\":\"2023-04-09T17:53:14+00:00\",\"breadcrumb\":{\"@id\":\"https:\\\/\\\/zapateneo.net\\\/wordpress\\\/index.php\\\/producto\\\/hombre-luna\\\/#breadcrumb\"},\"inLanguage\":\"es\",\"potentialAction\":[{\"@type\":\"ReadAction\",\"target\":[\"https:\\\/\\\/zapateneo.net\\\/wordpress\\\/index.php\\\/producto\\\/hombre-luna\\\/\"]}]},{\"@type\":\"ImageObject\",\"inLanguage\":\"es\",\"@id\":\"https:\\\/\\\/zapateneo.net\\\/wordpress\\\/index.php\\\/producto\\\/hombre-luna\\\/#primaryimage\",\"url\":\"https:\\\/\\\/zapateneo.net\\\/wordpress\\\/wp-content\\\/uploads\\\/2023\\\/04\\\/hombre-luna-9788494033629.png\",\"contentUrl\":\"https:\\\/\\\/zapateneo.net\\\/wordpress\\\/wp-content\\\/uploads\\\/2023\\\/04\\\/hombre-luna-9788494033629.png\",\"width\":296,\"height\":400},{\"@type\":\"BreadcrumbList\",\"@id\":\"https:\\\/\\\/zapateneo.net\\\/wordpress\\\/index.php\\\/producto\\\/hombre-luna\\\/#breadcrumb\",\"itemListElement\":[{\"@type\":\"ListItem\",\"position\":1,\"name\":\"Portada\",\"item\":\"https:\\\/\\\/zapateneo.net\\\/wordpress\\\/\"},{\"@type\":\"ListItem\",\"position\":2,\"name\":\"Tienda\",\"item\":\"https:\\\/\\\/zapateneo.net\\\/wordpress\\\/\"},{\"@type\":\"ListItem\",\"position\":3,\"name\":\"HOMBRE LUNA\"}]},{\"@type\":\"WebSite\",\"@id\":\"https:\\\/\\\/zapateneo.net\\\/wordpress\\\/#website\",\"url\":\"https:\\\/\\\/zapateneo.net\\\/wordpress\\\/\",\"name\":\"Zapateneo\",\"description\":\"Zapateneoaren webgunea\",\"publisher\":{\"@id\":\"https:\\\/\\\/zapateneo.net\\\/wordpress\\\/#organization\"},\"potentialAction\":[{\"@type\":\"SearchAction\",\"target\":{\"@type\":\"EntryPoint\",\"urlTemplate\":\"https:\\\/\\\/zapateneo.net\\\/wordpress\\\/?s={search_term_string}\"},\"query-input\":{\"@type\":\"PropertyValueSpecification\",\"valueRequired\":true,\"valueName\":\"search_term_string\"}}],\"inLanguage\":\"es\"},{\"@type\":\"Organization\",\"@id\":\"https:\\\/\\\/zapateneo.net\\\/wordpress\\\/#organization\",\"name\":\"Zapateneo Kultur Elkartea\",\"url\":\"https:\\\/\\\/zapateneo.net\\\/wordpress\\\/\",\"logo\":{\"@type\":\"ImageObject\",\"inLanguage\":\"es\",\"@id\":\"https:\\\/\\\/zapateneo.net\\\/wordpress\\\/#\\\/schema\\\/logo\\\/image\\\/\",\"url\":\"https:\\\/\\\/zapateneo.net\\\/wordpress\\\/wp-content\\\/uploads\\\/2021\\\/04\\\/zap-libu-kolec.jpg\",\"contentUrl\":\"https:\\\/\\\/zapateneo.net\\\/wordpress\\\/wp-content\\\/uploads\\\/2021\\\/04\\\/zap-libu-kolec.jpg\",\"width\":2234,\"height\":398,\"caption\":\"Zapateneo Kultur Elkartea\"},\"image\":{\"@id\":\"https:\\\/\\\/zapateneo.net\\\/wordpress\\\/#\\\/schema\\\/logo\\\/image\\\/\"},\"sameAs\":[\"https:\\\/\\\/x.com\\\/zapateneo\"]}]}<\/script>\n<!-- \/ Yoast SEO plugin. -->","yoast_head_json":{"title":"HOMBRE LUNA &#8212; Zapateneo","robots":{"index":"index","follow":"follow","max-snippet":"max-snippet:-1","max-image-preview":"max-image-preview:large","max-video-preview":"max-video-preview:-1"},"canonical":"https:\/\/zapateneo.net\/wordpress\/index.php\/producto\/hombre-luna\/","og_locale":"es_ES","og_type":"article","og_title":"HOMBRE LUNA &#8212; Zapateneo","og_description":"Tomi Ungerer 9788494033629 - Zorro Rojo - 2022 - 40 p\u00e1ginas \/orri.","og_url":"https:\/\/zapateneo.net\/wordpress\/index.php\/producto\/hombre-luna\/","og_site_name":"Zapateneo","article_modified_time":"2023-04-09T17:53:14+00:00","twitter_card":"summary_large_image","twitter_site":"@zapateneo","twitter_misc":{"Tiempo de lectura":"2 minutos"},"schema":{"@context":"https:\/\/schema.org","@graph":[{"@type":"WebPage","@id":"https:\/\/zapateneo.net\/wordpress\/index.php\/producto\/hombre-luna\/","url":"https:\/\/zapateneo.net\/wordpress\/index.php\/producto\/hombre-luna\/","name":"HOMBRE LUNA &#8212; Zapateneo","isPartOf":{"@id":"https:\/\/zapateneo.net\/wordpress\/#website"},"primaryImageOfPage":{"@id":"https:\/\/zapateneo.net\/wordpress\/index.php\/producto\/hombre-luna\/#primaryimage"},"image":{"@id":"https:\/\/zapateneo.net\/wordpress\/index.php\/producto\/hombre-luna\/#primaryimage"},"thumbnailUrl":"https:\/\/zapateneo.net\/wordpress\/wp-content\/uploads\/2023\/04\/hombre-luna-9788494033629.png","datePublished":"2023-04-09T17:53:01+00:00","dateModified":"2023-04-09T17:53:14+00:00","breadcrumb":{"@id":"https:\/\/zapateneo.net\/wordpress\/index.php\/producto\/hombre-luna\/#breadcrumb"},"inLanguage":"es","potentialAction":[{"@type":"ReadAction","target":["https:\/\/zapateneo.net\/wordpress\/index.php\/producto\/hombre-luna\/"]}]},{"@type":"ImageObject","inLanguage":"es","@id":"https:\/\/zapateneo.net\/wordpress\/index.php\/producto\/hombre-luna\/#primaryimage","url":"https:\/\/zapateneo.net\/wordpress\/wp-content\/uploads\/2023\/04\/hombre-luna-9788494033629.png","contentUrl":"https:\/\/zapateneo.net\/wordpress\/wp-content\/uploads\/2023\/04\/hombre-luna-9788494033629.png","width":296,"height":400},{"@type":"BreadcrumbList","@id":"https:\/\/zapateneo.net\/wordpress\/index.php\/producto\/hombre-luna\/#breadcrumb","itemListElement":[{"@type":"ListItem","position":1,"name":"Portada","item":"https:\/\/zapateneo.net\/wordpress\/"},{"@type":"ListItem","position":2,"name":"Tienda","item":"https:\/\/zapateneo.net\/wordpress\/"},{"@type":"ListItem","position":3,"name":"HOMBRE LUNA"}]},{"@type":"WebSite","@id":"https:\/\/zapateneo.net\/wordpress\/#website","url":"https:\/\/zapateneo.net\/wordpress\/","name":"Zapateneo","description":"Zapateneoaren webgunea","publisher":{"@id":"https:\/\/zapateneo.net\/wordpress\/#organization"},"potentialAction":[{"@type":"SearchAction","target":{"@type":"EntryPoint","urlTemplate":"https:\/\/zapateneo.net\/wordpress\/?s={search_term_string}"},"query-input":{"@type":"PropertyValueSpecification","valueRequired":true,"valueName":"search_term_string"}}],"inLanguage":"es"},{"@type":"Organization","@id":"https:\/\/zapateneo.net\/wordpress\/#organization","name":"Zapateneo Kultur Elkartea","url":"https:\/\/zapateneo.net\/wordpress\/","logo":{"@type":"ImageObject","inLanguage":"es","@id":"https:\/\/zapateneo.net\/wordpress\/#\/schema\/logo\/image\/","url":"https:\/\/zapateneo.net\/wordpress\/wp-content\/uploads\/2021\/04\/zap-libu-kolec.jpg","contentUrl":"https:\/\/zapateneo.net\/wordpress\/wp-content\/uploads\/2021\/04\/zap-libu-kolec.jpg","width":2234,"height":398,"caption":"Zapateneo Kultur Elkartea"},"image":{"@id":"https:\/\/zapateneo.net\/wordpress\/#\/schema\/logo\/image\/"},"sameAs":["https:\/\/x.com\/zapateneo"]}]}},"_links":{"self":[{"href":"https:\/\/zapateneo.net\/wordpress\/index.php\/wp-json\/wp\/v2\/product\/12648","targetHints":{"allow":["GET"]}}],"collection":[{"href":"https:\/\/zapateneo.net\/wordpress\/index.php\/wp-json\/wp\/v2\/product"}],"about":[{"href":"https:\/\/zapateneo.net\/wordpress\/index.php\/wp-json\/wp\/v2\/types\/product"}],"wp:featuredmedia":[{"embeddable":true,"href":"https:\/\/zapateneo.net\/wordpress\/index.php\/wp-json\/wp\/v2\/media\/12676"}],"wp:attachment":[{"href":"https:\/\/zapateneo.net\/wordpress\/index.php\/wp-json\/wp\/v2\/media?parent=12648"}],"wp:term":[{"taxonomy":"product_brand","embeddable":true,"href":"https:\/\/zapateneo.net\/wordpress\/index.php\/wp-json\/wp\/v2\/product_brand?post=12648"},{"taxonomy":"product_cat","embeddable":true,"href":"https:\/\/zapateneo.net\/wordpress\/index.php\/wp-json\/wp\/v2\/product_cat?post=12648"},{"taxonomy":"product_tag","embeddable":true,"href":"https:\/\/zapateneo.net\/wordpress\/index.php\/wp-json\/wp\/v2\/product_tag?post=12648"}],"curies":[{"name":"wp","href":"https:\/\/api.w.org\/{rel}","templated":true}]}}