{"id":12644,"date":"2023-04-09T18:53:00","date_gmt":"2023-04-09T17:53:00","guid":{"rendered":"https:\/\/zapateneo.net\/wordpress\/?post_type=product&#038;p=12644"},"modified":"2023-04-09T18:53:11","modified_gmt":"2023-04-09T17:53:11","slug":"otras-cronicas-marcianas-ilustrado-por-david-de-las-heras","status":"publish","type":"product","link":"https:\/\/zapateneo.net\/wordpress\/index.php\/producto\/otras-cronicas-marcianas-ilustrado-por-david-de-las-heras\/","title":{"rendered":"OTRAS CR\u00d3NICAS MARCIANAS (Ilustrado por David de las Heras)"},"content":{"rendered":"<p>\u00ab\u2014Creo en Marte \u2014empez\u00f3 a decir sin levantar la voz\u2014. Creo que alg\u00fan d\u00eda nos pertenecer\u00e1. Que ser\u00e1 nuestro. Que nos instalaremos en \u00e9l. Que no le daremos la espalda y saldremos corriendo. Esto se me ocurri\u00f3 un d\u00eda, hace un a\u00f1o, poco despu\u00e9s de nuestra llegada. \u00bfPor qu\u00e9 vinimos?, me pregunt\u00e9. Porque s\u00ed, dije, porque s\u00ed.\u00bb<\/p>\n<p>Existe una veintena de cuentos marcianos de Ray Bradbury que quedaron fuera de la versi\u00f3n definitiva de la m\u00edtica obra Cr\u00f3nicas marcianas. Diez de esos relatos, algunos traducidos ahora por primera vez al castellano y el resto diseminados en varios libros del autor, se encuentran reunidos en Otras cr\u00f3nicas marcianas, antolog\u00eda fruto de un apasionado trabajo de Marcial Souto, responsable de la selecci\u00f3n, la traducci\u00f3n y el pr\u00f3logo. En estos cuentos aparecen las primeras familias que han emigrado a Marte; exploradores solitarios que se rinden a sus visiones; un monstruo que lleva millones de a\u00f1os esperando; colonizadores que empiezan a sentirse cada vez m\u00e1s peligrosamente marcianos.<\/p>\n<p>Esta edici\u00f3n cuenta con ilustraciones realizadas al \u00f3leo sobre papel por David de las Heras, cuya capacidad t\u00e9cnica y enfoque surrealista resulta muy af\u00edn a los relatos del autor norteamericano. Con una particular combinaci\u00f3n de estilo gr\u00e1fico contempor\u00e1neo y tradici\u00f3n pict\u00f3rica cl\u00e1sica, logra retratar el universo de Bradbury y convierte este volumen en una aut\u00e9ntica obra de arte.<\/p>\n<p>Ray Bradbury Waukegan (Illinois, 1920) Novelista, cuentista, poeta, dramaturgo, guionista de cine y de radio, Ray Douglas Bradbury fue uno de los grandes creadores del siglo XX. Cuando ten\u00eda doce a\u00f1os pas\u00f3 por su pueblo una feria ambulante donde actuaba un mago llamado Mr. Electrico. \u00abEstaba sentado en una silla el\u00e9ctrica \u2013cont\u00f3 Bradbury\u2013 y su ayudante baj\u00f3 una palanca. La corriente atraves\u00f3 el cuerpo del mago, que con los pelos de punta blandi\u00f3 una chispeante espada de Excalibur.\u00bb Bradbury, en primera fila, vio c\u00f3mo, entre todos los ni\u00f1os, el mago lo eleg\u00eda a \u00e9l, le apoyaba la espada en un hombro, en el otro y finalmente en la nariz antes de gritar: \u00ab\u00a1Vive para siempre!\u00bb. Nunca hab\u00eda o\u00eddo una idea mejor. Esa Navidad, los padres le regalaron una m\u00e1quina de escribir de juguete, con la que enseguida escribi\u00f3 la continuaci\u00f3n de una novela marciana de Edgar Rice Burroughs. Durante los setenta a\u00f1os siguientes vivir\u00eda como si fuera para siempre y escribir\u00eda sin parar en muchas otras m\u00e1quinas. El resultado: cl\u00e1sicos como Cr\u00f3nicas marcianas, El hombre ilustrado, Fahrenheit 451, El Pa\u00eds de Octubre y treinta libros m\u00e1s. Defensor de la emoci\u00f3n sobre el intelecto, compart\u00eda sin reservas su secreto creativo: \u00abCorre hasta el borde del acantilado y salta. Mientras caes, inv\u00e9ntate alas\u00bb. Falleci\u00f3 en Los \u00c1ngeles en 2012.<\/p>\n","protected":false},"excerpt":{"rendered":"<p><strong>Ray Bradbury<\/strong><br \/>\n9788412537109 &#8211; Zorro Rojo &#8211; 2022 &#8211; 136 p\u00e1ginas \/orri.<\/p>\n","protected":false},"featured_media":12672,"template":"","meta":[],"product_brand":[],"product_cat":[16,187],"product_tag":[5678,5116],"class_list":{"0":"post-12644","1":"product","2":"type-product","3":"status-publish","4":"has-post-thumbnail","6":"product_cat-libros","7":"product_cat-narratiba-narrativa","8":"product_tag-ray-bradbury","9":"product_tag-zorro-rojo","11":"first","12":"instock","13":"sold-individually","14":"shipping-taxable","15":"purchasable","16":"product-type-simple"},"yoast_head":"<!-- This site is optimized with the Yoast SEO plugin v27.3 - https:\/\/yoast.com\/product\/yoast-seo-wordpress\/ -->\n<title>OTRAS CR\u00d3NICAS MARCIANAS (Ilustrado por David de las Heras) &#8212; Zapateneo<\/title>\n<meta name=\"robots\" content=\"index, follow, max-snippet:-1, max-image-preview:large, max-video-preview:-1\" \/>\n<link rel=\"canonical\" href=\"https:\/\/zapateneo.net\/wordpress\/index.php\/producto\/otras-cronicas-marcianas-ilustrado-por-david-de-las-heras\/\" \/>\n<meta property=\"og:locale\" content=\"es_ES\" \/>\n<meta property=\"og:type\" content=\"article\" \/>\n<meta property=\"og:title\" content=\"OTRAS CR\u00d3NICAS MARCIANAS (Ilustrado por David de las Heras) &#8212; Zapateneo\" \/>\n<meta property=\"og:description\" content=\"Ray Bradbury 9788412537109 - Zorro Rojo - 2022 - 136 p\u00e1ginas \/orri.\" \/>\n<meta property=\"og:url\" content=\"https:\/\/zapateneo.net\/wordpress\/index.php\/producto\/otras-cronicas-marcianas-ilustrado-por-david-de-las-heras\/\" \/>\n<meta property=\"og:site_name\" content=\"Zapateneo\" \/>\n<meta property=\"article:modified_time\" content=\"2023-04-09T17:53:11+00:00\" \/>\n<meta name=\"twitter:card\" content=\"summary_large_image\" \/>\n<meta name=\"twitter:site\" content=\"@zapateneo\" \/>\n<meta name=\"twitter:label1\" content=\"Tiempo de lectura\" \/>\n\t<meta name=\"twitter:data1\" content=\"2 minutos\" \/>\n<script type=\"application\/ld+json\" class=\"yoast-schema-graph\">{\"@context\":\"https:\\\/\\\/schema.org\",\"@graph\":[{\"@type\":\"WebPage\",\"@id\":\"https:\\\/\\\/zapateneo.net\\\/wordpress\\\/index.php\\\/producto\\\/otras-cronicas-marcianas-ilustrado-por-david-de-las-heras\\\/\",\"url\":\"https:\\\/\\\/zapateneo.net\\\/wordpress\\\/index.php\\\/producto\\\/otras-cronicas-marcianas-ilustrado-por-david-de-las-heras\\\/\",\"name\":\"OTRAS CR\u00d3NICAS MARCIANAS (Ilustrado por David de las Heras) &#8212; Zapateneo\",\"isPartOf\":{\"@id\":\"https:\\\/\\\/zapateneo.net\\\/wordpress\\\/#website\"},\"primaryImageOfPage\":{\"@id\":\"https:\\\/\\\/zapateneo.net\\\/wordpress\\\/index.php\\\/producto\\\/otras-cronicas-marcianas-ilustrado-por-david-de-las-heras\\\/#primaryimage\"},\"image\":{\"@id\":\"https:\\\/\\\/zapateneo.net\\\/wordpress\\\/index.php\\\/producto\\\/otras-cronicas-marcianas-ilustrado-por-david-de-las-heras\\\/#primaryimage\"},\"thumbnailUrl\":\"https:\\\/\\\/zapateneo.net\\\/wordpress\\\/wp-content\\\/uploads\\\/2023\\\/04\\\/otras-cronicas-marcianas-9788412537109.jpg\",\"datePublished\":\"2023-04-09T17:53:00+00:00\",\"dateModified\":\"2023-04-09T17:53:11+00:00\",\"breadcrumb\":{\"@id\":\"https:\\\/\\\/zapateneo.net\\\/wordpress\\\/index.php\\\/producto\\\/otras-cronicas-marcianas-ilustrado-por-david-de-las-heras\\\/#breadcrumb\"},\"inLanguage\":\"es\",\"potentialAction\":[{\"@type\":\"ReadAction\",\"target\":[\"https:\\\/\\\/zapateneo.net\\\/wordpress\\\/index.php\\\/producto\\\/otras-cronicas-marcianas-ilustrado-por-david-de-las-heras\\\/\"]}]},{\"@type\":\"ImageObject\",\"inLanguage\":\"es\",\"@id\":\"https:\\\/\\\/zapateneo.net\\\/wordpress\\\/index.php\\\/producto\\\/otras-cronicas-marcianas-ilustrado-por-david-de-las-heras\\\/#primaryimage\",\"url\":\"https:\\\/\\\/zapateneo.net\\\/wordpress\\\/wp-content\\\/uploads\\\/2023\\\/04\\\/otras-cronicas-marcianas-9788412537109.jpg\",\"contentUrl\":\"https:\\\/\\\/zapateneo.net\\\/wordpress\\\/wp-content\\\/uploads\\\/2023\\\/04\\\/otras-cronicas-marcianas-9788412537109.jpg\",\"width\":275,\"height\":400},{\"@type\":\"BreadcrumbList\",\"@id\":\"https:\\\/\\\/zapateneo.net\\\/wordpress\\\/index.php\\\/producto\\\/otras-cronicas-marcianas-ilustrado-por-david-de-las-heras\\\/#breadcrumb\",\"itemListElement\":[{\"@type\":\"ListItem\",\"position\":1,\"name\":\"Portada\",\"item\":\"https:\\\/\\\/zapateneo.net\\\/wordpress\\\/\"},{\"@type\":\"ListItem\",\"position\":2,\"name\":\"Tienda\",\"item\":\"https:\\\/\\\/zapateneo.net\\\/wordpress\\\/\"},{\"@type\":\"ListItem\",\"position\":3,\"name\":\"OTRAS CR\u00d3NICAS MARCIANAS (Ilustrado por David de las Heras)\"}]},{\"@type\":\"WebSite\",\"@id\":\"https:\\\/\\\/zapateneo.net\\\/wordpress\\\/#website\",\"url\":\"https:\\\/\\\/zapateneo.net\\\/wordpress\\\/\",\"name\":\"Zapateneo\",\"description\":\"Zapateneoaren webgunea\",\"publisher\":{\"@id\":\"https:\\\/\\\/zapateneo.net\\\/wordpress\\\/#organization\"},\"potentialAction\":[{\"@type\":\"SearchAction\",\"target\":{\"@type\":\"EntryPoint\",\"urlTemplate\":\"https:\\\/\\\/zapateneo.net\\\/wordpress\\\/?s={search_term_string}\"},\"query-input\":{\"@type\":\"PropertyValueSpecification\",\"valueRequired\":true,\"valueName\":\"search_term_string\"}}],\"inLanguage\":\"es\"},{\"@type\":\"Organization\",\"@id\":\"https:\\\/\\\/zapateneo.net\\\/wordpress\\\/#organization\",\"name\":\"Zapateneo Kultur Elkartea\",\"url\":\"https:\\\/\\\/zapateneo.net\\\/wordpress\\\/\",\"logo\":{\"@type\":\"ImageObject\",\"inLanguage\":\"es\",\"@id\":\"https:\\\/\\\/zapateneo.net\\\/wordpress\\\/#\\\/schema\\\/logo\\\/image\\\/\",\"url\":\"https:\\\/\\\/zapateneo.net\\\/wordpress\\\/wp-content\\\/uploads\\\/2021\\\/04\\\/zap-libu-kolec.jpg\",\"contentUrl\":\"https:\\\/\\\/zapateneo.net\\\/wordpress\\\/wp-content\\\/uploads\\\/2021\\\/04\\\/zap-libu-kolec.jpg\",\"width\":2234,\"height\":398,\"caption\":\"Zapateneo Kultur Elkartea\"},\"image\":{\"@id\":\"https:\\\/\\\/zapateneo.net\\\/wordpress\\\/#\\\/schema\\\/logo\\\/image\\\/\"},\"sameAs\":[\"https:\\\/\\\/x.com\\\/zapateneo\"]}]}<\/script>\n<!-- \/ Yoast SEO plugin. -->","yoast_head_json":{"title":"OTRAS CR\u00d3NICAS MARCIANAS (Ilustrado por David de las Heras) &#8212; Zapateneo","robots":{"index":"index","follow":"follow","max-snippet":"max-snippet:-1","max-image-preview":"max-image-preview:large","max-video-preview":"max-video-preview:-1"},"canonical":"https:\/\/zapateneo.net\/wordpress\/index.php\/producto\/otras-cronicas-marcianas-ilustrado-por-david-de-las-heras\/","og_locale":"es_ES","og_type":"article","og_title":"OTRAS CR\u00d3NICAS MARCIANAS (Ilustrado por David de las Heras) &#8212; Zapateneo","og_description":"Ray Bradbury 9788412537109 - Zorro Rojo - 2022 - 136 p\u00e1ginas \/orri.","og_url":"https:\/\/zapateneo.net\/wordpress\/index.php\/producto\/otras-cronicas-marcianas-ilustrado-por-david-de-las-heras\/","og_site_name":"Zapateneo","article_modified_time":"2023-04-09T17:53:11+00:00","twitter_card":"summary_large_image","twitter_site":"@zapateneo","twitter_misc":{"Tiempo de lectura":"2 minutos"},"schema":{"@context":"https:\/\/schema.org","@graph":[{"@type":"WebPage","@id":"https:\/\/zapateneo.net\/wordpress\/index.php\/producto\/otras-cronicas-marcianas-ilustrado-por-david-de-las-heras\/","url":"https:\/\/zapateneo.net\/wordpress\/index.php\/producto\/otras-cronicas-marcianas-ilustrado-por-david-de-las-heras\/","name":"OTRAS CR\u00d3NICAS MARCIANAS (Ilustrado por David de las Heras) &#8212; Zapateneo","isPartOf":{"@id":"https:\/\/zapateneo.net\/wordpress\/#website"},"primaryImageOfPage":{"@id":"https:\/\/zapateneo.net\/wordpress\/index.php\/producto\/otras-cronicas-marcianas-ilustrado-por-david-de-las-heras\/#primaryimage"},"image":{"@id":"https:\/\/zapateneo.net\/wordpress\/index.php\/producto\/otras-cronicas-marcianas-ilustrado-por-david-de-las-heras\/#primaryimage"},"thumbnailUrl":"https:\/\/zapateneo.net\/wordpress\/wp-content\/uploads\/2023\/04\/otras-cronicas-marcianas-9788412537109.jpg","datePublished":"2023-04-09T17:53:00+00:00","dateModified":"2023-04-09T17:53:11+00:00","breadcrumb":{"@id":"https:\/\/zapateneo.net\/wordpress\/index.php\/producto\/otras-cronicas-marcianas-ilustrado-por-david-de-las-heras\/#breadcrumb"},"inLanguage":"es","potentialAction":[{"@type":"ReadAction","target":["https:\/\/zapateneo.net\/wordpress\/index.php\/producto\/otras-cronicas-marcianas-ilustrado-por-david-de-las-heras\/"]}]},{"@type":"ImageObject","inLanguage":"es","@id":"https:\/\/zapateneo.net\/wordpress\/index.php\/producto\/otras-cronicas-marcianas-ilustrado-por-david-de-las-heras\/#primaryimage","url":"https:\/\/zapateneo.net\/wordpress\/wp-content\/uploads\/2023\/04\/otras-cronicas-marcianas-9788412537109.jpg","contentUrl":"https:\/\/zapateneo.net\/wordpress\/wp-content\/uploads\/2023\/04\/otras-cronicas-marcianas-9788412537109.jpg","width":275,"height":400},{"@type":"BreadcrumbList","@id":"https:\/\/zapateneo.net\/wordpress\/index.php\/producto\/otras-cronicas-marcianas-ilustrado-por-david-de-las-heras\/#breadcrumb","itemListElement":[{"@type":"ListItem","position":1,"name":"Portada","item":"https:\/\/zapateneo.net\/wordpress\/"},{"@type":"ListItem","position":2,"name":"Tienda","item":"https:\/\/zapateneo.net\/wordpress\/"},{"@type":"ListItem","position":3,"name":"OTRAS CR\u00d3NICAS MARCIANAS (Ilustrado por David de las Heras)"}]},{"@type":"WebSite","@id":"https:\/\/zapateneo.net\/wordpress\/#website","url":"https:\/\/zapateneo.net\/wordpress\/","name":"Zapateneo","description":"Zapateneoaren webgunea","publisher":{"@id":"https:\/\/zapateneo.net\/wordpress\/#organization"},"potentialAction":[{"@type":"SearchAction","target":{"@type":"EntryPoint","urlTemplate":"https:\/\/zapateneo.net\/wordpress\/?s={search_term_string}"},"query-input":{"@type":"PropertyValueSpecification","valueRequired":true,"valueName":"search_term_string"}}],"inLanguage":"es"},{"@type":"Organization","@id":"https:\/\/zapateneo.net\/wordpress\/#organization","name":"Zapateneo Kultur Elkartea","url":"https:\/\/zapateneo.net\/wordpress\/","logo":{"@type":"ImageObject","inLanguage":"es","@id":"https:\/\/zapateneo.net\/wordpress\/#\/schema\/logo\/image\/","url":"https:\/\/zapateneo.net\/wordpress\/wp-content\/uploads\/2021\/04\/zap-libu-kolec.jpg","contentUrl":"https:\/\/zapateneo.net\/wordpress\/wp-content\/uploads\/2021\/04\/zap-libu-kolec.jpg","width":2234,"height":398,"caption":"Zapateneo Kultur Elkartea"},"image":{"@id":"https:\/\/zapateneo.net\/wordpress\/#\/schema\/logo\/image\/"},"sameAs":["https:\/\/x.com\/zapateneo"]}]}},"_links":{"self":[{"href":"https:\/\/zapateneo.net\/wordpress\/index.php\/wp-json\/wp\/v2\/product\/12644","targetHints":{"allow":["GET"]}}],"collection":[{"href":"https:\/\/zapateneo.net\/wordpress\/index.php\/wp-json\/wp\/v2\/product"}],"about":[{"href":"https:\/\/zapateneo.net\/wordpress\/index.php\/wp-json\/wp\/v2\/types\/product"}],"wp:featuredmedia":[{"embeddable":true,"href":"https:\/\/zapateneo.net\/wordpress\/index.php\/wp-json\/wp\/v2\/media\/12672"}],"wp:attachment":[{"href":"https:\/\/zapateneo.net\/wordpress\/index.php\/wp-json\/wp\/v2\/media?parent=12644"}],"wp:term":[{"taxonomy":"product_brand","embeddable":true,"href":"https:\/\/zapateneo.net\/wordpress\/index.php\/wp-json\/wp\/v2\/product_brand?post=12644"},{"taxonomy":"product_cat","embeddable":true,"href":"https:\/\/zapateneo.net\/wordpress\/index.php\/wp-json\/wp\/v2\/product_cat?post=12644"},{"taxonomy":"product_tag","embeddable":true,"href":"https:\/\/zapateneo.net\/wordpress\/index.php\/wp-json\/wp\/v2\/product_tag?post=12644"}],"curies":[{"name":"wp","href":"https:\/\/api.w.org\/{rel}","templated":true}]}}