{"id":12616,"date":"2023-04-09T09:26:48","date_gmt":"2023-04-09T08:26:48","guid":{"rendered":"https:\/\/zapateneo.net\/wordpress\/?post_type=product&#038;p=12616"},"modified":"2023-04-09T09:27:03","modified_gmt":"2023-04-09T08:27:03","slug":"la-llamada-de-cthulhu-y-otras-historias","status":"publish","type":"product","link":"https:\/\/zapateneo.net\/wordpress\/index.php\/producto\/la-llamada-de-cthulhu-y-otras-historias\/","title":{"rendered":"LA LLAMADA DE CTHULHU Y otras historias"},"content":{"rendered":"<p>La llamada de Cthulhu y otras historias contiene una selecci\u00f3n estrictamente personal de su editor, Leslie S. Klinger, de diez de los mejores relatos cortos de H. P. Lovecraft. El genio de Providence concibi\u00f3 civilizaciones y dioses m\u00e1s antiguos que la historia humana, los mitos de Cthulhu, bautizados as\u00ed en honor de su criatura monstruosa m\u00e1s famosa, oculta en el fondo del oc\u00e9ano.<\/p>\n<p>\u00abDagon\u00bb, uno de sus primeros cuentos, y \u00abLa llamada de Cthulhu\u00bb, son historias protagonizadas por ese se, monstruoso y maloliente \u00abEl horror de Dunwich\u00bb es otra popular \u00abhistoria de monstruos\u00bb, en la que unos cient\u00edficos se enfrentan a una criatura invisible de otra dimensi\u00f3n. En un tono m\u00e1s de ciencia ficci\u00f3n que terror\u00edfico, tanto \u00abEn la noche de los tiempos\u00bb, como \u00abEl morador de las tinieblas\u00bb son cuentos de madurez en los que sus protagonistas, personas racionales y materialistas, descubren de forma inesperada la enormidad del universo, lo que les acarrear\u00e1 consecuencias inimaginables. \u00abLa sombra sobre Innsmouth\u00bb es el mejor de sus relatos acerca de los peligros de sacar a la luz un pasado que es mejor ignorar.<\/p>\n<p>\u00abEl color que surgi\u00f3 del cielo\u00bb y \u00abLa m\u00fasica de Erich Zann\u00bb eran dos de los relatos favoritos de Lovecraft. El primero narra el encuentro con una entidad extraterrestre; el segundo es una historia evocadora y on\u00edrica sobre el poder de la m\u00fasica. Finalmente, se incluyen dos de las historias m\u00e1s emblem\u00e1ticas de Lovecraft, donde salen a la luz sus demonios internos: \u00abEl extra\u00f1o\u00bb y \u00abLas ratas de las paredes\u00bb.<\/p>\n<p>Los relatos de Lovecraft impregnados de un \u00abterror c\u00f3smico\u00bb inquietante nos revelan aspectos secretos del universo que nunca hubi\u00e9ramos imaginado que existieran. Si el lector experimenta un escalofr\u00edo al leerlos, y si su coraz\u00f3n no puede soportar la impresi\u00f3n, siempre puede cerrar el libro\u2026<\/p>\n<p>Howard Phillips Lovecraft (Providence, 1890-1937) fue un escritor estadounidense, considerado uno de los m\u00e1s brillantes y originales autores de narrativa fant\u00e1stica del siglo XX. Con la muerte de su padre, su educaci\u00f3n recay\u00f3 sobre su madre, sus dos t\u00edas y su abuelo, que ten\u00eda una gran biblioteca donde Lovecraft ley\u00f3 con profusi\u00f3n mitolog\u00eda, astronom\u00eda y ciencias, y tambi\u00e9n la obra de Lord Dunsany, Edgar Allan Poe y Arthur Machen, y la mayor parte de sus obras fue publicada en la revista Weird Tales. Mantuvo una relaci\u00f3n ep\u00edstolar con multitud de admiradores y amigos y escribi\u00f3 alrededor de cien mil cartas. Su mayor originalidad reside en la creaci\u00f3n de una compleja y personal mitolog\u00eda monstruosa en el centro de la cual est\u00e1n los old ones, divinidades horribles expulsadas de la Tierra en los tiempos prehist\u00f3ricos y en lucha para tomar posesi\u00f3n de ella. Estos seres aparecen en cuentos como \u00abLas ratas en las paredes\u00bb (1924), \u00abLa llamada de Cthulhu\u00bb (1926) y \u00abEl horror de Dunwich\u00bb (1927), y en novelas como El caso de Charles Dexter Ward (1927).Tal mitolog\u00eda se enriqueci\u00f3 con divinidades menores, y se sostuvo con el recurso a los libros ficticios malditos, como el Necromic\u00f3n. El inter\u00e9s tambi\u00e9n te\u00f3rico de Lovecraft por la literatura fant\u00e1stica est\u00e1 testimoniado por sus escritos cr\u00edticos, en particular por El horror en la literatura (1927), en el que formul\u00f3 una teor\u00eda del g\u00e9nero fundada en bases psicol\u00f3gicas y formales. En su narrativa se funden elementos heterog\u00e9neos: el influjo de Edgar Allan Poe, reconocible en ciertas atm\u00f3sferas y recursos t\u00e9cnicos de sus cuentos juveniles, pero tambi\u00e9n en las novelas de madurez como En las monta\u00f1as de la locura (1931). Los relatos y novelas de Lovecraft, aunque ubicados en los l\u00edmites de la mitolog\u00eda y la fantas\u00eda visionaria, son veros\u00edmiles, pues a pesar del instinto macabro del autor, una prosa detallista, persuasiva y lenta va organizando un peque\u00f1o mundo autosuficiente y cre\u00edble, incluso posesivo para muchos lectores.<\/p>\n<p>Introducci\u00f3n y notas de Leslie S. Klinger<\/p>\n","protected":false},"excerpt":{"rendered":"<p><strong>H. P. Lovecraft<\/strong><br \/>\n9788446053019 &#8211; Akal &#8211; 2022 &#8211; 496 p\u00e1ginas \/orri.<\/p>\n","protected":false},"featured_media":12635,"template":"","meta":[],"product_brand":[],"product_cat":[16,187],"product_tag":[437,5900],"class_list":{"0":"post-12616","1":"product","2":"type-product","3":"status-publish","4":"has-post-thumbnail","6":"product_cat-libros","7":"product_cat-narratiba-narrativa","8":"product_tag-akal","9":"product_tag-h-p-lovecraft","11":"first","12":"instock","13":"sold-individually","14":"shipping-taxable","15":"purchasable","16":"product-type-simple"},"yoast_head":"<!-- This site is optimized with the Yoast SEO plugin v27.3 - https:\/\/yoast.com\/product\/yoast-seo-wordpress\/ -->\n<title>LA LLAMADA DE CTHULHU Y otras historias &#8212; Zapateneo<\/title>\n<meta name=\"robots\" content=\"index, follow, max-snippet:-1, max-image-preview:large, max-video-preview:-1\" \/>\n<link rel=\"canonical\" href=\"https:\/\/zapateneo.net\/wordpress\/index.php\/producto\/la-llamada-de-cthulhu-y-otras-historias\/\" \/>\n<meta property=\"og:locale\" content=\"es_ES\" \/>\n<meta property=\"og:type\" content=\"article\" \/>\n<meta property=\"og:title\" content=\"LA LLAMADA DE CTHULHU Y otras historias &#8212; Zapateneo\" \/>\n<meta property=\"og:description\" content=\"H. P. Lovecraft 9788446053019 - Akal - 2022 - 496 p\u00e1ginas \/orri.\" \/>\n<meta property=\"og:url\" content=\"https:\/\/zapateneo.net\/wordpress\/index.php\/producto\/la-llamada-de-cthulhu-y-otras-historias\/\" \/>\n<meta property=\"og:site_name\" content=\"Zapateneo\" \/>\n<meta property=\"article:modified_time\" content=\"2023-04-09T08:27:03+00:00\" \/>\n<meta name=\"twitter:card\" content=\"summary_large_image\" \/>\n<meta name=\"twitter:site\" content=\"@zapateneo\" \/>\n<meta name=\"twitter:label1\" content=\"Tiempo de lectura\" \/>\n\t<meta name=\"twitter:data1\" content=\"3 minutos\" \/>\n<script type=\"application\/ld+json\" class=\"yoast-schema-graph\">{\"@context\":\"https:\\\/\\\/schema.org\",\"@graph\":[{\"@type\":\"WebPage\",\"@id\":\"https:\\\/\\\/zapateneo.net\\\/wordpress\\\/index.php\\\/producto\\\/la-llamada-de-cthulhu-y-otras-historias\\\/\",\"url\":\"https:\\\/\\\/zapateneo.net\\\/wordpress\\\/index.php\\\/producto\\\/la-llamada-de-cthulhu-y-otras-historias\\\/\",\"name\":\"LA LLAMADA DE CTHULHU Y otras historias &#8212; Zapateneo\",\"isPartOf\":{\"@id\":\"https:\\\/\\\/zapateneo.net\\\/wordpress\\\/#website\"},\"primaryImageOfPage\":{\"@id\":\"https:\\\/\\\/zapateneo.net\\\/wordpress\\\/index.php\\\/producto\\\/la-llamada-de-cthulhu-y-otras-historias\\\/#primaryimage\"},\"image\":{\"@id\":\"https:\\\/\\\/zapateneo.net\\\/wordpress\\\/index.php\\\/producto\\\/la-llamada-de-cthulhu-y-otras-historias\\\/#primaryimage\"},\"thumbnailUrl\":\"https:\\\/\\\/zapateneo.net\\\/wordpress\\\/wp-content\\\/uploads\\\/2023\\\/04\\\/9788446053019.jpg\",\"datePublished\":\"2023-04-09T08:26:48+00:00\",\"dateModified\":\"2023-04-09T08:27:03+00:00\",\"breadcrumb\":{\"@id\":\"https:\\\/\\\/zapateneo.net\\\/wordpress\\\/index.php\\\/producto\\\/la-llamada-de-cthulhu-y-otras-historias\\\/#breadcrumb\"},\"inLanguage\":\"es\",\"potentialAction\":[{\"@type\":\"ReadAction\",\"target\":[\"https:\\\/\\\/zapateneo.net\\\/wordpress\\\/index.php\\\/producto\\\/la-llamada-de-cthulhu-y-otras-historias\\\/\"]}]},{\"@type\":\"ImageObject\",\"inLanguage\":\"es\",\"@id\":\"https:\\\/\\\/zapateneo.net\\\/wordpress\\\/index.php\\\/producto\\\/la-llamada-de-cthulhu-y-otras-historias\\\/#primaryimage\",\"url\":\"https:\\\/\\\/zapateneo.net\\\/wordpress\\\/wp-content\\\/uploads\\\/2023\\\/04\\\/9788446053019.jpg\",\"contentUrl\":\"https:\\\/\\\/zapateneo.net\\\/wordpress\\\/wp-content\\\/uploads\\\/2023\\\/04\\\/9788446053019.jpg\",\"width\":254,\"height\":400},{\"@type\":\"BreadcrumbList\",\"@id\":\"https:\\\/\\\/zapateneo.net\\\/wordpress\\\/index.php\\\/producto\\\/la-llamada-de-cthulhu-y-otras-historias\\\/#breadcrumb\",\"itemListElement\":[{\"@type\":\"ListItem\",\"position\":1,\"name\":\"Portada\",\"item\":\"https:\\\/\\\/zapateneo.net\\\/wordpress\\\/\"},{\"@type\":\"ListItem\",\"position\":2,\"name\":\"Tienda\",\"item\":\"https:\\\/\\\/zapateneo.net\\\/wordpress\\\/\"},{\"@type\":\"ListItem\",\"position\":3,\"name\":\"LA LLAMADA DE CTHULHU Y otras historias\"}]},{\"@type\":\"WebSite\",\"@id\":\"https:\\\/\\\/zapateneo.net\\\/wordpress\\\/#website\",\"url\":\"https:\\\/\\\/zapateneo.net\\\/wordpress\\\/\",\"name\":\"Zapateneo\",\"description\":\"Zapateneoaren webgunea\",\"publisher\":{\"@id\":\"https:\\\/\\\/zapateneo.net\\\/wordpress\\\/#organization\"},\"potentialAction\":[{\"@type\":\"SearchAction\",\"target\":{\"@type\":\"EntryPoint\",\"urlTemplate\":\"https:\\\/\\\/zapateneo.net\\\/wordpress\\\/?s={search_term_string}\"},\"query-input\":{\"@type\":\"PropertyValueSpecification\",\"valueRequired\":true,\"valueName\":\"search_term_string\"}}],\"inLanguage\":\"es\"},{\"@type\":\"Organization\",\"@id\":\"https:\\\/\\\/zapateneo.net\\\/wordpress\\\/#organization\",\"name\":\"Zapateneo Kultur Elkartea\",\"url\":\"https:\\\/\\\/zapateneo.net\\\/wordpress\\\/\",\"logo\":{\"@type\":\"ImageObject\",\"inLanguage\":\"es\",\"@id\":\"https:\\\/\\\/zapateneo.net\\\/wordpress\\\/#\\\/schema\\\/logo\\\/image\\\/\",\"url\":\"https:\\\/\\\/zapateneo.net\\\/wordpress\\\/wp-content\\\/uploads\\\/2021\\\/04\\\/zap-libu-kolec.jpg\",\"contentUrl\":\"https:\\\/\\\/zapateneo.net\\\/wordpress\\\/wp-content\\\/uploads\\\/2021\\\/04\\\/zap-libu-kolec.jpg\",\"width\":2234,\"height\":398,\"caption\":\"Zapateneo Kultur Elkartea\"},\"image\":{\"@id\":\"https:\\\/\\\/zapateneo.net\\\/wordpress\\\/#\\\/schema\\\/logo\\\/image\\\/\"},\"sameAs\":[\"https:\\\/\\\/x.com\\\/zapateneo\"]}]}<\/script>\n<!-- \/ Yoast SEO plugin. -->","yoast_head_json":{"title":"LA LLAMADA DE CTHULHU Y otras historias &#8212; Zapateneo","robots":{"index":"index","follow":"follow","max-snippet":"max-snippet:-1","max-image-preview":"max-image-preview:large","max-video-preview":"max-video-preview:-1"},"canonical":"https:\/\/zapateneo.net\/wordpress\/index.php\/producto\/la-llamada-de-cthulhu-y-otras-historias\/","og_locale":"es_ES","og_type":"article","og_title":"LA LLAMADA DE CTHULHU Y otras historias &#8212; Zapateneo","og_description":"H. P. Lovecraft 9788446053019 - Akal - 2022 - 496 p\u00e1ginas \/orri.","og_url":"https:\/\/zapateneo.net\/wordpress\/index.php\/producto\/la-llamada-de-cthulhu-y-otras-historias\/","og_site_name":"Zapateneo","article_modified_time":"2023-04-09T08:27:03+00:00","twitter_card":"summary_large_image","twitter_site":"@zapateneo","twitter_misc":{"Tiempo de lectura":"3 minutos"},"schema":{"@context":"https:\/\/schema.org","@graph":[{"@type":"WebPage","@id":"https:\/\/zapateneo.net\/wordpress\/index.php\/producto\/la-llamada-de-cthulhu-y-otras-historias\/","url":"https:\/\/zapateneo.net\/wordpress\/index.php\/producto\/la-llamada-de-cthulhu-y-otras-historias\/","name":"LA LLAMADA DE CTHULHU Y otras historias &#8212; Zapateneo","isPartOf":{"@id":"https:\/\/zapateneo.net\/wordpress\/#website"},"primaryImageOfPage":{"@id":"https:\/\/zapateneo.net\/wordpress\/index.php\/producto\/la-llamada-de-cthulhu-y-otras-historias\/#primaryimage"},"image":{"@id":"https:\/\/zapateneo.net\/wordpress\/index.php\/producto\/la-llamada-de-cthulhu-y-otras-historias\/#primaryimage"},"thumbnailUrl":"https:\/\/zapateneo.net\/wordpress\/wp-content\/uploads\/2023\/04\/9788446053019.jpg","datePublished":"2023-04-09T08:26:48+00:00","dateModified":"2023-04-09T08:27:03+00:00","breadcrumb":{"@id":"https:\/\/zapateneo.net\/wordpress\/index.php\/producto\/la-llamada-de-cthulhu-y-otras-historias\/#breadcrumb"},"inLanguage":"es","potentialAction":[{"@type":"ReadAction","target":["https:\/\/zapateneo.net\/wordpress\/index.php\/producto\/la-llamada-de-cthulhu-y-otras-historias\/"]}]},{"@type":"ImageObject","inLanguage":"es","@id":"https:\/\/zapateneo.net\/wordpress\/index.php\/producto\/la-llamada-de-cthulhu-y-otras-historias\/#primaryimage","url":"https:\/\/zapateneo.net\/wordpress\/wp-content\/uploads\/2023\/04\/9788446053019.jpg","contentUrl":"https:\/\/zapateneo.net\/wordpress\/wp-content\/uploads\/2023\/04\/9788446053019.jpg","width":254,"height":400},{"@type":"BreadcrumbList","@id":"https:\/\/zapateneo.net\/wordpress\/index.php\/producto\/la-llamada-de-cthulhu-y-otras-historias\/#breadcrumb","itemListElement":[{"@type":"ListItem","position":1,"name":"Portada","item":"https:\/\/zapateneo.net\/wordpress\/"},{"@type":"ListItem","position":2,"name":"Tienda","item":"https:\/\/zapateneo.net\/wordpress\/"},{"@type":"ListItem","position":3,"name":"LA LLAMADA DE CTHULHU Y otras historias"}]},{"@type":"WebSite","@id":"https:\/\/zapateneo.net\/wordpress\/#website","url":"https:\/\/zapateneo.net\/wordpress\/","name":"Zapateneo","description":"Zapateneoaren webgunea","publisher":{"@id":"https:\/\/zapateneo.net\/wordpress\/#organization"},"potentialAction":[{"@type":"SearchAction","target":{"@type":"EntryPoint","urlTemplate":"https:\/\/zapateneo.net\/wordpress\/?s={search_term_string}"},"query-input":{"@type":"PropertyValueSpecification","valueRequired":true,"valueName":"search_term_string"}}],"inLanguage":"es"},{"@type":"Organization","@id":"https:\/\/zapateneo.net\/wordpress\/#organization","name":"Zapateneo Kultur Elkartea","url":"https:\/\/zapateneo.net\/wordpress\/","logo":{"@type":"ImageObject","inLanguage":"es","@id":"https:\/\/zapateneo.net\/wordpress\/#\/schema\/logo\/image\/","url":"https:\/\/zapateneo.net\/wordpress\/wp-content\/uploads\/2021\/04\/zap-libu-kolec.jpg","contentUrl":"https:\/\/zapateneo.net\/wordpress\/wp-content\/uploads\/2021\/04\/zap-libu-kolec.jpg","width":2234,"height":398,"caption":"Zapateneo Kultur Elkartea"},"image":{"@id":"https:\/\/zapateneo.net\/wordpress\/#\/schema\/logo\/image\/"},"sameAs":["https:\/\/x.com\/zapateneo"]}]}},"_links":{"self":[{"href":"https:\/\/zapateneo.net\/wordpress\/index.php\/wp-json\/wp\/v2\/product\/12616","targetHints":{"allow":["GET"]}}],"collection":[{"href":"https:\/\/zapateneo.net\/wordpress\/index.php\/wp-json\/wp\/v2\/product"}],"about":[{"href":"https:\/\/zapateneo.net\/wordpress\/index.php\/wp-json\/wp\/v2\/types\/product"}],"wp:featuredmedia":[{"embeddable":true,"href":"https:\/\/zapateneo.net\/wordpress\/index.php\/wp-json\/wp\/v2\/media\/12635"}],"wp:attachment":[{"href":"https:\/\/zapateneo.net\/wordpress\/index.php\/wp-json\/wp\/v2\/media?parent=12616"}],"wp:term":[{"taxonomy":"product_brand","embeddable":true,"href":"https:\/\/zapateneo.net\/wordpress\/index.php\/wp-json\/wp\/v2\/product_brand?post=12616"},{"taxonomy":"product_cat","embeddable":true,"href":"https:\/\/zapateneo.net\/wordpress\/index.php\/wp-json\/wp\/v2\/product_cat?post=12616"},{"taxonomy":"product_tag","embeddable":true,"href":"https:\/\/zapateneo.net\/wordpress\/index.php\/wp-json\/wp\/v2\/product_tag?post=12616"}],"curies":[{"name":"wp","href":"https:\/\/api.w.org\/{rel}","templated":true}]}}