{"id":12581,"date":"2023-04-08T16:46:17","date_gmt":"2023-04-08T15:46:17","guid":{"rendered":"https:\/\/zapateneo.net\/wordpress\/?post_type=product&#038;p=12581"},"modified":"2023-04-08T16:46:32","modified_gmt":"2023-04-08T15:46:32","slug":"una-teoria-marxista-del-valor-trabajo-a-la-luz-de-la-industria-petrolera","status":"publish","type":"product","link":"https:\/\/zapateneo.net\/wordpress\/index.php\/producto\/una-teoria-marxista-del-valor-trabajo-a-la-luz-de-la-industria-petrolera\/","title":{"rendered":"UNA TEOR\u00cdA MARXISTA DEL VALOR-TRABAJO A LA LUZ DE LA INDUSTRIA PETROLERA"},"content":{"rendered":"<p>El valor es un espejo del mundo de las mercanc\u00edas f\u00edsicas y puede codificar todas las cosas que hay en \u00e9l, como sucede en la metaf\u00edsica de Spinoza, en la cual las ideas y los cuerpos tienen un desenvolvimiento paralelo, interreferencial. Por esa raz\u00f3n, en el capitalismo el conocimiento tiene una forma esencialmente esquizoide: por un lado, la modalidad del valor y, por el otro lado, la modalidad f\u00edsica y tecnol\u00f3gica. Decir que hay un permanente ir y venir entre las cosas f\u00edsicas\/\u00fatiles y el valor es una gran verdad en el caso del petr\u00f3leo. El car\u00e1cter cuasi-m\u00e1gico del petr\u00f3leo, similar al que ten\u00eda en la imaginaci\u00f3n de los seres humanos del siglo XVIII, proviene de su condici\u00f3n dual: su aspecto pr\u00e1ctico de mercanc\u00eda fundamental para el sistema de producci\u00f3n de mercanc\u00edas y de explotaci\u00f3n del trabajo, y su aspecto te\u00f3ricamente an\u00f3malo dentro del sistema.<\/p>\n<p>George Caffentzis (Nueva York,1945) es fil\u00f3sofo, profesor y militante. Su \u00e1rea de inter\u00e9s como acad\u00e9mico es la Filosof\u00eda del dinero y la Filosof\u00eda de la Ciencia y la Tecnolog\u00eda. Como militante, siendo todav\u00eda estudiante, particip\u00f3 del Movimiento por los derechos civiles y de las protestas contra la Guerra de Vietnam. Junto a su compa\u00f1era Silvia Federici, Peter Linebaugh y otros compa\u00f1eros, fund\u00f3 Midnight Notes Collective, con quienes escribi\u00f3 y public\u00f3 gran parte de su obra de investigaci\u00f3n pol\u00edtica. En los ochenta siendo profesor en Nigeria, fue coordinador del Committee for Academic Freedom in Africa (CAFA). Durante treinta a\u00f1os fue profesor de filosof\u00eda en la University of Southern Maine. Entre sus libros se destacan Clipped Coins, Abused Words and Civil Government: John Locke\u2019s Philosophy of Money (1989); Exciting the Industry of Mankind: George Berkeley\u2019s Philosophy of Money (2000); Auroras of the Zapatistas: Local and Global Struggles in the Fourth World War (2001); y No Blood For Oil! Essays on Energy, Class Struggle, and War (2017); Los l\u00edmites del capital. Deuda, moneda y lucha de clases (Tinta Lim\u00f3n, 2018).<\/p>\n","protected":false},"excerpt":{"rendered":"<p><strong>George Caffentzis<\/strong><br \/>\n9789873687891 &#8211; Tinta Lim\u00f3n &#8211; 2022 &#8211; 128 p\u00e1ginas \/orri.<\/p>\n","protected":false},"featured_media":12601,"template":"","meta":[],"product_brand":[],"product_cat":[16,176],"product_tag":[5887,660],"class_list":{"0":"post-12581","1":"product","2":"type-product","3":"status-publish","4":"has-post-thumbnail","6":"product_cat-libros","7":"product_cat-marxismoa-marxismo","8":"product_tag-george-caffentzis","9":"product_tag-tinta-limon","11":"first","12":"instock","13":"sold-individually","14":"shipping-taxable","15":"purchasable","16":"product-type-simple"},"yoast_head":"<!-- This site is optimized with the Yoast SEO plugin v27.3 - https:\/\/yoast.com\/product\/yoast-seo-wordpress\/ -->\n<title>UNA TEOR\u00cdA MARXISTA DEL VALOR-TRABAJO A LA LUZ DE LA INDUSTRIA PETROLERA &#8212; Zapateneo<\/title>\n<meta name=\"robots\" content=\"index, follow, max-snippet:-1, max-image-preview:large, max-video-preview:-1\" \/>\n<link rel=\"canonical\" href=\"https:\/\/zapateneo.net\/wordpress\/index.php\/producto\/una-teoria-marxista-del-valor-trabajo-a-la-luz-de-la-industria-petrolera\/\" \/>\n<meta property=\"og:locale\" content=\"es_ES\" \/>\n<meta property=\"og:type\" content=\"article\" \/>\n<meta property=\"og:title\" content=\"UNA TEOR\u00cdA MARXISTA DEL VALOR-TRABAJO A LA LUZ DE LA INDUSTRIA PETROLERA &#8212; Zapateneo\" \/>\n<meta property=\"og:description\" content=\"George Caffentzis 9789873687891 - Tinta Lim\u00f3n - 2022 - 128 p\u00e1ginas \/orri.\" \/>\n<meta property=\"og:url\" content=\"https:\/\/zapateneo.net\/wordpress\/index.php\/producto\/una-teoria-marxista-del-valor-trabajo-a-la-luz-de-la-industria-petrolera\/\" \/>\n<meta property=\"og:site_name\" content=\"Zapateneo\" \/>\n<meta property=\"article:modified_time\" content=\"2023-04-08T15:46:32+00:00\" \/>\n<meta name=\"twitter:card\" content=\"summary_large_image\" \/>\n<meta name=\"twitter:site\" content=\"@zapateneo\" \/>\n<meta name=\"twitter:label1\" content=\"Tiempo de lectura\" \/>\n\t<meta name=\"twitter:data1\" content=\"2 minutos\" \/>\n<script type=\"application\/ld+json\" class=\"yoast-schema-graph\">{\"@context\":\"https:\\\/\\\/schema.org\",\"@graph\":[{\"@type\":\"WebPage\",\"@id\":\"https:\\\/\\\/zapateneo.net\\\/wordpress\\\/index.php\\\/producto\\\/una-teoria-marxista-del-valor-trabajo-a-la-luz-de-la-industria-petrolera\\\/\",\"url\":\"https:\\\/\\\/zapateneo.net\\\/wordpress\\\/index.php\\\/producto\\\/una-teoria-marxista-del-valor-trabajo-a-la-luz-de-la-industria-petrolera\\\/\",\"name\":\"UNA TEOR\u00cdA MARXISTA DEL VALOR-TRABAJO A LA LUZ DE LA INDUSTRIA PETROLERA &#8212; Zapateneo\",\"isPartOf\":{\"@id\":\"https:\\\/\\\/zapateneo.net\\\/wordpress\\\/#website\"},\"primaryImageOfPage\":{\"@id\":\"https:\\\/\\\/zapateneo.net\\\/wordpress\\\/index.php\\\/producto\\\/una-teoria-marxista-del-valor-trabajo-a-la-luz-de-la-industria-petrolera\\\/#primaryimage\"},\"image\":{\"@id\":\"https:\\\/\\\/zapateneo.net\\\/wordpress\\\/index.php\\\/producto\\\/una-teoria-marxista-del-valor-trabajo-a-la-luz-de-la-industria-petrolera\\\/#primaryimage\"},\"thumbnailUrl\":\"https:\\\/\\\/zapateneo.net\\\/wordpress\\\/wp-content\\\/uploads\\\/2023\\\/04\\\/una-teoria-marxista-del-valor-trabajo-9789873687891.jpg\",\"datePublished\":\"2023-04-08T15:46:17+00:00\",\"dateModified\":\"2023-04-08T15:46:32+00:00\",\"breadcrumb\":{\"@id\":\"https:\\\/\\\/zapateneo.net\\\/wordpress\\\/index.php\\\/producto\\\/una-teoria-marxista-del-valor-trabajo-a-la-luz-de-la-industria-petrolera\\\/#breadcrumb\"},\"inLanguage\":\"es\",\"potentialAction\":[{\"@type\":\"ReadAction\",\"target\":[\"https:\\\/\\\/zapateneo.net\\\/wordpress\\\/index.php\\\/producto\\\/una-teoria-marxista-del-valor-trabajo-a-la-luz-de-la-industria-petrolera\\\/\"]}]},{\"@type\":\"ImageObject\",\"inLanguage\":\"es\",\"@id\":\"https:\\\/\\\/zapateneo.net\\\/wordpress\\\/index.php\\\/producto\\\/una-teoria-marxista-del-valor-trabajo-a-la-luz-de-la-industria-petrolera\\\/#primaryimage\",\"url\":\"https:\\\/\\\/zapateneo.net\\\/wordpress\\\/wp-content\\\/uploads\\\/2023\\\/04\\\/una-teoria-marxista-del-valor-trabajo-9789873687891.jpg\",\"contentUrl\":\"https:\\\/\\\/zapateneo.net\\\/wordpress\\\/wp-content\\\/uploads\\\/2023\\\/04\\\/una-teoria-marxista-del-valor-trabajo-9789873687891.jpg\",\"width\":259,\"height\":400},{\"@type\":\"BreadcrumbList\",\"@id\":\"https:\\\/\\\/zapateneo.net\\\/wordpress\\\/index.php\\\/producto\\\/una-teoria-marxista-del-valor-trabajo-a-la-luz-de-la-industria-petrolera\\\/#breadcrumb\",\"itemListElement\":[{\"@type\":\"ListItem\",\"position\":1,\"name\":\"Portada\",\"item\":\"https:\\\/\\\/zapateneo.net\\\/wordpress\\\/\"},{\"@type\":\"ListItem\",\"position\":2,\"name\":\"Tienda\",\"item\":\"https:\\\/\\\/zapateneo.net\\\/wordpress\\\/\"},{\"@type\":\"ListItem\",\"position\":3,\"name\":\"UNA TEOR\u00cdA MARXISTA DEL VALOR-TRABAJO A LA LUZ DE LA INDUSTRIA PETROLERA\"}]},{\"@type\":\"WebSite\",\"@id\":\"https:\\\/\\\/zapateneo.net\\\/wordpress\\\/#website\",\"url\":\"https:\\\/\\\/zapateneo.net\\\/wordpress\\\/\",\"name\":\"Zapateneo\",\"description\":\"Zapateneoaren webgunea\",\"publisher\":{\"@id\":\"https:\\\/\\\/zapateneo.net\\\/wordpress\\\/#organization\"},\"potentialAction\":[{\"@type\":\"SearchAction\",\"target\":{\"@type\":\"EntryPoint\",\"urlTemplate\":\"https:\\\/\\\/zapateneo.net\\\/wordpress\\\/?s={search_term_string}\"},\"query-input\":{\"@type\":\"PropertyValueSpecification\",\"valueRequired\":true,\"valueName\":\"search_term_string\"}}],\"inLanguage\":\"es\"},{\"@type\":\"Organization\",\"@id\":\"https:\\\/\\\/zapateneo.net\\\/wordpress\\\/#organization\",\"name\":\"Zapateneo Kultur Elkartea\",\"url\":\"https:\\\/\\\/zapateneo.net\\\/wordpress\\\/\",\"logo\":{\"@type\":\"ImageObject\",\"inLanguage\":\"es\",\"@id\":\"https:\\\/\\\/zapateneo.net\\\/wordpress\\\/#\\\/schema\\\/logo\\\/image\\\/\",\"url\":\"https:\\\/\\\/zapateneo.net\\\/wordpress\\\/wp-content\\\/uploads\\\/2021\\\/04\\\/zap-libu-kolec.jpg\",\"contentUrl\":\"https:\\\/\\\/zapateneo.net\\\/wordpress\\\/wp-content\\\/uploads\\\/2021\\\/04\\\/zap-libu-kolec.jpg\",\"width\":2234,\"height\":398,\"caption\":\"Zapateneo Kultur Elkartea\"},\"image\":{\"@id\":\"https:\\\/\\\/zapateneo.net\\\/wordpress\\\/#\\\/schema\\\/logo\\\/image\\\/\"},\"sameAs\":[\"https:\\\/\\\/x.com\\\/zapateneo\"]}]}<\/script>\n<!-- \/ Yoast SEO plugin. -->","yoast_head_json":{"title":"UNA TEOR\u00cdA MARXISTA DEL VALOR-TRABAJO A LA LUZ DE LA INDUSTRIA PETROLERA &#8212; Zapateneo","robots":{"index":"index","follow":"follow","max-snippet":"max-snippet:-1","max-image-preview":"max-image-preview:large","max-video-preview":"max-video-preview:-1"},"canonical":"https:\/\/zapateneo.net\/wordpress\/index.php\/producto\/una-teoria-marxista-del-valor-trabajo-a-la-luz-de-la-industria-petrolera\/","og_locale":"es_ES","og_type":"article","og_title":"UNA TEOR\u00cdA MARXISTA DEL VALOR-TRABAJO A LA LUZ DE LA INDUSTRIA PETROLERA &#8212; Zapateneo","og_description":"George Caffentzis 9789873687891 - Tinta Lim\u00f3n - 2022 - 128 p\u00e1ginas \/orri.","og_url":"https:\/\/zapateneo.net\/wordpress\/index.php\/producto\/una-teoria-marxista-del-valor-trabajo-a-la-luz-de-la-industria-petrolera\/","og_site_name":"Zapateneo","article_modified_time":"2023-04-08T15:46:32+00:00","twitter_card":"summary_large_image","twitter_site":"@zapateneo","twitter_misc":{"Tiempo de lectura":"2 minutos"},"schema":{"@context":"https:\/\/schema.org","@graph":[{"@type":"WebPage","@id":"https:\/\/zapateneo.net\/wordpress\/index.php\/producto\/una-teoria-marxista-del-valor-trabajo-a-la-luz-de-la-industria-petrolera\/","url":"https:\/\/zapateneo.net\/wordpress\/index.php\/producto\/una-teoria-marxista-del-valor-trabajo-a-la-luz-de-la-industria-petrolera\/","name":"UNA TEOR\u00cdA MARXISTA DEL VALOR-TRABAJO A LA LUZ DE LA INDUSTRIA PETROLERA &#8212; Zapateneo","isPartOf":{"@id":"https:\/\/zapateneo.net\/wordpress\/#website"},"primaryImageOfPage":{"@id":"https:\/\/zapateneo.net\/wordpress\/index.php\/producto\/una-teoria-marxista-del-valor-trabajo-a-la-luz-de-la-industria-petrolera\/#primaryimage"},"image":{"@id":"https:\/\/zapateneo.net\/wordpress\/index.php\/producto\/una-teoria-marxista-del-valor-trabajo-a-la-luz-de-la-industria-petrolera\/#primaryimage"},"thumbnailUrl":"https:\/\/zapateneo.net\/wordpress\/wp-content\/uploads\/2023\/04\/una-teoria-marxista-del-valor-trabajo-9789873687891.jpg","datePublished":"2023-04-08T15:46:17+00:00","dateModified":"2023-04-08T15:46:32+00:00","breadcrumb":{"@id":"https:\/\/zapateneo.net\/wordpress\/index.php\/producto\/una-teoria-marxista-del-valor-trabajo-a-la-luz-de-la-industria-petrolera\/#breadcrumb"},"inLanguage":"es","potentialAction":[{"@type":"ReadAction","target":["https:\/\/zapateneo.net\/wordpress\/index.php\/producto\/una-teoria-marxista-del-valor-trabajo-a-la-luz-de-la-industria-petrolera\/"]}]},{"@type":"ImageObject","inLanguage":"es","@id":"https:\/\/zapateneo.net\/wordpress\/index.php\/producto\/una-teoria-marxista-del-valor-trabajo-a-la-luz-de-la-industria-petrolera\/#primaryimage","url":"https:\/\/zapateneo.net\/wordpress\/wp-content\/uploads\/2023\/04\/una-teoria-marxista-del-valor-trabajo-9789873687891.jpg","contentUrl":"https:\/\/zapateneo.net\/wordpress\/wp-content\/uploads\/2023\/04\/una-teoria-marxista-del-valor-trabajo-9789873687891.jpg","width":259,"height":400},{"@type":"BreadcrumbList","@id":"https:\/\/zapateneo.net\/wordpress\/index.php\/producto\/una-teoria-marxista-del-valor-trabajo-a-la-luz-de-la-industria-petrolera\/#breadcrumb","itemListElement":[{"@type":"ListItem","position":1,"name":"Portada","item":"https:\/\/zapateneo.net\/wordpress\/"},{"@type":"ListItem","position":2,"name":"Tienda","item":"https:\/\/zapateneo.net\/wordpress\/"},{"@type":"ListItem","position":3,"name":"UNA TEOR\u00cdA MARXISTA DEL VALOR-TRABAJO A LA LUZ DE LA INDUSTRIA PETROLERA"}]},{"@type":"WebSite","@id":"https:\/\/zapateneo.net\/wordpress\/#website","url":"https:\/\/zapateneo.net\/wordpress\/","name":"Zapateneo","description":"Zapateneoaren webgunea","publisher":{"@id":"https:\/\/zapateneo.net\/wordpress\/#organization"},"potentialAction":[{"@type":"SearchAction","target":{"@type":"EntryPoint","urlTemplate":"https:\/\/zapateneo.net\/wordpress\/?s={search_term_string}"},"query-input":{"@type":"PropertyValueSpecification","valueRequired":true,"valueName":"search_term_string"}}],"inLanguage":"es"},{"@type":"Organization","@id":"https:\/\/zapateneo.net\/wordpress\/#organization","name":"Zapateneo Kultur Elkartea","url":"https:\/\/zapateneo.net\/wordpress\/","logo":{"@type":"ImageObject","inLanguage":"es","@id":"https:\/\/zapateneo.net\/wordpress\/#\/schema\/logo\/image\/","url":"https:\/\/zapateneo.net\/wordpress\/wp-content\/uploads\/2021\/04\/zap-libu-kolec.jpg","contentUrl":"https:\/\/zapateneo.net\/wordpress\/wp-content\/uploads\/2021\/04\/zap-libu-kolec.jpg","width":2234,"height":398,"caption":"Zapateneo Kultur Elkartea"},"image":{"@id":"https:\/\/zapateneo.net\/wordpress\/#\/schema\/logo\/image\/"},"sameAs":["https:\/\/x.com\/zapateneo"]}]}},"_links":{"self":[{"href":"https:\/\/zapateneo.net\/wordpress\/index.php\/wp-json\/wp\/v2\/product\/12581","targetHints":{"allow":["GET"]}}],"collection":[{"href":"https:\/\/zapateneo.net\/wordpress\/index.php\/wp-json\/wp\/v2\/product"}],"about":[{"href":"https:\/\/zapateneo.net\/wordpress\/index.php\/wp-json\/wp\/v2\/types\/product"}],"wp:featuredmedia":[{"embeddable":true,"href":"https:\/\/zapateneo.net\/wordpress\/index.php\/wp-json\/wp\/v2\/media\/12601"}],"wp:attachment":[{"href":"https:\/\/zapateneo.net\/wordpress\/index.php\/wp-json\/wp\/v2\/media?parent=12581"}],"wp:term":[{"taxonomy":"product_brand","embeddable":true,"href":"https:\/\/zapateneo.net\/wordpress\/index.php\/wp-json\/wp\/v2\/product_brand?post=12581"},{"taxonomy":"product_cat","embeddable":true,"href":"https:\/\/zapateneo.net\/wordpress\/index.php\/wp-json\/wp\/v2\/product_cat?post=12581"},{"taxonomy":"product_tag","embeddable":true,"href":"https:\/\/zapateneo.net\/wordpress\/index.php\/wp-json\/wp\/v2\/product_tag?post=12581"}],"curies":[{"name":"wp","href":"https:\/\/api.w.org\/{rel}","templated":true}]}}