{"id":12578,"date":"2023-04-08T16:46:16","date_gmt":"2023-04-08T15:46:16","guid":{"rendered":"https:\/\/zapateneo.net\/wordpress\/?post_type=product&#038;p=12578"},"modified":"2023-04-08T16:46:29","modified_gmt":"2023-04-08T15:46:29","slug":"impresiones-sobre-el-socialismo-en-espana","status":"publish","type":"product","link":"https:\/\/zapateneo.net\/wordpress\/index.php\/producto\/impresiones-sobre-el-socialismo-en-espana\/","title":{"rendered":"IMPRESIONES SOBRE EL SOCIALISMO EN ESPA\u00d1A"},"content":{"rendered":"<p>impresiones-sobre-el-socialismo-en-espana-9788412540505<\/p>\n<p>    IMPRESIONES SOBRE EL SOCIALISMO EN ESPA\u00d1A<br \/>\n    Max Nettlau<br \/>\n    205 pags.<br \/>\n    ISBN: 9788412540505<br \/>\n    Al Margen<br \/>\n    D\u00f3nde encontrarlo<br \/>\n    https:\/\/www.ateneoalmargen.org\/<br \/>\n    Anarquismo y pensamiento antiautoritario |Historia<\/p>\n<p>    12,00 \u20ac<\/p>\n<p>Para conocer mejor el desarrollo del anarquismo en nuestro pa\u00eds, nos parece imprescindible estudiar una parte del legado que nos dej\u00f3 el infatigable historiador anarquista Max Nettlau. Este anarquista austr\u00edaco dedic\u00f3 toda su vida y sus recursos personales a las investigaciones del anarquismo internacional; no obstante, muchos de sus manuscritos duermen el sue\u00f1o de los justos en las polvorientas estanter\u00edas del Instituto de Historia Social de \u00c1msterdam. Estos estudios sobre la Internacional espa\u00f1ola los llev\u00f3 a cabo Nettlau gracias a la invitaci\u00f3n que le hizo Federico Urales de desplazarse a Barcelona, ya que all\u00ed tendr\u00eda la oportunidad de consultar una ingente documentaci\u00f3n sobre la misma. Adem\u00e1s de tomar las notas pertinentes, Nettlau public\u00f3, en La Revista Blanca, una serie de art\u00edculos sobre este tema que viene a ser una s\u00edntesis de su voluminosa obra, pero que nos ofrece lo m\u00e1s sustancial de sus investigaciones.<\/p>\n<p>Max Nettlau naci\u00f3 el 30 de abril de 1865 en Neuwaldegg (hoy parte de Viena), y muri\u00f3 el 23 de julio de 1944 en \u00c1msterdam. Fue un importante historiador del anarquismo alem\u00e1n e internacional, especialmente del anarquismo espa\u00f1ol. Durante la crisis econ\u00f3mica que sigui\u00f3 a la Primera Guerra Mundial, la inflaci\u00f3n hizo perder a Nettlau la fortuna heredada de sus padres, lo que le oblig\u00f3 a vivir en condiciones muy precarias. Sin embargo, continu\u00f3 recolectando documentos y publicando incansablemente. En 1935, Nettlau vendi\u00f3 su inmensa colecci\u00f3n de libros, peri\u00f3dicos, archivos y otros documentos sobre el socialismo y el anarquismo al Internationaal Instituut voor Sociale Geschiedenis (IISG). Trabajador infatigable, no dej\u00f3 de enriquecer su archivo cada d\u00eda de su vida, manteniendo un estrecho contacto con Espa\u00f1a y una gran afinidad con personalidades como Federico Urales (seud\u00f3nimo de Juan Montseny), el cual le anim\u00f3 a revisar la documentaci\u00f3n sobre la Primera Internacional espa\u00f1ola que se conservaba en Barcelona.<\/p>\n","protected":false},"excerpt":{"rendered":"<p><strong>Max Nettlau<\/strong><br \/>\n9788412540505 &#8211; Ateneo libertario Al Margen &#8211; 2022 &#8211; 205 p\u00e1ginas \/orri.<\/p>\n","protected":false},"featured_media":12598,"template":"","meta":[],"product_brand":[],"product_cat":[165,174],"product_tag":[4205,2071],"class_list":{"0":"post-12578","1":"product","2":"type-product","3":"status-publish","4":"has-post-thumbnail","6":"product_cat-fanzines-fanzineak","7":"product_cat-generoak-generos","8":"product_tag-ateneo-libertario-al-margen","9":"product_tag-max-nettlau","11":"first","12":"instock","13":"sold-individually","14":"shipping-taxable","15":"purchasable","16":"product-type-simple"},"yoast_head":"<!-- This site is optimized with the Yoast SEO plugin v27.3 - https:\/\/yoast.com\/product\/yoast-seo-wordpress\/ -->\n<title>IMPRESIONES SOBRE EL SOCIALISMO EN ESPA\u00d1A &#8212; Zapateneo<\/title>\n<meta name=\"robots\" content=\"index, follow, max-snippet:-1, max-image-preview:large, max-video-preview:-1\" \/>\n<link rel=\"canonical\" href=\"https:\/\/zapateneo.net\/wordpress\/index.php\/producto\/impresiones-sobre-el-socialismo-en-espana\/\" \/>\n<meta property=\"og:locale\" content=\"es_ES\" \/>\n<meta property=\"og:type\" content=\"article\" \/>\n<meta property=\"og:title\" content=\"IMPRESIONES SOBRE EL SOCIALISMO EN ESPA\u00d1A &#8212; Zapateneo\" \/>\n<meta property=\"og:description\" content=\"Max Nettlau 9788412540505 - Ateneo libertario Al Margen - 2022 - 205 p\u00e1ginas \/orri.\" \/>\n<meta property=\"og:url\" content=\"https:\/\/zapateneo.net\/wordpress\/index.php\/producto\/impresiones-sobre-el-socialismo-en-espana\/\" \/>\n<meta property=\"og:site_name\" content=\"Zapateneo\" \/>\n<meta property=\"article:modified_time\" content=\"2023-04-08T15:46:29+00:00\" \/>\n<meta name=\"twitter:card\" content=\"summary_large_image\" \/>\n<meta name=\"twitter:site\" content=\"@zapateneo\" \/>\n<meta name=\"twitter:label1\" content=\"Tiempo de lectura\" \/>\n\t<meta name=\"twitter:data1\" content=\"2 minutos\" \/>\n<script type=\"application\/ld+json\" class=\"yoast-schema-graph\">{\"@context\":\"https:\\\/\\\/schema.org\",\"@graph\":[{\"@type\":\"WebPage\",\"@id\":\"https:\\\/\\\/zapateneo.net\\\/wordpress\\\/index.php\\\/producto\\\/impresiones-sobre-el-socialismo-en-espana\\\/\",\"url\":\"https:\\\/\\\/zapateneo.net\\\/wordpress\\\/index.php\\\/producto\\\/impresiones-sobre-el-socialismo-en-espana\\\/\",\"name\":\"IMPRESIONES SOBRE EL SOCIALISMO EN ESPA\u00d1A &#8212; Zapateneo\",\"isPartOf\":{\"@id\":\"https:\\\/\\\/zapateneo.net\\\/wordpress\\\/#website\"},\"primaryImageOfPage\":{\"@id\":\"https:\\\/\\\/zapateneo.net\\\/wordpress\\\/index.php\\\/producto\\\/impresiones-sobre-el-socialismo-en-espana\\\/#primaryimage\"},\"image\":{\"@id\":\"https:\\\/\\\/zapateneo.net\\\/wordpress\\\/index.php\\\/producto\\\/impresiones-sobre-el-socialismo-en-espana\\\/#primaryimage\"},\"thumbnailUrl\":\"https:\\\/\\\/zapateneo.net\\\/wordpress\\\/wp-content\\\/uploads\\\/2023\\\/04\\\/impresiones-sobre-el-socialismo-en-espana-9788412540505.jpg\",\"datePublished\":\"2023-04-08T15:46:16+00:00\",\"dateModified\":\"2023-04-08T15:46:29+00:00\",\"breadcrumb\":{\"@id\":\"https:\\\/\\\/zapateneo.net\\\/wordpress\\\/index.php\\\/producto\\\/impresiones-sobre-el-socialismo-en-espana\\\/#breadcrumb\"},\"inLanguage\":\"es\",\"potentialAction\":[{\"@type\":\"ReadAction\",\"target\":[\"https:\\\/\\\/zapateneo.net\\\/wordpress\\\/index.php\\\/producto\\\/impresiones-sobre-el-socialismo-en-espana\\\/\"]}]},{\"@type\":\"ImageObject\",\"inLanguage\":\"es\",\"@id\":\"https:\\\/\\\/zapateneo.net\\\/wordpress\\\/index.php\\\/producto\\\/impresiones-sobre-el-socialismo-en-espana\\\/#primaryimage\",\"url\":\"https:\\\/\\\/zapateneo.net\\\/wordpress\\\/wp-content\\\/uploads\\\/2023\\\/04\\\/impresiones-sobre-el-socialismo-en-espana-9788412540505.jpg\",\"contentUrl\":\"https:\\\/\\\/zapateneo.net\\\/wordpress\\\/wp-content\\\/uploads\\\/2023\\\/04\\\/impresiones-sobre-el-socialismo-en-espana-9788412540505.jpg\",\"width\":263,\"height\":400},{\"@type\":\"BreadcrumbList\",\"@id\":\"https:\\\/\\\/zapateneo.net\\\/wordpress\\\/index.php\\\/producto\\\/impresiones-sobre-el-socialismo-en-espana\\\/#breadcrumb\",\"itemListElement\":[{\"@type\":\"ListItem\",\"position\":1,\"name\":\"Portada\",\"item\":\"https:\\\/\\\/zapateneo.net\\\/wordpress\\\/\"},{\"@type\":\"ListItem\",\"position\":2,\"name\":\"Tienda\",\"item\":\"https:\\\/\\\/zapateneo.net\\\/wordpress\\\/\"},{\"@type\":\"ListItem\",\"position\":3,\"name\":\"IMPRESIONES SOBRE EL SOCIALISMO EN ESPA\u00d1A\"}]},{\"@type\":\"WebSite\",\"@id\":\"https:\\\/\\\/zapateneo.net\\\/wordpress\\\/#website\",\"url\":\"https:\\\/\\\/zapateneo.net\\\/wordpress\\\/\",\"name\":\"Zapateneo\",\"description\":\"Zapateneoaren webgunea\",\"publisher\":{\"@id\":\"https:\\\/\\\/zapateneo.net\\\/wordpress\\\/#organization\"},\"potentialAction\":[{\"@type\":\"SearchAction\",\"target\":{\"@type\":\"EntryPoint\",\"urlTemplate\":\"https:\\\/\\\/zapateneo.net\\\/wordpress\\\/?s={search_term_string}\"},\"query-input\":{\"@type\":\"PropertyValueSpecification\",\"valueRequired\":true,\"valueName\":\"search_term_string\"}}],\"inLanguage\":\"es\"},{\"@type\":\"Organization\",\"@id\":\"https:\\\/\\\/zapateneo.net\\\/wordpress\\\/#organization\",\"name\":\"Zapateneo Kultur Elkartea\",\"url\":\"https:\\\/\\\/zapateneo.net\\\/wordpress\\\/\",\"logo\":{\"@type\":\"ImageObject\",\"inLanguage\":\"es\",\"@id\":\"https:\\\/\\\/zapateneo.net\\\/wordpress\\\/#\\\/schema\\\/logo\\\/image\\\/\",\"url\":\"https:\\\/\\\/zapateneo.net\\\/wordpress\\\/wp-content\\\/uploads\\\/2021\\\/04\\\/zap-libu-kolec.jpg\",\"contentUrl\":\"https:\\\/\\\/zapateneo.net\\\/wordpress\\\/wp-content\\\/uploads\\\/2021\\\/04\\\/zap-libu-kolec.jpg\",\"width\":2234,\"height\":398,\"caption\":\"Zapateneo Kultur Elkartea\"},\"image\":{\"@id\":\"https:\\\/\\\/zapateneo.net\\\/wordpress\\\/#\\\/schema\\\/logo\\\/image\\\/\"},\"sameAs\":[\"https:\\\/\\\/x.com\\\/zapateneo\"]}]}<\/script>\n<!-- \/ Yoast SEO plugin. -->","yoast_head_json":{"title":"IMPRESIONES SOBRE EL SOCIALISMO EN ESPA\u00d1A &#8212; Zapateneo","robots":{"index":"index","follow":"follow","max-snippet":"max-snippet:-1","max-image-preview":"max-image-preview:large","max-video-preview":"max-video-preview:-1"},"canonical":"https:\/\/zapateneo.net\/wordpress\/index.php\/producto\/impresiones-sobre-el-socialismo-en-espana\/","og_locale":"es_ES","og_type":"article","og_title":"IMPRESIONES SOBRE EL SOCIALISMO EN ESPA\u00d1A &#8212; Zapateneo","og_description":"Max Nettlau 9788412540505 - Ateneo libertario Al Margen - 2022 - 205 p\u00e1ginas \/orri.","og_url":"https:\/\/zapateneo.net\/wordpress\/index.php\/producto\/impresiones-sobre-el-socialismo-en-espana\/","og_site_name":"Zapateneo","article_modified_time":"2023-04-08T15:46:29+00:00","twitter_card":"summary_large_image","twitter_site":"@zapateneo","twitter_misc":{"Tiempo de lectura":"2 minutos"},"schema":{"@context":"https:\/\/schema.org","@graph":[{"@type":"WebPage","@id":"https:\/\/zapateneo.net\/wordpress\/index.php\/producto\/impresiones-sobre-el-socialismo-en-espana\/","url":"https:\/\/zapateneo.net\/wordpress\/index.php\/producto\/impresiones-sobre-el-socialismo-en-espana\/","name":"IMPRESIONES SOBRE EL SOCIALISMO EN ESPA\u00d1A &#8212; Zapateneo","isPartOf":{"@id":"https:\/\/zapateneo.net\/wordpress\/#website"},"primaryImageOfPage":{"@id":"https:\/\/zapateneo.net\/wordpress\/index.php\/producto\/impresiones-sobre-el-socialismo-en-espana\/#primaryimage"},"image":{"@id":"https:\/\/zapateneo.net\/wordpress\/index.php\/producto\/impresiones-sobre-el-socialismo-en-espana\/#primaryimage"},"thumbnailUrl":"https:\/\/zapateneo.net\/wordpress\/wp-content\/uploads\/2023\/04\/impresiones-sobre-el-socialismo-en-espana-9788412540505.jpg","datePublished":"2023-04-08T15:46:16+00:00","dateModified":"2023-04-08T15:46:29+00:00","breadcrumb":{"@id":"https:\/\/zapateneo.net\/wordpress\/index.php\/producto\/impresiones-sobre-el-socialismo-en-espana\/#breadcrumb"},"inLanguage":"es","potentialAction":[{"@type":"ReadAction","target":["https:\/\/zapateneo.net\/wordpress\/index.php\/producto\/impresiones-sobre-el-socialismo-en-espana\/"]}]},{"@type":"ImageObject","inLanguage":"es","@id":"https:\/\/zapateneo.net\/wordpress\/index.php\/producto\/impresiones-sobre-el-socialismo-en-espana\/#primaryimage","url":"https:\/\/zapateneo.net\/wordpress\/wp-content\/uploads\/2023\/04\/impresiones-sobre-el-socialismo-en-espana-9788412540505.jpg","contentUrl":"https:\/\/zapateneo.net\/wordpress\/wp-content\/uploads\/2023\/04\/impresiones-sobre-el-socialismo-en-espana-9788412540505.jpg","width":263,"height":400},{"@type":"BreadcrumbList","@id":"https:\/\/zapateneo.net\/wordpress\/index.php\/producto\/impresiones-sobre-el-socialismo-en-espana\/#breadcrumb","itemListElement":[{"@type":"ListItem","position":1,"name":"Portada","item":"https:\/\/zapateneo.net\/wordpress\/"},{"@type":"ListItem","position":2,"name":"Tienda","item":"https:\/\/zapateneo.net\/wordpress\/"},{"@type":"ListItem","position":3,"name":"IMPRESIONES SOBRE EL SOCIALISMO EN ESPA\u00d1A"}]},{"@type":"WebSite","@id":"https:\/\/zapateneo.net\/wordpress\/#website","url":"https:\/\/zapateneo.net\/wordpress\/","name":"Zapateneo","description":"Zapateneoaren webgunea","publisher":{"@id":"https:\/\/zapateneo.net\/wordpress\/#organization"},"potentialAction":[{"@type":"SearchAction","target":{"@type":"EntryPoint","urlTemplate":"https:\/\/zapateneo.net\/wordpress\/?s={search_term_string}"},"query-input":{"@type":"PropertyValueSpecification","valueRequired":true,"valueName":"search_term_string"}}],"inLanguage":"es"},{"@type":"Organization","@id":"https:\/\/zapateneo.net\/wordpress\/#organization","name":"Zapateneo Kultur Elkartea","url":"https:\/\/zapateneo.net\/wordpress\/","logo":{"@type":"ImageObject","inLanguage":"es","@id":"https:\/\/zapateneo.net\/wordpress\/#\/schema\/logo\/image\/","url":"https:\/\/zapateneo.net\/wordpress\/wp-content\/uploads\/2021\/04\/zap-libu-kolec.jpg","contentUrl":"https:\/\/zapateneo.net\/wordpress\/wp-content\/uploads\/2021\/04\/zap-libu-kolec.jpg","width":2234,"height":398,"caption":"Zapateneo Kultur Elkartea"},"image":{"@id":"https:\/\/zapateneo.net\/wordpress\/#\/schema\/logo\/image\/"},"sameAs":["https:\/\/x.com\/zapateneo"]}]}},"_links":{"self":[{"href":"https:\/\/zapateneo.net\/wordpress\/index.php\/wp-json\/wp\/v2\/product\/12578","targetHints":{"allow":["GET"]}}],"collection":[{"href":"https:\/\/zapateneo.net\/wordpress\/index.php\/wp-json\/wp\/v2\/product"}],"about":[{"href":"https:\/\/zapateneo.net\/wordpress\/index.php\/wp-json\/wp\/v2\/types\/product"}],"wp:featuredmedia":[{"embeddable":true,"href":"https:\/\/zapateneo.net\/wordpress\/index.php\/wp-json\/wp\/v2\/media\/12598"}],"wp:attachment":[{"href":"https:\/\/zapateneo.net\/wordpress\/index.php\/wp-json\/wp\/v2\/media?parent=12578"}],"wp:term":[{"taxonomy":"product_brand","embeddable":true,"href":"https:\/\/zapateneo.net\/wordpress\/index.php\/wp-json\/wp\/v2\/product_brand?post=12578"},{"taxonomy":"product_cat","embeddable":true,"href":"https:\/\/zapateneo.net\/wordpress\/index.php\/wp-json\/wp\/v2\/product_cat?post=12578"},{"taxonomy":"product_tag","embeddable":true,"href":"https:\/\/zapateneo.net\/wordpress\/index.php\/wp-json\/wp\/v2\/product_tag?post=12578"}],"curies":[{"name":"wp","href":"https:\/\/api.w.org\/{rel}","templated":true}]}}