{"id":12575,"date":"2023-04-08T16:46:15","date_gmt":"2023-04-08T15:46:15","guid":{"rendered":"https:\/\/zapateneo.net\/wordpress\/?post_type=product&#038;p=12575"},"modified":"2023-04-08T16:46:27","modified_gmt":"2023-04-08T15:46:27","slug":"la-gentrificacion-es-inevitable-y-otras-mentiras","status":"publish","type":"product","link":"https:\/\/zapateneo.net\/wordpress\/index.php\/producto\/la-gentrificacion-es-inevitable-y-otras-mentiras\/","title":{"rendered":"LA GENTRIFICACI\u00d3N ES INEVITABLE Y OTRAS MENTIRAS"},"content":{"rendered":"<p>\u00bfQu\u00e9 es la gentrificaci\u00f3n? \u00bfPodemos estar de acuerdo en que es un proceso que reemplaza una comunidad por otra? \u00bfEs una cuesti\u00f3n de clase? \u00bfO de oportunidad econ\u00f3mica? \u00bfA qui\u00e9n afecta m\u00e1s? \u00bfHay alguna forma de combatirla? Leslie Kern, autora de Ciudad feminista, viaja a Toronto, Nueva York, Londres, Par\u00eds y San Francisco y escudri\u00f1a el mito y las mentiras que rodean una de las mayores crisis urbanas de nuestro tiempo.<\/p>\n<p>Observada por primera vez en la d\u00e9cada de 1950 en Londres y teorizada por destacados pensadores, la gentrificaci\u00f3n constituye un devastador proceso de desplazamiento que ahora se puede encontrar en muchas de nuestras ciudades y barrios. Detr\u00e1s del estudio de yoga, el mercado de productos ecol\u00f3gicos y el sal\u00f3n de tatuajes, es un fen\u00f3meno que afecta a las comunidades m\u00e1s vulnerables.<\/p>\n<p>Kern propone una mirada interseccional a la crisis que busca revelar la violencia basada en la clase, la raza, el g\u00e9nero y la sexualidad. Sostiene que la gentrificaci\u00f3n no es natural, sino que es una continuaci\u00f3n del proyecto colonial que sac\u00f3 a los nativos de su tierra y que, hoy, se manifiesta en el aumento de los alquileres y los desalojos, la transformaci\u00f3n de las \u00e1reas comerciales, el aumento de la vigilancia y el resquebrajamiento de las comunidades.<\/p>\n<p>Pero si la gentrificaci\u00f3n no es inevitable, \u00bfqu\u00e9 podemos hacer para detenerla? Kern propone una respuesta anti-gentrificaci\u00f3n genuinamente decolonial y feminista. Una que exija el derecho a la ciudad para todos y la devoluci\u00f3n de esta a los desplazados.<\/p>\n<p>Leslie Kern public\u00f3 Sex and the Revitalized City: Gender, Condominium Development, and Urban Citizenship (UBC Press, 2010). Obtuvo un Doctorado en Filosof\u00eda en Estudios sobre Mujeres de la Universidad de York. Profesora titular de geograf\u00eda y medioambiente y directora de estudios sobre mujeres y g\u00e9nero en la Universidad de Mount Allison de Sackville, en Canad\u00e1, Kern escribe sobre g\u00e9nero, gentrificaci\u00f3n y feminismo, y da clases sobre geograf\u00eda urbana, social y feminista. Por su trabajo, recibi\u00f3 una beca Fulbright y un National Housing Studies Achievement Award. Kern vive actualmente en territorio Mi\u2019kmaq, una poblaci\u00f3n rural de cinco mil habitantes (en lo que actualmente se conoce como el este de Canad\u00e1), en Sackville, New Brunswick.<\/p>\n","protected":false},"excerpt":{"rendered":"<p><strong>Leslie Kern<\/strong><br \/>\n9788419160119 &#8211; Bellaterra &#8211; 2022 &#8211; 244 p\u00e1ginas \/orri.<\/p>\n","protected":false},"featured_media":12595,"template":"","meta":[],"product_brand":[],"product_cat":[180,16],"product_tag":[92,4521],"class_list":{"0":"post-12575","1":"product","2":"type-product","3":"status-publish","4":"has-post-thumbnail","6":"product_cat-ekologia-ecologia","7":"product_cat-libros","8":"product_tag-bellaterra","9":"product_tag-leslie-kern","11":"first","12":"instock","13":"sold-individually","14":"shipping-taxable","15":"purchasable","16":"product-type-simple"},"yoast_head":"<!-- This site is optimized with the Yoast SEO plugin v27.3 - https:\/\/yoast.com\/product\/yoast-seo-wordpress\/ -->\n<title>LA GENTRIFICACI\u00d3N ES INEVITABLE Y OTRAS MENTIRAS &#8212; Zapateneo<\/title>\n<meta name=\"robots\" content=\"index, follow, max-snippet:-1, max-image-preview:large, max-video-preview:-1\" \/>\n<link rel=\"canonical\" href=\"https:\/\/zapateneo.net\/wordpress\/index.php\/producto\/la-gentrificacion-es-inevitable-y-otras-mentiras\/\" \/>\n<meta property=\"og:locale\" content=\"es_ES\" \/>\n<meta property=\"og:type\" content=\"article\" \/>\n<meta property=\"og:title\" content=\"LA GENTRIFICACI\u00d3N ES INEVITABLE Y OTRAS MENTIRAS &#8212; Zapateneo\" \/>\n<meta property=\"og:description\" content=\"Leslie Kern 9788419160119 - Bellaterra - 2022 - 244 p\u00e1ginas \/orri.\" \/>\n<meta property=\"og:url\" content=\"https:\/\/zapateneo.net\/wordpress\/index.php\/producto\/la-gentrificacion-es-inevitable-y-otras-mentiras\/\" \/>\n<meta property=\"og:site_name\" content=\"Zapateneo\" \/>\n<meta property=\"article:modified_time\" content=\"2023-04-08T15:46:27+00:00\" \/>\n<meta name=\"twitter:card\" content=\"summary_large_image\" \/>\n<meta name=\"twitter:site\" content=\"@zapateneo\" \/>\n<meta name=\"twitter:label1\" content=\"Tiempo de lectura\" \/>\n\t<meta name=\"twitter:data1\" content=\"2 minutos\" \/>\n<script type=\"application\/ld+json\" class=\"yoast-schema-graph\">{\"@context\":\"https:\\\/\\\/schema.org\",\"@graph\":[{\"@type\":\"WebPage\",\"@id\":\"https:\\\/\\\/zapateneo.net\\\/wordpress\\\/index.php\\\/producto\\\/la-gentrificacion-es-inevitable-y-otras-mentiras\\\/\",\"url\":\"https:\\\/\\\/zapateneo.net\\\/wordpress\\\/index.php\\\/producto\\\/la-gentrificacion-es-inevitable-y-otras-mentiras\\\/\",\"name\":\"LA GENTRIFICACI\u00d3N ES INEVITABLE Y OTRAS MENTIRAS &#8212; Zapateneo\",\"isPartOf\":{\"@id\":\"https:\\\/\\\/zapateneo.net\\\/wordpress\\\/#website\"},\"primaryImageOfPage\":{\"@id\":\"https:\\\/\\\/zapateneo.net\\\/wordpress\\\/index.php\\\/producto\\\/la-gentrificacion-es-inevitable-y-otras-mentiras\\\/#primaryimage\"},\"image\":{\"@id\":\"https:\\\/\\\/zapateneo.net\\\/wordpress\\\/index.php\\\/producto\\\/la-gentrificacion-es-inevitable-y-otras-mentiras\\\/#primaryimage\"},\"thumbnailUrl\":\"https:\\\/\\\/zapateneo.net\\\/wordpress\\\/wp-content\\\/uploads\\\/2023\\\/04\\\/la-gentrificacion-es-inevitable-y-otras-mentiras-9788419160119.jpg\",\"datePublished\":\"2023-04-08T15:46:15+00:00\",\"dateModified\":\"2023-04-08T15:46:27+00:00\",\"breadcrumb\":{\"@id\":\"https:\\\/\\\/zapateneo.net\\\/wordpress\\\/index.php\\\/producto\\\/la-gentrificacion-es-inevitable-y-otras-mentiras\\\/#breadcrumb\"},\"inLanguage\":\"es\",\"potentialAction\":[{\"@type\":\"ReadAction\",\"target\":[\"https:\\\/\\\/zapateneo.net\\\/wordpress\\\/index.php\\\/producto\\\/la-gentrificacion-es-inevitable-y-otras-mentiras\\\/\"]}]},{\"@type\":\"ImageObject\",\"inLanguage\":\"es\",\"@id\":\"https:\\\/\\\/zapateneo.net\\\/wordpress\\\/index.php\\\/producto\\\/la-gentrificacion-es-inevitable-y-otras-mentiras\\\/#primaryimage\",\"url\":\"https:\\\/\\\/zapateneo.net\\\/wordpress\\\/wp-content\\\/uploads\\\/2023\\\/04\\\/la-gentrificacion-es-inevitable-y-otras-mentiras-9788419160119.jpg\",\"contentUrl\":\"https:\\\/\\\/zapateneo.net\\\/wordpress\\\/wp-content\\\/uploads\\\/2023\\\/04\\\/la-gentrificacion-es-inevitable-y-otras-mentiras-9788419160119.jpg\",\"width\":261,\"height\":400},{\"@type\":\"BreadcrumbList\",\"@id\":\"https:\\\/\\\/zapateneo.net\\\/wordpress\\\/index.php\\\/producto\\\/la-gentrificacion-es-inevitable-y-otras-mentiras\\\/#breadcrumb\",\"itemListElement\":[{\"@type\":\"ListItem\",\"position\":1,\"name\":\"Portada\",\"item\":\"https:\\\/\\\/zapateneo.net\\\/wordpress\\\/\"},{\"@type\":\"ListItem\",\"position\":2,\"name\":\"Tienda\",\"item\":\"https:\\\/\\\/zapateneo.net\\\/wordpress\\\/\"},{\"@type\":\"ListItem\",\"position\":3,\"name\":\"LA GENTRIFICACI\u00d3N ES INEVITABLE Y OTRAS MENTIRAS\"}]},{\"@type\":\"WebSite\",\"@id\":\"https:\\\/\\\/zapateneo.net\\\/wordpress\\\/#website\",\"url\":\"https:\\\/\\\/zapateneo.net\\\/wordpress\\\/\",\"name\":\"Zapateneo\",\"description\":\"Zapateneoaren webgunea\",\"publisher\":{\"@id\":\"https:\\\/\\\/zapateneo.net\\\/wordpress\\\/#organization\"},\"potentialAction\":[{\"@type\":\"SearchAction\",\"target\":{\"@type\":\"EntryPoint\",\"urlTemplate\":\"https:\\\/\\\/zapateneo.net\\\/wordpress\\\/?s={search_term_string}\"},\"query-input\":{\"@type\":\"PropertyValueSpecification\",\"valueRequired\":true,\"valueName\":\"search_term_string\"}}],\"inLanguage\":\"es\"},{\"@type\":\"Organization\",\"@id\":\"https:\\\/\\\/zapateneo.net\\\/wordpress\\\/#organization\",\"name\":\"Zapateneo Kultur Elkartea\",\"url\":\"https:\\\/\\\/zapateneo.net\\\/wordpress\\\/\",\"logo\":{\"@type\":\"ImageObject\",\"inLanguage\":\"es\",\"@id\":\"https:\\\/\\\/zapateneo.net\\\/wordpress\\\/#\\\/schema\\\/logo\\\/image\\\/\",\"url\":\"https:\\\/\\\/zapateneo.net\\\/wordpress\\\/wp-content\\\/uploads\\\/2021\\\/04\\\/zap-libu-kolec.jpg\",\"contentUrl\":\"https:\\\/\\\/zapateneo.net\\\/wordpress\\\/wp-content\\\/uploads\\\/2021\\\/04\\\/zap-libu-kolec.jpg\",\"width\":2234,\"height\":398,\"caption\":\"Zapateneo Kultur Elkartea\"},\"image\":{\"@id\":\"https:\\\/\\\/zapateneo.net\\\/wordpress\\\/#\\\/schema\\\/logo\\\/image\\\/\"},\"sameAs\":[\"https:\\\/\\\/x.com\\\/zapateneo\"]}]}<\/script>\n<!-- \/ Yoast SEO plugin. -->","yoast_head_json":{"title":"LA GENTRIFICACI\u00d3N ES INEVITABLE Y OTRAS MENTIRAS &#8212; Zapateneo","robots":{"index":"index","follow":"follow","max-snippet":"max-snippet:-1","max-image-preview":"max-image-preview:large","max-video-preview":"max-video-preview:-1"},"canonical":"https:\/\/zapateneo.net\/wordpress\/index.php\/producto\/la-gentrificacion-es-inevitable-y-otras-mentiras\/","og_locale":"es_ES","og_type":"article","og_title":"LA GENTRIFICACI\u00d3N ES INEVITABLE Y OTRAS MENTIRAS &#8212; Zapateneo","og_description":"Leslie Kern 9788419160119 - Bellaterra - 2022 - 244 p\u00e1ginas \/orri.","og_url":"https:\/\/zapateneo.net\/wordpress\/index.php\/producto\/la-gentrificacion-es-inevitable-y-otras-mentiras\/","og_site_name":"Zapateneo","article_modified_time":"2023-04-08T15:46:27+00:00","twitter_card":"summary_large_image","twitter_site":"@zapateneo","twitter_misc":{"Tiempo de lectura":"2 minutos"},"schema":{"@context":"https:\/\/schema.org","@graph":[{"@type":"WebPage","@id":"https:\/\/zapateneo.net\/wordpress\/index.php\/producto\/la-gentrificacion-es-inevitable-y-otras-mentiras\/","url":"https:\/\/zapateneo.net\/wordpress\/index.php\/producto\/la-gentrificacion-es-inevitable-y-otras-mentiras\/","name":"LA GENTRIFICACI\u00d3N ES INEVITABLE Y OTRAS MENTIRAS &#8212; Zapateneo","isPartOf":{"@id":"https:\/\/zapateneo.net\/wordpress\/#website"},"primaryImageOfPage":{"@id":"https:\/\/zapateneo.net\/wordpress\/index.php\/producto\/la-gentrificacion-es-inevitable-y-otras-mentiras\/#primaryimage"},"image":{"@id":"https:\/\/zapateneo.net\/wordpress\/index.php\/producto\/la-gentrificacion-es-inevitable-y-otras-mentiras\/#primaryimage"},"thumbnailUrl":"https:\/\/zapateneo.net\/wordpress\/wp-content\/uploads\/2023\/04\/la-gentrificacion-es-inevitable-y-otras-mentiras-9788419160119.jpg","datePublished":"2023-04-08T15:46:15+00:00","dateModified":"2023-04-08T15:46:27+00:00","breadcrumb":{"@id":"https:\/\/zapateneo.net\/wordpress\/index.php\/producto\/la-gentrificacion-es-inevitable-y-otras-mentiras\/#breadcrumb"},"inLanguage":"es","potentialAction":[{"@type":"ReadAction","target":["https:\/\/zapateneo.net\/wordpress\/index.php\/producto\/la-gentrificacion-es-inevitable-y-otras-mentiras\/"]}]},{"@type":"ImageObject","inLanguage":"es","@id":"https:\/\/zapateneo.net\/wordpress\/index.php\/producto\/la-gentrificacion-es-inevitable-y-otras-mentiras\/#primaryimage","url":"https:\/\/zapateneo.net\/wordpress\/wp-content\/uploads\/2023\/04\/la-gentrificacion-es-inevitable-y-otras-mentiras-9788419160119.jpg","contentUrl":"https:\/\/zapateneo.net\/wordpress\/wp-content\/uploads\/2023\/04\/la-gentrificacion-es-inevitable-y-otras-mentiras-9788419160119.jpg","width":261,"height":400},{"@type":"BreadcrumbList","@id":"https:\/\/zapateneo.net\/wordpress\/index.php\/producto\/la-gentrificacion-es-inevitable-y-otras-mentiras\/#breadcrumb","itemListElement":[{"@type":"ListItem","position":1,"name":"Portada","item":"https:\/\/zapateneo.net\/wordpress\/"},{"@type":"ListItem","position":2,"name":"Tienda","item":"https:\/\/zapateneo.net\/wordpress\/"},{"@type":"ListItem","position":3,"name":"LA GENTRIFICACI\u00d3N ES INEVITABLE Y OTRAS MENTIRAS"}]},{"@type":"WebSite","@id":"https:\/\/zapateneo.net\/wordpress\/#website","url":"https:\/\/zapateneo.net\/wordpress\/","name":"Zapateneo","description":"Zapateneoaren webgunea","publisher":{"@id":"https:\/\/zapateneo.net\/wordpress\/#organization"},"potentialAction":[{"@type":"SearchAction","target":{"@type":"EntryPoint","urlTemplate":"https:\/\/zapateneo.net\/wordpress\/?s={search_term_string}"},"query-input":{"@type":"PropertyValueSpecification","valueRequired":true,"valueName":"search_term_string"}}],"inLanguage":"es"},{"@type":"Organization","@id":"https:\/\/zapateneo.net\/wordpress\/#organization","name":"Zapateneo Kultur Elkartea","url":"https:\/\/zapateneo.net\/wordpress\/","logo":{"@type":"ImageObject","inLanguage":"es","@id":"https:\/\/zapateneo.net\/wordpress\/#\/schema\/logo\/image\/","url":"https:\/\/zapateneo.net\/wordpress\/wp-content\/uploads\/2021\/04\/zap-libu-kolec.jpg","contentUrl":"https:\/\/zapateneo.net\/wordpress\/wp-content\/uploads\/2021\/04\/zap-libu-kolec.jpg","width":2234,"height":398,"caption":"Zapateneo Kultur Elkartea"},"image":{"@id":"https:\/\/zapateneo.net\/wordpress\/#\/schema\/logo\/image\/"},"sameAs":["https:\/\/x.com\/zapateneo"]}]}},"_links":{"self":[{"href":"https:\/\/zapateneo.net\/wordpress\/index.php\/wp-json\/wp\/v2\/product\/12575","targetHints":{"allow":["GET"]}}],"collection":[{"href":"https:\/\/zapateneo.net\/wordpress\/index.php\/wp-json\/wp\/v2\/product"}],"about":[{"href":"https:\/\/zapateneo.net\/wordpress\/index.php\/wp-json\/wp\/v2\/types\/product"}],"wp:featuredmedia":[{"embeddable":true,"href":"https:\/\/zapateneo.net\/wordpress\/index.php\/wp-json\/wp\/v2\/media\/12595"}],"wp:attachment":[{"href":"https:\/\/zapateneo.net\/wordpress\/index.php\/wp-json\/wp\/v2\/media?parent=12575"}],"wp:term":[{"taxonomy":"product_brand","embeddable":true,"href":"https:\/\/zapateneo.net\/wordpress\/index.php\/wp-json\/wp\/v2\/product_brand?post=12575"},{"taxonomy":"product_cat","embeddable":true,"href":"https:\/\/zapateneo.net\/wordpress\/index.php\/wp-json\/wp\/v2\/product_cat?post=12575"},{"taxonomy":"product_tag","embeddable":true,"href":"https:\/\/zapateneo.net\/wordpress\/index.php\/wp-json\/wp\/v2\/product_tag?post=12575"}],"curies":[{"name":"wp","href":"https:\/\/api.w.org\/{rel}","templated":true}]}}