{"id":12574,"date":"2023-04-08T16:46:15","date_gmt":"2023-04-08T15:46:15","guid":{"rendered":"https:\/\/zapateneo.net\/wordpress\/?post_type=product&#038;p=12574"},"modified":"2023-04-08T16:46:26","modified_gmt":"2023-04-08T15:46:26","slug":"de-la-mineria-al-turismo-construccion-de-hegemonia-en-portman","status":"publish","type":"product","link":"https:\/\/zapateneo.net\/wordpress\/index.php\/producto\/de-la-mineria-al-turismo-construccion-de-hegemonia-en-portman\/","title":{"rendered":"DE LA MINER\u00cdA AL TURISMO Construcci\u00f3n de hegemon\u00eda en Portm\u00e1n"},"content":{"rendered":"<p>Treinta a\u00f1os despu\u00e9s del cierre definitivo de todas las instalaciones mineras y del despido de sus m\u00e1s de trescientos trabajadores, Portm\u00e1n, en la costa de la Regi\u00f3n de Murcia sigue siendo un desastre medioambiental, probablemente el mayor del Mediterr\u00e1neo. Desde que en 1959 la dictadura franquista autorizase a la multinacional minera Pe\u00f1arroya a verter directamente al mar los desechos que produc\u00eda la extracci\u00f3n de plomo, zinc, cobre y plata de la Sierra Minera de Cartagena-La Uni\u00f3n, mezclados con reactivos qu\u00edmicos altamente contaminantes, unos 50 millonnes de toneladas fueron arrojados hasta cubrir la plataforma marina y la bah\u00eda de este peque\u00f1o pueblo. Mientras tanto, a escasos kil\u00f3metros, el territorio tambi\u00e9n mutaba impulsado por el desarrollo tur\u00edstico de La Manga y el Mar Menor. Desde 1992, los proyectos de regeneraci\u00f3n para Portm\u00e1n siempre han ido unidos a un desarrollo tur\u00edstico y urban\u00edstico desaforado. Del mismo modo, todos han sido contestados por una poblaci\u00f3n anta\u00f1o quiescente con los vertidos.<\/p>\n<p>Este libro analiza los procesos sociales vividos en Portm\u00e1n desde el boom minero de finales del siglo XIX hasta nuestros d\u00edas. Las diversas formas de control social, las particularidades del entorno comunicativo local y el papel de le participaci\u00f3n vecinal en la conformaci\u00f3n de un discurso propio sobre el desarrollo tur\u00edstico y la regeneraci\u00f3n ambiental del entorno. Un recorrido antropol\u00f3gico que muestra c\u00f3mo una comunidad puede cambiar sus formas de entender el territorio y de entenderse a s\u00ed misma y, especialmente, c\u00f3mo se pueden reconfigurar los discursos y construir hegemon\u00eda cultural desde la subalternidad.<\/p>\n","protected":false},"excerpt":{"rendered":"<p><strong>Ra\u00fal Trav\u00e9 Molero<\/strong><br \/>\n9788418684913 &#8211; Bellaterra &#8211; 2022 &#8211; 189 p\u00e1ginas \/orri.<\/p>\n","protected":false},"featured_media":12594,"template":"","meta":[],"product_brand":[],"product_cat":[177,164],"product_tag":[92,5882],"class_list":{"0":"post-12574","1":"product","2":"type-product","3":"status-publish","4":"has-post-thumbnail","6":"product_cat-gizarte-mugimenduak-movimientos-sociales","7":"product_cat-revistas-aldizkariak","8":"product_tag-bellaterra","9":"product_tag-raul-trave-molero","11":"first","12":"instock","13":"sold-individually","14":"shipping-taxable","15":"purchasable","16":"product-type-simple"},"yoast_head":"<!-- This site is optimized with the Yoast SEO plugin v27.3 - https:\/\/yoast.com\/product\/yoast-seo-wordpress\/ -->\n<title>DE LA MINER\u00cdA AL TURISMO Construcci\u00f3n de hegemon\u00eda en Portm\u00e1n &#8212; Zapateneo<\/title>\n<meta name=\"robots\" content=\"index, follow, max-snippet:-1, max-image-preview:large, max-video-preview:-1\" \/>\n<link rel=\"canonical\" href=\"https:\/\/zapateneo.net\/wordpress\/index.php\/producto\/de-la-mineria-al-turismo-construccion-de-hegemonia-en-portman\/\" \/>\n<meta property=\"og:locale\" content=\"es_ES\" \/>\n<meta property=\"og:type\" content=\"article\" \/>\n<meta property=\"og:title\" content=\"DE LA MINER\u00cdA AL TURISMO Construcci\u00f3n de hegemon\u00eda en Portm\u00e1n &#8212; Zapateneo\" \/>\n<meta property=\"og:description\" content=\"Ra\u00fal Trav\u00e9 Molero 9788418684913 - Bellaterra - 2022 - 189 p\u00e1ginas \/orri.\" \/>\n<meta property=\"og:url\" content=\"https:\/\/zapateneo.net\/wordpress\/index.php\/producto\/de-la-mineria-al-turismo-construccion-de-hegemonia-en-portman\/\" \/>\n<meta property=\"og:site_name\" content=\"Zapateneo\" \/>\n<meta property=\"article:modified_time\" content=\"2023-04-08T15:46:26+00:00\" \/>\n<meta name=\"twitter:card\" content=\"summary_large_image\" \/>\n<meta name=\"twitter:site\" content=\"@zapateneo\" \/>\n<meta name=\"twitter:label1\" content=\"Tiempo de lectura\" \/>\n\t<meta name=\"twitter:data1\" content=\"1 minuto\" \/>\n<script type=\"application\/ld+json\" class=\"yoast-schema-graph\">{\"@context\":\"https:\\\/\\\/schema.org\",\"@graph\":[{\"@type\":\"WebPage\",\"@id\":\"https:\\\/\\\/zapateneo.net\\\/wordpress\\\/index.php\\\/producto\\\/de-la-mineria-al-turismo-construccion-de-hegemonia-en-portman\\\/\",\"url\":\"https:\\\/\\\/zapateneo.net\\\/wordpress\\\/index.php\\\/producto\\\/de-la-mineria-al-turismo-construccion-de-hegemonia-en-portman\\\/\",\"name\":\"DE LA MINER\u00cdA AL TURISMO Construcci\u00f3n de hegemon\u00eda en Portm\u00e1n &#8212; Zapateneo\",\"isPartOf\":{\"@id\":\"https:\\\/\\\/zapateneo.net\\\/wordpress\\\/#website\"},\"primaryImageOfPage\":{\"@id\":\"https:\\\/\\\/zapateneo.net\\\/wordpress\\\/index.php\\\/producto\\\/de-la-mineria-al-turismo-construccion-de-hegemonia-en-portman\\\/#primaryimage\"},\"image\":{\"@id\":\"https:\\\/\\\/zapateneo.net\\\/wordpress\\\/index.php\\\/producto\\\/de-la-mineria-al-turismo-construccion-de-hegemonia-en-portman\\\/#primaryimage\"},\"thumbnailUrl\":\"https:\\\/\\\/zapateneo.net\\\/wordpress\\\/wp-content\\\/uploads\\\/2023\\\/04\\\/de-la-mineria-al-turismo-9788418684913.jpg\",\"datePublished\":\"2023-04-08T15:46:15+00:00\",\"dateModified\":\"2023-04-08T15:46:26+00:00\",\"breadcrumb\":{\"@id\":\"https:\\\/\\\/zapateneo.net\\\/wordpress\\\/index.php\\\/producto\\\/de-la-mineria-al-turismo-construccion-de-hegemonia-en-portman\\\/#breadcrumb\"},\"inLanguage\":\"es\",\"potentialAction\":[{\"@type\":\"ReadAction\",\"target\":[\"https:\\\/\\\/zapateneo.net\\\/wordpress\\\/index.php\\\/producto\\\/de-la-mineria-al-turismo-construccion-de-hegemonia-en-portman\\\/\"]}]},{\"@type\":\"ImageObject\",\"inLanguage\":\"es\",\"@id\":\"https:\\\/\\\/zapateneo.net\\\/wordpress\\\/index.php\\\/producto\\\/de-la-mineria-al-turismo-construccion-de-hegemonia-en-portman\\\/#primaryimage\",\"url\":\"https:\\\/\\\/zapateneo.net\\\/wordpress\\\/wp-content\\\/uploads\\\/2023\\\/04\\\/de-la-mineria-al-turismo-9788418684913.jpg\",\"contentUrl\":\"https:\\\/\\\/zapateneo.net\\\/wordpress\\\/wp-content\\\/uploads\\\/2023\\\/04\\\/de-la-mineria-al-turismo-9788418684913.jpg\",\"width\":260,\"height\":400},{\"@type\":\"BreadcrumbList\",\"@id\":\"https:\\\/\\\/zapateneo.net\\\/wordpress\\\/index.php\\\/producto\\\/de-la-mineria-al-turismo-construccion-de-hegemonia-en-portman\\\/#breadcrumb\",\"itemListElement\":[{\"@type\":\"ListItem\",\"position\":1,\"name\":\"Portada\",\"item\":\"https:\\\/\\\/zapateneo.net\\\/wordpress\\\/\"},{\"@type\":\"ListItem\",\"position\":2,\"name\":\"Tienda\",\"item\":\"https:\\\/\\\/zapateneo.net\\\/wordpress\\\/\"},{\"@type\":\"ListItem\",\"position\":3,\"name\":\"DE LA MINER\u00cdA AL TURISMO Construcci\u00f3n de hegemon\u00eda en Portm\u00e1n\"}]},{\"@type\":\"WebSite\",\"@id\":\"https:\\\/\\\/zapateneo.net\\\/wordpress\\\/#website\",\"url\":\"https:\\\/\\\/zapateneo.net\\\/wordpress\\\/\",\"name\":\"Zapateneo\",\"description\":\"Zapateneoaren webgunea\",\"publisher\":{\"@id\":\"https:\\\/\\\/zapateneo.net\\\/wordpress\\\/#organization\"},\"potentialAction\":[{\"@type\":\"SearchAction\",\"target\":{\"@type\":\"EntryPoint\",\"urlTemplate\":\"https:\\\/\\\/zapateneo.net\\\/wordpress\\\/?s={search_term_string}\"},\"query-input\":{\"@type\":\"PropertyValueSpecification\",\"valueRequired\":true,\"valueName\":\"search_term_string\"}}],\"inLanguage\":\"es\"},{\"@type\":\"Organization\",\"@id\":\"https:\\\/\\\/zapateneo.net\\\/wordpress\\\/#organization\",\"name\":\"Zapateneo Kultur Elkartea\",\"url\":\"https:\\\/\\\/zapateneo.net\\\/wordpress\\\/\",\"logo\":{\"@type\":\"ImageObject\",\"inLanguage\":\"es\",\"@id\":\"https:\\\/\\\/zapateneo.net\\\/wordpress\\\/#\\\/schema\\\/logo\\\/image\\\/\",\"url\":\"https:\\\/\\\/zapateneo.net\\\/wordpress\\\/wp-content\\\/uploads\\\/2021\\\/04\\\/zap-libu-kolec.jpg\",\"contentUrl\":\"https:\\\/\\\/zapateneo.net\\\/wordpress\\\/wp-content\\\/uploads\\\/2021\\\/04\\\/zap-libu-kolec.jpg\",\"width\":2234,\"height\":398,\"caption\":\"Zapateneo Kultur Elkartea\"},\"image\":{\"@id\":\"https:\\\/\\\/zapateneo.net\\\/wordpress\\\/#\\\/schema\\\/logo\\\/image\\\/\"},\"sameAs\":[\"https:\\\/\\\/x.com\\\/zapateneo\"]}]}<\/script>\n<!-- \/ Yoast SEO plugin. -->","yoast_head_json":{"title":"DE LA MINER\u00cdA AL TURISMO Construcci\u00f3n de hegemon\u00eda en Portm\u00e1n &#8212; Zapateneo","robots":{"index":"index","follow":"follow","max-snippet":"max-snippet:-1","max-image-preview":"max-image-preview:large","max-video-preview":"max-video-preview:-1"},"canonical":"https:\/\/zapateneo.net\/wordpress\/index.php\/producto\/de-la-mineria-al-turismo-construccion-de-hegemonia-en-portman\/","og_locale":"es_ES","og_type":"article","og_title":"DE LA MINER\u00cdA AL TURISMO Construcci\u00f3n de hegemon\u00eda en Portm\u00e1n &#8212; Zapateneo","og_description":"Ra\u00fal Trav\u00e9 Molero 9788418684913 - Bellaterra - 2022 - 189 p\u00e1ginas \/orri.","og_url":"https:\/\/zapateneo.net\/wordpress\/index.php\/producto\/de-la-mineria-al-turismo-construccion-de-hegemonia-en-portman\/","og_site_name":"Zapateneo","article_modified_time":"2023-04-08T15:46:26+00:00","twitter_card":"summary_large_image","twitter_site":"@zapateneo","twitter_misc":{"Tiempo de lectura":"1 minuto"},"schema":{"@context":"https:\/\/schema.org","@graph":[{"@type":"WebPage","@id":"https:\/\/zapateneo.net\/wordpress\/index.php\/producto\/de-la-mineria-al-turismo-construccion-de-hegemonia-en-portman\/","url":"https:\/\/zapateneo.net\/wordpress\/index.php\/producto\/de-la-mineria-al-turismo-construccion-de-hegemonia-en-portman\/","name":"DE LA MINER\u00cdA AL TURISMO Construcci\u00f3n de hegemon\u00eda en Portm\u00e1n &#8212; Zapateneo","isPartOf":{"@id":"https:\/\/zapateneo.net\/wordpress\/#website"},"primaryImageOfPage":{"@id":"https:\/\/zapateneo.net\/wordpress\/index.php\/producto\/de-la-mineria-al-turismo-construccion-de-hegemonia-en-portman\/#primaryimage"},"image":{"@id":"https:\/\/zapateneo.net\/wordpress\/index.php\/producto\/de-la-mineria-al-turismo-construccion-de-hegemonia-en-portman\/#primaryimage"},"thumbnailUrl":"https:\/\/zapateneo.net\/wordpress\/wp-content\/uploads\/2023\/04\/de-la-mineria-al-turismo-9788418684913.jpg","datePublished":"2023-04-08T15:46:15+00:00","dateModified":"2023-04-08T15:46:26+00:00","breadcrumb":{"@id":"https:\/\/zapateneo.net\/wordpress\/index.php\/producto\/de-la-mineria-al-turismo-construccion-de-hegemonia-en-portman\/#breadcrumb"},"inLanguage":"es","potentialAction":[{"@type":"ReadAction","target":["https:\/\/zapateneo.net\/wordpress\/index.php\/producto\/de-la-mineria-al-turismo-construccion-de-hegemonia-en-portman\/"]}]},{"@type":"ImageObject","inLanguage":"es","@id":"https:\/\/zapateneo.net\/wordpress\/index.php\/producto\/de-la-mineria-al-turismo-construccion-de-hegemonia-en-portman\/#primaryimage","url":"https:\/\/zapateneo.net\/wordpress\/wp-content\/uploads\/2023\/04\/de-la-mineria-al-turismo-9788418684913.jpg","contentUrl":"https:\/\/zapateneo.net\/wordpress\/wp-content\/uploads\/2023\/04\/de-la-mineria-al-turismo-9788418684913.jpg","width":260,"height":400},{"@type":"BreadcrumbList","@id":"https:\/\/zapateneo.net\/wordpress\/index.php\/producto\/de-la-mineria-al-turismo-construccion-de-hegemonia-en-portman\/#breadcrumb","itemListElement":[{"@type":"ListItem","position":1,"name":"Portada","item":"https:\/\/zapateneo.net\/wordpress\/"},{"@type":"ListItem","position":2,"name":"Tienda","item":"https:\/\/zapateneo.net\/wordpress\/"},{"@type":"ListItem","position":3,"name":"DE LA MINER\u00cdA AL TURISMO Construcci\u00f3n de hegemon\u00eda en Portm\u00e1n"}]},{"@type":"WebSite","@id":"https:\/\/zapateneo.net\/wordpress\/#website","url":"https:\/\/zapateneo.net\/wordpress\/","name":"Zapateneo","description":"Zapateneoaren webgunea","publisher":{"@id":"https:\/\/zapateneo.net\/wordpress\/#organization"},"potentialAction":[{"@type":"SearchAction","target":{"@type":"EntryPoint","urlTemplate":"https:\/\/zapateneo.net\/wordpress\/?s={search_term_string}"},"query-input":{"@type":"PropertyValueSpecification","valueRequired":true,"valueName":"search_term_string"}}],"inLanguage":"es"},{"@type":"Organization","@id":"https:\/\/zapateneo.net\/wordpress\/#organization","name":"Zapateneo Kultur Elkartea","url":"https:\/\/zapateneo.net\/wordpress\/","logo":{"@type":"ImageObject","inLanguage":"es","@id":"https:\/\/zapateneo.net\/wordpress\/#\/schema\/logo\/image\/","url":"https:\/\/zapateneo.net\/wordpress\/wp-content\/uploads\/2021\/04\/zap-libu-kolec.jpg","contentUrl":"https:\/\/zapateneo.net\/wordpress\/wp-content\/uploads\/2021\/04\/zap-libu-kolec.jpg","width":2234,"height":398,"caption":"Zapateneo Kultur Elkartea"},"image":{"@id":"https:\/\/zapateneo.net\/wordpress\/#\/schema\/logo\/image\/"},"sameAs":["https:\/\/x.com\/zapateneo"]}]}},"_links":{"self":[{"href":"https:\/\/zapateneo.net\/wordpress\/index.php\/wp-json\/wp\/v2\/product\/12574","targetHints":{"allow":["GET"]}}],"collection":[{"href":"https:\/\/zapateneo.net\/wordpress\/index.php\/wp-json\/wp\/v2\/product"}],"about":[{"href":"https:\/\/zapateneo.net\/wordpress\/index.php\/wp-json\/wp\/v2\/types\/product"}],"wp:featuredmedia":[{"embeddable":true,"href":"https:\/\/zapateneo.net\/wordpress\/index.php\/wp-json\/wp\/v2\/media\/12594"}],"wp:attachment":[{"href":"https:\/\/zapateneo.net\/wordpress\/index.php\/wp-json\/wp\/v2\/media?parent=12574"}],"wp:term":[{"taxonomy":"product_brand","embeddable":true,"href":"https:\/\/zapateneo.net\/wordpress\/index.php\/wp-json\/wp\/v2\/product_brand?post=12574"},{"taxonomy":"product_cat","embeddable":true,"href":"https:\/\/zapateneo.net\/wordpress\/index.php\/wp-json\/wp\/v2\/product_cat?post=12574"},{"taxonomy":"product_tag","embeddable":true,"href":"https:\/\/zapateneo.net\/wordpress\/index.php\/wp-json\/wp\/v2\/product_tag?post=12574"}],"curies":[{"name":"wp","href":"https:\/\/api.w.org\/{rel}","templated":true}]}}