{"id":12572,"date":"2023-04-08T16:46:15","date_gmt":"2023-04-08T15:46:15","guid":{"rendered":"https:\/\/zapateneo.net\/wordpress\/?post_type=product&#038;p=12572"},"modified":"2023-04-08T16:46:25","modified_gmt":"2023-04-08T15:46:25","slug":"la-reaccion-patriarcal-neoliberalismo-autoritario-politizacion-religiosa-y-nuevas-derechas","status":"publish","type":"product","link":"https:\/\/zapateneo.net\/wordpress\/index.php\/producto\/la-reaccion-patriarcal-neoliberalismo-autoritario-politizacion-religiosa-y-nuevas-derechas\/","title":{"rendered":"LA REACCI\u00d3N PATRIARCAL Neoliberalismo autoritario, politizaci\u00f3n religiosa y nuevas derechas"},"content":{"rendered":"<p>Este libro es una invitaci\u00f3n a preguntarnos sobre la radicalizaci\u00f3n de la derecha neoliberal y la politizaci\u00f3n religiosa ultraconservadora como parte de una reacci\u00f3n patriarcal racista a gran escala que reafirma las jerarqu\u00edas, disputando los desplazamientos \u00abde los m\u00e1rgenes al centro\u00bb efectuados por el feminismo.<\/p>\n<p>En las \u00faltimas d\u00e9cadas hemos presenciado c\u00f3mo \u00abnuevas derechas\u00bb desplazan a las derechas tradicionales acaparando la agenda medi\u00e1tica, inundando las redes sociales e instal\u00e1ndose en Gobiernos y en nuestras vidas cotidianas. Esto sucede en paralelo a la radicalizaci\u00f3n de fundamentalistas religiosos con argumentarios y estrategias de acci\u00f3n seculares. El g\u00e9nero y la sexualidad, su incesante producci\u00f3n y regulaci\u00f3n, articulados con el racismo y el colonialismo, se sit\u00faan en el centro de la batalla propiciando alianzas in\u00e9ditas. El estudio cr\u00edtico de estos entramados de radicalizaci\u00f3n de las nuevas derechas neoliberales y la politizaci\u00f3n religiosa ha conformado un campo emergente de investigaci\u00f3n feminista donde los di\u00e1logos entre las Am\u00e9ricas y Europa son a\u00fan incipientes.<\/p>\n<p>Con este libro presentamos saberes cr\u00edticos y feministas sobre lo que identificamos como la reacci\u00f3n patriarcal en este ecosistema autoritario donde Europa y las Am\u00e9ricas no son compartimentos estancos. En esta misma geograf\u00eda, el feminismo opera como fuerza a contracorriente que suscita potencia anal\u00edtica y pasi\u00f3n transformadora. Las reflexiones que atraviesan este libro nos proporcionan elementos para entender la actual ofensiva, tanto en sus aspectos pr\u00e1cticos como en sus dimensiones m\u00e1s te\u00f3ricas. Esperamos que este an\u00e1lisis de las estrategias de la reacci\u00f3n fortalezca las alianzas y las luchas feministas.<\/p>\n<p>Marta Cabezas Fern\u00e1ndez es Licenciada en Derecho, doctora en Antropolog\u00eda Social y profesora en la Universidad Aut\u00f3noma de Madrid. Fue investigadora posdoctoral Marie Curie. Su trabajo se centra actualmente en la tem\u00e1tica de violencias, movimientos feministas y radicalizaci\u00f3n de las derechas en Europa y Am\u00e9rica Latina. Realiz\u00f3 su investigaci\u00f3n doctoral en Bolivia y ha publicado diversos art\u00edculos en Ecuador, Cuba, Bolivia, Espana, Francia y Estados Unidos. Es coeditora del libro Cuando el estado es violento: narrativas de violencia sistemica contra las mujeres y disidencias sexuales (Bellaterra Edicions, 2022).<\/p>\n<p>Cristina Vega Sol\u00eds es profesora investigadora del Departamento de Sociolog\u00eda y Estudios de G\u00e9nero de FLACSO Ecuador. Con anterioridad fue docente en la Facultad de Ciencias Pol\u00edticas y Sociolog\u00eda de la Universidad Complutense de Madrid. Sus investigaciones se han centrado en el an\u00e1lisis del trabajo y la reproducci\u00f3n y los cuidados desde los estudios de g\u00e9nero. Es parte del colectivo de la revista feminista Flor del Guanto en Quito y de La Laboratoria en Madrid. Es coeditora de Cuidado, comunidad y comun: experiencias cooperativas en el sostenimiento de la vida (Traficantes de Suenos, 2018). En estos momentos estudia la avanzada reaccionaria en clave de g\u00e9nero e investiga sobre el neopentecostalismo.<\/p>\n","protected":false},"excerpt":{"rendered":"<p><strong>Marta Cabezas Fern\u00e1ndez, Cristina Vega Sol\u00eds<\/strong><br \/>\n9788418684449 &#8211; Bellaterra &#8211; 2022 &#8211; 410 p\u00e1ginas \/orri.<\/p>\n","protected":false},"featured_media":12592,"template":"","meta":[],"product_brand":[],"product_cat":[174,16],"product_tag":[92,5879,5875],"class_list":{"0":"post-12572","1":"product","2":"type-product","3":"status-publish","4":"has-post-thumbnail","6":"product_cat-generoak-generos","7":"product_cat-libros","8":"product_tag-bellaterra","9":"product_tag-cristina-vega-solis","10":"product_tag-marta-cabezas-fernandez","12":"first","13":"instock","14":"sold-individually","15":"shipping-taxable","16":"purchasable","17":"product-type-simple"},"yoast_head":"<!-- This site is optimized with the Yoast SEO plugin v27.3 - https:\/\/yoast.com\/product\/yoast-seo-wordpress\/ -->\n<title>LA REACCI\u00d3N PATRIARCAL Neoliberalismo autoritario, politizaci\u00f3n religiosa y nuevas derechas &#8212; Zapateneo<\/title>\n<meta name=\"robots\" content=\"index, follow, max-snippet:-1, max-image-preview:large, max-video-preview:-1\" \/>\n<link rel=\"canonical\" href=\"https:\/\/zapateneo.net\/wordpress\/index.php\/producto\/la-reaccion-patriarcal-neoliberalismo-autoritario-politizacion-religiosa-y-nuevas-derechas\/\" \/>\n<meta property=\"og:locale\" content=\"es_ES\" \/>\n<meta property=\"og:type\" content=\"article\" \/>\n<meta property=\"og:title\" content=\"LA REACCI\u00d3N PATRIARCAL Neoliberalismo autoritario, politizaci\u00f3n religiosa y nuevas derechas &#8212; Zapateneo\" \/>\n<meta property=\"og:description\" content=\"Marta Cabezas Fern\u00e1ndez, Cristina Vega Sol\u00eds 9788418684449 - Bellaterra - 2022 - 410 p\u00e1ginas \/orri.\" \/>\n<meta property=\"og:url\" content=\"https:\/\/zapateneo.net\/wordpress\/index.php\/producto\/la-reaccion-patriarcal-neoliberalismo-autoritario-politizacion-religiosa-y-nuevas-derechas\/\" \/>\n<meta property=\"og:site_name\" content=\"Zapateneo\" \/>\n<meta property=\"article:modified_time\" content=\"2023-04-08T15:46:25+00:00\" \/>\n<meta name=\"twitter:card\" content=\"summary_large_image\" \/>\n<meta name=\"twitter:site\" content=\"@zapateneo\" \/>\n<meta name=\"twitter:label1\" content=\"Tiempo de lectura\" \/>\n\t<meta name=\"twitter:data1\" content=\"2 minutos\" \/>\n<script type=\"application\/ld+json\" class=\"yoast-schema-graph\">{\"@context\":\"https:\\\/\\\/schema.org\",\"@graph\":[{\"@type\":\"WebPage\",\"@id\":\"https:\\\/\\\/zapateneo.net\\\/wordpress\\\/index.php\\\/producto\\\/la-reaccion-patriarcal-neoliberalismo-autoritario-politizacion-religiosa-y-nuevas-derechas\\\/\",\"url\":\"https:\\\/\\\/zapateneo.net\\\/wordpress\\\/index.php\\\/producto\\\/la-reaccion-patriarcal-neoliberalismo-autoritario-politizacion-religiosa-y-nuevas-derechas\\\/\",\"name\":\"LA REACCI\u00d3N PATRIARCAL Neoliberalismo autoritario, politizaci\u00f3n religiosa y nuevas derechas &#8212; Zapateneo\",\"isPartOf\":{\"@id\":\"https:\\\/\\\/zapateneo.net\\\/wordpress\\\/#website\"},\"primaryImageOfPage\":{\"@id\":\"https:\\\/\\\/zapateneo.net\\\/wordpress\\\/index.php\\\/producto\\\/la-reaccion-patriarcal-neoliberalismo-autoritario-politizacion-religiosa-y-nuevas-derechas\\\/#primaryimage\"},\"image\":{\"@id\":\"https:\\\/\\\/zapateneo.net\\\/wordpress\\\/index.php\\\/producto\\\/la-reaccion-patriarcal-neoliberalismo-autoritario-politizacion-religiosa-y-nuevas-derechas\\\/#primaryimage\"},\"thumbnailUrl\":\"https:\\\/\\\/zapateneo.net\\\/wordpress\\\/wp-content\\\/uploads\\\/2023\\\/04\\\/la-reaccion-patriarcal-9788418684449.jpg\",\"datePublished\":\"2023-04-08T15:46:15+00:00\",\"dateModified\":\"2023-04-08T15:46:25+00:00\",\"breadcrumb\":{\"@id\":\"https:\\\/\\\/zapateneo.net\\\/wordpress\\\/index.php\\\/producto\\\/la-reaccion-patriarcal-neoliberalismo-autoritario-politizacion-religiosa-y-nuevas-derechas\\\/#breadcrumb\"},\"inLanguage\":\"es\",\"potentialAction\":[{\"@type\":\"ReadAction\",\"target\":[\"https:\\\/\\\/zapateneo.net\\\/wordpress\\\/index.php\\\/producto\\\/la-reaccion-patriarcal-neoliberalismo-autoritario-politizacion-religiosa-y-nuevas-derechas\\\/\"]}]},{\"@type\":\"ImageObject\",\"inLanguage\":\"es\",\"@id\":\"https:\\\/\\\/zapateneo.net\\\/wordpress\\\/index.php\\\/producto\\\/la-reaccion-patriarcal-neoliberalismo-autoritario-politizacion-religiosa-y-nuevas-derechas\\\/#primaryimage\",\"url\":\"https:\\\/\\\/zapateneo.net\\\/wordpress\\\/wp-content\\\/uploads\\\/2023\\\/04\\\/la-reaccion-patriarcal-9788418684449.jpg\",\"contentUrl\":\"https:\\\/\\\/zapateneo.net\\\/wordpress\\\/wp-content\\\/uploads\\\/2023\\\/04\\\/la-reaccion-patriarcal-9788418684449.jpg\",\"width\":261,\"height\":400},{\"@type\":\"BreadcrumbList\",\"@id\":\"https:\\\/\\\/zapateneo.net\\\/wordpress\\\/index.php\\\/producto\\\/la-reaccion-patriarcal-neoliberalismo-autoritario-politizacion-religiosa-y-nuevas-derechas\\\/#breadcrumb\",\"itemListElement\":[{\"@type\":\"ListItem\",\"position\":1,\"name\":\"Portada\",\"item\":\"https:\\\/\\\/zapateneo.net\\\/wordpress\\\/\"},{\"@type\":\"ListItem\",\"position\":2,\"name\":\"Tienda\",\"item\":\"https:\\\/\\\/zapateneo.net\\\/wordpress\\\/\"},{\"@type\":\"ListItem\",\"position\":3,\"name\":\"LA REACCI\u00d3N PATRIARCAL Neoliberalismo autoritario, politizaci\u00f3n religiosa y nuevas derechas\"}]},{\"@type\":\"WebSite\",\"@id\":\"https:\\\/\\\/zapateneo.net\\\/wordpress\\\/#website\",\"url\":\"https:\\\/\\\/zapateneo.net\\\/wordpress\\\/\",\"name\":\"Zapateneo\",\"description\":\"Zapateneoaren webgunea\",\"publisher\":{\"@id\":\"https:\\\/\\\/zapateneo.net\\\/wordpress\\\/#organization\"},\"potentialAction\":[{\"@type\":\"SearchAction\",\"target\":{\"@type\":\"EntryPoint\",\"urlTemplate\":\"https:\\\/\\\/zapateneo.net\\\/wordpress\\\/?s={search_term_string}\"},\"query-input\":{\"@type\":\"PropertyValueSpecification\",\"valueRequired\":true,\"valueName\":\"search_term_string\"}}],\"inLanguage\":\"es\"},{\"@type\":\"Organization\",\"@id\":\"https:\\\/\\\/zapateneo.net\\\/wordpress\\\/#organization\",\"name\":\"Zapateneo Kultur Elkartea\",\"url\":\"https:\\\/\\\/zapateneo.net\\\/wordpress\\\/\",\"logo\":{\"@type\":\"ImageObject\",\"inLanguage\":\"es\",\"@id\":\"https:\\\/\\\/zapateneo.net\\\/wordpress\\\/#\\\/schema\\\/logo\\\/image\\\/\",\"url\":\"https:\\\/\\\/zapateneo.net\\\/wordpress\\\/wp-content\\\/uploads\\\/2021\\\/04\\\/zap-libu-kolec.jpg\",\"contentUrl\":\"https:\\\/\\\/zapateneo.net\\\/wordpress\\\/wp-content\\\/uploads\\\/2021\\\/04\\\/zap-libu-kolec.jpg\",\"width\":2234,\"height\":398,\"caption\":\"Zapateneo Kultur Elkartea\"},\"image\":{\"@id\":\"https:\\\/\\\/zapateneo.net\\\/wordpress\\\/#\\\/schema\\\/logo\\\/image\\\/\"},\"sameAs\":[\"https:\\\/\\\/x.com\\\/zapateneo\"]}]}<\/script>\n<!-- \/ Yoast SEO plugin. -->","yoast_head_json":{"title":"LA REACCI\u00d3N PATRIARCAL Neoliberalismo autoritario, politizaci\u00f3n religiosa y nuevas derechas &#8212; Zapateneo","robots":{"index":"index","follow":"follow","max-snippet":"max-snippet:-1","max-image-preview":"max-image-preview:large","max-video-preview":"max-video-preview:-1"},"canonical":"https:\/\/zapateneo.net\/wordpress\/index.php\/producto\/la-reaccion-patriarcal-neoliberalismo-autoritario-politizacion-religiosa-y-nuevas-derechas\/","og_locale":"es_ES","og_type":"article","og_title":"LA REACCI\u00d3N PATRIARCAL Neoliberalismo autoritario, politizaci\u00f3n religiosa y nuevas derechas &#8212; Zapateneo","og_description":"Marta Cabezas Fern\u00e1ndez, Cristina Vega Sol\u00eds 9788418684449 - Bellaterra - 2022 - 410 p\u00e1ginas \/orri.","og_url":"https:\/\/zapateneo.net\/wordpress\/index.php\/producto\/la-reaccion-patriarcal-neoliberalismo-autoritario-politizacion-religiosa-y-nuevas-derechas\/","og_site_name":"Zapateneo","article_modified_time":"2023-04-08T15:46:25+00:00","twitter_card":"summary_large_image","twitter_site":"@zapateneo","twitter_misc":{"Tiempo de lectura":"2 minutos"},"schema":{"@context":"https:\/\/schema.org","@graph":[{"@type":"WebPage","@id":"https:\/\/zapateneo.net\/wordpress\/index.php\/producto\/la-reaccion-patriarcal-neoliberalismo-autoritario-politizacion-religiosa-y-nuevas-derechas\/","url":"https:\/\/zapateneo.net\/wordpress\/index.php\/producto\/la-reaccion-patriarcal-neoliberalismo-autoritario-politizacion-religiosa-y-nuevas-derechas\/","name":"LA REACCI\u00d3N PATRIARCAL Neoliberalismo autoritario, politizaci\u00f3n religiosa y nuevas derechas &#8212; Zapateneo","isPartOf":{"@id":"https:\/\/zapateneo.net\/wordpress\/#website"},"primaryImageOfPage":{"@id":"https:\/\/zapateneo.net\/wordpress\/index.php\/producto\/la-reaccion-patriarcal-neoliberalismo-autoritario-politizacion-religiosa-y-nuevas-derechas\/#primaryimage"},"image":{"@id":"https:\/\/zapateneo.net\/wordpress\/index.php\/producto\/la-reaccion-patriarcal-neoliberalismo-autoritario-politizacion-religiosa-y-nuevas-derechas\/#primaryimage"},"thumbnailUrl":"https:\/\/zapateneo.net\/wordpress\/wp-content\/uploads\/2023\/04\/la-reaccion-patriarcal-9788418684449.jpg","datePublished":"2023-04-08T15:46:15+00:00","dateModified":"2023-04-08T15:46:25+00:00","breadcrumb":{"@id":"https:\/\/zapateneo.net\/wordpress\/index.php\/producto\/la-reaccion-patriarcal-neoliberalismo-autoritario-politizacion-religiosa-y-nuevas-derechas\/#breadcrumb"},"inLanguage":"es","potentialAction":[{"@type":"ReadAction","target":["https:\/\/zapateneo.net\/wordpress\/index.php\/producto\/la-reaccion-patriarcal-neoliberalismo-autoritario-politizacion-religiosa-y-nuevas-derechas\/"]}]},{"@type":"ImageObject","inLanguage":"es","@id":"https:\/\/zapateneo.net\/wordpress\/index.php\/producto\/la-reaccion-patriarcal-neoliberalismo-autoritario-politizacion-religiosa-y-nuevas-derechas\/#primaryimage","url":"https:\/\/zapateneo.net\/wordpress\/wp-content\/uploads\/2023\/04\/la-reaccion-patriarcal-9788418684449.jpg","contentUrl":"https:\/\/zapateneo.net\/wordpress\/wp-content\/uploads\/2023\/04\/la-reaccion-patriarcal-9788418684449.jpg","width":261,"height":400},{"@type":"BreadcrumbList","@id":"https:\/\/zapateneo.net\/wordpress\/index.php\/producto\/la-reaccion-patriarcal-neoliberalismo-autoritario-politizacion-religiosa-y-nuevas-derechas\/#breadcrumb","itemListElement":[{"@type":"ListItem","position":1,"name":"Portada","item":"https:\/\/zapateneo.net\/wordpress\/"},{"@type":"ListItem","position":2,"name":"Tienda","item":"https:\/\/zapateneo.net\/wordpress\/"},{"@type":"ListItem","position":3,"name":"LA REACCI\u00d3N PATRIARCAL Neoliberalismo autoritario, politizaci\u00f3n religiosa y nuevas derechas"}]},{"@type":"WebSite","@id":"https:\/\/zapateneo.net\/wordpress\/#website","url":"https:\/\/zapateneo.net\/wordpress\/","name":"Zapateneo","description":"Zapateneoaren webgunea","publisher":{"@id":"https:\/\/zapateneo.net\/wordpress\/#organization"},"potentialAction":[{"@type":"SearchAction","target":{"@type":"EntryPoint","urlTemplate":"https:\/\/zapateneo.net\/wordpress\/?s={search_term_string}"},"query-input":{"@type":"PropertyValueSpecification","valueRequired":true,"valueName":"search_term_string"}}],"inLanguage":"es"},{"@type":"Organization","@id":"https:\/\/zapateneo.net\/wordpress\/#organization","name":"Zapateneo Kultur Elkartea","url":"https:\/\/zapateneo.net\/wordpress\/","logo":{"@type":"ImageObject","inLanguage":"es","@id":"https:\/\/zapateneo.net\/wordpress\/#\/schema\/logo\/image\/","url":"https:\/\/zapateneo.net\/wordpress\/wp-content\/uploads\/2021\/04\/zap-libu-kolec.jpg","contentUrl":"https:\/\/zapateneo.net\/wordpress\/wp-content\/uploads\/2021\/04\/zap-libu-kolec.jpg","width":2234,"height":398,"caption":"Zapateneo Kultur Elkartea"},"image":{"@id":"https:\/\/zapateneo.net\/wordpress\/#\/schema\/logo\/image\/"},"sameAs":["https:\/\/x.com\/zapateneo"]}]}},"_links":{"self":[{"href":"https:\/\/zapateneo.net\/wordpress\/index.php\/wp-json\/wp\/v2\/product\/12572","targetHints":{"allow":["GET"]}}],"collection":[{"href":"https:\/\/zapateneo.net\/wordpress\/index.php\/wp-json\/wp\/v2\/product"}],"about":[{"href":"https:\/\/zapateneo.net\/wordpress\/index.php\/wp-json\/wp\/v2\/types\/product"}],"wp:featuredmedia":[{"embeddable":true,"href":"https:\/\/zapateneo.net\/wordpress\/index.php\/wp-json\/wp\/v2\/media\/12592"}],"wp:attachment":[{"href":"https:\/\/zapateneo.net\/wordpress\/index.php\/wp-json\/wp\/v2\/media?parent=12572"}],"wp:term":[{"taxonomy":"product_brand","embeddable":true,"href":"https:\/\/zapateneo.net\/wordpress\/index.php\/wp-json\/wp\/v2\/product_brand?post=12572"},{"taxonomy":"product_cat","embeddable":true,"href":"https:\/\/zapateneo.net\/wordpress\/index.php\/wp-json\/wp\/v2\/product_cat?post=12572"},{"taxonomy":"product_tag","embeddable":true,"href":"https:\/\/zapateneo.net\/wordpress\/index.php\/wp-json\/wp\/v2\/product_tag?post=12572"}],"curies":[{"name":"wp","href":"https:\/\/api.w.org\/{rel}","templated":true}]}}