{"id":12571,"date":"2023-04-08T16:46:14","date_gmt":"2023-04-08T15:46:14","guid":{"rendered":"https:\/\/zapateneo.net\/wordpress\/?post_type=product&#038;p=12571"},"modified":"2023-04-08T16:46:24","modified_gmt":"2023-04-08T15:46:24","slug":"bolchevique-negro-autobiografia-de-un-comunista-afroamericano-y-otros-textos","status":"publish","type":"product","link":"https:\/\/zapateneo.net\/wordpress\/index.php\/producto\/bolchevique-negro-autobiografia-de-un-comunista-afroamericano-y-otros-textos\/","title":{"rendered":"BOLCHEVIQUE NEGRO Autobiograf\u00eda de un comunista afroamericano y otros textos"},"content":{"rendered":"<p>Harry Haywood fue una de las figuras m\u00e1s influyentes entre los pensadores, escritores, organizadores y activistas que ayudaron a hacer que el mundo fuera consciente del racismo virulento que mancha nuestras sociedades.<\/p>\n<p>Bolchevique Negro es la autobiograf\u00eda de Harry Haywood (Omaha del Sur, Nebraska, 1898-1985), uno de los comunistas afroamericanos m\u00e1s destacados del siglo xx. Hijo de una familia humilde de exesclavos del sur de Estados Unidos, narra su temprana politizaci\u00f3n en movimientos secretos y radicales como la Hermandad de la Sangre Africana, haciendo frente a pol\u00edticas segregacionistas, persecuciones y linchamientos sistem\u00e1ticos contra la poblaci\u00f3n negra. Militante del Partido Comunista desde 1925, comparte aspectos de su formaci\u00f3n pol\u00edtica en la URSS, donde fue pionero de la teor\u00eda del \u00abcolonialismo interno\u00bb, proponiendo una lucha por la liberaci\u00f3n y autodeterminaci\u00f3n de la poblaci\u00f3n negra en el sur de Estados Unidos. Tambi\u00e9n desarrolla pasajes de su participaci\u00f3n en acontecimientos clave del siglo, como la Primera y Segunda Guerra Mundial o la guerra civil espa\u00f1ola, as\u00ed como sus actividades de organizaci\u00f3n en el movimiento obrero afroamericano y sus debates con el movimiento Black Power en la d\u00e9cada de los a\u00f1os sesenta.<\/p>\n<p>Este volumen incluye una selecci\u00f3n de otros art\u00edculos donde Haywood desarrolla la teor\u00eda del colonialismo interno desde la d\u00e9cada de los a\u00f1os veinte, enfatizando la importancia de atender el fen\u00f3meno de la sobreexpotaci\u00f3n y la divisi\u00f3n racial del trabajo para una comprensi\u00f3n m\u00e1s integral del capitalismo. Sus reflexiones forman parte importante de la amplia tradici\u00f3n de los marxismos negros y los marxismos del Sur, desarrollando an\u00e1lisis no-euroc\u00e9ntricos y descolonizadores de la cr\u00edtica marxista a la econom\u00eda pol\u00edtica.<\/p>\n","protected":false},"excerpt":{"rendered":"<p><strong>Harry Haywood<\/strong><br \/>\n9788419160096 &#8211; Bellaterra &#8211; 2022 &#8211; 463 p\u00e1ginas \/orri.<\/p>\n","protected":false},"featured_media":12591,"template":"","meta":[],"product_brand":[],"product_cat":[160,16],"product_tag":[92,5878],"class_list":{"0":"post-12571","1":"product","2":"type-product","3":"status-publish","4":"has-post-thumbnail","6":"product_cat-biografiak-biografias","7":"product_cat-libros","8":"product_tag-bellaterra","9":"product_tag-harry-haywood","11":"first","12":"instock","13":"sold-individually","14":"shipping-taxable","15":"purchasable","16":"product-type-simple"},"yoast_head":"<!-- This site is optimized with the Yoast SEO plugin v27.3 - https:\/\/yoast.com\/product\/yoast-seo-wordpress\/ -->\n<title>BOLCHEVIQUE NEGRO Autobiograf\u00eda de un comunista afroamericano y otros textos &#8212; Zapateneo<\/title>\n<meta name=\"robots\" content=\"index, follow, max-snippet:-1, max-image-preview:large, max-video-preview:-1\" \/>\n<link rel=\"canonical\" href=\"https:\/\/zapateneo.net\/wordpress\/index.php\/producto\/bolchevique-negro-autobiografia-de-un-comunista-afroamericano-y-otros-textos\/\" \/>\n<meta property=\"og:locale\" content=\"es_ES\" \/>\n<meta property=\"og:type\" content=\"article\" \/>\n<meta property=\"og:title\" content=\"BOLCHEVIQUE NEGRO Autobiograf\u00eda de un comunista afroamericano y otros textos &#8212; Zapateneo\" \/>\n<meta property=\"og:description\" content=\"Harry Haywood 9788419160096 - Bellaterra - 2022 - 463 p\u00e1ginas \/orri.\" \/>\n<meta property=\"og:url\" content=\"https:\/\/zapateneo.net\/wordpress\/index.php\/producto\/bolchevique-negro-autobiografia-de-un-comunista-afroamericano-y-otros-textos\/\" \/>\n<meta property=\"og:site_name\" content=\"Zapateneo\" \/>\n<meta property=\"article:modified_time\" content=\"2023-04-08T15:46:24+00:00\" \/>\n<meta name=\"twitter:card\" content=\"summary_large_image\" \/>\n<meta name=\"twitter:site\" content=\"@zapateneo\" \/>\n<meta name=\"twitter:label1\" content=\"Tiempo de lectura\" \/>\n\t<meta name=\"twitter:data1\" content=\"1 minuto\" \/>\n<script type=\"application\/ld+json\" class=\"yoast-schema-graph\">{\"@context\":\"https:\\\/\\\/schema.org\",\"@graph\":[{\"@type\":\"WebPage\",\"@id\":\"https:\\\/\\\/zapateneo.net\\\/wordpress\\\/index.php\\\/producto\\\/bolchevique-negro-autobiografia-de-un-comunista-afroamericano-y-otros-textos\\\/\",\"url\":\"https:\\\/\\\/zapateneo.net\\\/wordpress\\\/index.php\\\/producto\\\/bolchevique-negro-autobiografia-de-un-comunista-afroamericano-y-otros-textos\\\/\",\"name\":\"BOLCHEVIQUE NEGRO Autobiograf\u00eda de un comunista afroamericano y otros textos &#8212; Zapateneo\",\"isPartOf\":{\"@id\":\"https:\\\/\\\/zapateneo.net\\\/wordpress\\\/#website\"},\"primaryImageOfPage\":{\"@id\":\"https:\\\/\\\/zapateneo.net\\\/wordpress\\\/index.php\\\/producto\\\/bolchevique-negro-autobiografia-de-un-comunista-afroamericano-y-otros-textos\\\/#primaryimage\"},\"image\":{\"@id\":\"https:\\\/\\\/zapateneo.net\\\/wordpress\\\/index.php\\\/producto\\\/bolchevique-negro-autobiografia-de-un-comunista-afroamericano-y-otros-textos\\\/#primaryimage\"},\"thumbnailUrl\":\"https:\\\/\\\/zapateneo.net\\\/wordpress\\\/wp-content\\\/uploads\\\/2023\\\/04\\\/bolchevique-negro-9788419160096.jpg\",\"datePublished\":\"2023-04-08T15:46:14+00:00\",\"dateModified\":\"2023-04-08T15:46:24+00:00\",\"breadcrumb\":{\"@id\":\"https:\\\/\\\/zapateneo.net\\\/wordpress\\\/index.php\\\/producto\\\/bolchevique-negro-autobiografia-de-un-comunista-afroamericano-y-otros-textos\\\/#breadcrumb\"},\"inLanguage\":\"es\",\"potentialAction\":[{\"@type\":\"ReadAction\",\"target\":[\"https:\\\/\\\/zapateneo.net\\\/wordpress\\\/index.php\\\/producto\\\/bolchevique-negro-autobiografia-de-un-comunista-afroamericano-y-otros-textos\\\/\"]}]},{\"@type\":\"ImageObject\",\"inLanguage\":\"es\",\"@id\":\"https:\\\/\\\/zapateneo.net\\\/wordpress\\\/index.php\\\/producto\\\/bolchevique-negro-autobiografia-de-un-comunista-afroamericano-y-otros-textos\\\/#primaryimage\",\"url\":\"https:\\\/\\\/zapateneo.net\\\/wordpress\\\/wp-content\\\/uploads\\\/2023\\\/04\\\/bolchevique-negro-9788419160096.jpg\",\"contentUrl\":\"https:\\\/\\\/zapateneo.net\\\/wordpress\\\/wp-content\\\/uploads\\\/2023\\\/04\\\/bolchevique-negro-9788419160096.jpg\",\"width\":261,\"height\":400},{\"@type\":\"BreadcrumbList\",\"@id\":\"https:\\\/\\\/zapateneo.net\\\/wordpress\\\/index.php\\\/producto\\\/bolchevique-negro-autobiografia-de-un-comunista-afroamericano-y-otros-textos\\\/#breadcrumb\",\"itemListElement\":[{\"@type\":\"ListItem\",\"position\":1,\"name\":\"Portada\",\"item\":\"https:\\\/\\\/zapateneo.net\\\/wordpress\\\/\"},{\"@type\":\"ListItem\",\"position\":2,\"name\":\"Tienda\",\"item\":\"https:\\\/\\\/zapateneo.net\\\/wordpress\\\/\"},{\"@type\":\"ListItem\",\"position\":3,\"name\":\"BOLCHEVIQUE NEGRO Autobiograf\u00eda de un comunista afroamericano y otros textos\"}]},{\"@type\":\"WebSite\",\"@id\":\"https:\\\/\\\/zapateneo.net\\\/wordpress\\\/#website\",\"url\":\"https:\\\/\\\/zapateneo.net\\\/wordpress\\\/\",\"name\":\"Zapateneo\",\"description\":\"Zapateneoaren webgunea\",\"publisher\":{\"@id\":\"https:\\\/\\\/zapateneo.net\\\/wordpress\\\/#organization\"},\"potentialAction\":[{\"@type\":\"SearchAction\",\"target\":{\"@type\":\"EntryPoint\",\"urlTemplate\":\"https:\\\/\\\/zapateneo.net\\\/wordpress\\\/?s={search_term_string}\"},\"query-input\":{\"@type\":\"PropertyValueSpecification\",\"valueRequired\":true,\"valueName\":\"search_term_string\"}}],\"inLanguage\":\"es\"},{\"@type\":\"Organization\",\"@id\":\"https:\\\/\\\/zapateneo.net\\\/wordpress\\\/#organization\",\"name\":\"Zapateneo Kultur Elkartea\",\"url\":\"https:\\\/\\\/zapateneo.net\\\/wordpress\\\/\",\"logo\":{\"@type\":\"ImageObject\",\"inLanguage\":\"es\",\"@id\":\"https:\\\/\\\/zapateneo.net\\\/wordpress\\\/#\\\/schema\\\/logo\\\/image\\\/\",\"url\":\"https:\\\/\\\/zapateneo.net\\\/wordpress\\\/wp-content\\\/uploads\\\/2021\\\/04\\\/zap-libu-kolec.jpg\",\"contentUrl\":\"https:\\\/\\\/zapateneo.net\\\/wordpress\\\/wp-content\\\/uploads\\\/2021\\\/04\\\/zap-libu-kolec.jpg\",\"width\":2234,\"height\":398,\"caption\":\"Zapateneo Kultur Elkartea\"},\"image\":{\"@id\":\"https:\\\/\\\/zapateneo.net\\\/wordpress\\\/#\\\/schema\\\/logo\\\/image\\\/\"},\"sameAs\":[\"https:\\\/\\\/x.com\\\/zapateneo\"]}]}<\/script>\n<!-- \/ Yoast SEO plugin. -->","yoast_head_json":{"title":"BOLCHEVIQUE NEGRO Autobiograf\u00eda de un comunista afroamericano y otros textos &#8212; Zapateneo","robots":{"index":"index","follow":"follow","max-snippet":"max-snippet:-1","max-image-preview":"max-image-preview:large","max-video-preview":"max-video-preview:-1"},"canonical":"https:\/\/zapateneo.net\/wordpress\/index.php\/producto\/bolchevique-negro-autobiografia-de-un-comunista-afroamericano-y-otros-textos\/","og_locale":"es_ES","og_type":"article","og_title":"BOLCHEVIQUE NEGRO Autobiograf\u00eda de un comunista afroamericano y otros textos &#8212; Zapateneo","og_description":"Harry Haywood 9788419160096 - Bellaterra - 2022 - 463 p\u00e1ginas \/orri.","og_url":"https:\/\/zapateneo.net\/wordpress\/index.php\/producto\/bolchevique-negro-autobiografia-de-un-comunista-afroamericano-y-otros-textos\/","og_site_name":"Zapateneo","article_modified_time":"2023-04-08T15:46:24+00:00","twitter_card":"summary_large_image","twitter_site":"@zapateneo","twitter_misc":{"Tiempo de lectura":"1 minuto"},"schema":{"@context":"https:\/\/schema.org","@graph":[{"@type":"WebPage","@id":"https:\/\/zapateneo.net\/wordpress\/index.php\/producto\/bolchevique-negro-autobiografia-de-un-comunista-afroamericano-y-otros-textos\/","url":"https:\/\/zapateneo.net\/wordpress\/index.php\/producto\/bolchevique-negro-autobiografia-de-un-comunista-afroamericano-y-otros-textos\/","name":"BOLCHEVIQUE NEGRO Autobiograf\u00eda de un comunista afroamericano y otros textos &#8212; Zapateneo","isPartOf":{"@id":"https:\/\/zapateneo.net\/wordpress\/#website"},"primaryImageOfPage":{"@id":"https:\/\/zapateneo.net\/wordpress\/index.php\/producto\/bolchevique-negro-autobiografia-de-un-comunista-afroamericano-y-otros-textos\/#primaryimage"},"image":{"@id":"https:\/\/zapateneo.net\/wordpress\/index.php\/producto\/bolchevique-negro-autobiografia-de-un-comunista-afroamericano-y-otros-textos\/#primaryimage"},"thumbnailUrl":"https:\/\/zapateneo.net\/wordpress\/wp-content\/uploads\/2023\/04\/bolchevique-negro-9788419160096.jpg","datePublished":"2023-04-08T15:46:14+00:00","dateModified":"2023-04-08T15:46:24+00:00","breadcrumb":{"@id":"https:\/\/zapateneo.net\/wordpress\/index.php\/producto\/bolchevique-negro-autobiografia-de-un-comunista-afroamericano-y-otros-textos\/#breadcrumb"},"inLanguage":"es","potentialAction":[{"@type":"ReadAction","target":["https:\/\/zapateneo.net\/wordpress\/index.php\/producto\/bolchevique-negro-autobiografia-de-un-comunista-afroamericano-y-otros-textos\/"]}]},{"@type":"ImageObject","inLanguage":"es","@id":"https:\/\/zapateneo.net\/wordpress\/index.php\/producto\/bolchevique-negro-autobiografia-de-un-comunista-afroamericano-y-otros-textos\/#primaryimage","url":"https:\/\/zapateneo.net\/wordpress\/wp-content\/uploads\/2023\/04\/bolchevique-negro-9788419160096.jpg","contentUrl":"https:\/\/zapateneo.net\/wordpress\/wp-content\/uploads\/2023\/04\/bolchevique-negro-9788419160096.jpg","width":261,"height":400},{"@type":"BreadcrumbList","@id":"https:\/\/zapateneo.net\/wordpress\/index.php\/producto\/bolchevique-negro-autobiografia-de-un-comunista-afroamericano-y-otros-textos\/#breadcrumb","itemListElement":[{"@type":"ListItem","position":1,"name":"Portada","item":"https:\/\/zapateneo.net\/wordpress\/"},{"@type":"ListItem","position":2,"name":"Tienda","item":"https:\/\/zapateneo.net\/wordpress\/"},{"@type":"ListItem","position":3,"name":"BOLCHEVIQUE NEGRO Autobiograf\u00eda de un comunista afroamericano y otros textos"}]},{"@type":"WebSite","@id":"https:\/\/zapateneo.net\/wordpress\/#website","url":"https:\/\/zapateneo.net\/wordpress\/","name":"Zapateneo","description":"Zapateneoaren webgunea","publisher":{"@id":"https:\/\/zapateneo.net\/wordpress\/#organization"},"potentialAction":[{"@type":"SearchAction","target":{"@type":"EntryPoint","urlTemplate":"https:\/\/zapateneo.net\/wordpress\/?s={search_term_string}"},"query-input":{"@type":"PropertyValueSpecification","valueRequired":true,"valueName":"search_term_string"}}],"inLanguage":"es"},{"@type":"Organization","@id":"https:\/\/zapateneo.net\/wordpress\/#organization","name":"Zapateneo Kultur Elkartea","url":"https:\/\/zapateneo.net\/wordpress\/","logo":{"@type":"ImageObject","inLanguage":"es","@id":"https:\/\/zapateneo.net\/wordpress\/#\/schema\/logo\/image\/","url":"https:\/\/zapateneo.net\/wordpress\/wp-content\/uploads\/2021\/04\/zap-libu-kolec.jpg","contentUrl":"https:\/\/zapateneo.net\/wordpress\/wp-content\/uploads\/2021\/04\/zap-libu-kolec.jpg","width":2234,"height":398,"caption":"Zapateneo Kultur Elkartea"},"image":{"@id":"https:\/\/zapateneo.net\/wordpress\/#\/schema\/logo\/image\/"},"sameAs":["https:\/\/x.com\/zapateneo"]}]}},"_links":{"self":[{"href":"https:\/\/zapateneo.net\/wordpress\/index.php\/wp-json\/wp\/v2\/product\/12571","targetHints":{"allow":["GET"]}}],"collection":[{"href":"https:\/\/zapateneo.net\/wordpress\/index.php\/wp-json\/wp\/v2\/product"}],"about":[{"href":"https:\/\/zapateneo.net\/wordpress\/index.php\/wp-json\/wp\/v2\/types\/product"}],"wp:featuredmedia":[{"embeddable":true,"href":"https:\/\/zapateneo.net\/wordpress\/index.php\/wp-json\/wp\/v2\/media\/12591"}],"wp:attachment":[{"href":"https:\/\/zapateneo.net\/wordpress\/index.php\/wp-json\/wp\/v2\/media?parent=12571"}],"wp:term":[{"taxonomy":"product_brand","embeddable":true,"href":"https:\/\/zapateneo.net\/wordpress\/index.php\/wp-json\/wp\/v2\/product_brand?post=12571"},{"taxonomy":"product_cat","embeddable":true,"href":"https:\/\/zapateneo.net\/wordpress\/index.php\/wp-json\/wp\/v2\/product_cat?post=12571"},{"taxonomy":"product_tag","embeddable":true,"href":"https:\/\/zapateneo.net\/wordpress\/index.php\/wp-json\/wp\/v2\/product_tag?post=12571"}],"curies":[{"name":"wp","href":"https:\/\/api.w.org\/{rel}","templated":true}]}}