{"id":12564,"date":"2023-04-08T16:46:12","date_gmt":"2023-04-08T15:46:12","guid":{"rendered":"https:\/\/zapateneo.net\/wordpress\/?post_type=product&#038;p=12564"},"modified":"2023-04-08T16:46:19","modified_gmt":"2023-04-08T15:46:19","slug":"el-engano-de-la-ayuda-al-desarollo-en-el-mundo","status":"publish","type":"product","link":"https:\/\/zapateneo.net\/wordpress\/index.php\/producto\/el-engano-de-la-ayuda-al-desarollo-en-el-mundo\/","title":{"rendered":"EL ENGA\u00d1O DE LA AYUDA AL DESAROLLO EN EL MUNDO"},"content":{"rendered":"<p>En los \u00faltimos cuarenta a\u00f1os, los pa\u00edses con mayores recur\u00adsos han dedicado grandes sumas de dinero para la ayuda al desarrollo, unos 100.000 millones de d\u00f3lares anuales, y no siempre para los pa\u00edses m\u00e1s pobres. Observando los 41 pa\u00ed\u00adses m\u00e1s pobres en 1980, sorprende que, cuatro d\u00e9cadas des\u00adpu\u00e9s, la mayor\u00eda de ellos todav\u00eda presenten malos indicadores en cuestiones fundamentales, y que incluso algunos de ellos hayan retrocedido en varios par\u00e1metros. Excepto tres, conti\u00adn\u00faan siendo los pa\u00edses m\u00e1s pobres del planeta. Viendo estos malos resultados, y con profusi\u00f3n de datos estad\u00edsticos, el au\u00adtor concluye que la ayuda al desarrollo ha sido un gasto in\u00fatil, una ficci\u00f3n o una falsedad, ya que buena parte de esta ayuda, o bien se ha desperdiciado o ha ido a parar a los bolsillos de aut\u00f3cratas, bur\u00f3cratas y grupos elitistas, que han aprovecha\u00addo la compasi\u00f3n o la mala conciencia de los donantes para convertir la ayuda en un negocio. Esta ayuda no solo no ha servido para salir de la pobreza, sino que ha permitido ocul\u00adtar deficiencias estructurales e ignorar los cambios de fondo que son necesarios para mejorar las condiciones de vida de las poblaciones y satisfacer sus necesidades b\u00e1sicas fundamenta\u00adles. La conclusi\u00f3n es que solo es posible salir del c\u00edrculo de la pobreza mediante buenas pol\u00edticas p\u00fablicas promovidas desde el interior de dichos pa\u00edses, no por la ayuda externa, y con gobernantes que se preocupen realmente del bienestar de su poblaci\u00f3n, sea cual sea su estatus pol\u00edtico.<\/p>\n<p>Vicen\u00e7 Fisas Armengol (Barcelona, 1952) es analista de conflictos, pol\u00edtica internacional y procesos de paz. Doctor en \u201cPeace Studies\u201d por la Universidad de Bradford (R.U.) y Premio Nacional  de Derechos Humanos en 1998, es autor de m\u00e1s de 50 libros sobre conflictos, pol\u00edtica internacional, negociaci\u00f3n y procesos de paz.<\/p>\n","protected":false},"excerpt":{"rendered":"<p><strong>Vicen\u00e7 Fisas Armengol<\/strong><br \/>\n9788418826641 &#8211; Icaria &#8211; 2022 &#8211; 334 p\u00e1ginas \/orri.<\/p>\n","protected":false},"featured_media":12584,"template":"","meta":[],"product_brand":[],"product_cat":[178,16],"product_tag":[643,5871],"class_list":{"0":"post-12564","1":"product","2":"type-product","3":"status-publish","4":"has-post-thumbnail","6":"product_cat-ekonomia-economia","7":"product_cat-libros","8":"product_tag-icaria","9":"product_tag-vicenc-fisas-armengol","11":"first","12":"instock","13":"sold-individually","14":"shipping-taxable","15":"purchasable","16":"product-type-simple"},"yoast_head":"<!-- This site is optimized with the Yoast SEO plugin v27.3 - https:\/\/yoast.com\/product\/yoast-seo-wordpress\/ -->\n<title>EL ENGA\u00d1O DE LA AYUDA AL DESAROLLO EN EL MUNDO &#8212; Zapateneo<\/title>\n<meta name=\"robots\" content=\"index, follow, max-snippet:-1, max-image-preview:large, max-video-preview:-1\" \/>\n<link rel=\"canonical\" href=\"https:\/\/zapateneo.net\/wordpress\/index.php\/producto\/el-engano-de-la-ayuda-al-desarollo-en-el-mundo\/\" \/>\n<meta property=\"og:locale\" content=\"es_ES\" \/>\n<meta property=\"og:type\" content=\"article\" \/>\n<meta property=\"og:title\" content=\"EL ENGA\u00d1O DE LA AYUDA AL DESAROLLO EN EL MUNDO &#8212; Zapateneo\" \/>\n<meta property=\"og:description\" content=\"Vicen\u00e7 Fisas Armengol 9788418826641 - Icaria - 2022 - 334 p\u00e1ginas \/orri.\" \/>\n<meta property=\"og:url\" content=\"https:\/\/zapateneo.net\/wordpress\/index.php\/producto\/el-engano-de-la-ayuda-al-desarollo-en-el-mundo\/\" \/>\n<meta property=\"og:site_name\" content=\"Zapateneo\" \/>\n<meta property=\"article:modified_time\" content=\"2023-04-08T15:46:19+00:00\" \/>\n<meta name=\"twitter:card\" content=\"summary_large_image\" \/>\n<meta name=\"twitter:site\" content=\"@zapateneo\" \/>\n<meta name=\"twitter:label1\" content=\"Tiempo de lectura\" \/>\n\t<meta name=\"twitter:data1\" content=\"2 minutos\" \/>\n<script type=\"application\/ld+json\" class=\"yoast-schema-graph\">{\"@context\":\"https:\\\/\\\/schema.org\",\"@graph\":[{\"@type\":\"WebPage\",\"@id\":\"https:\\\/\\\/zapateneo.net\\\/wordpress\\\/index.php\\\/producto\\\/el-engano-de-la-ayuda-al-desarollo-en-el-mundo\\\/\",\"url\":\"https:\\\/\\\/zapateneo.net\\\/wordpress\\\/index.php\\\/producto\\\/el-engano-de-la-ayuda-al-desarollo-en-el-mundo\\\/\",\"name\":\"EL ENGA\u00d1O DE LA AYUDA AL DESAROLLO EN EL MUNDO &#8212; Zapateneo\",\"isPartOf\":{\"@id\":\"https:\\\/\\\/zapateneo.net\\\/wordpress\\\/#website\"},\"primaryImageOfPage\":{\"@id\":\"https:\\\/\\\/zapateneo.net\\\/wordpress\\\/index.php\\\/producto\\\/el-engano-de-la-ayuda-al-desarollo-en-el-mundo\\\/#primaryimage\"},\"image\":{\"@id\":\"https:\\\/\\\/zapateneo.net\\\/wordpress\\\/index.php\\\/producto\\\/el-engano-de-la-ayuda-al-desarollo-en-el-mundo\\\/#primaryimage\"},\"thumbnailUrl\":\"https:\\\/\\\/zapateneo.net\\\/wordpress\\\/wp-content\\\/uploads\\\/2023\\\/04\\\/el-engano-de-la-ayuda-al-desarollo-en-el-mundo-9788418826641.jpg\",\"datePublished\":\"2023-04-08T15:46:12+00:00\",\"dateModified\":\"2023-04-08T15:46:19+00:00\",\"breadcrumb\":{\"@id\":\"https:\\\/\\\/zapateneo.net\\\/wordpress\\\/index.php\\\/producto\\\/el-engano-de-la-ayuda-al-desarollo-en-el-mundo\\\/#breadcrumb\"},\"inLanguage\":\"es\",\"potentialAction\":[{\"@type\":\"ReadAction\",\"target\":[\"https:\\\/\\\/zapateneo.net\\\/wordpress\\\/index.php\\\/producto\\\/el-engano-de-la-ayuda-al-desarollo-en-el-mundo\\\/\"]}]},{\"@type\":\"ImageObject\",\"inLanguage\":\"es\",\"@id\":\"https:\\\/\\\/zapateneo.net\\\/wordpress\\\/index.php\\\/producto\\\/el-engano-de-la-ayuda-al-desarollo-en-el-mundo\\\/#primaryimage\",\"url\":\"https:\\\/\\\/zapateneo.net\\\/wordpress\\\/wp-content\\\/uploads\\\/2023\\\/04\\\/el-engano-de-la-ayuda-al-desarollo-en-el-mundo-9788418826641.jpg\",\"contentUrl\":\"https:\\\/\\\/zapateneo.net\\\/wordpress\\\/wp-content\\\/uploads\\\/2023\\\/04\\\/el-engano-de-la-ayuda-al-desarollo-en-el-mundo-9788418826641.jpg\",\"width\":259,\"height\":400},{\"@type\":\"BreadcrumbList\",\"@id\":\"https:\\\/\\\/zapateneo.net\\\/wordpress\\\/index.php\\\/producto\\\/el-engano-de-la-ayuda-al-desarollo-en-el-mundo\\\/#breadcrumb\",\"itemListElement\":[{\"@type\":\"ListItem\",\"position\":1,\"name\":\"Portada\",\"item\":\"https:\\\/\\\/zapateneo.net\\\/wordpress\\\/\"},{\"@type\":\"ListItem\",\"position\":2,\"name\":\"Tienda\",\"item\":\"https:\\\/\\\/zapateneo.net\\\/wordpress\\\/\"},{\"@type\":\"ListItem\",\"position\":3,\"name\":\"EL ENGA\u00d1O DE LA AYUDA AL DESAROLLO EN EL MUNDO\"}]},{\"@type\":\"WebSite\",\"@id\":\"https:\\\/\\\/zapateneo.net\\\/wordpress\\\/#website\",\"url\":\"https:\\\/\\\/zapateneo.net\\\/wordpress\\\/\",\"name\":\"Zapateneo\",\"description\":\"Zapateneoaren webgunea\",\"publisher\":{\"@id\":\"https:\\\/\\\/zapateneo.net\\\/wordpress\\\/#organization\"},\"potentialAction\":[{\"@type\":\"SearchAction\",\"target\":{\"@type\":\"EntryPoint\",\"urlTemplate\":\"https:\\\/\\\/zapateneo.net\\\/wordpress\\\/?s={search_term_string}\"},\"query-input\":{\"@type\":\"PropertyValueSpecification\",\"valueRequired\":true,\"valueName\":\"search_term_string\"}}],\"inLanguage\":\"es\"},{\"@type\":\"Organization\",\"@id\":\"https:\\\/\\\/zapateneo.net\\\/wordpress\\\/#organization\",\"name\":\"Zapateneo Kultur Elkartea\",\"url\":\"https:\\\/\\\/zapateneo.net\\\/wordpress\\\/\",\"logo\":{\"@type\":\"ImageObject\",\"inLanguage\":\"es\",\"@id\":\"https:\\\/\\\/zapateneo.net\\\/wordpress\\\/#\\\/schema\\\/logo\\\/image\\\/\",\"url\":\"https:\\\/\\\/zapateneo.net\\\/wordpress\\\/wp-content\\\/uploads\\\/2021\\\/04\\\/zap-libu-kolec.jpg\",\"contentUrl\":\"https:\\\/\\\/zapateneo.net\\\/wordpress\\\/wp-content\\\/uploads\\\/2021\\\/04\\\/zap-libu-kolec.jpg\",\"width\":2234,\"height\":398,\"caption\":\"Zapateneo Kultur Elkartea\"},\"image\":{\"@id\":\"https:\\\/\\\/zapateneo.net\\\/wordpress\\\/#\\\/schema\\\/logo\\\/image\\\/\"},\"sameAs\":[\"https:\\\/\\\/x.com\\\/zapateneo\"]}]}<\/script>\n<!-- \/ Yoast SEO plugin. -->","yoast_head_json":{"title":"EL ENGA\u00d1O DE LA AYUDA AL DESAROLLO EN EL MUNDO &#8212; Zapateneo","robots":{"index":"index","follow":"follow","max-snippet":"max-snippet:-1","max-image-preview":"max-image-preview:large","max-video-preview":"max-video-preview:-1"},"canonical":"https:\/\/zapateneo.net\/wordpress\/index.php\/producto\/el-engano-de-la-ayuda-al-desarollo-en-el-mundo\/","og_locale":"es_ES","og_type":"article","og_title":"EL ENGA\u00d1O DE LA AYUDA AL DESAROLLO EN EL MUNDO &#8212; Zapateneo","og_description":"Vicen\u00e7 Fisas Armengol 9788418826641 - Icaria - 2022 - 334 p\u00e1ginas \/orri.","og_url":"https:\/\/zapateneo.net\/wordpress\/index.php\/producto\/el-engano-de-la-ayuda-al-desarollo-en-el-mundo\/","og_site_name":"Zapateneo","article_modified_time":"2023-04-08T15:46:19+00:00","twitter_card":"summary_large_image","twitter_site":"@zapateneo","twitter_misc":{"Tiempo de lectura":"2 minutos"},"schema":{"@context":"https:\/\/schema.org","@graph":[{"@type":"WebPage","@id":"https:\/\/zapateneo.net\/wordpress\/index.php\/producto\/el-engano-de-la-ayuda-al-desarollo-en-el-mundo\/","url":"https:\/\/zapateneo.net\/wordpress\/index.php\/producto\/el-engano-de-la-ayuda-al-desarollo-en-el-mundo\/","name":"EL ENGA\u00d1O DE LA AYUDA AL DESAROLLO EN EL MUNDO &#8212; Zapateneo","isPartOf":{"@id":"https:\/\/zapateneo.net\/wordpress\/#website"},"primaryImageOfPage":{"@id":"https:\/\/zapateneo.net\/wordpress\/index.php\/producto\/el-engano-de-la-ayuda-al-desarollo-en-el-mundo\/#primaryimage"},"image":{"@id":"https:\/\/zapateneo.net\/wordpress\/index.php\/producto\/el-engano-de-la-ayuda-al-desarollo-en-el-mundo\/#primaryimage"},"thumbnailUrl":"https:\/\/zapateneo.net\/wordpress\/wp-content\/uploads\/2023\/04\/el-engano-de-la-ayuda-al-desarollo-en-el-mundo-9788418826641.jpg","datePublished":"2023-04-08T15:46:12+00:00","dateModified":"2023-04-08T15:46:19+00:00","breadcrumb":{"@id":"https:\/\/zapateneo.net\/wordpress\/index.php\/producto\/el-engano-de-la-ayuda-al-desarollo-en-el-mundo\/#breadcrumb"},"inLanguage":"es","potentialAction":[{"@type":"ReadAction","target":["https:\/\/zapateneo.net\/wordpress\/index.php\/producto\/el-engano-de-la-ayuda-al-desarollo-en-el-mundo\/"]}]},{"@type":"ImageObject","inLanguage":"es","@id":"https:\/\/zapateneo.net\/wordpress\/index.php\/producto\/el-engano-de-la-ayuda-al-desarollo-en-el-mundo\/#primaryimage","url":"https:\/\/zapateneo.net\/wordpress\/wp-content\/uploads\/2023\/04\/el-engano-de-la-ayuda-al-desarollo-en-el-mundo-9788418826641.jpg","contentUrl":"https:\/\/zapateneo.net\/wordpress\/wp-content\/uploads\/2023\/04\/el-engano-de-la-ayuda-al-desarollo-en-el-mundo-9788418826641.jpg","width":259,"height":400},{"@type":"BreadcrumbList","@id":"https:\/\/zapateneo.net\/wordpress\/index.php\/producto\/el-engano-de-la-ayuda-al-desarollo-en-el-mundo\/#breadcrumb","itemListElement":[{"@type":"ListItem","position":1,"name":"Portada","item":"https:\/\/zapateneo.net\/wordpress\/"},{"@type":"ListItem","position":2,"name":"Tienda","item":"https:\/\/zapateneo.net\/wordpress\/"},{"@type":"ListItem","position":3,"name":"EL ENGA\u00d1O DE LA AYUDA AL DESAROLLO EN EL MUNDO"}]},{"@type":"WebSite","@id":"https:\/\/zapateneo.net\/wordpress\/#website","url":"https:\/\/zapateneo.net\/wordpress\/","name":"Zapateneo","description":"Zapateneoaren webgunea","publisher":{"@id":"https:\/\/zapateneo.net\/wordpress\/#organization"},"potentialAction":[{"@type":"SearchAction","target":{"@type":"EntryPoint","urlTemplate":"https:\/\/zapateneo.net\/wordpress\/?s={search_term_string}"},"query-input":{"@type":"PropertyValueSpecification","valueRequired":true,"valueName":"search_term_string"}}],"inLanguage":"es"},{"@type":"Organization","@id":"https:\/\/zapateneo.net\/wordpress\/#organization","name":"Zapateneo Kultur Elkartea","url":"https:\/\/zapateneo.net\/wordpress\/","logo":{"@type":"ImageObject","inLanguage":"es","@id":"https:\/\/zapateneo.net\/wordpress\/#\/schema\/logo\/image\/","url":"https:\/\/zapateneo.net\/wordpress\/wp-content\/uploads\/2021\/04\/zap-libu-kolec.jpg","contentUrl":"https:\/\/zapateneo.net\/wordpress\/wp-content\/uploads\/2021\/04\/zap-libu-kolec.jpg","width":2234,"height":398,"caption":"Zapateneo Kultur Elkartea"},"image":{"@id":"https:\/\/zapateneo.net\/wordpress\/#\/schema\/logo\/image\/"},"sameAs":["https:\/\/x.com\/zapateneo"]}]}},"_links":{"self":[{"href":"https:\/\/zapateneo.net\/wordpress\/index.php\/wp-json\/wp\/v2\/product\/12564","targetHints":{"allow":["GET"]}}],"collection":[{"href":"https:\/\/zapateneo.net\/wordpress\/index.php\/wp-json\/wp\/v2\/product"}],"about":[{"href":"https:\/\/zapateneo.net\/wordpress\/index.php\/wp-json\/wp\/v2\/types\/product"}],"wp:featuredmedia":[{"embeddable":true,"href":"https:\/\/zapateneo.net\/wordpress\/index.php\/wp-json\/wp\/v2\/media\/12584"}],"wp:attachment":[{"href":"https:\/\/zapateneo.net\/wordpress\/index.php\/wp-json\/wp\/v2\/media?parent=12564"}],"wp:term":[{"taxonomy":"product_brand","embeddable":true,"href":"https:\/\/zapateneo.net\/wordpress\/index.php\/wp-json\/wp\/v2\/product_brand?post=12564"},{"taxonomy":"product_cat","embeddable":true,"href":"https:\/\/zapateneo.net\/wordpress\/index.php\/wp-json\/wp\/v2\/product_cat?post=12564"},{"taxonomy":"product_tag","embeddable":true,"href":"https:\/\/zapateneo.net\/wordpress\/index.php\/wp-json\/wp\/v2\/product_tag?post=12564"}],"curies":[{"name":"wp","href":"https:\/\/api.w.org\/{rel}","templated":true}]}}