{"id":12500,"date":"2023-03-05T20:19:44","date_gmt":"2023-03-05T19:19:44","guid":{"rendered":"https:\/\/zapateneo.net\/wordpress\/?post_type=product&#038;p=12500"},"modified":"2023-03-05T20:19:49","modified_gmt":"2023-03-05T19:19:49","slug":"obras-completas-tomo-ii-bakunin-anarquista-1867-1869","status":"publish","type":"product","link":"https:\/\/zapateneo.net\/wordpress\/index.php\/producto\/obras-completas-tomo-ii-bakunin-anarquista-1867-1869\/","title":{"rendered":"OBRAS COMPLETAS (Tomo II) Bakunin anarquista 1867-1869"},"content":{"rendered":"<p>Este tomo se corresponde en parte al Tomo 6 editado en 1938 por la Ed. Tierra y Libertad en plena guerra civil, nunca m\u00e1s editado pues las ediciones tanto de la Ed. La Piqueta como de la Ed. J\u00facar solo conten\u00edan los 5 primeros tomos, as\u00ed pues es en parte in\u00e9dito en estas tierras con correcciones a la traducci\u00f3n original o directamente nuevas traducciones.<\/p>\n<p>En este tomo se detallan las etapas de la evoluci\u00f3n de Bakunin desde su ni\u00f1ez y su formaci\u00f3n religiosa y militar y su profundo anhelo de l\u00f3gica frente a las contradicciones materiales e intelectuales con las que tropezaba. En Rusia como en el extranjero, Bakunin tuvo encuentros con personalidades excepcionales rusas (el intelectual ateo Belinski, el revolucionario antizarista Herzen), alemanas (el sastre comunista Weitling, el poeta luchador Herweg, el te\u00f3rico socialista Marx) y francesas (el te\u00f3rico anarquista Proudhon), durante un periodo de grandes tensiones sociales e intelectuales.<\/p>\n<p>Las realidades violentas y las represiones vividas por los polacos del imperio ruso, los eslavos del imperio austro-h\u00fangaro, los obreros franceses, fraguaron su idiosincrasia y su compromiso en la lucha. Por eso fue condenado a muerte en Prusia y luego entregado al imperio austriaco que tambi\u00e9n le conden\u00f3 a la pena capital, para terminar entreg\u00e1ndole al imperio zarista que ya antes le hab\u00eda condenado en rebeld\u00eda a varios a\u00f1os de c\u00e1rcel confiscando sus bienes. Ya en Rusia, el poder intent\u00f3 quebrarle moral y f\u00edsicamente. En total, Bakunin estuvo m\u00e1s de ocho a\u00f1os en calabozos y unos cuatro a\u00f1os de destierro en Siberia hasta su fuga en 1861.<\/p>\n<p>A los 47 a\u00f1os, envejecido, tras 12 a\u00f1os de encierro, Bakunin regres\u00f3 a Europa occidental y retom\u00f3 la militancia revolucionaria para proseguir la lucha revolucionaria a partir de sus experiencias y de su paulatino conocimiento de las nuevas realidades. Es as\u00ed c\u00f3mo se fragu\u00f3 el anarquismo de Bakunin, es decir, el combate contra la opresi\u00f3n econ\u00f3mica (el capitalismo) y social (tutela, sumisi\u00f3n a una autoridad incontrolada e incontrolable) sea cual sea: atea o religiosa.<\/p>\n<p>El Estado, dice, por su mismo principio, es un inmenso cementerio adonde vienen a sacrificarse,morir, enterrarse todas las manifestaciones de la vida individual y local, todos los intereses de las partes cuyo conjunto constituye precisamente la sociedad. Es el altar en que la libertad real y el bienestar de los pueblos est\u00e1n inmolados por la grandeza pol\u00edtica; y cuanto m\u00e1s completa es esta inmolaci\u00f3n, mejor establecido est\u00e1 el Estado.<\/p>\n","protected":false},"excerpt":{"rendered":"<p><strong>Mijail Bakunin<\/strong><br \/>\n9788469760635 &#8211; Imperdible &#8211; 2022 &#8211; 320 p\u00e1ginas \/orri.<\/p>\n","protected":false},"featured_media":12511,"template":"","meta":[],"product_brand":[],"product_cat":[1868,16],"product_tag":[2035,2081],"class_list":{"0":"post-12500","1":"product","2":"type-product","3":"status-publish","4":"has-post-thumbnail","6":"product_cat-anarkismoa-anarquismo","7":"product_cat-libros","8":"product_tag-imperdible","9":"product_tag-mijail-bakunin","11":"first","12":"instock","13":"sold-individually","14":"shipping-taxable","15":"purchasable","16":"product-type-simple"},"yoast_head":"<!-- This site is optimized with the Yoast SEO plugin v27.3 - https:\/\/yoast.com\/product\/yoast-seo-wordpress\/ -->\n<title>OBRAS COMPLETAS (Tomo II) Bakunin anarquista 1867-1869 &#8212; Zapateneo<\/title>\n<meta name=\"robots\" content=\"index, follow, max-snippet:-1, max-image-preview:large, max-video-preview:-1\" \/>\n<link rel=\"canonical\" href=\"https:\/\/zapateneo.net\/wordpress\/index.php\/producto\/obras-completas-tomo-ii-bakunin-anarquista-1867-1869\/\" \/>\n<meta property=\"og:locale\" content=\"es_ES\" \/>\n<meta property=\"og:type\" content=\"article\" \/>\n<meta property=\"og:title\" content=\"OBRAS COMPLETAS (Tomo II) Bakunin anarquista 1867-1869 &#8212; Zapateneo\" \/>\n<meta property=\"og:description\" content=\"Mijail Bakunin 9788469760635 - Imperdible - 2022 - 320 p\u00e1ginas \/orri.\" \/>\n<meta property=\"og:url\" content=\"https:\/\/zapateneo.net\/wordpress\/index.php\/producto\/obras-completas-tomo-ii-bakunin-anarquista-1867-1869\/\" \/>\n<meta property=\"og:site_name\" content=\"Zapateneo\" \/>\n<meta property=\"article:modified_time\" content=\"2023-03-05T19:19:49+00:00\" \/>\n<meta name=\"twitter:card\" content=\"summary_large_image\" \/>\n<meta name=\"twitter:site\" content=\"@zapateneo\" \/>\n<meta name=\"twitter:label1\" content=\"Tiempo de lectura\" \/>\n\t<meta name=\"twitter:data1\" content=\"2 minutos\" \/>\n<script type=\"application\/ld+json\" class=\"yoast-schema-graph\">{\"@context\":\"https:\\\/\\\/schema.org\",\"@graph\":[{\"@type\":\"WebPage\",\"@id\":\"https:\\\/\\\/zapateneo.net\\\/wordpress\\\/index.php\\\/producto\\\/obras-completas-tomo-ii-bakunin-anarquista-1867-1869\\\/\",\"url\":\"https:\\\/\\\/zapateneo.net\\\/wordpress\\\/index.php\\\/producto\\\/obras-completas-tomo-ii-bakunin-anarquista-1867-1869\\\/\",\"name\":\"OBRAS COMPLETAS (Tomo II) Bakunin anarquista 1867-1869 &#8212; Zapateneo\",\"isPartOf\":{\"@id\":\"https:\\\/\\\/zapateneo.net\\\/wordpress\\\/#website\"},\"primaryImageOfPage\":{\"@id\":\"https:\\\/\\\/zapateneo.net\\\/wordpress\\\/index.php\\\/producto\\\/obras-completas-tomo-ii-bakunin-anarquista-1867-1869\\\/#primaryimage\"},\"image\":{\"@id\":\"https:\\\/\\\/zapateneo.net\\\/wordpress\\\/index.php\\\/producto\\\/obras-completas-tomo-ii-bakunin-anarquista-1867-1869\\\/#primaryimage\"},\"thumbnailUrl\":\"https:\\\/\\\/zapateneo.net\\\/wordpress\\\/wp-content\\\/uploads\\\/2023\\\/03\\\/978846976063.jpg\",\"datePublished\":\"2023-03-05T19:19:44+00:00\",\"dateModified\":\"2023-03-05T19:19:49+00:00\",\"breadcrumb\":{\"@id\":\"https:\\\/\\\/zapateneo.net\\\/wordpress\\\/index.php\\\/producto\\\/obras-completas-tomo-ii-bakunin-anarquista-1867-1869\\\/#breadcrumb\"},\"inLanguage\":\"es\",\"potentialAction\":[{\"@type\":\"ReadAction\",\"target\":[\"https:\\\/\\\/zapateneo.net\\\/wordpress\\\/index.php\\\/producto\\\/obras-completas-tomo-ii-bakunin-anarquista-1867-1869\\\/\"]}]},{\"@type\":\"ImageObject\",\"inLanguage\":\"es\",\"@id\":\"https:\\\/\\\/zapateneo.net\\\/wordpress\\\/index.php\\\/producto\\\/obras-completas-tomo-ii-bakunin-anarquista-1867-1869\\\/#primaryimage\",\"url\":\"https:\\\/\\\/zapateneo.net\\\/wordpress\\\/wp-content\\\/uploads\\\/2023\\\/03\\\/978846976063.jpg\",\"contentUrl\":\"https:\\\/\\\/zapateneo.net\\\/wordpress\\\/wp-content\\\/uploads\\\/2023\\\/03\\\/978846976063.jpg\",\"width\":258,\"height\":350},{\"@type\":\"BreadcrumbList\",\"@id\":\"https:\\\/\\\/zapateneo.net\\\/wordpress\\\/index.php\\\/producto\\\/obras-completas-tomo-ii-bakunin-anarquista-1867-1869\\\/#breadcrumb\",\"itemListElement\":[{\"@type\":\"ListItem\",\"position\":1,\"name\":\"Portada\",\"item\":\"https:\\\/\\\/zapateneo.net\\\/wordpress\\\/\"},{\"@type\":\"ListItem\",\"position\":2,\"name\":\"Tienda\",\"item\":\"https:\\\/\\\/zapateneo.net\\\/wordpress\\\/\"},{\"@type\":\"ListItem\",\"position\":3,\"name\":\"OBRAS COMPLETAS (Tomo II) Bakunin anarquista 1867-1869\"}]},{\"@type\":\"WebSite\",\"@id\":\"https:\\\/\\\/zapateneo.net\\\/wordpress\\\/#website\",\"url\":\"https:\\\/\\\/zapateneo.net\\\/wordpress\\\/\",\"name\":\"Zapateneo\",\"description\":\"Zapateneoaren webgunea\",\"publisher\":{\"@id\":\"https:\\\/\\\/zapateneo.net\\\/wordpress\\\/#organization\"},\"potentialAction\":[{\"@type\":\"SearchAction\",\"target\":{\"@type\":\"EntryPoint\",\"urlTemplate\":\"https:\\\/\\\/zapateneo.net\\\/wordpress\\\/?s={search_term_string}\"},\"query-input\":{\"@type\":\"PropertyValueSpecification\",\"valueRequired\":true,\"valueName\":\"search_term_string\"}}],\"inLanguage\":\"es\"},{\"@type\":\"Organization\",\"@id\":\"https:\\\/\\\/zapateneo.net\\\/wordpress\\\/#organization\",\"name\":\"Zapateneo Kultur Elkartea\",\"url\":\"https:\\\/\\\/zapateneo.net\\\/wordpress\\\/\",\"logo\":{\"@type\":\"ImageObject\",\"inLanguage\":\"es\",\"@id\":\"https:\\\/\\\/zapateneo.net\\\/wordpress\\\/#\\\/schema\\\/logo\\\/image\\\/\",\"url\":\"https:\\\/\\\/zapateneo.net\\\/wordpress\\\/wp-content\\\/uploads\\\/2021\\\/04\\\/zap-libu-kolec.jpg\",\"contentUrl\":\"https:\\\/\\\/zapateneo.net\\\/wordpress\\\/wp-content\\\/uploads\\\/2021\\\/04\\\/zap-libu-kolec.jpg\",\"width\":2234,\"height\":398,\"caption\":\"Zapateneo Kultur Elkartea\"},\"image\":{\"@id\":\"https:\\\/\\\/zapateneo.net\\\/wordpress\\\/#\\\/schema\\\/logo\\\/image\\\/\"},\"sameAs\":[\"https:\\\/\\\/x.com\\\/zapateneo\"]}]}<\/script>\n<!-- \/ Yoast SEO plugin. -->","yoast_head_json":{"title":"OBRAS COMPLETAS (Tomo II) Bakunin anarquista 1867-1869 &#8212; Zapateneo","robots":{"index":"index","follow":"follow","max-snippet":"max-snippet:-1","max-image-preview":"max-image-preview:large","max-video-preview":"max-video-preview:-1"},"canonical":"https:\/\/zapateneo.net\/wordpress\/index.php\/producto\/obras-completas-tomo-ii-bakunin-anarquista-1867-1869\/","og_locale":"es_ES","og_type":"article","og_title":"OBRAS COMPLETAS (Tomo II) Bakunin anarquista 1867-1869 &#8212; Zapateneo","og_description":"Mijail Bakunin 9788469760635 - Imperdible - 2022 - 320 p\u00e1ginas \/orri.","og_url":"https:\/\/zapateneo.net\/wordpress\/index.php\/producto\/obras-completas-tomo-ii-bakunin-anarquista-1867-1869\/","og_site_name":"Zapateneo","article_modified_time":"2023-03-05T19:19:49+00:00","twitter_card":"summary_large_image","twitter_site":"@zapateneo","twitter_misc":{"Tiempo de lectura":"2 minutos"},"schema":{"@context":"https:\/\/schema.org","@graph":[{"@type":"WebPage","@id":"https:\/\/zapateneo.net\/wordpress\/index.php\/producto\/obras-completas-tomo-ii-bakunin-anarquista-1867-1869\/","url":"https:\/\/zapateneo.net\/wordpress\/index.php\/producto\/obras-completas-tomo-ii-bakunin-anarquista-1867-1869\/","name":"OBRAS COMPLETAS (Tomo II) Bakunin anarquista 1867-1869 &#8212; Zapateneo","isPartOf":{"@id":"https:\/\/zapateneo.net\/wordpress\/#website"},"primaryImageOfPage":{"@id":"https:\/\/zapateneo.net\/wordpress\/index.php\/producto\/obras-completas-tomo-ii-bakunin-anarquista-1867-1869\/#primaryimage"},"image":{"@id":"https:\/\/zapateneo.net\/wordpress\/index.php\/producto\/obras-completas-tomo-ii-bakunin-anarquista-1867-1869\/#primaryimage"},"thumbnailUrl":"https:\/\/zapateneo.net\/wordpress\/wp-content\/uploads\/2023\/03\/978846976063.jpg","datePublished":"2023-03-05T19:19:44+00:00","dateModified":"2023-03-05T19:19:49+00:00","breadcrumb":{"@id":"https:\/\/zapateneo.net\/wordpress\/index.php\/producto\/obras-completas-tomo-ii-bakunin-anarquista-1867-1869\/#breadcrumb"},"inLanguage":"es","potentialAction":[{"@type":"ReadAction","target":["https:\/\/zapateneo.net\/wordpress\/index.php\/producto\/obras-completas-tomo-ii-bakunin-anarquista-1867-1869\/"]}]},{"@type":"ImageObject","inLanguage":"es","@id":"https:\/\/zapateneo.net\/wordpress\/index.php\/producto\/obras-completas-tomo-ii-bakunin-anarquista-1867-1869\/#primaryimage","url":"https:\/\/zapateneo.net\/wordpress\/wp-content\/uploads\/2023\/03\/978846976063.jpg","contentUrl":"https:\/\/zapateneo.net\/wordpress\/wp-content\/uploads\/2023\/03\/978846976063.jpg","width":258,"height":350},{"@type":"BreadcrumbList","@id":"https:\/\/zapateneo.net\/wordpress\/index.php\/producto\/obras-completas-tomo-ii-bakunin-anarquista-1867-1869\/#breadcrumb","itemListElement":[{"@type":"ListItem","position":1,"name":"Portada","item":"https:\/\/zapateneo.net\/wordpress\/"},{"@type":"ListItem","position":2,"name":"Tienda","item":"https:\/\/zapateneo.net\/wordpress\/"},{"@type":"ListItem","position":3,"name":"OBRAS COMPLETAS (Tomo II) Bakunin anarquista 1867-1869"}]},{"@type":"WebSite","@id":"https:\/\/zapateneo.net\/wordpress\/#website","url":"https:\/\/zapateneo.net\/wordpress\/","name":"Zapateneo","description":"Zapateneoaren webgunea","publisher":{"@id":"https:\/\/zapateneo.net\/wordpress\/#organization"},"potentialAction":[{"@type":"SearchAction","target":{"@type":"EntryPoint","urlTemplate":"https:\/\/zapateneo.net\/wordpress\/?s={search_term_string}"},"query-input":{"@type":"PropertyValueSpecification","valueRequired":true,"valueName":"search_term_string"}}],"inLanguage":"es"},{"@type":"Organization","@id":"https:\/\/zapateneo.net\/wordpress\/#organization","name":"Zapateneo Kultur Elkartea","url":"https:\/\/zapateneo.net\/wordpress\/","logo":{"@type":"ImageObject","inLanguage":"es","@id":"https:\/\/zapateneo.net\/wordpress\/#\/schema\/logo\/image\/","url":"https:\/\/zapateneo.net\/wordpress\/wp-content\/uploads\/2021\/04\/zap-libu-kolec.jpg","contentUrl":"https:\/\/zapateneo.net\/wordpress\/wp-content\/uploads\/2021\/04\/zap-libu-kolec.jpg","width":2234,"height":398,"caption":"Zapateneo Kultur Elkartea"},"image":{"@id":"https:\/\/zapateneo.net\/wordpress\/#\/schema\/logo\/image\/"},"sameAs":["https:\/\/x.com\/zapateneo"]}]}},"_links":{"self":[{"href":"https:\/\/zapateneo.net\/wordpress\/index.php\/wp-json\/wp\/v2\/product\/12500","targetHints":{"allow":["GET"]}}],"collection":[{"href":"https:\/\/zapateneo.net\/wordpress\/index.php\/wp-json\/wp\/v2\/product"}],"about":[{"href":"https:\/\/zapateneo.net\/wordpress\/index.php\/wp-json\/wp\/v2\/types\/product"}],"wp:featuredmedia":[{"embeddable":true,"href":"https:\/\/zapateneo.net\/wordpress\/index.php\/wp-json\/wp\/v2\/media\/12511"}],"wp:attachment":[{"href":"https:\/\/zapateneo.net\/wordpress\/index.php\/wp-json\/wp\/v2\/media?parent=12500"}],"wp:term":[{"taxonomy":"product_brand","embeddable":true,"href":"https:\/\/zapateneo.net\/wordpress\/index.php\/wp-json\/wp\/v2\/product_brand?post=12500"},{"taxonomy":"product_cat","embeddable":true,"href":"https:\/\/zapateneo.net\/wordpress\/index.php\/wp-json\/wp\/v2\/product_cat?post=12500"},{"taxonomy":"product_tag","embeddable":true,"href":"https:\/\/zapateneo.net\/wordpress\/index.php\/wp-json\/wp\/v2\/product_tag?post=12500"}],"curies":[{"name":"wp","href":"https:\/\/api.w.org\/{rel}","templated":true}]}}