{"id":12467,"date":"2023-03-02T19:29:26","date_gmt":"2023-03-02T18:29:26","guid":{"rendered":"https:\/\/zapateneo.net\/wordpress\/?post_type=product&#038;p=12467"},"modified":"2023-03-02T19:29:31","modified_gmt":"2023-03-02T18:29:31","slug":"soy-un-paria-de-la-ciencia","status":"publish","type":"product","link":"https:\/\/zapateneo.net\/wordpress\/index.php\/producto\/soy-un-paria-de-la-ciencia\/","title":{"rendered":"Soy un paria de la ciencia"},"content":{"rendered":"<p>Testimonio de una generaci\u00f3n vencida, de la revoluci\u00f3n derrotada de la \u00abNueva Izquierda\u00bb, a partir de los ochenta Piergiorgio Bellocchio supo ver \u2015a la manera de Pasolini: con sensibilidad, rabia, desesperaci\u00f3n y melancol\u00eda\u2015 la nueva mutaci\u00f3n antropol\u00f3gica de los italianos, que renegaban por completo de viejas nociones como lucha de clases, revoluci\u00f3n o comunismo, y se entregaban a la sociedad total del consumo, el ocio y el cretinismo de masas.<\/p>\n<p>Los textos diar\u00edsticos y afor\u00edsticos de la trilog\u00eda \u00abLimitar el deshonor\u00bb, del que este libro es el segundo volumen, constituyen una autobiograf\u00eda exhaustiva y descarnada de su propia vida \u2015relaciones familiares, aspiraciones creativas, militancia revolucionaria\u2015, pero ante todo una autobiograf\u00eda cr\u00edtica de la Italia de la segunda mitad del siglo veinte, cumpliendo as\u00ed la misi\u00f3n del escritor seg\u00fan Walter Benjamin: pasarle a la historia el cepillo a contrapelo, esto es, mostrar la otra cara de la historia, la de los vencidos, con sus padecimientos y sus resistencias.<\/p>\n<p>\u00abLimitar el deshonor. Un objetivo que hace veinte a\u00f1os habr\u00eda considerado repugnante y absurdo, porque el honor y el deshonor no son cosas que puedan medirse. Y, en efecto, se trata de un objetivo miserable, una mezquindad moral, una ocurrencia digna de un lacayo de comedia. Pero cuando era joven no pod\u00eda concebir una derrota de estas proporciones. Por aquel entonces, lo peor que pod\u00eda imaginar era la derrota pol\u00edtica a manos de la contrarrevoluci\u00f3n, que se manifestaba en la represi\u00f3n que, por despiadada que fuera (o precisamente por ello), garantizaba a los vencidos el honor del exilio, la c\u00e1rcel o, mejor a\u00fan, la gloria del pat\u00edbulo. El destino ha sido rid\u00edculo [\u2026] Nuestros tiempos son menos dram\u00e1ticos, menos directamente tr\u00e1gicos, aunque m\u00e1s desesperantes. Terror y miseria ahora pueden llamarse consenso y bienestar\u00bb.<br \/>\nPiergiorgio Bellocchio (1931-2022) naci\u00f3 en Piacenza en el seno de una familia burguesa. En 1962 fund\u00f3 Quaderni piacentini, la revista pol\u00edtico-cultural m\u00e1s importante de la Nueva Izquierda italiana en los sesenta y setenta. De 1985 a 1993 dirigi\u00f3 junto a su amigo Alfonso Berardinelli la revista Diario. Algunos de sus escritos fueron compilados en diversas antolog\u00edas en los ochenta y noventa, hoy descatalogadas. En 2020 se reunieron sus cr\u00edticas literarias en el volumen Un seme d\u2019umanit\u00e0, y recientemente, un mes despu\u00e9s de fallecer, ha aparecido una amplia antolog\u00eda de sus cuadernos, Diario del Novecento.<br \/>\nSoy un paria de la ciencia es el segundo volumen de la trilog\u00eda \u00abLimitar el deshonor\u00bb, iniciada con De la parte equivocada (2017), y que concluir\u00e1 con Somos ceros satisfechos.<\/p>\n","protected":false},"excerpt":{"rendered":"<p><strong>Piergiorgio Bellocchio<\/strong><br \/>\n9788412536625 &#8211; Ediciones El Salmon &#8211; 2023 &#8211; 171 p\u00e1ginas \/orri.<\/p>\n","protected":false},"featured_media":12476,"template":"","meta":[],"product_brand":[],"product_cat":[16,173],"product_tag":[443,5847],"class_list":{"0":"post-12467","1":"product","2":"type-product","3":"status-publish","4":"has-post-thumbnail","6":"product_cat-libros","7":"product_cat-saiakera-ensayo","8":"product_tag-ediciones-el-salmon","9":"product_tag-piergiorgio-bellocchio","11":"first","12":"instock","13":"sold-individually","14":"shipping-taxable","15":"purchasable","16":"product-type-simple"},"yoast_head":"<!-- This site is optimized with the Yoast SEO plugin v27.3 - https:\/\/yoast.com\/product\/yoast-seo-wordpress\/ -->\n<title>Soy un paria de la ciencia &#8212; Zapateneo<\/title>\n<meta name=\"robots\" content=\"index, follow, max-snippet:-1, max-image-preview:large, max-video-preview:-1\" \/>\n<link rel=\"canonical\" href=\"https:\/\/zapateneo.net\/wordpress\/index.php\/producto\/soy-un-paria-de-la-ciencia\/\" \/>\n<meta property=\"og:locale\" content=\"es_ES\" \/>\n<meta property=\"og:type\" content=\"article\" \/>\n<meta property=\"og:title\" content=\"Soy un paria de la ciencia &#8212; Zapateneo\" \/>\n<meta property=\"og:description\" content=\"Piergiorgio Bellocchio 9788412536625 - Ediciones El Salmon - 2023 - 171 p\u00e1ginas \/orri.\" \/>\n<meta property=\"og:url\" content=\"https:\/\/zapateneo.net\/wordpress\/index.php\/producto\/soy-un-paria-de-la-ciencia\/\" \/>\n<meta property=\"og:site_name\" content=\"Zapateneo\" \/>\n<meta property=\"article:modified_time\" content=\"2023-03-02T18:29:31+00:00\" \/>\n<meta name=\"twitter:card\" content=\"summary_large_image\" \/>\n<meta name=\"twitter:site\" content=\"@zapateneo\" \/>\n<meta name=\"twitter:label1\" content=\"Tiempo de lectura\" \/>\n\t<meta name=\"twitter:data1\" content=\"2 minutos\" \/>\n<script type=\"application\/ld+json\" class=\"yoast-schema-graph\">{\"@context\":\"https:\\\/\\\/schema.org\",\"@graph\":[{\"@type\":\"WebPage\",\"@id\":\"https:\\\/\\\/zapateneo.net\\\/wordpress\\\/index.php\\\/producto\\\/soy-un-paria-de-la-ciencia\\\/\",\"url\":\"https:\\\/\\\/zapateneo.net\\\/wordpress\\\/index.php\\\/producto\\\/soy-un-paria-de-la-ciencia\\\/\",\"name\":\"Soy un paria de la ciencia &#8212; Zapateneo\",\"isPartOf\":{\"@id\":\"https:\\\/\\\/zapateneo.net\\\/wordpress\\\/#website\"},\"primaryImageOfPage\":{\"@id\":\"https:\\\/\\\/zapateneo.net\\\/wordpress\\\/index.php\\\/producto\\\/soy-un-paria-de-la-ciencia\\\/#primaryimage\"},\"image\":{\"@id\":\"https:\\\/\\\/zapateneo.net\\\/wordpress\\\/index.php\\\/producto\\\/soy-un-paria-de-la-ciencia\\\/#primaryimage\"},\"thumbnailUrl\":\"https:\\\/\\\/zapateneo.net\\\/wordpress\\\/wp-content\\\/uploads\\\/2023\\\/03\\\/portada-652x1024-1.jpg\",\"datePublished\":\"2023-03-02T18:29:26+00:00\",\"dateModified\":\"2023-03-02T18:29:31+00:00\",\"breadcrumb\":{\"@id\":\"https:\\\/\\\/zapateneo.net\\\/wordpress\\\/index.php\\\/producto\\\/soy-un-paria-de-la-ciencia\\\/#breadcrumb\"},\"inLanguage\":\"es\",\"potentialAction\":[{\"@type\":\"ReadAction\",\"target\":[\"https:\\\/\\\/zapateneo.net\\\/wordpress\\\/index.php\\\/producto\\\/soy-un-paria-de-la-ciencia\\\/\"]}]},{\"@type\":\"ImageObject\",\"inLanguage\":\"es\",\"@id\":\"https:\\\/\\\/zapateneo.net\\\/wordpress\\\/index.php\\\/producto\\\/soy-un-paria-de-la-ciencia\\\/#primaryimage\",\"url\":\"https:\\\/\\\/zapateneo.net\\\/wordpress\\\/wp-content\\\/uploads\\\/2023\\\/03\\\/portada-652x1024-1.jpg\",\"contentUrl\":\"https:\\\/\\\/zapateneo.net\\\/wordpress\\\/wp-content\\\/uploads\\\/2023\\\/03\\\/portada-652x1024-1.jpg\",\"width\":254,\"height\":400},{\"@type\":\"BreadcrumbList\",\"@id\":\"https:\\\/\\\/zapateneo.net\\\/wordpress\\\/index.php\\\/producto\\\/soy-un-paria-de-la-ciencia\\\/#breadcrumb\",\"itemListElement\":[{\"@type\":\"ListItem\",\"position\":1,\"name\":\"Portada\",\"item\":\"https:\\\/\\\/zapateneo.net\\\/wordpress\\\/\"},{\"@type\":\"ListItem\",\"position\":2,\"name\":\"Tienda\",\"item\":\"https:\\\/\\\/zapateneo.net\\\/wordpress\\\/\"},{\"@type\":\"ListItem\",\"position\":3,\"name\":\"Soy un paria de la ciencia\"}]},{\"@type\":\"WebSite\",\"@id\":\"https:\\\/\\\/zapateneo.net\\\/wordpress\\\/#website\",\"url\":\"https:\\\/\\\/zapateneo.net\\\/wordpress\\\/\",\"name\":\"Zapateneo\",\"description\":\"Zapateneoaren webgunea\",\"publisher\":{\"@id\":\"https:\\\/\\\/zapateneo.net\\\/wordpress\\\/#organization\"},\"potentialAction\":[{\"@type\":\"SearchAction\",\"target\":{\"@type\":\"EntryPoint\",\"urlTemplate\":\"https:\\\/\\\/zapateneo.net\\\/wordpress\\\/?s={search_term_string}\"},\"query-input\":{\"@type\":\"PropertyValueSpecification\",\"valueRequired\":true,\"valueName\":\"search_term_string\"}}],\"inLanguage\":\"es\"},{\"@type\":\"Organization\",\"@id\":\"https:\\\/\\\/zapateneo.net\\\/wordpress\\\/#organization\",\"name\":\"Zapateneo Kultur Elkartea\",\"url\":\"https:\\\/\\\/zapateneo.net\\\/wordpress\\\/\",\"logo\":{\"@type\":\"ImageObject\",\"inLanguage\":\"es\",\"@id\":\"https:\\\/\\\/zapateneo.net\\\/wordpress\\\/#\\\/schema\\\/logo\\\/image\\\/\",\"url\":\"https:\\\/\\\/zapateneo.net\\\/wordpress\\\/wp-content\\\/uploads\\\/2021\\\/04\\\/zap-libu-kolec.jpg\",\"contentUrl\":\"https:\\\/\\\/zapateneo.net\\\/wordpress\\\/wp-content\\\/uploads\\\/2021\\\/04\\\/zap-libu-kolec.jpg\",\"width\":2234,\"height\":398,\"caption\":\"Zapateneo Kultur Elkartea\"},\"image\":{\"@id\":\"https:\\\/\\\/zapateneo.net\\\/wordpress\\\/#\\\/schema\\\/logo\\\/image\\\/\"},\"sameAs\":[\"https:\\\/\\\/x.com\\\/zapateneo\"]}]}<\/script>\n<!-- \/ Yoast SEO plugin. -->","yoast_head_json":{"title":"Soy un paria de la ciencia &#8212; Zapateneo","robots":{"index":"index","follow":"follow","max-snippet":"max-snippet:-1","max-image-preview":"max-image-preview:large","max-video-preview":"max-video-preview:-1"},"canonical":"https:\/\/zapateneo.net\/wordpress\/index.php\/producto\/soy-un-paria-de-la-ciencia\/","og_locale":"es_ES","og_type":"article","og_title":"Soy un paria de la ciencia &#8212; Zapateneo","og_description":"Piergiorgio Bellocchio 9788412536625 - Ediciones El Salmon - 2023 - 171 p\u00e1ginas \/orri.","og_url":"https:\/\/zapateneo.net\/wordpress\/index.php\/producto\/soy-un-paria-de-la-ciencia\/","og_site_name":"Zapateneo","article_modified_time":"2023-03-02T18:29:31+00:00","twitter_card":"summary_large_image","twitter_site":"@zapateneo","twitter_misc":{"Tiempo de lectura":"2 minutos"},"schema":{"@context":"https:\/\/schema.org","@graph":[{"@type":"WebPage","@id":"https:\/\/zapateneo.net\/wordpress\/index.php\/producto\/soy-un-paria-de-la-ciencia\/","url":"https:\/\/zapateneo.net\/wordpress\/index.php\/producto\/soy-un-paria-de-la-ciencia\/","name":"Soy un paria de la ciencia &#8212; Zapateneo","isPartOf":{"@id":"https:\/\/zapateneo.net\/wordpress\/#website"},"primaryImageOfPage":{"@id":"https:\/\/zapateneo.net\/wordpress\/index.php\/producto\/soy-un-paria-de-la-ciencia\/#primaryimage"},"image":{"@id":"https:\/\/zapateneo.net\/wordpress\/index.php\/producto\/soy-un-paria-de-la-ciencia\/#primaryimage"},"thumbnailUrl":"https:\/\/zapateneo.net\/wordpress\/wp-content\/uploads\/2023\/03\/portada-652x1024-1.jpg","datePublished":"2023-03-02T18:29:26+00:00","dateModified":"2023-03-02T18:29:31+00:00","breadcrumb":{"@id":"https:\/\/zapateneo.net\/wordpress\/index.php\/producto\/soy-un-paria-de-la-ciencia\/#breadcrumb"},"inLanguage":"es","potentialAction":[{"@type":"ReadAction","target":["https:\/\/zapateneo.net\/wordpress\/index.php\/producto\/soy-un-paria-de-la-ciencia\/"]}]},{"@type":"ImageObject","inLanguage":"es","@id":"https:\/\/zapateneo.net\/wordpress\/index.php\/producto\/soy-un-paria-de-la-ciencia\/#primaryimage","url":"https:\/\/zapateneo.net\/wordpress\/wp-content\/uploads\/2023\/03\/portada-652x1024-1.jpg","contentUrl":"https:\/\/zapateneo.net\/wordpress\/wp-content\/uploads\/2023\/03\/portada-652x1024-1.jpg","width":254,"height":400},{"@type":"BreadcrumbList","@id":"https:\/\/zapateneo.net\/wordpress\/index.php\/producto\/soy-un-paria-de-la-ciencia\/#breadcrumb","itemListElement":[{"@type":"ListItem","position":1,"name":"Portada","item":"https:\/\/zapateneo.net\/wordpress\/"},{"@type":"ListItem","position":2,"name":"Tienda","item":"https:\/\/zapateneo.net\/wordpress\/"},{"@type":"ListItem","position":3,"name":"Soy un paria de la ciencia"}]},{"@type":"WebSite","@id":"https:\/\/zapateneo.net\/wordpress\/#website","url":"https:\/\/zapateneo.net\/wordpress\/","name":"Zapateneo","description":"Zapateneoaren webgunea","publisher":{"@id":"https:\/\/zapateneo.net\/wordpress\/#organization"},"potentialAction":[{"@type":"SearchAction","target":{"@type":"EntryPoint","urlTemplate":"https:\/\/zapateneo.net\/wordpress\/?s={search_term_string}"},"query-input":{"@type":"PropertyValueSpecification","valueRequired":true,"valueName":"search_term_string"}}],"inLanguage":"es"},{"@type":"Organization","@id":"https:\/\/zapateneo.net\/wordpress\/#organization","name":"Zapateneo Kultur Elkartea","url":"https:\/\/zapateneo.net\/wordpress\/","logo":{"@type":"ImageObject","inLanguage":"es","@id":"https:\/\/zapateneo.net\/wordpress\/#\/schema\/logo\/image\/","url":"https:\/\/zapateneo.net\/wordpress\/wp-content\/uploads\/2021\/04\/zap-libu-kolec.jpg","contentUrl":"https:\/\/zapateneo.net\/wordpress\/wp-content\/uploads\/2021\/04\/zap-libu-kolec.jpg","width":2234,"height":398,"caption":"Zapateneo Kultur Elkartea"},"image":{"@id":"https:\/\/zapateneo.net\/wordpress\/#\/schema\/logo\/image\/"},"sameAs":["https:\/\/x.com\/zapateneo"]}]}},"_links":{"self":[{"href":"https:\/\/zapateneo.net\/wordpress\/index.php\/wp-json\/wp\/v2\/product\/12467","targetHints":{"allow":["GET"]}}],"collection":[{"href":"https:\/\/zapateneo.net\/wordpress\/index.php\/wp-json\/wp\/v2\/product"}],"about":[{"href":"https:\/\/zapateneo.net\/wordpress\/index.php\/wp-json\/wp\/v2\/types\/product"}],"wp:featuredmedia":[{"embeddable":true,"href":"https:\/\/zapateneo.net\/wordpress\/index.php\/wp-json\/wp\/v2\/media\/12476"}],"wp:attachment":[{"href":"https:\/\/zapateneo.net\/wordpress\/index.php\/wp-json\/wp\/v2\/media?parent=12467"}],"wp:term":[{"taxonomy":"product_brand","embeddable":true,"href":"https:\/\/zapateneo.net\/wordpress\/index.php\/wp-json\/wp\/v2\/product_brand?post=12467"},{"taxonomy":"product_cat","embeddable":true,"href":"https:\/\/zapateneo.net\/wordpress\/index.php\/wp-json\/wp\/v2\/product_cat?post=12467"},{"taxonomy":"product_tag","embeddable":true,"href":"https:\/\/zapateneo.net\/wordpress\/index.php\/wp-json\/wp\/v2\/product_tag?post=12467"}],"curies":[{"name":"wp","href":"https:\/\/api.w.org\/{rel}","templated":true}]}}