{"id":12466,"date":"2023-03-02T19:29:26","date_gmt":"2023-03-02T18:29:26","guid":{"rendered":"https:\/\/zapateneo.net\/wordpress\/?post_type=product&#038;p=12466"},"modified":"2023-03-02T19:29:30","modified_gmt":"2023-03-02T18:29:30","slug":"el-mundo-como-proyecto-manhattan","status":"publish","type":"product","link":"https:\/\/zapateneo.net\/wordpress\/index.php\/producto\/el-mundo-como-proyecto-manhattan\/","title":{"rendered":"El mundo como proyecto Manhattan"},"content":{"rendered":"<p>El 6 de agosto de 1945, el mundo descubri\u00f3 fascinado el poder del \u00e1tomo. Las bombas lanzadas sobre Hiroshima y Nagasaki, dos ciudades elegidas con el objetivo de \u00abcausar la mayor destrucci\u00f3n y p\u00e9rdida de vidas posible\u00bb, fueron el resultado inevitable del proyecto Manhattan. Iniciado y llevado a cabo en el mayor de los secretos, el proyecto reuni\u00f3 durante cuatro a\u00f1os a la \u00e9lite cient\u00edfica internacional, a las industrias americanas de alta tecnolog\u00eda (desde Monsanto a Westinghouse) y al poder del Estado respaldado por su ej\u00e9rcito.<\/p>\n<p>Este libro ofrece un estudio hist\u00f3rico rigurosamente documentado sobre los or\u00edgenes secretos de la energ\u00eda nuclear; un relato escalofriante que muestra c\u00f3mo la b\u00fasqueda de una \u00absoluci\u00f3n final\u00bb se impuso muy pronto por encima de toda consideraci\u00f3n humana.<\/p>\n<p>El proyecto Manhattan es contempor\u00e1neo de otra empresa de muerte masiva, la que culmin\u00f3 en Auschwitz-Birkenau. Para el autor, ambos momentos (Auschwitz e Hiroshima) son los \u00abpuntos de inflexi\u00f3n\u00bb de la historia \u2013inaugurada un siglo\u2013 antes de la alianza entre el conocimiento cient\u00edfico, el capitalismo industrial y los Estados-naci\u00f3n. La aparici\u00f3n de la energ\u00eda nuclear es el s\u00edntoma de una ruptura fundamental en la historia del capitalismo, del que surgi\u00f3, una ruptura de la que parti\u00f3 una guerra generalizada contra todos los seres vivos.<br \/>\nJean-Marc Royer<br \/>\nJean-Marc Royer es ingeniero, diplomado por la Escuela Nacional de Aviaci\u00f3n Civil (ENAC), antiguo alto directivo de Aeropuerto de Par\u00eds y exdirigente del sindicato CGT de Orly. Ha realizado estudios superiores de Electroctecnia, Sociolog\u00eda, Psicoan\u00e1lisis e Historia. Adem\u00e1s de varios art\u00edculos en revistas como \u00c9cologie  &#038; Politique y R\u00e9fractions, ha publicado una decena de art\u00edculos sobre Fukushima y la traducci\u00f3n del informe de la Dieta de Jap\u00f3n, y a finales de 2011 escribi\u00f3 un llamamiento titulado \u00abHiroshima, Chern\u00f3bil, Fukushima, cr\u00edmenes contra la humanidad\u00bb. Ha participado en numerosos coloquios internacionales sobre energ\u00eda nuclear, en el seminario de Anselm Jappe en el Colegio Internacional de Filosof\u00eda, o en el de Christopher Pollmann titulado \u00abEl mundo desbocado. Acumulaciones y aceleraciones\u00bb. Es autor de La science, creuset de l\u2019inhumanit\u00e9. D\u00e9coloniser l\u2019imaginaire occidental (L\u2019Harmattan, 2012). En 2016, puso en marcha en la Biblioth\u00e8que associative de Malakoff un seminario de Filosof\u00eda Pol\u00edtica inspirado en la Escuela de Fr\u00e1ncfort, en la Wertkritik y en la obra de G\u00fcnther Anders.en Psicolog\u00eda.<\/p>\n","protected":false},"excerpt":{"rendered":"<p><strong>Jean-Marc Royer<\/strong><br \/>\n9788412538618 &#8211; Ediciones El Salmon &#8211; 2023 &#8211; 438 p\u00e1ginas \/orri.<\/p>\n","protected":false},"featured_media":12475,"template":"","meta":[],"product_brand":[],"product_cat":[180,16],"product_tag":[443,5846],"class_list":{"0":"post-12466","1":"product","2":"type-product","3":"status-publish","4":"has-post-thumbnail","6":"product_cat-ekologia-ecologia","7":"product_cat-libros","8":"product_tag-ediciones-el-salmon","9":"product_tag-jean-marc-royer","11":"first","12":"instock","13":"sold-individually","14":"shipping-taxable","15":"purchasable","16":"product-type-simple"},"yoast_head":"<!-- This site is optimized with the Yoast SEO plugin v27.3 - https:\/\/yoast.com\/product\/yoast-seo-wordpress\/ -->\n<title>El mundo como proyecto Manhattan &#8212; Zapateneo<\/title>\n<meta name=\"robots\" content=\"index, follow, max-snippet:-1, max-image-preview:large, max-video-preview:-1\" \/>\n<link rel=\"canonical\" href=\"https:\/\/zapateneo.net\/wordpress\/index.php\/producto\/el-mundo-como-proyecto-manhattan\/\" \/>\n<meta property=\"og:locale\" content=\"es_ES\" \/>\n<meta property=\"og:type\" content=\"article\" \/>\n<meta property=\"og:title\" content=\"El mundo como proyecto Manhattan &#8212; Zapateneo\" \/>\n<meta property=\"og:description\" content=\"Jean-Marc Royer 9788412538618 - Ediciones El Salmon - 2023 - 438 p\u00e1ginas \/orri.\" \/>\n<meta property=\"og:url\" content=\"https:\/\/zapateneo.net\/wordpress\/index.php\/producto\/el-mundo-como-proyecto-manhattan\/\" \/>\n<meta property=\"og:site_name\" content=\"Zapateneo\" \/>\n<meta property=\"article:modified_time\" content=\"2023-03-02T18:29:30+00:00\" \/>\n<meta name=\"twitter:card\" content=\"summary_large_image\" \/>\n<meta name=\"twitter:site\" content=\"@zapateneo\" \/>\n<meta name=\"twitter:label1\" content=\"Tiempo de lectura\" \/>\n\t<meta name=\"twitter:data1\" content=\"2 minutos\" \/>\n<script type=\"application\/ld+json\" class=\"yoast-schema-graph\">{\"@context\":\"https:\\\/\\\/schema.org\",\"@graph\":[{\"@type\":\"WebPage\",\"@id\":\"https:\\\/\\\/zapateneo.net\\\/wordpress\\\/index.php\\\/producto\\\/el-mundo-como-proyecto-manhattan\\\/\",\"url\":\"https:\\\/\\\/zapateneo.net\\\/wordpress\\\/index.php\\\/producto\\\/el-mundo-como-proyecto-manhattan\\\/\",\"name\":\"El mundo como proyecto Manhattan &#8212; Zapateneo\",\"isPartOf\":{\"@id\":\"https:\\\/\\\/zapateneo.net\\\/wordpress\\\/#website\"},\"primaryImageOfPage\":{\"@id\":\"https:\\\/\\\/zapateneo.net\\\/wordpress\\\/index.php\\\/producto\\\/el-mundo-como-proyecto-manhattan\\\/#primaryimage\"},\"image\":{\"@id\":\"https:\\\/\\\/zapateneo.net\\\/wordpress\\\/index.php\\\/producto\\\/el-mundo-como-proyecto-manhattan\\\/#primaryimage\"},\"thumbnailUrl\":\"https:\\\/\\\/zapateneo.net\\\/wordpress\\\/wp-content\\\/uploads\\\/2023\\\/03\\\/portada-670x1024-1.jpg\",\"datePublished\":\"2023-03-02T18:29:26+00:00\",\"dateModified\":\"2023-03-02T18:29:30+00:00\",\"breadcrumb\":{\"@id\":\"https:\\\/\\\/zapateneo.net\\\/wordpress\\\/index.php\\\/producto\\\/el-mundo-como-proyecto-manhattan\\\/#breadcrumb\"},\"inLanguage\":\"es\",\"potentialAction\":[{\"@type\":\"ReadAction\",\"target\":[\"https:\\\/\\\/zapateneo.net\\\/wordpress\\\/index.php\\\/producto\\\/el-mundo-como-proyecto-manhattan\\\/\"]}]},{\"@type\":\"ImageObject\",\"inLanguage\":\"es\",\"@id\":\"https:\\\/\\\/zapateneo.net\\\/wordpress\\\/index.php\\\/producto\\\/el-mundo-como-proyecto-manhattan\\\/#primaryimage\",\"url\":\"https:\\\/\\\/zapateneo.net\\\/wordpress\\\/wp-content\\\/uploads\\\/2023\\\/03\\\/portada-670x1024-1.jpg\",\"contentUrl\":\"https:\\\/\\\/zapateneo.net\\\/wordpress\\\/wp-content\\\/uploads\\\/2023\\\/03\\\/portada-670x1024-1.jpg\",\"width\":261,\"height\":400},{\"@type\":\"BreadcrumbList\",\"@id\":\"https:\\\/\\\/zapateneo.net\\\/wordpress\\\/index.php\\\/producto\\\/el-mundo-como-proyecto-manhattan\\\/#breadcrumb\",\"itemListElement\":[{\"@type\":\"ListItem\",\"position\":1,\"name\":\"Portada\",\"item\":\"https:\\\/\\\/zapateneo.net\\\/wordpress\\\/\"},{\"@type\":\"ListItem\",\"position\":2,\"name\":\"Tienda\",\"item\":\"https:\\\/\\\/zapateneo.net\\\/wordpress\\\/\"},{\"@type\":\"ListItem\",\"position\":3,\"name\":\"El mundo como proyecto Manhattan\"}]},{\"@type\":\"WebSite\",\"@id\":\"https:\\\/\\\/zapateneo.net\\\/wordpress\\\/#website\",\"url\":\"https:\\\/\\\/zapateneo.net\\\/wordpress\\\/\",\"name\":\"Zapateneo\",\"description\":\"Zapateneoaren webgunea\",\"publisher\":{\"@id\":\"https:\\\/\\\/zapateneo.net\\\/wordpress\\\/#organization\"},\"potentialAction\":[{\"@type\":\"SearchAction\",\"target\":{\"@type\":\"EntryPoint\",\"urlTemplate\":\"https:\\\/\\\/zapateneo.net\\\/wordpress\\\/?s={search_term_string}\"},\"query-input\":{\"@type\":\"PropertyValueSpecification\",\"valueRequired\":true,\"valueName\":\"search_term_string\"}}],\"inLanguage\":\"es\"},{\"@type\":\"Organization\",\"@id\":\"https:\\\/\\\/zapateneo.net\\\/wordpress\\\/#organization\",\"name\":\"Zapateneo Kultur Elkartea\",\"url\":\"https:\\\/\\\/zapateneo.net\\\/wordpress\\\/\",\"logo\":{\"@type\":\"ImageObject\",\"inLanguage\":\"es\",\"@id\":\"https:\\\/\\\/zapateneo.net\\\/wordpress\\\/#\\\/schema\\\/logo\\\/image\\\/\",\"url\":\"https:\\\/\\\/zapateneo.net\\\/wordpress\\\/wp-content\\\/uploads\\\/2021\\\/04\\\/zap-libu-kolec.jpg\",\"contentUrl\":\"https:\\\/\\\/zapateneo.net\\\/wordpress\\\/wp-content\\\/uploads\\\/2021\\\/04\\\/zap-libu-kolec.jpg\",\"width\":2234,\"height\":398,\"caption\":\"Zapateneo Kultur Elkartea\"},\"image\":{\"@id\":\"https:\\\/\\\/zapateneo.net\\\/wordpress\\\/#\\\/schema\\\/logo\\\/image\\\/\"},\"sameAs\":[\"https:\\\/\\\/x.com\\\/zapateneo\"]}]}<\/script>\n<!-- \/ Yoast SEO plugin. -->","yoast_head_json":{"title":"El mundo como proyecto Manhattan &#8212; Zapateneo","robots":{"index":"index","follow":"follow","max-snippet":"max-snippet:-1","max-image-preview":"max-image-preview:large","max-video-preview":"max-video-preview:-1"},"canonical":"https:\/\/zapateneo.net\/wordpress\/index.php\/producto\/el-mundo-como-proyecto-manhattan\/","og_locale":"es_ES","og_type":"article","og_title":"El mundo como proyecto Manhattan &#8212; Zapateneo","og_description":"Jean-Marc Royer 9788412538618 - Ediciones El Salmon - 2023 - 438 p\u00e1ginas \/orri.","og_url":"https:\/\/zapateneo.net\/wordpress\/index.php\/producto\/el-mundo-como-proyecto-manhattan\/","og_site_name":"Zapateneo","article_modified_time":"2023-03-02T18:29:30+00:00","twitter_card":"summary_large_image","twitter_site":"@zapateneo","twitter_misc":{"Tiempo de lectura":"2 minutos"},"schema":{"@context":"https:\/\/schema.org","@graph":[{"@type":"WebPage","@id":"https:\/\/zapateneo.net\/wordpress\/index.php\/producto\/el-mundo-como-proyecto-manhattan\/","url":"https:\/\/zapateneo.net\/wordpress\/index.php\/producto\/el-mundo-como-proyecto-manhattan\/","name":"El mundo como proyecto Manhattan &#8212; Zapateneo","isPartOf":{"@id":"https:\/\/zapateneo.net\/wordpress\/#website"},"primaryImageOfPage":{"@id":"https:\/\/zapateneo.net\/wordpress\/index.php\/producto\/el-mundo-como-proyecto-manhattan\/#primaryimage"},"image":{"@id":"https:\/\/zapateneo.net\/wordpress\/index.php\/producto\/el-mundo-como-proyecto-manhattan\/#primaryimage"},"thumbnailUrl":"https:\/\/zapateneo.net\/wordpress\/wp-content\/uploads\/2023\/03\/portada-670x1024-1.jpg","datePublished":"2023-03-02T18:29:26+00:00","dateModified":"2023-03-02T18:29:30+00:00","breadcrumb":{"@id":"https:\/\/zapateneo.net\/wordpress\/index.php\/producto\/el-mundo-como-proyecto-manhattan\/#breadcrumb"},"inLanguage":"es","potentialAction":[{"@type":"ReadAction","target":["https:\/\/zapateneo.net\/wordpress\/index.php\/producto\/el-mundo-como-proyecto-manhattan\/"]}]},{"@type":"ImageObject","inLanguage":"es","@id":"https:\/\/zapateneo.net\/wordpress\/index.php\/producto\/el-mundo-como-proyecto-manhattan\/#primaryimage","url":"https:\/\/zapateneo.net\/wordpress\/wp-content\/uploads\/2023\/03\/portada-670x1024-1.jpg","contentUrl":"https:\/\/zapateneo.net\/wordpress\/wp-content\/uploads\/2023\/03\/portada-670x1024-1.jpg","width":261,"height":400},{"@type":"BreadcrumbList","@id":"https:\/\/zapateneo.net\/wordpress\/index.php\/producto\/el-mundo-como-proyecto-manhattan\/#breadcrumb","itemListElement":[{"@type":"ListItem","position":1,"name":"Portada","item":"https:\/\/zapateneo.net\/wordpress\/"},{"@type":"ListItem","position":2,"name":"Tienda","item":"https:\/\/zapateneo.net\/wordpress\/"},{"@type":"ListItem","position":3,"name":"El mundo como proyecto Manhattan"}]},{"@type":"WebSite","@id":"https:\/\/zapateneo.net\/wordpress\/#website","url":"https:\/\/zapateneo.net\/wordpress\/","name":"Zapateneo","description":"Zapateneoaren webgunea","publisher":{"@id":"https:\/\/zapateneo.net\/wordpress\/#organization"},"potentialAction":[{"@type":"SearchAction","target":{"@type":"EntryPoint","urlTemplate":"https:\/\/zapateneo.net\/wordpress\/?s={search_term_string}"},"query-input":{"@type":"PropertyValueSpecification","valueRequired":true,"valueName":"search_term_string"}}],"inLanguage":"es"},{"@type":"Organization","@id":"https:\/\/zapateneo.net\/wordpress\/#organization","name":"Zapateneo Kultur Elkartea","url":"https:\/\/zapateneo.net\/wordpress\/","logo":{"@type":"ImageObject","inLanguage":"es","@id":"https:\/\/zapateneo.net\/wordpress\/#\/schema\/logo\/image\/","url":"https:\/\/zapateneo.net\/wordpress\/wp-content\/uploads\/2021\/04\/zap-libu-kolec.jpg","contentUrl":"https:\/\/zapateneo.net\/wordpress\/wp-content\/uploads\/2021\/04\/zap-libu-kolec.jpg","width":2234,"height":398,"caption":"Zapateneo Kultur Elkartea"},"image":{"@id":"https:\/\/zapateneo.net\/wordpress\/#\/schema\/logo\/image\/"},"sameAs":["https:\/\/x.com\/zapateneo"]}]}},"_links":{"self":[{"href":"https:\/\/zapateneo.net\/wordpress\/index.php\/wp-json\/wp\/v2\/product\/12466","targetHints":{"allow":["GET"]}}],"collection":[{"href":"https:\/\/zapateneo.net\/wordpress\/index.php\/wp-json\/wp\/v2\/product"}],"about":[{"href":"https:\/\/zapateneo.net\/wordpress\/index.php\/wp-json\/wp\/v2\/types\/product"}],"wp:featuredmedia":[{"embeddable":true,"href":"https:\/\/zapateneo.net\/wordpress\/index.php\/wp-json\/wp\/v2\/media\/12475"}],"wp:attachment":[{"href":"https:\/\/zapateneo.net\/wordpress\/index.php\/wp-json\/wp\/v2\/media?parent=12466"}],"wp:term":[{"taxonomy":"product_brand","embeddable":true,"href":"https:\/\/zapateneo.net\/wordpress\/index.php\/wp-json\/wp\/v2\/product_brand?post=12466"},{"taxonomy":"product_cat","embeddable":true,"href":"https:\/\/zapateneo.net\/wordpress\/index.php\/wp-json\/wp\/v2\/product_cat?post=12466"},{"taxonomy":"product_tag","embeddable":true,"href":"https:\/\/zapateneo.net\/wordpress\/index.php\/wp-json\/wp\/v2\/product_tag?post=12466"}],"curies":[{"name":"wp","href":"https:\/\/api.w.org\/{rel}","templated":true}]}}