{"id":12427,"date":"2023-01-23T15:55:01","date_gmt":"2023-01-23T14:55:01","guid":{"rendered":"https:\/\/zapateneo.net\/wordpress\/?post_type=product&#038;p=12427"},"modified":"2023-04-11T19:18:31","modified_gmt":"2023-04-11T18:18:31","slug":"la-enciclopedia-del-obrero-la-revolucion-editorial-anarquista-1881-1923","status":"publish","type":"product","link":"https:\/\/zapateneo.net\/wordpress\/index.php\/producto\/la-enciclopedia-del-obrero-la-revolucion-editorial-anarquista-1881-1923\/","title":{"rendered":"La enciclopedia del obrero. La revoluci\u00f3n editorial anarquista (1881-1923)"},"content":{"rendered":"<p>Convencidos de que la revoluci\u00f3n social ser\u00eda imposible permaneciendo dentro de los par\u00e1metros fijados por la burgues\u00eda, los anarquistas espa\u00f1oles promovieron una transformaci\u00f3n sin precedentes de los modelos culturales establecidos que encontr\u00f3 en el mundo editorial una de sus bases m\u00e1s s\u00f3lidas. En la seguridad de que los sistemas existentes estaban corrompidos y puestos al servicio de la clase dominante, en el tr\u00e1nsito del s.XIX al XX, nuevas f\u00f3rmulas de producci\u00f3n y difusi\u00f3n de publicaciones fueron ensayadas; nuevos conceptos de lo que era el libro y de las tem\u00e1ticas que deb\u00eda abordar, abrieron un debate que prendi\u00f3 con fuerza entre los nuevos lectores, transform\u00f3 el panorama editorial del cambio de siglo y sedujo incluso a muchos burgueses de izquierda, que se inspiraron en \u00e9l para la rehumanizaci\u00f3n literaria de los a\u00f1os 30. Conscientes del poder de subversi\u00f3n de este modelo cultural alternativo impulsado por las editoras anarquistas, las oligarqu\u00edas nacionales reaccionaron con sa\u00f1a ante estas propuestas reprimiendo duramente a los promotores, persiguiendo sus publicaciones y provocando su ca\u00edda durante la dictadura de Primo de Rivera.\u00a0<\/p>\n<p>***<\/p>\n<p>ALEJANDRO CIVANTOS URRUTIA. Doctor en Literatura Comparada por la Universidad de Granada y profesor en el IES Arj\u00e9 de Chauchina, del que es, adem\u00e1s, Jefe de Estudios desde 2010. Ha co-dirigido Teatro del Tierno (Sevilla, 2001-2004) y ha sido promotor y coordinador de Radio Escolar Hornillo (Santiago de la Espada, 2005-2009), premio de innovaci\u00f3n educativa de la Diputaci\u00f3n de Ja\u00e9n.<\/p>\n<p>Es colaborador en EDI-RED. Editores y editoriales iberoamericanos (s.XIX y XX) del CSIC y ha participado como investigador del Centro de Documentaci\u00f3n Cr\u00edtica de Madrid en el proyecto colectivo de recuperaci\u00f3n de la literatura de avanzada Una generaci\u00f3n perdida (Stockcero, 2013; coord. C\u00e9sar de Vicente), donde se centr\u00f3 en las experiencias editoriales. Ha publicado art\u00edculos en diversas revistas espa\u00f1olas de historia y an\u00e1lisis cr\u00edtico como Sociocriticism, Kamchatka. Revista de An\u00e1lisis Cultural, Cultura Republicana. Revista de An\u00e1lisis Cr\u00edtico, Creneida. Anuario de Literaturas Hisp\u00e1nicas o Andaluc\u00eda en la Historia. Es autor de Leer en rojo. Auge y ca\u00edda del libro obrero 1917-1931 (Fundaci\u00f3n Anselmo Lorenzo, 2017; 2\u00aa edici\u00f3n Ediciones C\u00falmine\/Tren en Movimiento, 2022), y del volumen de relatos Mujeres en d\u00eda lluvioso (LGR, 2014).<\/p>\n","protected":false},"excerpt":{"rendered":"<p><strong>Alejandro Civantos Urrutia<\/strong><br \/>\n9788412642308 &#8211; Piedrapapel &#8211; 2022 &#8211; 75 p\u00e1ginas \/orri.<\/p>\n","protected":false},"featured_media":12437,"template":"","meta":[],"product_brand":[],"product_cat":[185,16],"product_tag":[5840,6042],"class_list":{"0":"post-12427","1":"product","2":"type-product","3":"status-publish","4":"has-post-thumbnail","6":"product_cat-historia","7":"product_cat-libros","8":"product_tag-alejandro-civantos-urrutia","9":"product_tag-piedra-papel-libros","11":"first","12":"instock","13":"sold-individually","14":"shipping-taxable","15":"purchasable","16":"product-type-simple"},"yoast_head":"<!-- This site is optimized with the Yoast SEO plugin v27.4 - https:\/\/yoast.com\/product\/yoast-seo-wordpress\/ -->\n<title>La enciclopedia del obrero. La revoluci\u00f3n editorial anarquista (1881-1923) &#8212; Zapateneo<\/title>\n<meta name=\"robots\" content=\"index, follow, max-snippet:-1, max-image-preview:large, max-video-preview:-1\" \/>\n<link rel=\"canonical\" href=\"https:\/\/zapateneo.net\/wordpress\/index.php\/producto\/la-enciclopedia-del-obrero-la-revolucion-editorial-anarquista-1881-1923\/\" \/>\n<meta property=\"og:locale\" content=\"es_ES\" \/>\n<meta property=\"og:type\" content=\"article\" \/>\n<meta property=\"og:title\" content=\"La enciclopedia del obrero. La revoluci\u00f3n editorial anarquista (1881-1923) &#8212; Zapateneo\" \/>\n<meta property=\"og:description\" content=\"Alejandro Civantos Urrutia 9788412642308 - Piedrapapel - 2022 - 75 p\u00e1ginas \/orri.\" \/>\n<meta property=\"og:url\" content=\"https:\/\/zapateneo.net\/wordpress\/index.php\/producto\/la-enciclopedia-del-obrero-la-revolucion-editorial-anarquista-1881-1923\/\" \/>\n<meta property=\"og:site_name\" content=\"Zapateneo\" \/>\n<meta property=\"article:modified_time\" content=\"2023-04-11T18:18:31+00:00\" \/>\n<meta property=\"og:image\" content=\"https:\/\/zapateneo.net\/wordpress\/wp-content\/uploads\/2023\/01\/9788412642308.gif\" \/>\n\t<meta property=\"og:image:width\" content=\"240\" \/>\n\t<meta property=\"og:image:height\" content=\"370\" \/>\n\t<meta property=\"og:image:type\" content=\"image\/gif\" \/>\n<meta name=\"twitter:card\" content=\"summary_large_image\" \/>\n<meta name=\"twitter:site\" content=\"@zapateneo\" \/>\n<meta name=\"twitter:label1\" content=\"Tiempo de lectura\" \/>\n\t<meta name=\"twitter:data1\" content=\"2 minutos\" \/>\n<script type=\"application\/ld+json\" class=\"yoast-schema-graph\">{\"@context\":\"https:\\\/\\\/schema.org\",\"@graph\":[{\"@type\":\"WebPage\",\"@id\":\"https:\\\/\\\/zapateneo.net\\\/wordpress\\\/index.php\\\/producto\\\/la-enciclopedia-del-obrero-la-revolucion-editorial-anarquista-1881-1923\\\/\",\"url\":\"https:\\\/\\\/zapateneo.net\\\/wordpress\\\/index.php\\\/producto\\\/la-enciclopedia-del-obrero-la-revolucion-editorial-anarquista-1881-1923\\\/\",\"name\":\"La enciclopedia del obrero. La revoluci\u00f3n editorial anarquista (1881-1923) &#8212; Zapateneo\",\"isPartOf\":{\"@id\":\"https:\\\/\\\/zapateneo.net\\\/wordpress\\\/#website\"},\"primaryImageOfPage\":{\"@id\":\"https:\\\/\\\/zapateneo.net\\\/wordpress\\\/index.php\\\/producto\\\/la-enciclopedia-del-obrero-la-revolucion-editorial-anarquista-1881-1923\\\/#primaryimage\"},\"image\":{\"@id\":\"https:\\\/\\\/zapateneo.net\\\/wordpress\\\/index.php\\\/producto\\\/la-enciclopedia-del-obrero-la-revolucion-editorial-anarquista-1881-1923\\\/#primaryimage\"},\"thumbnailUrl\":\"https:\\\/\\\/zapateneo.net\\\/wordpress\\\/wp-content\\\/uploads\\\/2023\\\/01\\\/9788412642308.gif\",\"datePublished\":\"2023-01-23T14:55:01+00:00\",\"dateModified\":\"2023-04-11T18:18:31+00:00\",\"breadcrumb\":{\"@id\":\"https:\\\/\\\/zapateneo.net\\\/wordpress\\\/index.php\\\/producto\\\/la-enciclopedia-del-obrero-la-revolucion-editorial-anarquista-1881-1923\\\/#breadcrumb\"},\"inLanguage\":\"es\",\"potentialAction\":[{\"@type\":\"ReadAction\",\"target\":[\"https:\\\/\\\/zapateneo.net\\\/wordpress\\\/index.php\\\/producto\\\/la-enciclopedia-del-obrero-la-revolucion-editorial-anarquista-1881-1923\\\/\"]}]},{\"@type\":\"ImageObject\",\"inLanguage\":\"es\",\"@id\":\"https:\\\/\\\/zapateneo.net\\\/wordpress\\\/index.php\\\/producto\\\/la-enciclopedia-del-obrero-la-revolucion-editorial-anarquista-1881-1923\\\/#primaryimage\",\"url\":\"https:\\\/\\\/zapateneo.net\\\/wordpress\\\/wp-content\\\/uploads\\\/2023\\\/01\\\/9788412642308.gif\",\"contentUrl\":\"https:\\\/\\\/zapateneo.net\\\/wordpress\\\/wp-content\\\/uploads\\\/2023\\\/01\\\/9788412642308.gif\",\"width\":240,\"height\":370},{\"@type\":\"BreadcrumbList\",\"@id\":\"https:\\\/\\\/zapateneo.net\\\/wordpress\\\/index.php\\\/producto\\\/la-enciclopedia-del-obrero-la-revolucion-editorial-anarquista-1881-1923\\\/#breadcrumb\",\"itemListElement\":[{\"@type\":\"ListItem\",\"position\":1,\"name\":\"Portada\",\"item\":\"https:\\\/\\\/zapateneo.net\\\/wordpress\\\/\"},{\"@type\":\"ListItem\",\"position\":2,\"name\":\"Tienda\",\"item\":\"https:\\\/\\\/zapateneo.net\\\/wordpress\\\/\"},{\"@type\":\"ListItem\",\"position\":3,\"name\":\"La enciclopedia del obrero. La revoluci\u00f3n editorial anarquista (1881-1923)\"}]},{\"@type\":\"WebSite\",\"@id\":\"https:\\\/\\\/zapateneo.net\\\/wordpress\\\/#website\",\"url\":\"https:\\\/\\\/zapateneo.net\\\/wordpress\\\/\",\"name\":\"Zapateneo\",\"description\":\"Zapateneoaren webgunea\",\"publisher\":{\"@id\":\"https:\\\/\\\/zapateneo.net\\\/wordpress\\\/#organization\"},\"potentialAction\":[{\"@type\":\"SearchAction\",\"target\":{\"@type\":\"EntryPoint\",\"urlTemplate\":\"https:\\\/\\\/zapateneo.net\\\/wordpress\\\/?s={search_term_string}\"},\"query-input\":{\"@type\":\"PropertyValueSpecification\",\"valueRequired\":true,\"valueName\":\"search_term_string\"}}],\"inLanguage\":\"es\"},{\"@type\":\"Organization\",\"@id\":\"https:\\\/\\\/zapateneo.net\\\/wordpress\\\/#organization\",\"name\":\"Zapateneo Kultur Elkartea\",\"url\":\"https:\\\/\\\/zapateneo.net\\\/wordpress\\\/\",\"logo\":{\"@type\":\"ImageObject\",\"inLanguage\":\"es\",\"@id\":\"https:\\\/\\\/zapateneo.net\\\/wordpress\\\/#\\\/schema\\\/logo\\\/image\\\/\",\"url\":\"https:\\\/\\\/zapateneo.net\\\/wordpress\\\/wp-content\\\/uploads\\\/2021\\\/04\\\/zap-libu-kolec.jpg\",\"contentUrl\":\"https:\\\/\\\/zapateneo.net\\\/wordpress\\\/wp-content\\\/uploads\\\/2021\\\/04\\\/zap-libu-kolec.jpg\",\"width\":2234,\"height\":398,\"caption\":\"Zapateneo Kultur Elkartea\"},\"image\":{\"@id\":\"https:\\\/\\\/zapateneo.net\\\/wordpress\\\/#\\\/schema\\\/logo\\\/image\\\/\"},\"sameAs\":[\"https:\\\/\\\/x.com\\\/zapateneo\"]}]}<\/script>\n<!-- \/ Yoast SEO plugin. -->","yoast_head_json":{"title":"La enciclopedia del obrero. La revoluci\u00f3n editorial anarquista (1881-1923) &#8212; Zapateneo","robots":{"index":"index","follow":"follow","max-snippet":"max-snippet:-1","max-image-preview":"max-image-preview:large","max-video-preview":"max-video-preview:-1"},"canonical":"https:\/\/zapateneo.net\/wordpress\/index.php\/producto\/la-enciclopedia-del-obrero-la-revolucion-editorial-anarquista-1881-1923\/","og_locale":"es_ES","og_type":"article","og_title":"La enciclopedia del obrero. La revoluci\u00f3n editorial anarquista (1881-1923) &#8212; Zapateneo","og_description":"Alejandro Civantos Urrutia 9788412642308 - Piedrapapel - 2022 - 75 p\u00e1ginas \/orri.","og_url":"https:\/\/zapateneo.net\/wordpress\/index.php\/producto\/la-enciclopedia-del-obrero-la-revolucion-editorial-anarquista-1881-1923\/","og_site_name":"Zapateneo","article_modified_time":"2023-04-11T18:18:31+00:00","og_image":[{"width":240,"height":370,"url":"https:\/\/zapateneo.net\/wordpress\/wp-content\/uploads\/2023\/01\/9788412642308.gif","type":"image\/gif"}],"twitter_card":"summary_large_image","twitter_site":"@zapateneo","twitter_misc":{"Tiempo de lectura":"2 minutos"},"schema":{"@context":"https:\/\/schema.org","@graph":[{"@type":"WebPage","@id":"https:\/\/zapateneo.net\/wordpress\/index.php\/producto\/la-enciclopedia-del-obrero-la-revolucion-editorial-anarquista-1881-1923\/","url":"https:\/\/zapateneo.net\/wordpress\/index.php\/producto\/la-enciclopedia-del-obrero-la-revolucion-editorial-anarquista-1881-1923\/","name":"La enciclopedia del obrero. La revoluci\u00f3n editorial anarquista (1881-1923) &#8212; Zapateneo","isPartOf":{"@id":"https:\/\/zapateneo.net\/wordpress\/#website"},"primaryImageOfPage":{"@id":"https:\/\/zapateneo.net\/wordpress\/index.php\/producto\/la-enciclopedia-del-obrero-la-revolucion-editorial-anarquista-1881-1923\/#primaryimage"},"image":{"@id":"https:\/\/zapateneo.net\/wordpress\/index.php\/producto\/la-enciclopedia-del-obrero-la-revolucion-editorial-anarquista-1881-1923\/#primaryimage"},"thumbnailUrl":"https:\/\/zapateneo.net\/wordpress\/wp-content\/uploads\/2023\/01\/9788412642308.gif","datePublished":"2023-01-23T14:55:01+00:00","dateModified":"2023-04-11T18:18:31+00:00","breadcrumb":{"@id":"https:\/\/zapateneo.net\/wordpress\/index.php\/producto\/la-enciclopedia-del-obrero-la-revolucion-editorial-anarquista-1881-1923\/#breadcrumb"},"inLanguage":"es","potentialAction":[{"@type":"ReadAction","target":["https:\/\/zapateneo.net\/wordpress\/index.php\/producto\/la-enciclopedia-del-obrero-la-revolucion-editorial-anarquista-1881-1923\/"]}]},{"@type":"ImageObject","inLanguage":"es","@id":"https:\/\/zapateneo.net\/wordpress\/index.php\/producto\/la-enciclopedia-del-obrero-la-revolucion-editorial-anarquista-1881-1923\/#primaryimage","url":"https:\/\/zapateneo.net\/wordpress\/wp-content\/uploads\/2023\/01\/9788412642308.gif","contentUrl":"https:\/\/zapateneo.net\/wordpress\/wp-content\/uploads\/2023\/01\/9788412642308.gif","width":240,"height":370},{"@type":"BreadcrumbList","@id":"https:\/\/zapateneo.net\/wordpress\/index.php\/producto\/la-enciclopedia-del-obrero-la-revolucion-editorial-anarquista-1881-1923\/#breadcrumb","itemListElement":[{"@type":"ListItem","position":1,"name":"Portada","item":"https:\/\/zapateneo.net\/wordpress\/"},{"@type":"ListItem","position":2,"name":"Tienda","item":"https:\/\/zapateneo.net\/wordpress\/"},{"@type":"ListItem","position":3,"name":"La enciclopedia del obrero. La revoluci\u00f3n editorial anarquista (1881-1923)"}]},{"@type":"WebSite","@id":"https:\/\/zapateneo.net\/wordpress\/#website","url":"https:\/\/zapateneo.net\/wordpress\/","name":"Zapateneo","description":"Zapateneoaren webgunea","publisher":{"@id":"https:\/\/zapateneo.net\/wordpress\/#organization"},"potentialAction":[{"@type":"SearchAction","target":{"@type":"EntryPoint","urlTemplate":"https:\/\/zapateneo.net\/wordpress\/?s={search_term_string}"},"query-input":{"@type":"PropertyValueSpecification","valueRequired":true,"valueName":"search_term_string"}}],"inLanguage":"es"},{"@type":"Organization","@id":"https:\/\/zapateneo.net\/wordpress\/#organization","name":"Zapateneo Kultur Elkartea","url":"https:\/\/zapateneo.net\/wordpress\/","logo":{"@type":"ImageObject","inLanguage":"es","@id":"https:\/\/zapateneo.net\/wordpress\/#\/schema\/logo\/image\/","url":"https:\/\/zapateneo.net\/wordpress\/wp-content\/uploads\/2021\/04\/zap-libu-kolec.jpg","contentUrl":"https:\/\/zapateneo.net\/wordpress\/wp-content\/uploads\/2021\/04\/zap-libu-kolec.jpg","width":2234,"height":398,"caption":"Zapateneo Kultur Elkartea"},"image":{"@id":"https:\/\/zapateneo.net\/wordpress\/#\/schema\/logo\/image\/"},"sameAs":["https:\/\/x.com\/zapateneo"]}]}},"_links":{"self":[{"href":"https:\/\/zapateneo.net\/wordpress\/index.php\/wp-json\/wp\/v2\/product\/12427","targetHints":{"allow":["GET"]}}],"collection":[{"href":"https:\/\/zapateneo.net\/wordpress\/index.php\/wp-json\/wp\/v2\/product"}],"about":[{"href":"https:\/\/zapateneo.net\/wordpress\/index.php\/wp-json\/wp\/v2\/types\/product"}],"wp:featuredmedia":[{"embeddable":true,"href":"https:\/\/zapateneo.net\/wordpress\/index.php\/wp-json\/wp\/v2\/media\/12437"}],"wp:attachment":[{"href":"https:\/\/zapateneo.net\/wordpress\/index.php\/wp-json\/wp\/v2\/media?parent=12427"}],"wp:term":[{"taxonomy":"product_brand","embeddable":true,"href":"https:\/\/zapateneo.net\/wordpress\/index.php\/wp-json\/wp\/v2\/product_brand?post=12427"},{"taxonomy":"product_cat","embeddable":true,"href":"https:\/\/zapateneo.net\/wordpress\/index.php\/wp-json\/wp\/v2\/product_cat?post=12427"},{"taxonomy":"product_tag","embeddable":true,"href":"https:\/\/zapateneo.net\/wordpress\/index.php\/wp-json\/wp\/v2\/product_tag?post=12427"}],"curies":[{"name":"wp","href":"https:\/\/api.w.org\/{rel}","templated":true}]}}