{"id":12330,"date":"2023-01-06T09:26:55","date_gmt":"2023-01-06T08:26:55","guid":{"rendered":"https:\/\/zapateneo.net\/wordpress\/?post_type=product&#038;p=12330"},"modified":"2023-01-06T09:27:00","modified_gmt":"2023-01-06T08:27:00","slug":"educar-con-enfoque-ecosocial-analisis-y-orientaciones-en-el-marco-de-la-lomloe","status":"publish","type":"product","link":"https:\/\/zapateneo.net\/wordpress\/index.php\/producto\/educar-con-enfoque-ecosocial-analisis-y-orientaciones-en-el-marco-de-la-lomloe\/","title":{"rendered":"EDUCAR CON ENFOQUE ECOSOCIAL AN\u00c1LISIS Y ORIENTACIONES EN EL MARCO DE LA LOMLOE"},"content":{"rendered":"<p>Educar con enfoque ecosocial. An\u00e1lisis y orientaciones en el marco de la LOMLOE es un libro dise\u00f1ado en primer lugar para dotar de herramientas concretas y aplicables para educar desde la perspectiva ecosocial. Pero adem\u00e1s aterriza estas herramientas a la puesta en marcha de la nueva ley educativa, la LOMLOE, que entra en vigor en el curso 2022-2023.<\/p>\n","protected":false},"excerpt":{"rendered":"<p><strong>vvaa<\/strong><br \/>\n9788495801852 &#8211; Fuhem &#8211; 2022 &#8211; 144 p\u00e1ginas \/orri.<\/p>\n","protected":false},"featured_media":12343,"template":"","meta":[],"product_brand":[],"product_cat":[186,16],"product_tag":[3578],"class_list":{"0":"post-12330","1":"product","2":"type-product","3":"status-publish","4":"has-post-thumbnail","6":"product_cat-hezkuntza-educacion","7":"product_cat-libros","8":"product_tag-fuhem","10":"first","11":"instock","12":"sold-individually","13":"shipping-taxable","14":"purchasable","15":"product-type-simple"},"yoast_head":"<!-- This site is optimized with the Yoast SEO plugin v27.3 - https:\/\/yoast.com\/product\/yoast-seo-wordpress\/ -->\n<title>EDUCAR CON ENFOQUE ECOSOCIAL AN\u00c1LISIS Y ORIENTACIONES EN EL MARCO DE LA LOMLOE &#8212; Zapateneo<\/title>\n<meta name=\"robots\" content=\"index, follow, max-snippet:-1, max-image-preview:large, max-video-preview:-1\" \/>\n<link rel=\"canonical\" href=\"https:\/\/zapateneo.net\/wordpress\/index.php\/producto\/educar-con-enfoque-ecosocial-analisis-y-orientaciones-en-el-marco-de-la-lomloe\/\" \/>\n<meta property=\"og:locale\" content=\"es_ES\" \/>\n<meta property=\"og:type\" content=\"article\" \/>\n<meta property=\"og:title\" content=\"EDUCAR CON ENFOQUE ECOSOCIAL AN\u00c1LISIS Y ORIENTACIONES EN EL MARCO DE LA LOMLOE &#8212; Zapateneo\" \/>\n<meta property=\"og:description\" content=\"vvaa 9788495801852 - Fuhem - 2022 - 144 p\u00e1ginas \/orri.\" \/>\n<meta property=\"og:url\" content=\"https:\/\/zapateneo.net\/wordpress\/index.php\/producto\/educar-con-enfoque-ecosocial-analisis-y-orientaciones-en-el-marco-de-la-lomloe\/\" \/>\n<meta property=\"og:site_name\" content=\"Zapateneo\" \/>\n<meta property=\"article:modified_time\" content=\"2023-01-06T08:27:00+00:00\" \/>\n<meta name=\"twitter:card\" content=\"summary_large_image\" \/>\n<meta name=\"twitter:site\" content=\"@zapateneo\" \/>\n<script type=\"application\/ld+json\" class=\"yoast-schema-graph\">{\"@context\":\"https:\\\/\\\/schema.org\",\"@graph\":[{\"@type\":\"WebPage\",\"@id\":\"https:\\\/\\\/zapateneo.net\\\/wordpress\\\/index.php\\\/producto\\\/educar-con-enfoque-ecosocial-analisis-y-orientaciones-en-el-marco-de-la-lomloe\\\/\",\"url\":\"https:\\\/\\\/zapateneo.net\\\/wordpress\\\/index.php\\\/producto\\\/educar-con-enfoque-ecosocial-analisis-y-orientaciones-en-el-marco-de-la-lomloe\\\/\",\"name\":\"EDUCAR CON ENFOQUE ECOSOCIAL AN\u00c1LISIS Y ORIENTACIONES EN EL MARCO DE LA LOMLOE &#8212; Zapateneo\",\"isPartOf\":{\"@id\":\"https:\\\/\\\/zapateneo.net\\\/wordpress\\\/#website\"},\"primaryImageOfPage\":{\"@id\":\"https:\\\/\\\/zapateneo.net\\\/wordpress\\\/index.php\\\/producto\\\/educar-con-enfoque-ecosocial-analisis-y-orientaciones-en-el-marco-de-la-lomloe\\\/#primaryimage\"},\"image\":{\"@id\":\"https:\\\/\\\/zapateneo.net\\\/wordpress\\\/index.php\\\/producto\\\/educar-con-enfoque-ecosocial-analisis-y-orientaciones-en-el-marco-de-la-lomloe\\\/#primaryimage\"},\"thumbnailUrl\":\"https:\\\/\\\/zapateneo.net\\\/wordpress\\\/wp-content\\\/uploads\\\/2023\\\/01\\\/9788495801852.gif\",\"datePublished\":\"2023-01-06T08:26:55+00:00\",\"dateModified\":\"2023-01-06T08:27:00+00:00\",\"breadcrumb\":{\"@id\":\"https:\\\/\\\/zapateneo.net\\\/wordpress\\\/index.php\\\/producto\\\/educar-con-enfoque-ecosocial-analisis-y-orientaciones-en-el-marco-de-la-lomloe\\\/#breadcrumb\"},\"inLanguage\":\"es\",\"potentialAction\":[{\"@type\":\"ReadAction\",\"target\":[\"https:\\\/\\\/zapateneo.net\\\/wordpress\\\/index.php\\\/producto\\\/educar-con-enfoque-ecosocial-analisis-y-orientaciones-en-el-marco-de-la-lomloe\\\/\"]}]},{\"@type\":\"ImageObject\",\"inLanguage\":\"es\",\"@id\":\"https:\\\/\\\/zapateneo.net\\\/wordpress\\\/index.php\\\/producto\\\/educar-con-enfoque-ecosocial-analisis-y-orientaciones-en-el-marco-de-la-lomloe\\\/#primaryimage\",\"url\":\"https:\\\/\\\/zapateneo.net\\\/wordpress\\\/wp-content\\\/uploads\\\/2023\\\/01\\\/9788495801852.gif\",\"contentUrl\":\"https:\\\/\\\/zapateneo.net\\\/wordpress\\\/wp-content\\\/uploads\\\/2023\\\/01\\\/9788495801852.gif\",\"width\":240,\"height\":217},{\"@type\":\"BreadcrumbList\",\"@id\":\"https:\\\/\\\/zapateneo.net\\\/wordpress\\\/index.php\\\/producto\\\/educar-con-enfoque-ecosocial-analisis-y-orientaciones-en-el-marco-de-la-lomloe\\\/#breadcrumb\",\"itemListElement\":[{\"@type\":\"ListItem\",\"position\":1,\"name\":\"Portada\",\"item\":\"https:\\\/\\\/zapateneo.net\\\/wordpress\\\/\"},{\"@type\":\"ListItem\",\"position\":2,\"name\":\"Tienda\",\"item\":\"https:\\\/\\\/zapateneo.net\\\/wordpress\\\/\"},{\"@type\":\"ListItem\",\"position\":3,\"name\":\"EDUCAR CON ENFOQUE ECOSOCIAL AN\u00c1LISIS Y ORIENTACIONES EN EL MARCO DE LA LOMLOE\"}]},{\"@type\":\"WebSite\",\"@id\":\"https:\\\/\\\/zapateneo.net\\\/wordpress\\\/#website\",\"url\":\"https:\\\/\\\/zapateneo.net\\\/wordpress\\\/\",\"name\":\"Zapateneo\",\"description\":\"Zapateneoaren webgunea\",\"publisher\":{\"@id\":\"https:\\\/\\\/zapateneo.net\\\/wordpress\\\/#organization\"},\"potentialAction\":[{\"@type\":\"SearchAction\",\"target\":{\"@type\":\"EntryPoint\",\"urlTemplate\":\"https:\\\/\\\/zapateneo.net\\\/wordpress\\\/?s={search_term_string}\"},\"query-input\":{\"@type\":\"PropertyValueSpecification\",\"valueRequired\":true,\"valueName\":\"search_term_string\"}}],\"inLanguage\":\"es\"},{\"@type\":\"Organization\",\"@id\":\"https:\\\/\\\/zapateneo.net\\\/wordpress\\\/#organization\",\"name\":\"Zapateneo Kultur Elkartea\",\"url\":\"https:\\\/\\\/zapateneo.net\\\/wordpress\\\/\",\"logo\":{\"@type\":\"ImageObject\",\"inLanguage\":\"es\",\"@id\":\"https:\\\/\\\/zapateneo.net\\\/wordpress\\\/#\\\/schema\\\/logo\\\/image\\\/\",\"url\":\"https:\\\/\\\/zapateneo.net\\\/wordpress\\\/wp-content\\\/uploads\\\/2021\\\/04\\\/zap-libu-kolec.jpg\",\"contentUrl\":\"https:\\\/\\\/zapateneo.net\\\/wordpress\\\/wp-content\\\/uploads\\\/2021\\\/04\\\/zap-libu-kolec.jpg\",\"width\":2234,\"height\":398,\"caption\":\"Zapateneo Kultur Elkartea\"},\"image\":{\"@id\":\"https:\\\/\\\/zapateneo.net\\\/wordpress\\\/#\\\/schema\\\/logo\\\/image\\\/\"},\"sameAs\":[\"https:\\\/\\\/x.com\\\/zapateneo\"]}]}<\/script>\n<!-- \/ Yoast SEO plugin. -->","yoast_head_json":{"title":"EDUCAR CON ENFOQUE ECOSOCIAL AN\u00c1LISIS Y ORIENTACIONES EN EL MARCO DE LA LOMLOE &#8212; Zapateneo","robots":{"index":"index","follow":"follow","max-snippet":"max-snippet:-1","max-image-preview":"max-image-preview:large","max-video-preview":"max-video-preview:-1"},"canonical":"https:\/\/zapateneo.net\/wordpress\/index.php\/producto\/educar-con-enfoque-ecosocial-analisis-y-orientaciones-en-el-marco-de-la-lomloe\/","og_locale":"es_ES","og_type":"article","og_title":"EDUCAR CON ENFOQUE ECOSOCIAL AN\u00c1LISIS Y ORIENTACIONES EN EL MARCO DE LA LOMLOE &#8212; Zapateneo","og_description":"vvaa 9788495801852 - Fuhem - 2022 - 144 p\u00e1ginas \/orri.","og_url":"https:\/\/zapateneo.net\/wordpress\/index.php\/producto\/educar-con-enfoque-ecosocial-analisis-y-orientaciones-en-el-marco-de-la-lomloe\/","og_site_name":"Zapateneo","article_modified_time":"2023-01-06T08:27:00+00:00","twitter_card":"summary_large_image","twitter_site":"@zapateneo","schema":{"@context":"https:\/\/schema.org","@graph":[{"@type":"WebPage","@id":"https:\/\/zapateneo.net\/wordpress\/index.php\/producto\/educar-con-enfoque-ecosocial-analisis-y-orientaciones-en-el-marco-de-la-lomloe\/","url":"https:\/\/zapateneo.net\/wordpress\/index.php\/producto\/educar-con-enfoque-ecosocial-analisis-y-orientaciones-en-el-marco-de-la-lomloe\/","name":"EDUCAR CON ENFOQUE ECOSOCIAL AN\u00c1LISIS Y ORIENTACIONES EN EL MARCO DE LA LOMLOE &#8212; Zapateneo","isPartOf":{"@id":"https:\/\/zapateneo.net\/wordpress\/#website"},"primaryImageOfPage":{"@id":"https:\/\/zapateneo.net\/wordpress\/index.php\/producto\/educar-con-enfoque-ecosocial-analisis-y-orientaciones-en-el-marco-de-la-lomloe\/#primaryimage"},"image":{"@id":"https:\/\/zapateneo.net\/wordpress\/index.php\/producto\/educar-con-enfoque-ecosocial-analisis-y-orientaciones-en-el-marco-de-la-lomloe\/#primaryimage"},"thumbnailUrl":"https:\/\/zapateneo.net\/wordpress\/wp-content\/uploads\/2023\/01\/9788495801852.gif","datePublished":"2023-01-06T08:26:55+00:00","dateModified":"2023-01-06T08:27:00+00:00","breadcrumb":{"@id":"https:\/\/zapateneo.net\/wordpress\/index.php\/producto\/educar-con-enfoque-ecosocial-analisis-y-orientaciones-en-el-marco-de-la-lomloe\/#breadcrumb"},"inLanguage":"es","potentialAction":[{"@type":"ReadAction","target":["https:\/\/zapateneo.net\/wordpress\/index.php\/producto\/educar-con-enfoque-ecosocial-analisis-y-orientaciones-en-el-marco-de-la-lomloe\/"]}]},{"@type":"ImageObject","inLanguage":"es","@id":"https:\/\/zapateneo.net\/wordpress\/index.php\/producto\/educar-con-enfoque-ecosocial-analisis-y-orientaciones-en-el-marco-de-la-lomloe\/#primaryimage","url":"https:\/\/zapateneo.net\/wordpress\/wp-content\/uploads\/2023\/01\/9788495801852.gif","contentUrl":"https:\/\/zapateneo.net\/wordpress\/wp-content\/uploads\/2023\/01\/9788495801852.gif","width":240,"height":217},{"@type":"BreadcrumbList","@id":"https:\/\/zapateneo.net\/wordpress\/index.php\/producto\/educar-con-enfoque-ecosocial-analisis-y-orientaciones-en-el-marco-de-la-lomloe\/#breadcrumb","itemListElement":[{"@type":"ListItem","position":1,"name":"Portada","item":"https:\/\/zapateneo.net\/wordpress\/"},{"@type":"ListItem","position":2,"name":"Tienda","item":"https:\/\/zapateneo.net\/wordpress\/"},{"@type":"ListItem","position":3,"name":"EDUCAR CON ENFOQUE ECOSOCIAL AN\u00c1LISIS Y ORIENTACIONES EN EL MARCO DE LA LOMLOE"}]},{"@type":"WebSite","@id":"https:\/\/zapateneo.net\/wordpress\/#website","url":"https:\/\/zapateneo.net\/wordpress\/","name":"Zapateneo","description":"Zapateneoaren webgunea","publisher":{"@id":"https:\/\/zapateneo.net\/wordpress\/#organization"},"potentialAction":[{"@type":"SearchAction","target":{"@type":"EntryPoint","urlTemplate":"https:\/\/zapateneo.net\/wordpress\/?s={search_term_string}"},"query-input":{"@type":"PropertyValueSpecification","valueRequired":true,"valueName":"search_term_string"}}],"inLanguage":"es"},{"@type":"Organization","@id":"https:\/\/zapateneo.net\/wordpress\/#organization","name":"Zapateneo Kultur Elkartea","url":"https:\/\/zapateneo.net\/wordpress\/","logo":{"@type":"ImageObject","inLanguage":"es","@id":"https:\/\/zapateneo.net\/wordpress\/#\/schema\/logo\/image\/","url":"https:\/\/zapateneo.net\/wordpress\/wp-content\/uploads\/2021\/04\/zap-libu-kolec.jpg","contentUrl":"https:\/\/zapateneo.net\/wordpress\/wp-content\/uploads\/2021\/04\/zap-libu-kolec.jpg","width":2234,"height":398,"caption":"Zapateneo Kultur Elkartea"},"image":{"@id":"https:\/\/zapateneo.net\/wordpress\/#\/schema\/logo\/image\/"},"sameAs":["https:\/\/x.com\/zapateneo"]}]}},"_links":{"self":[{"href":"https:\/\/zapateneo.net\/wordpress\/index.php\/wp-json\/wp\/v2\/product\/12330","targetHints":{"allow":["GET"]}}],"collection":[{"href":"https:\/\/zapateneo.net\/wordpress\/index.php\/wp-json\/wp\/v2\/product"}],"about":[{"href":"https:\/\/zapateneo.net\/wordpress\/index.php\/wp-json\/wp\/v2\/types\/product"}],"wp:featuredmedia":[{"embeddable":true,"href":"https:\/\/zapateneo.net\/wordpress\/index.php\/wp-json\/wp\/v2\/media\/12343"}],"wp:attachment":[{"href":"https:\/\/zapateneo.net\/wordpress\/index.php\/wp-json\/wp\/v2\/media?parent=12330"}],"wp:term":[{"taxonomy":"product_brand","embeddable":true,"href":"https:\/\/zapateneo.net\/wordpress\/index.php\/wp-json\/wp\/v2\/product_brand?post=12330"},{"taxonomy":"product_cat","embeddable":true,"href":"https:\/\/zapateneo.net\/wordpress\/index.php\/wp-json\/wp\/v2\/product_cat?post=12330"},{"taxonomy":"product_tag","embeddable":true,"href":"https:\/\/zapateneo.net\/wordpress\/index.php\/wp-json\/wp\/v2\/product_tag?post=12330"}],"curies":[{"name":"wp","href":"https:\/\/api.w.org\/{rel}","templated":true}]}}