{"id":12284,"date":"2022-11-27T12:50:06","date_gmt":"2022-11-27T11:50:06","guid":{"rendered":"https:\/\/zapateneo.net\/wordpress\/?post_type=product&#038;p=12284"},"modified":"2022-11-27T12:50:07","modified_gmt":"2022-11-27T11:50:07","slug":"a-la-salud-de-los-muertos","status":"publish","type":"product","link":"https:\/\/zapateneo.net\/wordpress\/index.php\/producto\/a-la-salud-de-los-muertos\/","title":{"rendered":"A LA SALUD DE LOS MUERTOS"},"content":{"rendered":"<p>Pensar la muerte, o m\u00e1s bien, las relaciones que establecen entre s\u00ed vivos y muertos. Hacerlo sin asideros f\u00e1ciles del pensamiento, sin muletillas heredadas, con amplitud de miras y generosidad, con el atrevimiento suficiente para dejarse llevar, para escuchar con sinceridad lo que cuentan quienes siguen con vida en este mundo sobre las formas en que quienes se fueron interfieren en sus existencias, reclaman atenciones, prestan ayuda. Un reto descomunal que la autora de este ensayo, Vinciane Despret, abordar\u00e1 \u00abpor el medio\u00bb, escuchando sin anteponer respuestas, poniendo en relaci\u00f3n, pidiendo consejo y siguiendo al pie de la letra las instrucciones de sus interlocutores (deber\u00edas leer esto, ver aquello&#8230;), componiendo as\u00ed un m\u00e9todo del pensar que sin duda saludamos y que nos parece no solo incre\u00edblemente fresco sino, sobre todo, sanador y necesario.<\/p>\n<p>\u00abMi proyecto interesaba. Claro est\u00e1, tuve que aprender a presentarlo, a contarlo, y muy r\u00e1pidamente comprend\u00ed que mientras mejor lo formulaba, m\u00e1s personas se interesaban por \u00e9l, y m\u00e1s ten\u00edan que contarme y mostrarme. Yo dec\u00eda: llevo adelante una investigaci\u00f3n sobre la manera en que los muertos entran en la vida de los vivos, entre nosotros, hoy en d\u00eda, y c\u00f3mo nos hacen actuar; trabajo sobre la prolijidad de los muertos y los vivos en sus relaciones, con la dificultad de que los vivos tienden a convencerse f\u00e1cilmente de adjudicarse todo el cr\u00e9dito por ello. Contaba a veces alguna de las cosas que hab\u00eda escuchado. [&#8230;] Era igualmente notable que cada persona ten\u00eda por lo menos un consejo para darme. Deber\u00edas leer\u2026, deber\u00edas ver\u2026, deber\u00edas ir\u2026 Nunca, para ninguna otra de mis investigaciones, hab\u00eda recibido tantos consejos, consejos pertinentes.\u00bb<\/p>\n<p>Vinciane Despret Desde una intersecci\u00f3n muy particular entre psicolog\u00eda, filosof\u00eda, antropolog\u00eda, etolog\u00eda y ciencia, Vinciane Despret se ha convertido en un referente internacional del pensamiento gracias a sus aportaciones en el \u00e1mbito de las relaciones entre humanos y no-humanos. Actualmente es profesora en la Universidad de Lieja (B\u00e9lgica), donde ense\u00f1a Filosof\u00eda de la Ciencia y Antropolog\u00eda de la Psicolog\u00eda. Su tesis doctoral se desarroll\u00f3 bajo la direcci\u00f3n de Isabelle Stengers, autora con quien su producci\u00f3n dialoga continuamente, al igual que lo hace con pensadores y colegas como Bruno Latour o Donna Haraway, que la reconocen como una voz primordial del llamado \u00abgiro animal\u00bb en las ciencias sociales y la cr\u00edtica cultural. De su extensa obra, en castellano podemos disfrutar de \u00bfQu\u00e9 dir\u00edan los animales&#8230; si les hici\u00e9ramos las preguntas correctas? (Cactus, 2018), Cuerpos, emociones, experimentaci\u00f3n y psicolog\u00eda (UNED, 2015) y pronto tendremos tambi\u00e9n Habitar como un p\u00e1jaro (La Oveja Roja, 2022). En 2021 la Academia Francesa la galardon\u00f3 con el Grand Prix Moron y el Centro Pompidou de Par\u00eds le confi\u00f3 la funci\u00f3n, renovada cada a\u00f1o, de acompa\u00f1amiento intelectual a su programaci\u00f3n.<\/p>\n","protected":false},"excerpt":{"rendered":"<p><strong>Vinciane Despret<\/strong><br \/>\n9788416227488 &#8211; La Oveja Roja &#8211; 2022 &#8211; 192 p\u00e1ginas \/orri.<\/p>\n","protected":false},"featured_media":12285,"template":"","meta":[],"product_brand":[],"product_cat":[16,173],"product_tag":[1216,5783],"class_list":{"0":"post-12284","1":"product","2":"type-product","3":"status-publish","4":"has-post-thumbnail","6":"product_cat-libros","7":"product_cat-saiakera-ensayo","8":"product_tag-la-oveja-roja","9":"product_tag-vinciane-despret","11":"first","12":"instock","13":"sold-individually","14":"shipping-taxable","15":"purchasable","16":"product-type-simple"},"yoast_head":"<!-- This site is optimized with the Yoast SEO plugin v27.3 - https:\/\/yoast.com\/product\/yoast-seo-wordpress\/ -->\n<title>A LA SALUD DE LOS MUERTOS &#8212; Zapateneo<\/title>\n<meta name=\"robots\" content=\"index, follow, max-snippet:-1, max-image-preview:large, max-video-preview:-1\" \/>\n<link rel=\"canonical\" href=\"https:\/\/zapateneo.net\/wordpress\/index.php\/producto\/a-la-salud-de-los-muertos\/\" \/>\n<meta property=\"og:locale\" content=\"es_ES\" \/>\n<meta property=\"og:type\" content=\"article\" \/>\n<meta property=\"og:title\" content=\"A LA SALUD DE LOS MUERTOS &#8212; Zapateneo\" \/>\n<meta property=\"og:description\" content=\"Vinciane Despret 9788416227488 - La Oveja Roja - 2022 - 192 p\u00e1ginas \/orri.\" \/>\n<meta property=\"og:url\" content=\"https:\/\/zapateneo.net\/wordpress\/index.php\/producto\/a-la-salud-de-los-muertos\/\" \/>\n<meta property=\"og:site_name\" content=\"Zapateneo\" \/>\n<meta property=\"article:modified_time\" content=\"2022-11-27T11:50:07+00:00\" \/>\n<meta name=\"twitter:card\" content=\"summary_large_image\" \/>\n<meta name=\"twitter:site\" content=\"@zapateneo\" \/>\n<meta name=\"twitter:label1\" content=\"Tiempo de lectura\" \/>\n\t<meta name=\"twitter:data1\" content=\"2 minutos\" \/>\n<script type=\"application\/ld+json\" class=\"yoast-schema-graph\">{\"@context\":\"https:\\\/\\\/schema.org\",\"@graph\":[{\"@type\":\"WebPage\",\"@id\":\"https:\\\/\\\/zapateneo.net\\\/wordpress\\\/index.php\\\/producto\\\/a-la-salud-de-los-muertos\\\/\",\"url\":\"https:\\\/\\\/zapateneo.net\\\/wordpress\\\/index.php\\\/producto\\\/a-la-salud-de-los-muertos\\\/\",\"name\":\"A LA SALUD DE LOS MUERTOS &#8212; Zapateneo\",\"isPartOf\":{\"@id\":\"https:\\\/\\\/zapateneo.net\\\/wordpress\\\/#website\"},\"primaryImageOfPage\":{\"@id\":\"https:\\\/\\\/zapateneo.net\\\/wordpress\\\/index.php\\\/producto\\\/a-la-salud-de-los-muertos\\\/#primaryimage\"},\"image\":{\"@id\":\"https:\\\/\\\/zapateneo.net\\\/wordpress\\\/index.php\\\/producto\\\/a-la-salud-de-los-muertos\\\/#primaryimage\"},\"thumbnailUrl\":\"https:\\\/\\\/zapateneo.net\\\/wordpress\\\/wp-content\\\/uploads\\\/2022\\\/11\\\/a-la-salud-de-los-muertos-9788416227488.jpg\",\"datePublished\":\"2022-11-27T11:50:06+00:00\",\"dateModified\":\"2022-11-27T11:50:07+00:00\",\"breadcrumb\":{\"@id\":\"https:\\\/\\\/zapateneo.net\\\/wordpress\\\/index.php\\\/producto\\\/a-la-salud-de-los-muertos\\\/#breadcrumb\"},\"inLanguage\":\"es\",\"potentialAction\":[{\"@type\":\"ReadAction\",\"target\":[\"https:\\\/\\\/zapateneo.net\\\/wordpress\\\/index.php\\\/producto\\\/a-la-salud-de-los-muertos\\\/\"]}]},{\"@type\":\"ImageObject\",\"inLanguage\":\"es\",\"@id\":\"https:\\\/\\\/zapateneo.net\\\/wordpress\\\/index.php\\\/producto\\\/a-la-salud-de-los-muertos\\\/#primaryimage\",\"url\":\"https:\\\/\\\/zapateneo.net\\\/wordpress\\\/wp-content\\\/uploads\\\/2022\\\/11\\\/a-la-salud-de-los-muertos-9788416227488.jpg\",\"contentUrl\":\"https:\\\/\\\/zapateneo.net\\\/wordpress\\\/wp-content\\\/uploads\\\/2022\\\/11\\\/a-la-salud-de-los-muertos-9788416227488.jpg\",\"width\":251,\"height\":400},{\"@type\":\"BreadcrumbList\",\"@id\":\"https:\\\/\\\/zapateneo.net\\\/wordpress\\\/index.php\\\/producto\\\/a-la-salud-de-los-muertos\\\/#breadcrumb\",\"itemListElement\":[{\"@type\":\"ListItem\",\"position\":1,\"name\":\"Portada\",\"item\":\"https:\\\/\\\/zapateneo.net\\\/wordpress\\\/\"},{\"@type\":\"ListItem\",\"position\":2,\"name\":\"Tienda\",\"item\":\"https:\\\/\\\/zapateneo.net\\\/wordpress\\\/\"},{\"@type\":\"ListItem\",\"position\":3,\"name\":\"A LA SALUD DE LOS MUERTOS\"}]},{\"@type\":\"WebSite\",\"@id\":\"https:\\\/\\\/zapateneo.net\\\/wordpress\\\/#website\",\"url\":\"https:\\\/\\\/zapateneo.net\\\/wordpress\\\/\",\"name\":\"Zapateneo\",\"description\":\"Zapateneoaren webgunea\",\"publisher\":{\"@id\":\"https:\\\/\\\/zapateneo.net\\\/wordpress\\\/#organization\"},\"potentialAction\":[{\"@type\":\"SearchAction\",\"target\":{\"@type\":\"EntryPoint\",\"urlTemplate\":\"https:\\\/\\\/zapateneo.net\\\/wordpress\\\/?s={search_term_string}\"},\"query-input\":{\"@type\":\"PropertyValueSpecification\",\"valueRequired\":true,\"valueName\":\"search_term_string\"}}],\"inLanguage\":\"es\"},{\"@type\":\"Organization\",\"@id\":\"https:\\\/\\\/zapateneo.net\\\/wordpress\\\/#organization\",\"name\":\"Zapateneo Kultur Elkartea\",\"url\":\"https:\\\/\\\/zapateneo.net\\\/wordpress\\\/\",\"logo\":{\"@type\":\"ImageObject\",\"inLanguage\":\"es\",\"@id\":\"https:\\\/\\\/zapateneo.net\\\/wordpress\\\/#\\\/schema\\\/logo\\\/image\\\/\",\"url\":\"https:\\\/\\\/zapateneo.net\\\/wordpress\\\/wp-content\\\/uploads\\\/2021\\\/04\\\/zap-libu-kolec.jpg\",\"contentUrl\":\"https:\\\/\\\/zapateneo.net\\\/wordpress\\\/wp-content\\\/uploads\\\/2021\\\/04\\\/zap-libu-kolec.jpg\",\"width\":2234,\"height\":398,\"caption\":\"Zapateneo Kultur Elkartea\"},\"image\":{\"@id\":\"https:\\\/\\\/zapateneo.net\\\/wordpress\\\/#\\\/schema\\\/logo\\\/image\\\/\"},\"sameAs\":[\"https:\\\/\\\/x.com\\\/zapateneo\"]}]}<\/script>\n<!-- \/ Yoast SEO plugin. -->","yoast_head_json":{"title":"A LA SALUD DE LOS MUERTOS &#8212; Zapateneo","robots":{"index":"index","follow":"follow","max-snippet":"max-snippet:-1","max-image-preview":"max-image-preview:large","max-video-preview":"max-video-preview:-1"},"canonical":"https:\/\/zapateneo.net\/wordpress\/index.php\/producto\/a-la-salud-de-los-muertos\/","og_locale":"es_ES","og_type":"article","og_title":"A LA SALUD DE LOS MUERTOS &#8212; Zapateneo","og_description":"Vinciane Despret 9788416227488 - La Oveja Roja - 2022 - 192 p\u00e1ginas \/orri.","og_url":"https:\/\/zapateneo.net\/wordpress\/index.php\/producto\/a-la-salud-de-los-muertos\/","og_site_name":"Zapateneo","article_modified_time":"2022-11-27T11:50:07+00:00","twitter_card":"summary_large_image","twitter_site":"@zapateneo","twitter_misc":{"Tiempo de lectura":"2 minutos"},"schema":{"@context":"https:\/\/schema.org","@graph":[{"@type":"WebPage","@id":"https:\/\/zapateneo.net\/wordpress\/index.php\/producto\/a-la-salud-de-los-muertos\/","url":"https:\/\/zapateneo.net\/wordpress\/index.php\/producto\/a-la-salud-de-los-muertos\/","name":"A LA SALUD DE LOS MUERTOS &#8212; Zapateneo","isPartOf":{"@id":"https:\/\/zapateneo.net\/wordpress\/#website"},"primaryImageOfPage":{"@id":"https:\/\/zapateneo.net\/wordpress\/index.php\/producto\/a-la-salud-de-los-muertos\/#primaryimage"},"image":{"@id":"https:\/\/zapateneo.net\/wordpress\/index.php\/producto\/a-la-salud-de-los-muertos\/#primaryimage"},"thumbnailUrl":"https:\/\/zapateneo.net\/wordpress\/wp-content\/uploads\/2022\/11\/a-la-salud-de-los-muertos-9788416227488.jpg","datePublished":"2022-11-27T11:50:06+00:00","dateModified":"2022-11-27T11:50:07+00:00","breadcrumb":{"@id":"https:\/\/zapateneo.net\/wordpress\/index.php\/producto\/a-la-salud-de-los-muertos\/#breadcrumb"},"inLanguage":"es","potentialAction":[{"@type":"ReadAction","target":["https:\/\/zapateneo.net\/wordpress\/index.php\/producto\/a-la-salud-de-los-muertos\/"]}]},{"@type":"ImageObject","inLanguage":"es","@id":"https:\/\/zapateneo.net\/wordpress\/index.php\/producto\/a-la-salud-de-los-muertos\/#primaryimage","url":"https:\/\/zapateneo.net\/wordpress\/wp-content\/uploads\/2022\/11\/a-la-salud-de-los-muertos-9788416227488.jpg","contentUrl":"https:\/\/zapateneo.net\/wordpress\/wp-content\/uploads\/2022\/11\/a-la-salud-de-los-muertos-9788416227488.jpg","width":251,"height":400},{"@type":"BreadcrumbList","@id":"https:\/\/zapateneo.net\/wordpress\/index.php\/producto\/a-la-salud-de-los-muertos\/#breadcrumb","itemListElement":[{"@type":"ListItem","position":1,"name":"Portada","item":"https:\/\/zapateneo.net\/wordpress\/"},{"@type":"ListItem","position":2,"name":"Tienda","item":"https:\/\/zapateneo.net\/wordpress\/"},{"@type":"ListItem","position":3,"name":"A LA SALUD DE LOS MUERTOS"}]},{"@type":"WebSite","@id":"https:\/\/zapateneo.net\/wordpress\/#website","url":"https:\/\/zapateneo.net\/wordpress\/","name":"Zapateneo","description":"Zapateneoaren webgunea","publisher":{"@id":"https:\/\/zapateneo.net\/wordpress\/#organization"},"potentialAction":[{"@type":"SearchAction","target":{"@type":"EntryPoint","urlTemplate":"https:\/\/zapateneo.net\/wordpress\/?s={search_term_string}"},"query-input":{"@type":"PropertyValueSpecification","valueRequired":true,"valueName":"search_term_string"}}],"inLanguage":"es"},{"@type":"Organization","@id":"https:\/\/zapateneo.net\/wordpress\/#organization","name":"Zapateneo Kultur Elkartea","url":"https:\/\/zapateneo.net\/wordpress\/","logo":{"@type":"ImageObject","inLanguage":"es","@id":"https:\/\/zapateneo.net\/wordpress\/#\/schema\/logo\/image\/","url":"https:\/\/zapateneo.net\/wordpress\/wp-content\/uploads\/2021\/04\/zap-libu-kolec.jpg","contentUrl":"https:\/\/zapateneo.net\/wordpress\/wp-content\/uploads\/2021\/04\/zap-libu-kolec.jpg","width":2234,"height":398,"caption":"Zapateneo Kultur Elkartea"},"image":{"@id":"https:\/\/zapateneo.net\/wordpress\/#\/schema\/logo\/image\/"},"sameAs":["https:\/\/x.com\/zapateneo"]}]}},"_links":{"self":[{"href":"https:\/\/zapateneo.net\/wordpress\/index.php\/wp-json\/wp\/v2\/product\/12284","targetHints":{"allow":["GET"]}}],"collection":[{"href":"https:\/\/zapateneo.net\/wordpress\/index.php\/wp-json\/wp\/v2\/product"}],"about":[{"href":"https:\/\/zapateneo.net\/wordpress\/index.php\/wp-json\/wp\/v2\/types\/product"}],"wp:featuredmedia":[{"embeddable":true,"href":"https:\/\/zapateneo.net\/wordpress\/index.php\/wp-json\/wp\/v2\/media\/12285"}],"wp:attachment":[{"href":"https:\/\/zapateneo.net\/wordpress\/index.php\/wp-json\/wp\/v2\/media?parent=12284"}],"wp:term":[{"taxonomy":"product_brand","embeddable":true,"href":"https:\/\/zapateneo.net\/wordpress\/index.php\/wp-json\/wp\/v2\/product_brand?post=12284"},{"taxonomy":"product_cat","embeddable":true,"href":"https:\/\/zapateneo.net\/wordpress\/index.php\/wp-json\/wp\/v2\/product_cat?post=12284"},{"taxonomy":"product_tag","embeddable":true,"href":"https:\/\/zapateneo.net\/wordpress\/index.php\/wp-json\/wp\/v2\/product_tag?post=12284"}],"curies":[{"name":"wp","href":"https:\/\/api.w.org\/{rel}","templated":true}]}}