{"id":12227,"date":"2022-11-27T12:49:39","date_gmt":"2022-11-27T11:49:39","guid":{"rendered":"https:\/\/zapateneo.net\/wordpress\/?post_type=product&#038;p=12227"},"modified":"2022-11-27T12:49:48","modified_gmt":"2022-11-27T11:49:48","slug":"presos-del-franquismo-de-la-a-a-la-z-la-represion-de-la-dictadura-1963-1977","status":"publish","type":"product","link":"https:\/\/zapateneo.net\/wordpress\/index.php\/producto\/presos-del-franquismo-de-la-a-a-la-z-la-represion-de-la-dictadura-1963-1977\/","title":{"rendered":"PRESOS DEL FRANQUISMO DE LA A A LA Z La represi\u00f3n de la Dictadura (1963-1977)"},"content":{"rendered":"<p>Este es un trabajo \u00fanico. El estudio que se presenta supone un reto, una propuesta delicada y arriesgada por realizar una recopilaci\u00f3n in\u00e9dita, exhaustiva y completa de miles de presos y presas antifranquistas que lucharon con arreglo a sus principios contra la dictadura en el llamado tardofranquismo (1963-1977).<\/p>\n<p>Nunca antes se hab\u00eda encarado un estudio historiogr\u00e1fico de tal envergadura. En esta obra enciclop\u00e9dica, fruto de una b\u00fasqueda paciente y tenaz, no solo aparecen personas reclusas, tambi\u00e9n se muestran jueces y polic\u00edas represores de aquella etapa, as\u00ed como activistas asesinados, heridos o torturados, un aut\u00e9ntico diccionario del terror. Cabe destacar la inclusi\u00f3n de dos centenares de biograf\u00edas de luchadores que sufrieron prisi\u00f3n y ya no se encuentran entre nosotros, para que su recuerdo perdure en la memoria del pa\u00eds.<\/p>\n<p>Los 14.000 nombres de presas y presos referenciados en el libro convierten estas p\u00e1ginas en un yacimiento de datos de imprescindible consulta para investigadores, estudiantes o cualquier persona interesada en conocer a quienes tuvieron el valor de enfrentarse al r\u00e9gimen franquista.<\/p>\n<p>He aqu\u00ed el abecedario de la represi\u00f3n de uno de los periodos m\u00e1s oscuros de la historia de Espa\u00f1a. Los miles de nombres que aqu\u00ed aparecen se complementan con cientos de im\u00e1genes tomadas en el interior de las c\u00e1rceles que nunca han visto la luz. Este trabajo ha conseguido que ideolog\u00edas que han estado enfrentadas se puedan unir para un objetivo com\u00fan: la recuperaci\u00f3n de un periodo que algunos tratan de ocultar.<\/p>\n<p>Es un libro rompedor porque, por primera vez, salen a la luz los nombres de presos y presas asesinados, heridos y torturados desde 1963 hasta 1977. Nunca se podr\u00e1 afirmar que vivimos en una verdadera democracia si la memoria de los que m\u00e1s entregaron en la lucha por conseguirla no se pone en valor y no se le otorga el reconocimiento que merece. A d\u00eda de hoy, todas y todos los militantes antifranquistas detenidos, encarcelados, torturados y asesinados desde comienzos de los 60 hasta la amnist\u00eda de 1977, luchadoras y luchadores por la libertad que lo dieron todo por los que hoy son nuestros ideales de progreso, justicia, cultura, jam\u00e1s han recibido de los poderes p\u00fablicos del r\u00e9gimen del 78 ni siquiera un m\u00ednimo reconocimiento a la valent\u00eda, el esfuerzo y el sacrificio que comport\u00f3 su lucha y su compromiso.<\/p>\n","protected":false},"excerpt":{"rendered":"<p><strong>Luis Puicerc\u00fas<\/strong><br \/>\n9788409429738 &#8211; Aurora Intermitente &#8211; 2022 &#8211; 664 p\u00e1ginas \/orri.<\/p>\n","protected":false},"featured_media":12257,"template":"","meta":[],"product_brand":[],"product_cat":[181,16],"product_tag":[5755,5754],"class_list":{"0":"post-12227","1":"product","2":"type-product","3":"status-publish","4":"has-post-thumbnail","6":"product_cat-bazterketa-soziala-eta-errepresioa-exclusion-social-y-represion","7":"product_cat-libros","8":"product_tag-aurora-intermitente","9":"product_tag-luis-puicercus","11":"first","12":"instock","13":"sold-individually","14":"shipping-taxable","15":"purchasable","16":"product-type-simple"},"yoast_head":"<!-- This site is optimized with the Yoast SEO plugin v27.4 - https:\/\/yoast.com\/product\/yoast-seo-wordpress\/ -->\n<title>PRESOS DEL FRANQUISMO DE LA A A LA Z La represi\u00f3n de la Dictadura (1963-1977) &#8212; Zapateneo<\/title>\n<meta name=\"robots\" content=\"index, follow, max-snippet:-1, max-image-preview:large, max-video-preview:-1\" \/>\n<link rel=\"canonical\" href=\"https:\/\/zapateneo.net\/wordpress\/index.php\/producto\/presos-del-franquismo-de-la-a-a-la-z-la-represion-de-la-dictadura-1963-1977\/\" \/>\n<meta property=\"og:locale\" content=\"es_ES\" \/>\n<meta property=\"og:type\" content=\"article\" \/>\n<meta property=\"og:title\" content=\"PRESOS DEL FRANQUISMO DE LA A A LA Z La represi\u00f3n de la Dictadura (1963-1977) &#8212; Zapateneo\" \/>\n<meta property=\"og:description\" content=\"Luis Puicerc\u00fas 9788409429738 - Aurora Intermitente - 2022 - 664 p\u00e1ginas \/orri.\" \/>\n<meta property=\"og:url\" content=\"https:\/\/zapateneo.net\/wordpress\/index.php\/producto\/presos-del-franquismo-de-la-a-a-la-z-la-represion-de-la-dictadura-1963-1977\/\" \/>\n<meta property=\"og:site_name\" content=\"Zapateneo\" \/>\n<meta property=\"article:modified_time\" content=\"2022-11-27T11:49:48+00:00\" \/>\n<meta name=\"twitter:card\" content=\"summary_large_image\" \/>\n<meta name=\"twitter:site\" content=\"@zapateneo\" \/>\n<meta name=\"twitter:label1\" content=\"Tiempo de lectura\" \/>\n\t<meta name=\"twitter:data1\" content=\"2 minutos\" \/>\n<script type=\"application\/ld+json\" class=\"yoast-schema-graph\">{\"@context\":\"https:\\\/\\\/schema.org\",\"@graph\":[{\"@type\":\"WebPage\",\"@id\":\"https:\\\/\\\/zapateneo.net\\\/wordpress\\\/index.php\\\/producto\\\/presos-del-franquismo-de-la-a-a-la-z-la-represion-de-la-dictadura-1963-1977\\\/\",\"url\":\"https:\\\/\\\/zapateneo.net\\\/wordpress\\\/index.php\\\/producto\\\/presos-del-franquismo-de-la-a-a-la-z-la-represion-de-la-dictadura-1963-1977\\\/\",\"name\":\"PRESOS DEL FRANQUISMO DE LA A A LA Z La represi\u00f3n de la Dictadura (1963-1977) &#8212; Zapateneo\",\"isPartOf\":{\"@id\":\"https:\\\/\\\/zapateneo.net\\\/wordpress\\\/#website\"},\"primaryImageOfPage\":{\"@id\":\"https:\\\/\\\/zapateneo.net\\\/wordpress\\\/index.php\\\/producto\\\/presos-del-franquismo-de-la-a-a-la-z-la-represion-de-la-dictadura-1963-1977\\\/#primaryimage\"},\"image\":{\"@id\":\"https:\\\/\\\/zapateneo.net\\\/wordpress\\\/index.php\\\/producto\\\/presos-del-franquismo-de-la-a-a-la-z-la-represion-de-la-dictadura-1963-1977\\\/#primaryimage\"},\"thumbnailUrl\":\"https:\\\/\\\/zapateneo.net\\\/wordpress\\\/wp-content\\\/uploads\\\/2022\\\/11\\\/presos-del-franquismo-9788409429738.jpg\",\"datePublished\":\"2022-11-27T11:49:39+00:00\",\"dateModified\":\"2022-11-27T11:49:48+00:00\",\"breadcrumb\":{\"@id\":\"https:\\\/\\\/zapateneo.net\\\/wordpress\\\/index.php\\\/producto\\\/presos-del-franquismo-de-la-a-a-la-z-la-represion-de-la-dictadura-1963-1977\\\/#breadcrumb\"},\"inLanguage\":\"es\",\"potentialAction\":[{\"@type\":\"ReadAction\",\"target\":[\"https:\\\/\\\/zapateneo.net\\\/wordpress\\\/index.php\\\/producto\\\/presos-del-franquismo-de-la-a-a-la-z-la-represion-de-la-dictadura-1963-1977\\\/\"]}]},{\"@type\":\"ImageObject\",\"inLanguage\":\"es\",\"@id\":\"https:\\\/\\\/zapateneo.net\\\/wordpress\\\/index.php\\\/producto\\\/presos-del-franquismo-de-la-a-a-la-z-la-represion-de-la-dictadura-1963-1977\\\/#primaryimage\",\"url\":\"https:\\\/\\\/zapateneo.net\\\/wordpress\\\/wp-content\\\/uploads\\\/2022\\\/11\\\/presos-del-franquismo-9788409429738.jpg\",\"contentUrl\":\"https:\\\/\\\/zapateneo.net\\\/wordpress\\\/wp-content\\\/uploads\\\/2022\\\/11\\\/presos-del-franquismo-9788409429738.jpg\",\"width\":277,\"height\":400},{\"@type\":\"BreadcrumbList\",\"@id\":\"https:\\\/\\\/zapateneo.net\\\/wordpress\\\/index.php\\\/producto\\\/presos-del-franquismo-de-la-a-a-la-z-la-represion-de-la-dictadura-1963-1977\\\/#breadcrumb\",\"itemListElement\":[{\"@type\":\"ListItem\",\"position\":1,\"name\":\"Portada\",\"item\":\"https:\\\/\\\/zapateneo.net\\\/wordpress\\\/\"},{\"@type\":\"ListItem\",\"position\":2,\"name\":\"Tienda\",\"item\":\"https:\\\/\\\/zapateneo.net\\\/wordpress\\\/\"},{\"@type\":\"ListItem\",\"position\":3,\"name\":\"PRESOS DEL FRANQUISMO DE LA A A LA Z La represi\u00f3n de la Dictadura (1963-1977)\"}]},{\"@type\":\"WebSite\",\"@id\":\"https:\\\/\\\/zapateneo.net\\\/wordpress\\\/#website\",\"url\":\"https:\\\/\\\/zapateneo.net\\\/wordpress\\\/\",\"name\":\"Zapateneo\",\"description\":\"Zapateneoaren webgunea\",\"publisher\":{\"@id\":\"https:\\\/\\\/zapateneo.net\\\/wordpress\\\/#organization\"},\"potentialAction\":[{\"@type\":\"SearchAction\",\"target\":{\"@type\":\"EntryPoint\",\"urlTemplate\":\"https:\\\/\\\/zapateneo.net\\\/wordpress\\\/?s={search_term_string}\"},\"query-input\":{\"@type\":\"PropertyValueSpecification\",\"valueRequired\":true,\"valueName\":\"search_term_string\"}}],\"inLanguage\":\"es\"},{\"@type\":\"Organization\",\"@id\":\"https:\\\/\\\/zapateneo.net\\\/wordpress\\\/#organization\",\"name\":\"Zapateneo Kultur Elkartea\",\"url\":\"https:\\\/\\\/zapateneo.net\\\/wordpress\\\/\",\"logo\":{\"@type\":\"ImageObject\",\"inLanguage\":\"es\",\"@id\":\"https:\\\/\\\/zapateneo.net\\\/wordpress\\\/#\\\/schema\\\/logo\\\/image\\\/\",\"url\":\"https:\\\/\\\/zapateneo.net\\\/wordpress\\\/wp-content\\\/uploads\\\/2021\\\/04\\\/zap-libu-kolec.jpg\",\"contentUrl\":\"https:\\\/\\\/zapateneo.net\\\/wordpress\\\/wp-content\\\/uploads\\\/2021\\\/04\\\/zap-libu-kolec.jpg\",\"width\":2234,\"height\":398,\"caption\":\"Zapateneo Kultur Elkartea\"},\"image\":{\"@id\":\"https:\\\/\\\/zapateneo.net\\\/wordpress\\\/#\\\/schema\\\/logo\\\/image\\\/\"},\"sameAs\":[\"https:\\\/\\\/x.com\\\/zapateneo\"]}]}<\/script>\n<!-- \/ Yoast SEO plugin. -->","yoast_head_json":{"title":"PRESOS DEL FRANQUISMO DE LA A A LA Z La represi\u00f3n de la Dictadura (1963-1977) &#8212; Zapateneo","robots":{"index":"index","follow":"follow","max-snippet":"max-snippet:-1","max-image-preview":"max-image-preview:large","max-video-preview":"max-video-preview:-1"},"canonical":"https:\/\/zapateneo.net\/wordpress\/index.php\/producto\/presos-del-franquismo-de-la-a-a-la-z-la-represion-de-la-dictadura-1963-1977\/","og_locale":"es_ES","og_type":"article","og_title":"PRESOS DEL FRANQUISMO DE LA A A LA Z La represi\u00f3n de la Dictadura (1963-1977) &#8212; Zapateneo","og_description":"Luis Puicerc\u00fas 9788409429738 - Aurora Intermitente - 2022 - 664 p\u00e1ginas \/orri.","og_url":"https:\/\/zapateneo.net\/wordpress\/index.php\/producto\/presos-del-franquismo-de-la-a-a-la-z-la-represion-de-la-dictadura-1963-1977\/","og_site_name":"Zapateneo","article_modified_time":"2022-11-27T11:49:48+00:00","twitter_card":"summary_large_image","twitter_site":"@zapateneo","twitter_misc":{"Tiempo de lectura":"2 minutos"},"schema":{"@context":"https:\/\/schema.org","@graph":[{"@type":"WebPage","@id":"https:\/\/zapateneo.net\/wordpress\/index.php\/producto\/presos-del-franquismo-de-la-a-a-la-z-la-represion-de-la-dictadura-1963-1977\/","url":"https:\/\/zapateneo.net\/wordpress\/index.php\/producto\/presos-del-franquismo-de-la-a-a-la-z-la-represion-de-la-dictadura-1963-1977\/","name":"PRESOS DEL FRANQUISMO DE LA A A LA Z La represi\u00f3n de la Dictadura (1963-1977) &#8212; Zapateneo","isPartOf":{"@id":"https:\/\/zapateneo.net\/wordpress\/#website"},"primaryImageOfPage":{"@id":"https:\/\/zapateneo.net\/wordpress\/index.php\/producto\/presos-del-franquismo-de-la-a-a-la-z-la-represion-de-la-dictadura-1963-1977\/#primaryimage"},"image":{"@id":"https:\/\/zapateneo.net\/wordpress\/index.php\/producto\/presos-del-franquismo-de-la-a-a-la-z-la-represion-de-la-dictadura-1963-1977\/#primaryimage"},"thumbnailUrl":"https:\/\/zapateneo.net\/wordpress\/wp-content\/uploads\/2022\/11\/presos-del-franquismo-9788409429738.jpg","datePublished":"2022-11-27T11:49:39+00:00","dateModified":"2022-11-27T11:49:48+00:00","breadcrumb":{"@id":"https:\/\/zapateneo.net\/wordpress\/index.php\/producto\/presos-del-franquismo-de-la-a-a-la-z-la-represion-de-la-dictadura-1963-1977\/#breadcrumb"},"inLanguage":"es","potentialAction":[{"@type":"ReadAction","target":["https:\/\/zapateneo.net\/wordpress\/index.php\/producto\/presos-del-franquismo-de-la-a-a-la-z-la-represion-de-la-dictadura-1963-1977\/"]}]},{"@type":"ImageObject","inLanguage":"es","@id":"https:\/\/zapateneo.net\/wordpress\/index.php\/producto\/presos-del-franquismo-de-la-a-a-la-z-la-represion-de-la-dictadura-1963-1977\/#primaryimage","url":"https:\/\/zapateneo.net\/wordpress\/wp-content\/uploads\/2022\/11\/presos-del-franquismo-9788409429738.jpg","contentUrl":"https:\/\/zapateneo.net\/wordpress\/wp-content\/uploads\/2022\/11\/presos-del-franquismo-9788409429738.jpg","width":277,"height":400},{"@type":"BreadcrumbList","@id":"https:\/\/zapateneo.net\/wordpress\/index.php\/producto\/presos-del-franquismo-de-la-a-a-la-z-la-represion-de-la-dictadura-1963-1977\/#breadcrumb","itemListElement":[{"@type":"ListItem","position":1,"name":"Portada","item":"https:\/\/zapateneo.net\/wordpress\/"},{"@type":"ListItem","position":2,"name":"Tienda","item":"https:\/\/zapateneo.net\/wordpress\/"},{"@type":"ListItem","position":3,"name":"PRESOS DEL FRANQUISMO DE LA A A LA Z La represi\u00f3n de la Dictadura (1963-1977)"}]},{"@type":"WebSite","@id":"https:\/\/zapateneo.net\/wordpress\/#website","url":"https:\/\/zapateneo.net\/wordpress\/","name":"Zapateneo","description":"Zapateneoaren webgunea","publisher":{"@id":"https:\/\/zapateneo.net\/wordpress\/#organization"},"potentialAction":[{"@type":"SearchAction","target":{"@type":"EntryPoint","urlTemplate":"https:\/\/zapateneo.net\/wordpress\/?s={search_term_string}"},"query-input":{"@type":"PropertyValueSpecification","valueRequired":true,"valueName":"search_term_string"}}],"inLanguage":"es"},{"@type":"Organization","@id":"https:\/\/zapateneo.net\/wordpress\/#organization","name":"Zapateneo Kultur Elkartea","url":"https:\/\/zapateneo.net\/wordpress\/","logo":{"@type":"ImageObject","inLanguage":"es","@id":"https:\/\/zapateneo.net\/wordpress\/#\/schema\/logo\/image\/","url":"https:\/\/zapateneo.net\/wordpress\/wp-content\/uploads\/2021\/04\/zap-libu-kolec.jpg","contentUrl":"https:\/\/zapateneo.net\/wordpress\/wp-content\/uploads\/2021\/04\/zap-libu-kolec.jpg","width":2234,"height":398,"caption":"Zapateneo Kultur Elkartea"},"image":{"@id":"https:\/\/zapateneo.net\/wordpress\/#\/schema\/logo\/image\/"},"sameAs":["https:\/\/x.com\/zapateneo"]}]}},"_links":{"self":[{"href":"https:\/\/zapateneo.net\/wordpress\/index.php\/wp-json\/wp\/v2\/product\/12227","targetHints":{"allow":["GET"]}}],"collection":[{"href":"https:\/\/zapateneo.net\/wordpress\/index.php\/wp-json\/wp\/v2\/product"}],"about":[{"href":"https:\/\/zapateneo.net\/wordpress\/index.php\/wp-json\/wp\/v2\/types\/product"}],"wp:featuredmedia":[{"embeddable":true,"href":"https:\/\/zapateneo.net\/wordpress\/index.php\/wp-json\/wp\/v2\/media\/12257"}],"wp:attachment":[{"href":"https:\/\/zapateneo.net\/wordpress\/index.php\/wp-json\/wp\/v2\/media?parent=12227"}],"wp:term":[{"taxonomy":"product_brand","embeddable":true,"href":"https:\/\/zapateneo.net\/wordpress\/index.php\/wp-json\/wp\/v2\/product_brand?post=12227"},{"taxonomy":"product_cat","embeddable":true,"href":"https:\/\/zapateneo.net\/wordpress\/index.php\/wp-json\/wp\/v2\/product_cat?post=12227"},{"taxonomy":"product_tag","embeddable":true,"href":"https:\/\/zapateneo.net\/wordpress\/index.php\/wp-json\/wp\/v2\/product_tag?post=12227"}],"curies":[{"name":"wp","href":"https:\/\/api.w.org\/{rel}","templated":true}]}}