{"id":1221,"date":"2021-04-07T07:48:33","date_gmt":"2021-04-07T06:48:33","guid":{"rendered":"https:\/\/zapateneo.net\/wordpress\/?post_type=product&#038;p=1221"},"modified":"2023-07-30T11:24:47","modified_gmt":"2023-07-30T10:24:47","slug":"las-practicas-sociales-una-introduccion-a-pierre-bourdieu","status":"publish","type":"product","link":"https:\/\/zapateneo.net\/wordpress\/index.php\/producto\/las-practicas-sociales-una-introduccion-a-pierre-bourdieu\/","title":{"rendered":"Las practicas sociales: una introduccion a Pierre Bourdieu"},"content":{"rendered":"<p>Las pr\u00e1cticas sociales: una introducci\u00f3n a Pierre Bourdieu, se publica en tierradenadie ediciones despu\u00e9s de haber visto agotadas dos ediciones previas realizadas en Argentina (adem\u00e1s de una reimpresi\u00f3n de la segunda edici\u00f3n) que llevaban por t\u00edtulo Pierre Bourdieu: las pr\u00e1cticas sociales. Siendo un texto apreciado y buscado por todos los interesados en la obra te\u00f3rica de Bourdieu y en las posibilidades que abre para la comprensi\u00f3n de las pr\u00e1cticas sociales, la presente edici\u00f3n se enriquece con varias correcciones que la autora ha introducido para actualizar los datos, para hacer el texto m\u00e1s fluido y para incluir nuevas referencias bibliogr\u00e1ficas en castellano.<br \/>\nSe trata de un libro que fue elogiado por el propio Bourdieu como una de las mejores presentaciones de su intervenci\u00f3n te\u00f3rica y de los elementos que articulan su metodolog\u00eda de an\u00e1lisis de la realidad social.<\/p>\n<p>Doctora en Sociolog\u00eda, Alicia B. Guti\u00e9rrez es Profesora Adjunta de la C\u00e1tedra de Sociolog\u00eda de la Escuela de Filosof\u00eda de la Facultad de Filosof\u00eda y Humanidades de la Universidad Nacional de C\u00f3rdoba (desde el a\u00f1o 1991).<br \/>\nEs tambi\u00e9n Profesora en varias Maestr\u00edas en distintas universidades argentinas en materias como \u00abSociolog\u00eda de la Ciencia\u00bb, \u00abSociolog\u00eda\u00bb, \u00abTeor\u00eda social contempor\u00e1nea\u00bb y en seminarios sobre \u00abLa sociolog\u00eda de Pierre Bourdieu\u00bb. Ha impartido numerosos cursos y conferencias sobre Pierre Bourdieu.<br \/>\nCon relaci\u00f3n estrictamente a Bourdieu, adem\u00e1s de este libro, ha sido la traductora de los 16 art\u00edculos y del pos-facio que componen el libro \u00abIntelectuales, pol\u00edtica y poder\u00bb (Buenos Aires, EUDEBA, 2000), cuyo pr\u00f3logo, \u00abLa tarea y el compromiso del investigador social: notas sobre Pierre Bourdieu\u00bb, ha escrito. Ha traducido tambi\u00e9n otros art\u00edculos del mismo autor para revistas cient\u00edficas de su pa\u00eds.<br \/>\nHa escrito adem\u00e1s otros art\u00edculos sobre Bourdieu, en distintas revistas cient\u00edficas y\/o de divulgaci\u00f3n. Es autora de varios art\u00edculos publicados en revistas cient\u00edficas en relaci\u00f3n con investigaciones hechas sobre \u00abpobreza urbana\u00bb, utilizando las categor\u00edas de Pierre Bourdieu, y su tesis de doctorado (en co-tutela entre la Universidad de Buenos Aires y l&#8217;\u00cbcole des Hautes \u00cbtudes en Sciences Sociales), defendida en abril de 2002, lleva por t\u00edtulo \u00abEstrategias de reproducci\u00f3n social en pobreza urbana\u00bb (un an\u00e1lisis que pretende demostrar la riqueza que para abordar esa problem\u00e1tica tienen las categor\u00edas de Bourdieu).<br \/>\nActualmente dirige proyectos de investigaci\u00f3n que giran en torno a aspectos relativos a los \u00abl\u00edderes y organizaciones populares\u00bb y \u00abrepresentaciones de los j\u00f3venes acerca del mundo del trabajo\u00bb.<\/p>\n","protected":false},"excerpt":{"rendered":"<p><strong>Gutierrez, Alicia B.<\/strong><br \/>\n9788493287306 &#8211; tierra de nadie &#8211; 2009 &#8211; 128 p\u00e1ginas \/orri.<\/p>\n","protected":false},"featured_media":1268,"template":"","meta":[],"product_brand":[],"product_cat":[16,173],"product_tag":[1007,968],"class_list":{"0":"post-1221","1":"product","2":"type-product","3":"status-publish","4":"has-post-thumbnail","6":"product_cat-libros","7":"product_cat-saiakera-ensayo","8":"product_tag-gutierrez","9":"product_tag-tierra-de-nadie","11":"first","12":"outofstock","13":"sold-individually","14":"shipping-taxable","15":"purchasable","16":"product-type-simple"},"yoast_head":"<!-- This site is optimized with the Yoast SEO plugin v27.3 - https:\/\/yoast.com\/product\/yoast-seo-wordpress\/ -->\n<title>Las practicas sociales: una introduccion a Pierre Bourdieu &#8212; Zapateneo<\/title>\n<meta name=\"robots\" content=\"index, follow, max-snippet:-1, max-image-preview:large, max-video-preview:-1\" \/>\n<link rel=\"canonical\" href=\"https:\/\/zapateneo.net\/wordpress\/index.php\/producto\/las-practicas-sociales-una-introduccion-a-pierre-bourdieu\/\" \/>\n<meta property=\"og:locale\" content=\"es_ES\" \/>\n<meta property=\"og:type\" content=\"article\" \/>\n<meta property=\"og:title\" content=\"Las practicas sociales: una introduccion a Pierre Bourdieu &#8212; Zapateneo\" \/>\n<meta property=\"og:description\" content=\"Gutierrez, Alicia B. 9788493287306 - tierra de nadie - 2009 - 128 p\u00e1ginas \/orri.\" \/>\n<meta property=\"og:url\" content=\"https:\/\/zapateneo.net\/wordpress\/index.php\/producto\/las-practicas-sociales-una-introduccion-a-pierre-bourdieu\/\" \/>\n<meta property=\"og:site_name\" content=\"Zapateneo\" \/>\n<meta property=\"article:modified_time\" content=\"2023-07-30T10:24:47+00:00\" \/>\n<meta property=\"og:image\" content=\"https:\/\/zapateneo.net\/wordpress\/wp-content\/uploads\/2021\/04\/6267.jpg\" \/>\n\t<meta property=\"og:image:width\" content=\"709\" \/>\n\t<meta property=\"og:image:height\" content=\"709\" \/>\n\t<meta property=\"og:image:type\" content=\"image\/jpeg\" \/>\n<meta name=\"twitter:card\" content=\"summary_large_image\" \/>\n<meta name=\"twitter:site\" content=\"@zapateneo\" \/>\n<meta name=\"twitter:label1\" content=\"Tiempo de lectura\" \/>\n\t<meta name=\"twitter:data1\" content=\"2 minutos\" \/>\n<script type=\"application\/ld+json\" class=\"yoast-schema-graph\">{\"@context\":\"https:\\\/\\\/schema.org\",\"@graph\":[{\"@type\":\"WebPage\",\"@id\":\"https:\\\/\\\/zapateneo.net\\\/wordpress\\\/index.php\\\/producto\\\/las-practicas-sociales-una-introduccion-a-pierre-bourdieu\\\/\",\"url\":\"https:\\\/\\\/zapateneo.net\\\/wordpress\\\/index.php\\\/producto\\\/las-practicas-sociales-una-introduccion-a-pierre-bourdieu\\\/\",\"name\":\"Las practicas sociales: una introduccion a Pierre Bourdieu &#8212; Zapateneo\",\"isPartOf\":{\"@id\":\"https:\\\/\\\/zapateneo.net\\\/wordpress\\\/#website\"},\"primaryImageOfPage\":{\"@id\":\"https:\\\/\\\/zapateneo.net\\\/wordpress\\\/index.php\\\/producto\\\/las-practicas-sociales-una-introduccion-a-pierre-bourdieu\\\/#primaryimage\"},\"image\":{\"@id\":\"https:\\\/\\\/zapateneo.net\\\/wordpress\\\/index.php\\\/producto\\\/las-practicas-sociales-una-introduccion-a-pierre-bourdieu\\\/#primaryimage\"},\"thumbnailUrl\":\"https:\\\/\\\/zapateneo.net\\\/wordpress\\\/wp-content\\\/uploads\\\/2021\\\/04\\\/6267.jpg\",\"datePublished\":\"2021-04-07T06:48:33+00:00\",\"dateModified\":\"2023-07-30T10:24:47+00:00\",\"breadcrumb\":{\"@id\":\"https:\\\/\\\/zapateneo.net\\\/wordpress\\\/index.php\\\/producto\\\/las-practicas-sociales-una-introduccion-a-pierre-bourdieu\\\/#breadcrumb\"},\"inLanguage\":\"es\",\"potentialAction\":[{\"@type\":\"ReadAction\",\"target\":[\"https:\\\/\\\/zapateneo.net\\\/wordpress\\\/index.php\\\/producto\\\/las-practicas-sociales-una-introduccion-a-pierre-bourdieu\\\/\"]}]},{\"@type\":\"ImageObject\",\"inLanguage\":\"es\",\"@id\":\"https:\\\/\\\/zapateneo.net\\\/wordpress\\\/index.php\\\/producto\\\/las-practicas-sociales-una-introduccion-a-pierre-bourdieu\\\/#primaryimage\",\"url\":\"https:\\\/\\\/zapateneo.net\\\/wordpress\\\/wp-content\\\/uploads\\\/2021\\\/04\\\/6267.jpg\",\"contentUrl\":\"https:\\\/\\\/zapateneo.net\\\/wordpress\\\/wp-content\\\/uploads\\\/2021\\\/04\\\/6267.jpg\",\"width\":709,\"height\":709},{\"@type\":\"BreadcrumbList\",\"@id\":\"https:\\\/\\\/zapateneo.net\\\/wordpress\\\/index.php\\\/producto\\\/las-practicas-sociales-una-introduccion-a-pierre-bourdieu\\\/#breadcrumb\",\"itemListElement\":[{\"@type\":\"ListItem\",\"position\":1,\"name\":\"Portada\",\"item\":\"https:\\\/\\\/zapateneo.net\\\/wordpress\\\/\"},{\"@type\":\"ListItem\",\"position\":2,\"name\":\"Tienda\",\"item\":\"https:\\\/\\\/zapateneo.net\\\/wordpress\\\/\"},{\"@type\":\"ListItem\",\"position\":3,\"name\":\"Las practicas sociales: una introduccion a Pierre Bourdieu\"}]},{\"@type\":\"WebSite\",\"@id\":\"https:\\\/\\\/zapateneo.net\\\/wordpress\\\/#website\",\"url\":\"https:\\\/\\\/zapateneo.net\\\/wordpress\\\/\",\"name\":\"Zapateneo\",\"description\":\"Zapateneoaren webgunea\",\"publisher\":{\"@id\":\"https:\\\/\\\/zapateneo.net\\\/wordpress\\\/#organization\"},\"potentialAction\":[{\"@type\":\"SearchAction\",\"target\":{\"@type\":\"EntryPoint\",\"urlTemplate\":\"https:\\\/\\\/zapateneo.net\\\/wordpress\\\/?s={search_term_string}\"},\"query-input\":{\"@type\":\"PropertyValueSpecification\",\"valueRequired\":true,\"valueName\":\"search_term_string\"}}],\"inLanguage\":\"es\"},{\"@type\":\"Organization\",\"@id\":\"https:\\\/\\\/zapateneo.net\\\/wordpress\\\/#organization\",\"name\":\"Zapateneo Kultur Elkartea\",\"url\":\"https:\\\/\\\/zapateneo.net\\\/wordpress\\\/\",\"logo\":{\"@type\":\"ImageObject\",\"inLanguage\":\"es\",\"@id\":\"https:\\\/\\\/zapateneo.net\\\/wordpress\\\/#\\\/schema\\\/logo\\\/image\\\/\",\"url\":\"https:\\\/\\\/zapateneo.net\\\/wordpress\\\/wp-content\\\/uploads\\\/2021\\\/04\\\/zap-libu-kolec.jpg\",\"contentUrl\":\"https:\\\/\\\/zapateneo.net\\\/wordpress\\\/wp-content\\\/uploads\\\/2021\\\/04\\\/zap-libu-kolec.jpg\",\"width\":2234,\"height\":398,\"caption\":\"Zapateneo Kultur Elkartea\"},\"image\":{\"@id\":\"https:\\\/\\\/zapateneo.net\\\/wordpress\\\/#\\\/schema\\\/logo\\\/image\\\/\"},\"sameAs\":[\"https:\\\/\\\/x.com\\\/zapateneo\"]}]}<\/script>\n<!-- \/ Yoast SEO plugin. -->","yoast_head_json":{"title":"Las practicas sociales: una introduccion a Pierre Bourdieu &#8212; Zapateneo","robots":{"index":"index","follow":"follow","max-snippet":"max-snippet:-1","max-image-preview":"max-image-preview:large","max-video-preview":"max-video-preview:-1"},"canonical":"https:\/\/zapateneo.net\/wordpress\/index.php\/producto\/las-practicas-sociales-una-introduccion-a-pierre-bourdieu\/","og_locale":"es_ES","og_type":"article","og_title":"Las practicas sociales: una introduccion a Pierre Bourdieu &#8212; Zapateneo","og_description":"Gutierrez, Alicia B. 9788493287306 - tierra de nadie - 2009 - 128 p\u00e1ginas \/orri.","og_url":"https:\/\/zapateneo.net\/wordpress\/index.php\/producto\/las-practicas-sociales-una-introduccion-a-pierre-bourdieu\/","og_site_name":"Zapateneo","article_modified_time":"2023-07-30T10:24:47+00:00","og_image":[{"width":709,"height":709,"url":"https:\/\/zapateneo.net\/wordpress\/wp-content\/uploads\/2021\/04\/6267.jpg","type":"image\/jpeg"}],"twitter_card":"summary_large_image","twitter_site":"@zapateneo","twitter_misc":{"Tiempo de lectura":"2 minutos"},"schema":{"@context":"https:\/\/schema.org","@graph":[{"@type":"WebPage","@id":"https:\/\/zapateneo.net\/wordpress\/index.php\/producto\/las-practicas-sociales-una-introduccion-a-pierre-bourdieu\/","url":"https:\/\/zapateneo.net\/wordpress\/index.php\/producto\/las-practicas-sociales-una-introduccion-a-pierre-bourdieu\/","name":"Las practicas sociales: una introduccion a Pierre Bourdieu &#8212; Zapateneo","isPartOf":{"@id":"https:\/\/zapateneo.net\/wordpress\/#website"},"primaryImageOfPage":{"@id":"https:\/\/zapateneo.net\/wordpress\/index.php\/producto\/las-practicas-sociales-una-introduccion-a-pierre-bourdieu\/#primaryimage"},"image":{"@id":"https:\/\/zapateneo.net\/wordpress\/index.php\/producto\/las-practicas-sociales-una-introduccion-a-pierre-bourdieu\/#primaryimage"},"thumbnailUrl":"https:\/\/zapateneo.net\/wordpress\/wp-content\/uploads\/2021\/04\/6267.jpg","datePublished":"2021-04-07T06:48:33+00:00","dateModified":"2023-07-30T10:24:47+00:00","breadcrumb":{"@id":"https:\/\/zapateneo.net\/wordpress\/index.php\/producto\/las-practicas-sociales-una-introduccion-a-pierre-bourdieu\/#breadcrumb"},"inLanguage":"es","potentialAction":[{"@type":"ReadAction","target":["https:\/\/zapateneo.net\/wordpress\/index.php\/producto\/las-practicas-sociales-una-introduccion-a-pierre-bourdieu\/"]}]},{"@type":"ImageObject","inLanguage":"es","@id":"https:\/\/zapateneo.net\/wordpress\/index.php\/producto\/las-practicas-sociales-una-introduccion-a-pierre-bourdieu\/#primaryimage","url":"https:\/\/zapateneo.net\/wordpress\/wp-content\/uploads\/2021\/04\/6267.jpg","contentUrl":"https:\/\/zapateneo.net\/wordpress\/wp-content\/uploads\/2021\/04\/6267.jpg","width":709,"height":709},{"@type":"BreadcrumbList","@id":"https:\/\/zapateneo.net\/wordpress\/index.php\/producto\/las-practicas-sociales-una-introduccion-a-pierre-bourdieu\/#breadcrumb","itemListElement":[{"@type":"ListItem","position":1,"name":"Portada","item":"https:\/\/zapateneo.net\/wordpress\/"},{"@type":"ListItem","position":2,"name":"Tienda","item":"https:\/\/zapateneo.net\/wordpress\/"},{"@type":"ListItem","position":3,"name":"Las practicas sociales: una introduccion a Pierre Bourdieu"}]},{"@type":"WebSite","@id":"https:\/\/zapateneo.net\/wordpress\/#website","url":"https:\/\/zapateneo.net\/wordpress\/","name":"Zapateneo","description":"Zapateneoaren webgunea","publisher":{"@id":"https:\/\/zapateneo.net\/wordpress\/#organization"},"potentialAction":[{"@type":"SearchAction","target":{"@type":"EntryPoint","urlTemplate":"https:\/\/zapateneo.net\/wordpress\/?s={search_term_string}"},"query-input":{"@type":"PropertyValueSpecification","valueRequired":true,"valueName":"search_term_string"}}],"inLanguage":"es"},{"@type":"Organization","@id":"https:\/\/zapateneo.net\/wordpress\/#organization","name":"Zapateneo Kultur Elkartea","url":"https:\/\/zapateneo.net\/wordpress\/","logo":{"@type":"ImageObject","inLanguage":"es","@id":"https:\/\/zapateneo.net\/wordpress\/#\/schema\/logo\/image\/","url":"https:\/\/zapateneo.net\/wordpress\/wp-content\/uploads\/2021\/04\/zap-libu-kolec.jpg","contentUrl":"https:\/\/zapateneo.net\/wordpress\/wp-content\/uploads\/2021\/04\/zap-libu-kolec.jpg","width":2234,"height":398,"caption":"Zapateneo Kultur Elkartea"},"image":{"@id":"https:\/\/zapateneo.net\/wordpress\/#\/schema\/logo\/image\/"},"sameAs":["https:\/\/x.com\/zapateneo"]}]}},"_links":{"self":[{"href":"https:\/\/zapateneo.net\/wordpress\/index.php\/wp-json\/wp\/v2\/product\/1221","targetHints":{"allow":["GET"]}}],"collection":[{"href":"https:\/\/zapateneo.net\/wordpress\/index.php\/wp-json\/wp\/v2\/product"}],"about":[{"href":"https:\/\/zapateneo.net\/wordpress\/index.php\/wp-json\/wp\/v2\/types\/product"}],"wp:featuredmedia":[{"embeddable":true,"href":"https:\/\/zapateneo.net\/wordpress\/index.php\/wp-json\/wp\/v2\/media\/1268"}],"wp:attachment":[{"href":"https:\/\/zapateneo.net\/wordpress\/index.php\/wp-json\/wp\/v2\/media?parent=1221"}],"wp:term":[{"taxonomy":"product_brand","embeddable":true,"href":"https:\/\/zapateneo.net\/wordpress\/index.php\/wp-json\/wp\/v2\/product_brand?post=1221"},{"taxonomy":"product_cat","embeddable":true,"href":"https:\/\/zapateneo.net\/wordpress\/index.php\/wp-json\/wp\/v2\/product_cat?post=1221"},{"taxonomy":"product_tag","embeddable":true,"href":"https:\/\/zapateneo.net\/wordpress\/index.php\/wp-json\/wp\/v2\/product_tag?post=1221"}],"curies":[{"name":"wp","href":"https:\/\/api.w.org\/{rel}","templated":true}]}}