{"id":12201,"date":"2022-11-26T16:39:36","date_gmt":"2022-11-26T15:39:36","guid":{"rendered":"https:\/\/zapateneo.net\/wordpress\/?post_type=product&#038;p=12201"},"modified":"2022-11-26T16:39:43","modified_gmt":"2022-11-26T15:39:43","slug":"la-casa-como-laboratorio-finanzas-vivienda-y-trabajo-esencial","status":"publish","type":"product","link":"https:\/\/zapateneo.net\/wordpress\/index.php\/producto\/la-casa-como-laboratorio-finanzas-vivienda-y-trabajo-esencial\/","title":{"rendered":"LA CASA COMO LABORATORIO. Finanzas, vivienda y trabajo esencial"},"content":{"rendered":"<p>Cuando decimos que la casa se ha transformado en un sitio predilecto para experimentaciones del capital no estamos afirmando que sea un proceso cerrado ni concluido. De all\u00ed la importancia de nuestra metodolog\u00eda feminista: vemos en ese espacio vital una disputa abierta y no unas modificaciones definitivas. Aun as\u00ed, no podemos dejar de partir del cambio ya acontecido en muchas de las rutinas dom\u00e9sticas, en las din\u00e1micas laborales, en las marcas mismas que ha impuesto la reorganizaci\u00f3n sensible y log\u00edstica de la pandemia.<\/p>\n<p>Esta edici\u00f3n cuenta con el apoyo de la Fundaci\u00f3n Rosa Luxemburgo.<\/p>\n<p>Ver\u00f3nica Gago Naci\u00f3 en Chivilcoy (Argentina). Estudi\u00f3 Ciencia Pol\u00edtica y se doctor\u00f3 en Ciencias Sociales en la Universidad de Buenos Aires, donde hoy es docente. Tambi\u00e9n ense\u00f1a en la Universidad de San Mart\u00edn y es investigadora del Conicet. Form\u00f3 parte del Colectivo Situaciones y milita en la editorial Tinta Lim\u00f3n y en el colectivo Ni Una Menos. Public\u00f3 los libros Controversia. Una lengua del exilio (Biblioteca Nacional, 2012), La raz\u00f3n neoliberal. Econom\u00edas barrocas y pragm\u00e1tica popular (Tinta Lim\u00f3n, 2014) y La potencia feminista (Tinta Lim\u00f3n, 2019). Adem\u00e1s, es co-autora del libro Una lectura feminista de la deuda junto a Luci Cavallero (Tinta Lim\u00f3n \/ Rosa Luxemburgo) y compiladora de 8M constelaci\u00f3n feminista (Tinta Lim\u00f3n, 2018) y La internacional feminista (Tinta Lim\u00f3n, 2020).<\/p>\n<p>Luci Cavallero Soci\u00f3loga. Naci\u00f3 en Gerli (Provincia de Buenos Aires). Investigadora de la Universidad de Buenos Aires. Sus trabajos abordan el v\u00ednculo entre deuda, capital ilegal y violencias.<\/p>\n","protected":false},"excerpt":{"rendered":"<p><strong>Ver\u00f3nica Gago, Luci Cavallero<\/strong><br \/>\n9789873687914 &#8211; Tinta lim\u00f3n &#8211; 2022 &#8211; 64 p\u00e1ginas \/orri.<\/p>\n","protected":false},"featured_media":12215,"template":"","meta":[],"product_brand":[],"product_cat":[178,16],"product_tag":[5746,660,5745],"class_list":{"0":"post-12201","1":"product","2":"type-product","3":"status-publish","4":"has-post-thumbnail","6":"product_cat-ekonomia-economia","7":"product_cat-libros","8":"product_tag-luci-cavallero","9":"product_tag-tinta-limon","10":"product_tag-veronica-gago","12":"first","13":"instock","14":"sold-individually","15":"shipping-taxable","16":"purchasable","17":"product-type-simple"},"yoast_head":"<!-- This site is optimized with the Yoast SEO plugin v27.3 - https:\/\/yoast.com\/product\/yoast-seo-wordpress\/ -->\n<title>LA CASA COMO LABORATORIO. Finanzas, vivienda y trabajo esencial &#8212; Zapateneo<\/title>\n<meta name=\"robots\" content=\"index, follow, max-snippet:-1, max-image-preview:large, max-video-preview:-1\" \/>\n<link rel=\"canonical\" href=\"https:\/\/zapateneo.net\/wordpress\/index.php\/producto\/la-casa-como-laboratorio-finanzas-vivienda-y-trabajo-esencial\/\" \/>\n<meta property=\"og:locale\" content=\"es_ES\" \/>\n<meta property=\"og:type\" content=\"article\" \/>\n<meta property=\"og:title\" content=\"LA CASA COMO LABORATORIO. Finanzas, vivienda y trabajo esencial &#8212; Zapateneo\" \/>\n<meta property=\"og:description\" content=\"Ver\u00f3nica Gago, Luci Cavallero 9789873687914 - Tinta lim\u00f3n - 2022 - 64 p\u00e1ginas \/orri.\" \/>\n<meta property=\"og:url\" content=\"https:\/\/zapateneo.net\/wordpress\/index.php\/producto\/la-casa-como-laboratorio-finanzas-vivienda-y-trabajo-esencial\/\" \/>\n<meta property=\"og:site_name\" content=\"Zapateneo\" \/>\n<meta property=\"article:modified_time\" content=\"2022-11-26T15:39:43+00:00\" \/>\n<meta name=\"twitter:card\" content=\"summary_large_image\" \/>\n<meta name=\"twitter:site\" content=\"@zapateneo\" \/>\n<meta name=\"twitter:label1\" content=\"Tiempo de lectura\" \/>\n\t<meta name=\"twitter:data1\" content=\"1 minuto\" \/>\n<script type=\"application\/ld+json\" class=\"yoast-schema-graph\">{\"@context\":\"https:\\\/\\\/schema.org\",\"@graph\":[{\"@type\":\"WebPage\",\"@id\":\"https:\\\/\\\/zapateneo.net\\\/wordpress\\\/index.php\\\/producto\\\/la-casa-como-laboratorio-finanzas-vivienda-y-trabajo-esencial\\\/\",\"url\":\"https:\\\/\\\/zapateneo.net\\\/wordpress\\\/index.php\\\/producto\\\/la-casa-como-laboratorio-finanzas-vivienda-y-trabajo-esencial\\\/\",\"name\":\"LA CASA COMO LABORATORIO. Finanzas, vivienda y trabajo esencial &#8212; Zapateneo\",\"isPartOf\":{\"@id\":\"https:\\\/\\\/zapateneo.net\\\/wordpress\\\/#website\"},\"primaryImageOfPage\":{\"@id\":\"https:\\\/\\\/zapateneo.net\\\/wordpress\\\/index.php\\\/producto\\\/la-casa-como-laboratorio-finanzas-vivienda-y-trabajo-esencial\\\/#primaryimage\"},\"image\":{\"@id\":\"https:\\\/\\\/zapateneo.net\\\/wordpress\\\/index.php\\\/producto\\\/la-casa-como-laboratorio-finanzas-vivienda-y-trabajo-esencial\\\/#primaryimage\"},\"thumbnailUrl\":\"https:\\\/\\\/zapateneo.net\\\/wordpress\\\/wp-content\\\/uploads\\\/2022\\\/11\\\/la-casa-como-laboratorio-9789873687914.jpg\",\"datePublished\":\"2022-11-26T15:39:36+00:00\",\"dateModified\":\"2022-11-26T15:39:43+00:00\",\"breadcrumb\":{\"@id\":\"https:\\\/\\\/zapateneo.net\\\/wordpress\\\/index.php\\\/producto\\\/la-casa-como-laboratorio-finanzas-vivienda-y-trabajo-esencial\\\/#breadcrumb\"},\"inLanguage\":\"es\",\"potentialAction\":[{\"@type\":\"ReadAction\",\"target\":[\"https:\\\/\\\/zapateneo.net\\\/wordpress\\\/index.php\\\/producto\\\/la-casa-como-laboratorio-finanzas-vivienda-y-trabajo-esencial\\\/\"]}]},{\"@type\":\"ImageObject\",\"inLanguage\":\"es\",\"@id\":\"https:\\\/\\\/zapateneo.net\\\/wordpress\\\/index.php\\\/producto\\\/la-casa-como-laboratorio-finanzas-vivienda-y-trabajo-esencial\\\/#primaryimage\",\"url\":\"https:\\\/\\\/zapateneo.net\\\/wordpress\\\/wp-content\\\/uploads\\\/2022\\\/11\\\/la-casa-como-laboratorio-9789873687914.jpg\",\"contentUrl\":\"https:\\\/\\\/zapateneo.net\\\/wordpress\\\/wp-content\\\/uploads\\\/2022\\\/11\\\/la-casa-como-laboratorio-9789873687914.jpg\",\"width\":249,\"height\":400},{\"@type\":\"BreadcrumbList\",\"@id\":\"https:\\\/\\\/zapateneo.net\\\/wordpress\\\/index.php\\\/producto\\\/la-casa-como-laboratorio-finanzas-vivienda-y-trabajo-esencial\\\/#breadcrumb\",\"itemListElement\":[{\"@type\":\"ListItem\",\"position\":1,\"name\":\"Portada\",\"item\":\"https:\\\/\\\/zapateneo.net\\\/wordpress\\\/\"},{\"@type\":\"ListItem\",\"position\":2,\"name\":\"Tienda\",\"item\":\"https:\\\/\\\/zapateneo.net\\\/wordpress\\\/\"},{\"@type\":\"ListItem\",\"position\":3,\"name\":\"LA CASA COMO LABORATORIO. Finanzas, vivienda y trabajo esencial\"}]},{\"@type\":\"WebSite\",\"@id\":\"https:\\\/\\\/zapateneo.net\\\/wordpress\\\/#website\",\"url\":\"https:\\\/\\\/zapateneo.net\\\/wordpress\\\/\",\"name\":\"Zapateneo\",\"description\":\"Zapateneoaren webgunea\",\"publisher\":{\"@id\":\"https:\\\/\\\/zapateneo.net\\\/wordpress\\\/#organization\"},\"potentialAction\":[{\"@type\":\"SearchAction\",\"target\":{\"@type\":\"EntryPoint\",\"urlTemplate\":\"https:\\\/\\\/zapateneo.net\\\/wordpress\\\/?s={search_term_string}\"},\"query-input\":{\"@type\":\"PropertyValueSpecification\",\"valueRequired\":true,\"valueName\":\"search_term_string\"}}],\"inLanguage\":\"es\"},{\"@type\":\"Organization\",\"@id\":\"https:\\\/\\\/zapateneo.net\\\/wordpress\\\/#organization\",\"name\":\"Zapateneo Kultur Elkartea\",\"url\":\"https:\\\/\\\/zapateneo.net\\\/wordpress\\\/\",\"logo\":{\"@type\":\"ImageObject\",\"inLanguage\":\"es\",\"@id\":\"https:\\\/\\\/zapateneo.net\\\/wordpress\\\/#\\\/schema\\\/logo\\\/image\\\/\",\"url\":\"https:\\\/\\\/zapateneo.net\\\/wordpress\\\/wp-content\\\/uploads\\\/2021\\\/04\\\/zap-libu-kolec.jpg\",\"contentUrl\":\"https:\\\/\\\/zapateneo.net\\\/wordpress\\\/wp-content\\\/uploads\\\/2021\\\/04\\\/zap-libu-kolec.jpg\",\"width\":2234,\"height\":398,\"caption\":\"Zapateneo Kultur Elkartea\"},\"image\":{\"@id\":\"https:\\\/\\\/zapateneo.net\\\/wordpress\\\/#\\\/schema\\\/logo\\\/image\\\/\"},\"sameAs\":[\"https:\\\/\\\/x.com\\\/zapateneo\"]}]}<\/script>\n<!-- \/ Yoast SEO plugin. -->","yoast_head_json":{"title":"LA CASA COMO LABORATORIO. Finanzas, vivienda y trabajo esencial &#8212; Zapateneo","robots":{"index":"index","follow":"follow","max-snippet":"max-snippet:-1","max-image-preview":"max-image-preview:large","max-video-preview":"max-video-preview:-1"},"canonical":"https:\/\/zapateneo.net\/wordpress\/index.php\/producto\/la-casa-como-laboratorio-finanzas-vivienda-y-trabajo-esencial\/","og_locale":"es_ES","og_type":"article","og_title":"LA CASA COMO LABORATORIO. Finanzas, vivienda y trabajo esencial &#8212; Zapateneo","og_description":"Ver\u00f3nica Gago, Luci Cavallero 9789873687914 - Tinta lim\u00f3n - 2022 - 64 p\u00e1ginas \/orri.","og_url":"https:\/\/zapateneo.net\/wordpress\/index.php\/producto\/la-casa-como-laboratorio-finanzas-vivienda-y-trabajo-esencial\/","og_site_name":"Zapateneo","article_modified_time":"2022-11-26T15:39:43+00:00","twitter_card":"summary_large_image","twitter_site":"@zapateneo","twitter_misc":{"Tiempo de lectura":"1 minuto"},"schema":{"@context":"https:\/\/schema.org","@graph":[{"@type":"WebPage","@id":"https:\/\/zapateneo.net\/wordpress\/index.php\/producto\/la-casa-como-laboratorio-finanzas-vivienda-y-trabajo-esencial\/","url":"https:\/\/zapateneo.net\/wordpress\/index.php\/producto\/la-casa-como-laboratorio-finanzas-vivienda-y-trabajo-esencial\/","name":"LA CASA COMO LABORATORIO. Finanzas, vivienda y trabajo esencial &#8212; Zapateneo","isPartOf":{"@id":"https:\/\/zapateneo.net\/wordpress\/#website"},"primaryImageOfPage":{"@id":"https:\/\/zapateneo.net\/wordpress\/index.php\/producto\/la-casa-como-laboratorio-finanzas-vivienda-y-trabajo-esencial\/#primaryimage"},"image":{"@id":"https:\/\/zapateneo.net\/wordpress\/index.php\/producto\/la-casa-como-laboratorio-finanzas-vivienda-y-trabajo-esencial\/#primaryimage"},"thumbnailUrl":"https:\/\/zapateneo.net\/wordpress\/wp-content\/uploads\/2022\/11\/la-casa-como-laboratorio-9789873687914.jpg","datePublished":"2022-11-26T15:39:36+00:00","dateModified":"2022-11-26T15:39:43+00:00","breadcrumb":{"@id":"https:\/\/zapateneo.net\/wordpress\/index.php\/producto\/la-casa-como-laboratorio-finanzas-vivienda-y-trabajo-esencial\/#breadcrumb"},"inLanguage":"es","potentialAction":[{"@type":"ReadAction","target":["https:\/\/zapateneo.net\/wordpress\/index.php\/producto\/la-casa-como-laboratorio-finanzas-vivienda-y-trabajo-esencial\/"]}]},{"@type":"ImageObject","inLanguage":"es","@id":"https:\/\/zapateneo.net\/wordpress\/index.php\/producto\/la-casa-como-laboratorio-finanzas-vivienda-y-trabajo-esencial\/#primaryimage","url":"https:\/\/zapateneo.net\/wordpress\/wp-content\/uploads\/2022\/11\/la-casa-como-laboratorio-9789873687914.jpg","contentUrl":"https:\/\/zapateneo.net\/wordpress\/wp-content\/uploads\/2022\/11\/la-casa-como-laboratorio-9789873687914.jpg","width":249,"height":400},{"@type":"BreadcrumbList","@id":"https:\/\/zapateneo.net\/wordpress\/index.php\/producto\/la-casa-como-laboratorio-finanzas-vivienda-y-trabajo-esencial\/#breadcrumb","itemListElement":[{"@type":"ListItem","position":1,"name":"Portada","item":"https:\/\/zapateneo.net\/wordpress\/"},{"@type":"ListItem","position":2,"name":"Tienda","item":"https:\/\/zapateneo.net\/wordpress\/"},{"@type":"ListItem","position":3,"name":"LA CASA COMO LABORATORIO. Finanzas, vivienda y trabajo esencial"}]},{"@type":"WebSite","@id":"https:\/\/zapateneo.net\/wordpress\/#website","url":"https:\/\/zapateneo.net\/wordpress\/","name":"Zapateneo","description":"Zapateneoaren webgunea","publisher":{"@id":"https:\/\/zapateneo.net\/wordpress\/#organization"},"potentialAction":[{"@type":"SearchAction","target":{"@type":"EntryPoint","urlTemplate":"https:\/\/zapateneo.net\/wordpress\/?s={search_term_string}"},"query-input":{"@type":"PropertyValueSpecification","valueRequired":true,"valueName":"search_term_string"}}],"inLanguage":"es"},{"@type":"Organization","@id":"https:\/\/zapateneo.net\/wordpress\/#organization","name":"Zapateneo Kultur Elkartea","url":"https:\/\/zapateneo.net\/wordpress\/","logo":{"@type":"ImageObject","inLanguage":"es","@id":"https:\/\/zapateneo.net\/wordpress\/#\/schema\/logo\/image\/","url":"https:\/\/zapateneo.net\/wordpress\/wp-content\/uploads\/2021\/04\/zap-libu-kolec.jpg","contentUrl":"https:\/\/zapateneo.net\/wordpress\/wp-content\/uploads\/2021\/04\/zap-libu-kolec.jpg","width":2234,"height":398,"caption":"Zapateneo Kultur Elkartea"},"image":{"@id":"https:\/\/zapateneo.net\/wordpress\/#\/schema\/logo\/image\/"},"sameAs":["https:\/\/x.com\/zapateneo"]}]}},"_links":{"self":[{"href":"https:\/\/zapateneo.net\/wordpress\/index.php\/wp-json\/wp\/v2\/product\/12201","targetHints":{"allow":["GET"]}}],"collection":[{"href":"https:\/\/zapateneo.net\/wordpress\/index.php\/wp-json\/wp\/v2\/product"}],"about":[{"href":"https:\/\/zapateneo.net\/wordpress\/index.php\/wp-json\/wp\/v2\/types\/product"}],"wp:featuredmedia":[{"embeddable":true,"href":"https:\/\/zapateneo.net\/wordpress\/index.php\/wp-json\/wp\/v2\/media\/12215"}],"wp:attachment":[{"href":"https:\/\/zapateneo.net\/wordpress\/index.php\/wp-json\/wp\/v2\/media?parent=12201"}],"wp:term":[{"taxonomy":"product_brand","embeddable":true,"href":"https:\/\/zapateneo.net\/wordpress\/index.php\/wp-json\/wp\/v2\/product_brand?post=12201"},{"taxonomy":"product_cat","embeddable":true,"href":"https:\/\/zapateneo.net\/wordpress\/index.php\/wp-json\/wp\/v2\/product_cat?post=12201"},{"taxonomy":"product_tag","embeddable":true,"href":"https:\/\/zapateneo.net\/wordpress\/index.php\/wp-json\/wp\/v2\/product_tag?post=12201"}],"curies":[{"name":"wp","href":"https:\/\/api.w.org\/{rel}","templated":true}]}}