{"id":11731,"date":"2022-07-10T14:59:24","date_gmt":"2022-07-10T13:59:24","guid":{"rendered":"https:\/\/zapateneo.net\/wordpress\/?post_type=product&#038;p=11731"},"modified":"2022-07-10T14:59:32","modified_gmt":"2022-07-10T13:59:32","slug":"ecologia-de-la-libertad-surgimiento-y-disolucion-de-la-jerarquia","status":"publish","type":"product","link":"https:\/\/zapateneo.net\/wordpress\/index.php\/producto\/ecologia-de-la-libertad-surgimiento-y-disolucion-de-la-jerarquia\/","title":{"rendered":"ECOLOG\u00cdA DE LA LIBERTAD Surgimiento y disoluci\u00f3n de la jerarqu\u00eda"},"content":{"rendered":"<p>\u00abLa noci\u00f3n misma de la dominaci\u00f3n de la naturaleza por el hombre se deriva del dominio muy real de lo humano por lo humano\u00bb. Con esta sucinta formulaci\u00f3n, Murray Bookchin presenta su obra m\u00e1s ambiciosa, La ecolog\u00eda de la libertad. Un libro atractivo y extremadamente legible de alcance impresionante, su s\u00edntesis inspirada de ecolog\u00eda, antropolog\u00eda y teor\u00eda pol\u00edtica rastrea nuestros legados conflictivos de jerarqu\u00eda y libertad, desde el primer surgimiento de la cultura humana hasta el capitalismo globalizado de hoy, se\u00f1alando constantemente el camino hacia una sano, futuro ecol\u00f3gico sostenible.<\/p>\n<p>En un programa de estudios universitario o en la mochila de un activista, este libro es una lectura indispensable para cualquiera que est\u00e9 cansado de vivir en un mundo donde todo es un recurso explotable. Una s\u00edntesis de ecolog\u00eda, antropolog\u00eda y teor\u00eda pol\u00edtica que se\u00f1ala la contradicci\u00f3n entre imposici\u00f3n y libertad en la cultura humana, tanto entre seres humanos como de la humanidad hacia la naturaleza. Teniendo en cuenta, seg\u00fan las observaciones del libro, que en la naturaleza prevalece la cooperaci\u00f3n, la simbiosis y el comportamiento emergente (procesos llamados por Bookchin redes de alimentaci\u00f3n y c\u00edrculos de interdependencia), propone como alternativa al capitalismo contempor\u00e1neo el desarrollo sostenible, la tecnolog\u00eda apropiada y especialmente la ecolog\u00eda social.<\/p>\n<p>El tema de la narrativa hist\u00f3rica de Bookchin es sencillo: la devastaci\u00f3n ambiental, econ\u00f3mica y pol\u00edtica nace en el momento en que las sociedades humanas comienzan a organizarse jer\u00e1rquicamente. Y, a pesar de los matices y detalles de sus argumentos, la lecci\u00f3n que hay que aprender es igualmente b\u00e1sica: nuestra pesadilla continuar\u00e1 hasta que se disuelva la jerarqu\u00eda y los seres humanos desarrollen estructuras sociales m\u00e1s cuerdas, sostenibles e igualitarias.<\/p>\n<p>Murray Bookchin, cofundador del Instituto de Ecolog\u00eda Social, ha sido una voz activa en los movimientos ecol\u00f3gico y anarquista durante m\u00e1s de cuarenta a\u00f1os.<\/p>\n<p>Murray Bookchin Historiador, profesor universitario, investigador, ide\u00f3logo y activista ecologista estadounidense, fundador de una teor\u00eda llamada \u00abecolog\u00eda social\u00bb (una forma de ecoanarquismo) y uno de los pioneros del movimiento ecologista. Sus ideas han influenciado movimientos sociales desde 1960, incluyendo la New Left, el movimiento antinuclear, el movimiento antiglobalizaci\u00f3n, Occupy Wall Street, y m\u00e1s recientemente, el confederalismo democr\u00e1tico de Rojava. Fue una figura central en el Movimiento Verde Americano y el Burlington Greens. Era consultor editorial de Anarchist Studies y de Society and Nature.<\/p>\n","protected":false},"excerpt":{"rendered":"<p><strong>Murray Bookchin<\/strong><br \/>\n9788412457919 &#8211; Capit\u00e1n Swing &#8211; 2022 &#8211; 592 p\u00e1ginas \/orri.<\/p>\n","protected":false},"featured_media":11743,"template":"","meta":[],"product_brand":[],"product_cat":[180,16],"product_tag":[102,5409],"class_list":{"0":"post-11731","1":"product","2":"type-product","3":"status-publish","4":"has-post-thumbnail","6":"product_cat-ekologia-ecologia","7":"product_cat-libros","8":"product_tag-capitan-swing","9":"product_tag-murray-bookchin","11":"first","12":"instock","13":"sold-individually","14":"shipping-taxable","15":"purchasable","16":"product-type-simple"},"yoast_head":"<!-- This site is optimized with the Yoast SEO plugin v27.4 - https:\/\/yoast.com\/product\/yoast-seo-wordpress\/ -->\n<title>ECOLOG\u00cdA DE LA LIBERTAD Surgimiento y disoluci\u00f3n de la jerarqu\u00eda &#8212; Zapateneo<\/title>\n<meta name=\"robots\" content=\"index, follow, max-snippet:-1, max-image-preview:large, max-video-preview:-1\" \/>\n<link rel=\"canonical\" href=\"https:\/\/zapateneo.net\/wordpress\/index.php\/producto\/ecologia-de-la-libertad-surgimiento-y-disolucion-de-la-jerarquia\/\" \/>\n<meta property=\"og:locale\" content=\"es_ES\" \/>\n<meta property=\"og:type\" content=\"article\" \/>\n<meta property=\"og:title\" content=\"ECOLOG\u00cdA DE LA LIBERTAD Surgimiento y disoluci\u00f3n de la jerarqu\u00eda &#8212; Zapateneo\" \/>\n<meta property=\"og:description\" content=\"Murray Bookchin 9788412457919 - Capit\u00e1n Swing - 2022 - 592 p\u00e1ginas \/orri.\" \/>\n<meta property=\"og:url\" content=\"https:\/\/zapateneo.net\/wordpress\/index.php\/producto\/ecologia-de-la-libertad-surgimiento-y-disolucion-de-la-jerarquia\/\" \/>\n<meta property=\"og:site_name\" content=\"Zapateneo\" \/>\n<meta property=\"article:modified_time\" content=\"2022-07-10T13:59:32+00:00\" \/>\n<meta name=\"twitter:card\" content=\"summary_large_image\" \/>\n<meta name=\"twitter:site\" content=\"@zapateneo\" \/>\n<meta name=\"twitter:label1\" content=\"Tiempo de lectura\" \/>\n\t<meta name=\"twitter:data1\" content=\"2 minutos\" \/>\n<script type=\"application\/ld+json\" class=\"yoast-schema-graph\">{\"@context\":\"https:\\\/\\\/schema.org\",\"@graph\":[{\"@type\":\"WebPage\",\"@id\":\"https:\\\/\\\/zapateneo.net\\\/wordpress\\\/index.php\\\/producto\\\/ecologia-de-la-libertad-surgimiento-y-disolucion-de-la-jerarquia\\\/\",\"url\":\"https:\\\/\\\/zapateneo.net\\\/wordpress\\\/index.php\\\/producto\\\/ecologia-de-la-libertad-surgimiento-y-disolucion-de-la-jerarquia\\\/\",\"name\":\"ECOLOG\u00cdA DE LA LIBERTAD Surgimiento y disoluci\u00f3n de la jerarqu\u00eda &#8212; Zapateneo\",\"isPartOf\":{\"@id\":\"https:\\\/\\\/zapateneo.net\\\/wordpress\\\/#website\"},\"primaryImageOfPage\":{\"@id\":\"https:\\\/\\\/zapateneo.net\\\/wordpress\\\/index.php\\\/producto\\\/ecologia-de-la-libertad-surgimiento-y-disolucion-de-la-jerarquia\\\/#primaryimage\"},\"image\":{\"@id\":\"https:\\\/\\\/zapateneo.net\\\/wordpress\\\/index.php\\\/producto\\\/ecologia-de-la-libertad-surgimiento-y-disolucion-de-la-jerarquia\\\/#primaryimage\"},\"thumbnailUrl\":\"https:\\\/\\\/zapateneo.net\\\/wordpress\\\/wp-content\\\/uploads\\\/2022\\\/07\\\/ecologia-de-la-libertad-9788412457919.jpg\",\"datePublished\":\"2022-07-10T13:59:24+00:00\",\"dateModified\":\"2022-07-10T13:59:32+00:00\",\"breadcrumb\":{\"@id\":\"https:\\\/\\\/zapateneo.net\\\/wordpress\\\/index.php\\\/producto\\\/ecologia-de-la-libertad-surgimiento-y-disolucion-de-la-jerarquia\\\/#breadcrumb\"},\"inLanguage\":\"es\",\"potentialAction\":[{\"@type\":\"ReadAction\",\"target\":[\"https:\\\/\\\/zapateneo.net\\\/wordpress\\\/index.php\\\/producto\\\/ecologia-de-la-libertad-surgimiento-y-disolucion-de-la-jerarquia\\\/\"]}]},{\"@type\":\"ImageObject\",\"inLanguage\":\"es\",\"@id\":\"https:\\\/\\\/zapateneo.net\\\/wordpress\\\/index.php\\\/producto\\\/ecologia-de-la-libertad-surgimiento-y-disolucion-de-la-jerarquia\\\/#primaryimage\",\"url\":\"https:\\\/\\\/zapateneo.net\\\/wordpress\\\/wp-content\\\/uploads\\\/2022\\\/07\\\/ecologia-de-la-libertad-9788412457919.jpg\",\"contentUrl\":\"https:\\\/\\\/zapateneo.net\\\/wordpress\\\/wp-content\\\/uploads\\\/2022\\\/07\\\/ecologia-de-la-libertad-9788412457919.jpg\",\"width\":256,\"height\":400},{\"@type\":\"BreadcrumbList\",\"@id\":\"https:\\\/\\\/zapateneo.net\\\/wordpress\\\/index.php\\\/producto\\\/ecologia-de-la-libertad-surgimiento-y-disolucion-de-la-jerarquia\\\/#breadcrumb\",\"itemListElement\":[{\"@type\":\"ListItem\",\"position\":1,\"name\":\"Portada\",\"item\":\"https:\\\/\\\/zapateneo.net\\\/wordpress\\\/\"},{\"@type\":\"ListItem\",\"position\":2,\"name\":\"Tienda\",\"item\":\"https:\\\/\\\/zapateneo.net\\\/wordpress\\\/\"},{\"@type\":\"ListItem\",\"position\":3,\"name\":\"ECOLOG\u00cdA DE LA LIBERTAD Surgimiento y disoluci\u00f3n de la jerarqu\u00eda\"}]},{\"@type\":\"WebSite\",\"@id\":\"https:\\\/\\\/zapateneo.net\\\/wordpress\\\/#website\",\"url\":\"https:\\\/\\\/zapateneo.net\\\/wordpress\\\/\",\"name\":\"Zapateneo\",\"description\":\"Zapateneoaren webgunea\",\"publisher\":{\"@id\":\"https:\\\/\\\/zapateneo.net\\\/wordpress\\\/#organization\"},\"potentialAction\":[{\"@type\":\"SearchAction\",\"target\":{\"@type\":\"EntryPoint\",\"urlTemplate\":\"https:\\\/\\\/zapateneo.net\\\/wordpress\\\/?s={search_term_string}\"},\"query-input\":{\"@type\":\"PropertyValueSpecification\",\"valueRequired\":true,\"valueName\":\"search_term_string\"}}],\"inLanguage\":\"es\"},{\"@type\":\"Organization\",\"@id\":\"https:\\\/\\\/zapateneo.net\\\/wordpress\\\/#organization\",\"name\":\"Zapateneo Kultur Elkartea\",\"url\":\"https:\\\/\\\/zapateneo.net\\\/wordpress\\\/\",\"logo\":{\"@type\":\"ImageObject\",\"inLanguage\":\"es\",\"@id\":\"https:\\\/\\\/zapateneo.net\\\/wordpress\\\/#\\\/schema\\\/logo\\\/image\\\/\",\"url\":\"https:\\\/\\\/zapateneo.net\\\/wordpress\\\/wp-content\\\/uploads\\\/2021\\\/04\\\/zap-libu-kolec.jpg\",\"contentUrl\":\"https:\\\/\\\/zapateneo.net\\\/wordpress\\\/wp-content\\\/uploads\\\/2021\\\/04\\\/zap-libu-kolec.jpg\",\"width\":2234,\"height\":398,\"caption\":\"Zapateneo Kultur Elkartea\"},\"image\":{\"@id\":\"https:\\\/\\\/zapateneo.net\\\/wordpress\\\/#\\\/schema\\\/logo\\\/image\\\/\"},\"sameAs\":[\"https:\\\/\\\/x.com\\\/zapateneo\"]}]}<\/script>\n<!-- \/ Yoast SEO plugin. -->","yoast_head_json":{"title":"ECOLOG\u00cdA DE LA LIBERTAD Surgimiento y disoluci\u00f3n de la jerarqu\u00eda &#8212; Zapateneo","robots":{"index":"index","follow":"follow","max-snippet":"max-snippet:-1","max-image-preview":"max-image-preview:large","max-video-preview":"max-video-preview:-1"},"canonical":"https:\/\/zapateneo.net\/wordpress\/index.php\/producto\/ecologia-de-la-libertad-surgimiento-y-disolucion-de-la-jerarquia\/","og_locale":"es_ES","og_type":"article","og_title":"ECOLOG\u00cdA DE LA LIBERTAD Surgimiento y disoluci\u00f3n de la jerarqu\u00eda &#8212; Zapateneo","og_description":"Murray Bookchin 9788412457919 - Capit\u00e1n Swing - 2022 - 592 p\u00e1ginas \/orri.","og_url":"https:\/\/zapateneo.net\/wordpress\/index.php\/producto\/ecologia-de-la-libertad-surgimiento-y-disolucion-de-la-jerarquia\/","og_site_name":"Zapateneo","article_modified_time":"2022-07-10T13:59:32+00:00","twitter_card":"summary_large_image","twitter_site":"@zapateneo","twitter_misc":{"Tiempo de lectura":"2 minutos"},"schema":{"@context":"https:\/\/schema.org","@graph":[{"@type":"WebPage","@id":"https:\/\/zapateneo.net\/wordpress\/index.php\/producto\/ecologia-de-la-libertad-surgimiento-y-disolucion-de-la-jerarquia\/","url":"https:\/\/zapateneo.net\/wordpress\/index.php\/producto\/ecologia-de-la-libertad-surgimiento-y-disolucion-de-la-jerarquia\/","name":"ECOLOG\u00cdA DE LA LIBERTAD Surgimiento y disoluci\u00f3n de la jerarqu\u00eda &#8212; Zapateneo","isPartOf":{"@id":"https:\/\/zapateneo.net\/wordpress\/#website"},"primaryImageOfPage":{"@id":"https:\/\/zapateneo.net\/wordpress\/index.php\/producto\/ecologia-de-la-libertad-surgimiento-y-disolucion-de-la-jerarquia\/#primaryimage"},"image":{"@id":"https:\/\/zapateneo.net\/wordpress\/index.php\/producto\/ecologia-de-la-libertad-surgimiento-y-disolucion-de-la-jerarquia\/#primaryimage"},"thumbnailUrl":"https:\/\/zapateneo.net\/wordpress\/wp-content\/uploads\/2022\/07\/ecologia-de-la-libertad-9788412457919.jpg","datePublished":"2022-07-10T13:59:24+00:00","dateModified":"2022-07-10T13:59:32+00:00","breadcrumb":{"@id":"https:\/\/zapateneo.net\/wordpress\/index.php\/producto\/ecologia-de-la-libertad-surgimiento-y-disolucion-de-la-jerarquia\/#breadcrumb"},"inLanguage":"es","potentialAction":[{"@type":"ReadAction","target":["https:\/\/zapateneo.net\/wordpress\/index.php\/producto\/ecologia-de-la-libertad-surgimiento-y-disolucion-de-la-jerarquia\/"]}]},{"@type":"ImageObject","inLanguage":"es","@id":"https:\/\/zapateneo.net\/wordpress\/index.php\/producto\/ecologia-de-la-libertad-surgimiento-y-disolucion-de-la-jerarquia\/#primaryimage","url":"https:\/\/zapateneo.net\/wordpress\/wp-content\/uploads\/2022\/07\/ecologia-de-la-libertad-9788412457919.jpg","contentUrl":"https:\/\/zapateneo.net\/wordpress\/wp-content\/uploads\/2022\/07\/ecologia-de-la-libertad-9788412457919.jpg","width":256,"height":400},{"@type":"BreadcrumbList","@id":"https:\/\/zapateneo.net\/wordpress\/index.php\/producto\/ecologia-de-la-libertad-surgimiento-y-disolucion-de-la-jerarquia\/#breadcrumb","itemListElement":[{"@type":"ListItem","position":1,"name":"Portada","item":"https:\/\/zapateneo.net\/wordpress\/"},{"@type":"ListItem","position":2,"name":"Tienda","item":"https:\/\/zapateneo.net\/wordpress\/"},{"@type":"ListItem","position":3,"name":"ECOLOG\u00cdA DE LA LIBERTAD Surgimiento y disoluci\u00f3n de la jerarqu\u00eda"}]},{"@type":"WebSite","@id":"https:\/\/zapateneo.net\/wordpress\/#website","url":"https:\/\/zapateneo.net\/wordpress\/","name":"Zapateneo","description":"Zapateneoaren webgunea","publisher":{"@id":"https:\/\/zapateneo.net\/wordpress\/#organization"},"potentialAction":[{"@type":"SearchAction","target":{"@type":"EntryPoint","urlTemplate":"https:\/\/zapateneo.net\/wordpress\/?s={search_term_string}"},"query-input":{"@type":"PropertyValueSpecification","valueRequired":true,"valueName":"search_term_string"}}],"inLanguage":"es"},{"@type":"Organization","@id":"https:\/\/zapateneo.net\/wordpress\/#organization","name":"Zapateneo Kultur Elkartea","url":"https:\/\/zapateneo.net\/wordpress\/","logo":{"@type":"ImageObject","inLanguage":"es","@id":"https:\/\/zapateneo.net\/wordpress\/#\/schema\/logo\/image\/","url":"https:\/\/zapateneo.net\/wordpress\/wp-content\/uploads\/2021\/04\/zap-libu-kolec.jpg","contentUrl":"https:\/\/zapateneo.net\/wordpress\/wp-content\/uploads\/2021\/04\/zap-libu-kolec.jpg","width":2234,"height":398,"caption":"Zapateneo Kultur Elkartea"},"image":{"@id":"https:\/\/zapateneo.net\/wordpress\/#\/schema\/logo\/image\/"},"sameAs":["https:\/\/x.com\/zapateneo"]}]}},"_links":{"self":[{"href":"https:\/\/zapateneo.net\/wordpress\/index.php\/wp-json\/wp\/v2\/product\/11731","targetHints":{"allow":["GET"]}}],"collection":[{"href":"https:\/\/zapateneo.net\/wordpress\/index.php\/wp-json\/wp\/v2\/product"}],"about":[{"href":"https:\/\/zapateneo.net\/wordpress\/index.php\/wp-json\/wp\/v2\/types\/product"}],"wp:featuredmedia":[{"embeddable":true,"href":"https:\/\/zapateneo.net\/wordpress\/index.php\/wp-json\/wp\/v2\/media\/11743"}],"wp:attachment":[{"href":"https:\/\/zapateneo.net\/wordpress\/index.php\/wp-json\/wp\/v2\/media?parent=11731"}],"wp:term":[{"taxonomy":"product_brand","embeddable":true,"href":"https:\/\/zapateneo.net\/wordpress\/index.php\/wp-json\/wp\/v2\/product_brand?post=11731"},{"taxonomy":"product_cat","embeddable":true,"href":"https:\/\/zapateneo.net\/wordpress\/index.php\/wp-json\/wp\/v2\/product_cat?post=11731"},{"taxonomy":"product_tag","embeddable":true,"href":"https:\/\/zapateneo.net\/wordpress\/index.php\/wp-json\/wp\/v2\/product_tag?post=11731"}],"curies":[{"name":"wp","href":"https:\/\/api.w.org\/{rel}","templated":true}]}}