{"id":11725,"date":"2022-07-10T14:59:23","date_gmt":"2022-07-10T13:59:23","guid":{"rendered":"https:\/\/zapateneo.net\/wordpress\/?post_type=product&#038;p=11725"},"modified":"2023-05-05T15:22:36","modified_gmt":"2023-05-05T14:22:36","slug":"prohibido-dudar-las-diez-semanas-en-que-ucrania-cambio-el-mundo","status":"publish","type":"product","link":"https:\/\/zapateneo.net\/wordpress\/index.php\/producto\/prohibido-dudar-las-diez-semanas-en-que-ucrania-cambio-el-mundo\/","title":{"rendered":"PROHIBIDO DUDAR Las diez semanas en que Ucrania cambi\u00f3 el mundo"},"content":{"rendered":"<p>La guerra de Ucrania ha desmantelado todo lo que caracterizaba nuestro mundo, desde las relaciones comerciales hasta las culturales y pol\u00edticas. As\u00ed, si antes se silenciaban y justificaban los cr\u00edmenes perpetrados por Occidente, hoy se levanta en este mismo Occidente una un\u00e1nime condena a las violaciones del derecho internacional por parte de Rusia. Si antes la acogida de refugiados generaba recelos y rechazo en sectores sociales, ahora nuestra sociedad se ve sacudida por una ola de solidaridad sin precedentes y abre los brazos a los ucranianos que piden asilo. Si antes EEUU y la UE eran los m\u00e1s apasionados defensores del mercado global, ahora la estructura financiera y comercial mundial ha sido dinamitada. Si antes nos vanaglori\u00e1bamos de ser la regi\u00f3n del mundo m\u00e1s defensora de la prensa libre, ahora asistimos c\u00f3mplices a la censura a medios, voces y analistas calificados como \u00abprorrusos\u00bb. \u00bfQu\u00e9 ha sucedido para que ahora todo sea diferente?<\/p>\n<p>Para descubrir lo que se esconde tras este escenario y relato oficial, Pascual Serrano nos muestra un cuadro inc\u00f3modo, repleto de hipocres\u00eda y falsedad, donde expone c\u00f3mo diez estremecedoras semanas de conflicto han desvelado el rostro que se ocultaba tras la m\u00e1scara del llamado \u00abmundo libre\u00bb. El discurso ecologista, las vindicaciones democr\u00e1ticas, la seguridad jur\u00eddica, la bandera de los derechos humanos, las excusas para no afrontar una mayor inversi\u00f3n en sanidad y la defensa del libre mercado se derrumban ante los intereses de los tambores de guerra. As\u00ed, entre propaganda e intereses enfrentados, el mundo vive un viraje en el que ya nada volver\u00e1 a ser como antes.<\/p>\n","protected":false},"excerpt":{"rendered":"<p><strong>Pascual Serrano<\/strong><br \/>\n9788446052487 &#8211; Akal &#8211; 2022 &#8211; 176 p\u00e1ginas \/orri.<\/p>\n","protected":false},"featured_media":11737,"template":"","meta":[],"product_brand":[],"product_cat":[184,16],"product_tag":[437,5076,3245],"class_list":{"0":"post-11725","1":"product","2":"type-product","3":"status-publish","4":"has-post-thumbnail","6":"product_cat-komunikazioa-comunicacion","7":"product_cat-libros","8":"product_tag-akal","9":"product_tag-antimilitarismo","10":"product_tag-pascual-serrano","12":"first","13":"instock","14":"sold-individually","15":"shipping-taxable","16":"purchasable","17":"product-type-simple"},"yoast_head":"<!-- This site is optimized with the Yoast SEO plugin v27.3 - https:\/\/yoast.com\/product\/yoast-seo-wordpress\/ -->\n<title>PROHIBIDO DUDAR Las diez semanas en que Ucrania cambi\u00f3 el mundo &#8212; Zapateneo<\/title>\n<meta name=\"robots\" content=\"index, follow, max-snippet:-1, max-image-preview:large, max-video-preview:-1\" \/>\n<link rel=\"canonical\" href=\"https:\/\/zapateneo.net\/wordpress\/index.php\/producto\/prohibido-dudar-las-diez-semanas-en-que-ucrania-cambio-el-mundo\/\" \/>\n<meta property=\"og:locale\" content=\"es_ES\" \/>\n<meta property=\"og:type\" content=\"article\" \/>\n<meta property=\"og:title\" content=\"PROHIBIDO DUDAR Las diez semanas en que Ucrania cambi\u00f3 el mundo &#8212; Zapateneo\" \/>\n<meta property=\"og:description\" content=\"Pascual Serrano 9788446052487 - Akal - 2022 - 176 p\u00e1ginas \/orri.\" \/>\n<meta property=\"og:url\" content=\"https:\/\/zapateneo.net\/wordpress\/index.php\/producto\/prohibido-dudar-las-diez-semanas-en-que-ucrania-cambio-el-mundo\/\" \/>\n<meta property=\"og:site_name\" content=\"Zapateneo\" \/>\n<meta property=\"article:modified_time\" content=\"2023-05-05T14:22:36+00:00\" \/>\n<meta property=\"og:image\" content=\"https:\/\/zapateneo.net\/wordpress\/wp-content\/uploads\/2022\/07\/prohibido-dudar-9788446052487.jpg\" \/>\n\t<meta property=\"og:image:width\" content=\"258\" \/>\n\t<meta property=\"og:image:height\" content=\"400\" \/>\n\t<meta property=\"og:image:type\" content=\"image\/jpeg\" \/>\n<meta name=\"twitter:card\" content=\"summary_large_image\" \/>\n<meta name=\"twitter:site\" content=\"@zapateneo\" \/>\n<meta name=\"twitter:label1\" content=\"Tiempo de lectura\" \/>\n\t<meta name=\"twitter:data1\" content=\"1 minuto\" \/>\n<script type=\"application\/ld+json\" class=\"yoast-schema-graph\">{\"@context\":\"https:\\\/\\\/schema.org\",\"@graph\":[{\"@type\":\"WebPage\",\"@id\":\"https:\\\/\\\/zapateneo.net\\\/wordpress\\\/index.php\\\/producto\\\/prohibido-dudar-las-diez-semanas-en-que-ucrania-cambio-el-mundo\\\/\",\"url\":\"https:\\\/\\\/zapateneo.net\\\/wordpress\\\/index.php\\\/producto\\\/prohibido-dudar-las-diez-semanas-en-que-ucrania-cambio-el-mundo\\\/\",\"name\":\"PROHIBIDO DUDAR Las diez semanas en que Ucrania cambi\u00f3 el mundo &#8212; Zapateneo\",\"isPartOf\":{\"@id\":\"https:\\\/\\\/zapateneo.net\\\/wordpress\\\/#website\"},\"primaryImageOfPage\":{\"@id\":\"https:\\\/\\\/zapateneo.net\\\/wordpress\\\/index.php\\\/producto\\\/prohibido-dudar-las-diez-semanas-en-que-ucrania-cambio-el-mundo\\\/#primaryimage\"},\"image\":{\"@id\":\"https:\\\/\\\/zapateneo.net\\\/wordpress\\\/index.php\\\/producto\\\/prohibido-dudar-las-diez-semanas-en-que-ucrania-cambio-el-mundo\\\/#primaryimage\"},\"thumbnailUrl\":\"https:\\\/\\\/zapateneo.net\\\/wordpress\\\/wp-content\\\/uploads\\\/2022\\\/07\\\/prohibido-dudar-9788446052487.jpg\",\"datePublished\":\"2022-07-10T13:59:23+00:00\",\"dateModified\":\"2023-05-05T14:22:36+00:00\",\"breadcrumb\":{\"@id\":\"https:\\\/\\\/zapateneo.net\\\/wordpress\\\/index.php\\\/producto\\\/prohibido-dudar-las-diez-semanas-en-que-ucrania-cambio-el-mundo\\\/#breadcrumb\"},\"inLanguage\":\"es\",\"potentialAction\":[{\"@type\":\"ReadAction\",\"target\":[\"https:\\\/\\\/zapateneo.net\\\/wordpress\\\/index.php\\\/producto\\\/prohibido-dudar-las-diez-semanas-en-que-ucrania-cambio-el-mundo\\\/\"]}]},{\"@type\":\"ImageObject\",\"inLanguage\":\"es\",\"@id\":\"https:\\\/\\\/zapateneo.net\\\/wordpress\\\/index.php\\\/producto\\\/prohibido-dudar-las-diez-semanas-en-que-ucrania-cambio-el-mundo\\\/#primaryimage\",\"url\":\"https:\\\/\\\/zapateneo.net\\\/wordpress\\\/wp-content\\\/uploads\\\/2022\\\/07\\\/prohibido-dudar-9788446052487.jpg\",\"contentUrl\":\"https:\\\/\\\/zapateneo.net\\\/wordpress\\\/wp-content\\\/uploads\\\/2022\\\/07\\\/prohibido-dudar-9788446052487.jpg\",\"width\":258,\"height\":400},{\"@type\":\"BreadcrumbList\",\"@id\":\"https:\\\/\\\/zapateneo.net\\\/wordpress\\\/index.php\\\/producto\\\/prohibido-dudar-las-diez-semanas-en-que-ucrania-cambio-el-mundo\\\/#breadcrumb\",\"itemListElement\":[{\"@type\":\"ListItem\",\"position\":1,\"name\":\"Portada\",\"item\":\"https:\\\/\\\/zapateneo.net\\\/wordpress\\\/\"},{\"@type\":\"ListItem\",\"position\":2,\"name\":\"Tienda\",\"item\":\"https:\\\/\\\/zapateneo.net\\\/wordpress\\\/\"},{\"@type\":\"ListItem\",\"position\":3,\"name\":\"PROHIBIDO DUDAR Las diez semanas en que Ucrania cambi\u00f3 el mundo\"}]},{\"@type\":\"WebSite\",\"@id\":\"https:\\\/\\\/zapateneo.net\\\/wordpress\\\/#website\",\"url\":\"https:\\\/\\\/zapateneo.net\\\/wordpress\\\/\",\"name\":\"Zapateneo\",\"description\":\"Zapateneoaren webgunea\",\"publisher\":{\"@id\":\"https:\\\/\\\/zapateneo.net\\\/wordpress\\\/#organization\"},\"potentialAction\":[{\"@type\":\"SearchAction\",\"target\":{\"@type\":\"EntryPoint\",\"urlTemplate\":\"https:\\\/\\\/zapateneo.net\\\/wordpress\\\/?s={search_term_string}\"},\"query-input\":{\"@type\":\"PropertyValueSpecification\",\"valueRequired\":true,\"valueName\":\"search_term_string\"}}],\"inLanguage\":\"es\"},{\"@type\":\"Organization\",\"@id\":\"https:\\\/\\\/zapateneo.net\\\/wordpress\\\/#organization\",\"name\":\"Zapateneo Kultur Elkartea\",\"url\":\"https:\\\/\\\/zapateneo.net\\\/wordpress\\\/\",\"logo\":{\"@type\":\"ImageObject\",\"inLanguage\":\"es\",\"@id\":\"https:\\\/\\\/zapateneo.net\\\/wordpress\\\/#\\\/schema\\\/logo\\\/image\\\/\",\"url\":\"https:\\\/\\\/zapateneo.net\\\/wordpress\\\/wp-content\\\/uploads\\\/2021\\\/04\\\/zap-libu-kolec.jpg\",\"contentUrl\":\"https:\\\/\\\/zapateneo.net\\\/wordpress\\\/wp-content\\\/uploads\\\/2021\\\/04\\\/zap-libu-kolec.jpg\",\"width\":2234,\"height\":398,\"caption\":\"Zapateneo Kultur Elkartea\"},\"image\":{\"@id\":\"https:\\\/\\\/zapateneo.net\\\/wordpress\\\/#\\\/schema\\\/logo\\\/image\\\/\"},\"sameAs\":[\"https:\\\/\\\/x.com\\\/zapateneo\"]}]}<\/script>\n<!-- \/ Yoast SEO plugin. -->","yoast_head_json":{"title":"PROHIBIDO DUDAR Las diez semanas en que Ucrania cambi\u00f3 el mundo &#8212; Zapateneo","robots":{"index":"index","follow":"follow","max-snippet":"max-snippet:-1","max-image-preview":"max-image-preview:large","max-video-preview":"max-video-preview:-1"},"canonical":"https:\/\/zapateneo.net\/wordpress\/index.php\/producto\/prohibido-dudar-las-diez-semanas-en-que-ucrania-cambio-el-mundo\/","og_locale":"es_ES","og_type":"article","og_title":"PROHIBIDO DUDAR Las diez semanas en que Ucrania cambi\u00f3 el mundo &#8212; Zapateneo","og_description":"Pascual Serrano 9788446052487 - Akal - 2022 - 176 p\u00e1ginas \/orri.","og_url":"https:\/\/zapateneo.net\/wordpress\/index.php\/producto\/prohibido-dudar-las-diez-semanas-en-que-ucrania-cambio-el-mundo\/","og_site_name":"Zapateneo","article_modified_time":"2023-05-05T14:22:36+00:00","og_image":[{"width":258,"height":400,"url":"https:\/\/zapateneo.net\/wordpress\/wp-content\/uploads\/2022\/07\/prohibido-dudar-9788446052487.jpg","type":"image\/jpeg"}],"twitter_card":"summary_large_image","twitter_site":"@zapateneo","twitter_misc":{"Tiempo de lectura":"1 minuto"},"schema":{"@context":"https:\/\/schema.org","@graph":[{"@type":"WebPage","@id":"https:\/\/zapateneo.net\/wordpress\/index.php\/producto\/prohibido-dudar-las-diez-semanas-en-que-ucrania-cambio-el-mundo\/","url":"https:\/\/zapateneo.net\/wordpress\/index.php\/producto\/prohibido-dudar-las-diez-semanas-en-que-ucrania-cambio-el-mundo\/","name":"PROHIBIDO DUDAR Las diez semanas en que Ucrania cambi\u00f3 el mundo &#8212; Zapateneo","isPartOf":{"@id":"https:\/\/zapateneo.net\/wordpress\/#website"},"primaryImageOfPage":{"@id":"https:\/\/zapateneo.net\/wordpress\/index.php\/producto\/prohibido-dudar-las-diez-semanas-en-que-ucrania-cambio-el-mundo\/#primaryimage"},"image":{"@id":"https:\/\/zapateneo.net\/wordpress\/index.php\/producto\/prohibido-dudar-las-diez-semanas-en-que-ucrania-cambio-el-mundo\/#primaryimage"},"thumbnailUrl":"https:\/\/zapateneo.net\/wordpress\/wp-content\/uploads\/2022\/07\/prohibido-dudar-9788446052487.jpg","datePublished":"2022-07-10T13:59:23+00:00","dateModified":"2023-05-05T14:22:36+00:00","breadcrumb":{"@id":"https:\/\/zapateneo.net\/wordpress\/index.php\/producto\/prohibido-dudar-las-diez-semanas-en-que-ucrania-cambio-el-mundo\/#breadcrumb"},"inLanguage":"es","potentialAction":[{"@type":"ReadAction","target":["https:\/\/zapateneo.net\/wordpress\/index.php\/producto\/prohibido-dudar-las-diez-semanas-en-que-ucrania-cambio-el-mundo\/"]}]},{"@type":"ImageObject","inLanguage":"es","@id":"https:\/\/zapateneo.net\/wordpress\/index.php\/producto\/prohibido-dudar-las-diez-semanas-en-que-ucrania-cambio-el-mundo\/#primaryimage","url":"https:\/\/zapateneo.net\/wordpress\/wp-content\/uploads\/2022\/07\/prohibido-dudar-9788446052487.jpg","contentUrl":"https:\/\/zapateneo.net\/wordpress\/wp-content\/uploads\/2022\/07\/prohibido-dudar-9788446052487.jpg","width":258,"height":400},{"@type":"BreadcrumbList","@id":"https:\/\/zapateneo.net\/wordpress\/index.php\/producto\/prohibido-dudar-las-diez-semanas-en-que-ucrania-cambio-el-mundo\/#breadcrumb","itemListElement":[{"@type":"ListItem","position":1,"name":"Portada","item":"https:\/\/zapateneo.net\/wordpress\/"},{"@type":"ListItem","position":2,"name":"Tienda","item":"https:\/\/zapateneo.net\/wordpress\/"},{"@type":"ListItem","position":3,"name":"PROHIBIDO DUDAR Las diez semanas en que Ucrania cambi\u00f3 el mundo"}]},{"@type":"WebSite","@id":"https:\/\/zapateneo.net\/wordpress\/#website","url":"https:\/\/zapateneo.net\/wordpress\/","name":"Zapateneo","description":"Zapateneoaren webgunea","publisher":{"@id":"https:\/\/zapateneo.net\/wordpress\/#organization"},"potentialAction":[{"@type":"SearchAction","target":{"@type":"EntryPoint","urlTemplate":"https:\/\/zapateneo.net\/wordpress\/?s={search_term_string}"},"query-input":{"@type":"PropertyValueSpecification","valueRequired":true,"valueName":"search_term_string"}}],"inLanguage":"es"},{"@type":"Organization","@id":"https:\/\/zapateneo.net\/wordpress\/#organization","name":"Zapateneo Kultur Elkartea","url":"https:\/\/zapateneo.net\/wordpress\/","logo":{"@type":"ImageObject","inLanguage":"es","@id":"https:\/\/zapateneo.net\/wordpress\/#\/schema\/logo\/image\/","url":"https:\/\/zapateneo.net\/wordpress\/wp-content\/uploads\/2021\/04\/zap-libu-kolec.jpg","contentUrl":"https:\/\/zapateneo.net\/wordpress\/wp-content\/uploads\/2021\/04\/zap-libu-kolec.jpg","width":2234,"height":398,"caption":"Zapateneo Kultur Elkartea"},"image":{"@id":"https:\/\/zapateneo.net\/wordpress\/#\/schema\/logo\/image\/"},"sameAs":["https:\/\/x.com\/zapateneo"]}]}},"_links":{"self":[{"href":"https:\/\/zapateneo.net\/wordpress\/index.php\/wp-json\/wp\/v2\/product\/11725","targetHints":{"allow":["GET"]}}],"collection":[{"href":"https:\/\/zapateneo.net\/wordpress\/index.php\/wp-json\/wp\/v2\/product"}],"about":[{"href":"https:\/\/zapateneo.net\/wordpress\/index.php\/wp-json\/wp\/v2\/types\/product"}],"wp:featuredmedia":[{"embeddable":true,"href":"https:\/\/zapateneo.net\/wordpress\/index.php\/wp-json\/wp\/v2\/media\/11737"}],"wp:attachment":[{"href":"https:\/\/zapateneo.net\/wordpress\/index.php\/wp-json\/wp\/v2\/media?parent=11725"}],"wp:term":[{"taxonomy":"product_brand","embeddable":true,"href":"https:\/\/zapateneo.net\/wordpress\/index.php\/wp-json\/wp\/v2\/product_brand?post=11725"},{"taxonomy":"product_cat","embeddable":true,"href":"https:\/\/zapateneo.net\/wordpress\/index.php\/wp-json\/wp\/v2\/product_cat?post=11725"},{"taxonomy":"product_tag","embeddable":true,"href":"https:\/\/zapateneo.net\/wordpress\/index.php\/wp-json\/wp\/v2\/product_tag?post=11725"}],"curies":[{"name":"wp","href":"https:\/\/api.w.org\/{rel}","templated":true}]}}