{"id":11679,"date":"2022-07-07T08:06:13","date_gmt":"2022-07-07T07:06:13","guid":{"rendered":"https:\/\/zapateneo.net\/wordpress\/?post_type=product&#038;p=11679"},"modified":"2022-07-07T08:06:30","modified_gmt":"2022-07-07T07:06:30","slug":"de-por-que-es-necesario-un-feminismo-descolonial","status":"publish","type":"product","link":"https:\/\/zapateneo.net\/wordpress\/index.php\/producto\/de-por-que-es-necesario-un-feminismo-descolonial\/","title":{"rendered":"DE POR QU\u00c9 ES NECESARIO UN FEMINISMO DESCOLONIAL"},"content":{"rendered":"<p>Este libro es una nueva compilaci\u00f3n de los ensayos de Yu\u00adderkys Espinosa Mi\u00f1oso en el tiempo m\u00e1s fruct\u00edfero de su \u00abdevenir descolonial\u00bb. Se han reunido aqu\u00ed trabajos de muy variada \u00edndole, que muestran el estado de las reflexio\u00adnes de la autora en el largo periodo que comprende lo que ella misma anuncia como su b\u00fasqueda de otras fuentes epistemol\u00f3gicas que le permitieran nombrar los silencios a los que la teorizaci\u00f3n feminista la condenaba y, una vez encontradas, el tiempo en donde se ha unido apasionada\u00admente junto a otro grupo de pensadoras y activistas a la producci\u00f3n de este nuevo modo de comprender la pol\u00edtica feminista.<\/p>\n<p>Como se comprobar\u00e1, el camino no ha sido li\u00adneal, y no se hubiera podido definir a priori ad\u00f3nde con\u00adducir\u00eda, pero result\u00f3, en sus palabras, en \u00abun camino sin retorno\u00bb. La cr\u00edtica habilitada por el giro descolonial, apli\u00adcada al campo feminista, redund\u00f3 en una suerte de cr\u00edtica radical al programa feminista en su conjunto por parte de las condenadas de la tierra. En estas p\u00e1ginas queda deve\u00adlada la complicidad del feminismo con la modernidad oc\u00adcidental. \u00abLa colonialidad de la Raz\u00f3n feminista eurocen\u00adtrada\u00bb es el concepto que Espinosa propone, habilitando un campo de investigaci\u00f3n cr\u00edtica en pleno desarrollo por nuevas generaciones de feministas racializadas y\/o com\u00adprometidas con las condenadas del mundo.<\/p>\n<p>El conjunto de ensayos y art\u00edculos reunidos funcionan a modo de una \u00abgenealog\u00eda de la experiencia\u00bb, el m\u00e9todo que Espinosa nos presenta como aquel que sirve a los fines de develar la colonialidad del feminismo.<\/p>\n","protected":false},"excerpt":{"rendered":"<p><strong>Yuderkys Espinosa Mi\u00f1oso<\/strong><br \/>\n9788418826566 &#8211; Icaria &#8211; 2022 &#8211; 320 p\u00e1ginas \/orri.<\/p>\n","protected":false},"featured_media":11709,"template":"","meta":[],"product_brand":[],"product_cat":[174,16],"product_tag":[643,5677],"class_list":{"0":"post-11679","1":"product","2":"type-product","3":"status-publish","4":"has-post-thumbnail","6":"product_cat-generoak-generos","7":"product_cat-libros","8":"product_tag-icaria","9":"product_tag-yuderkys-espinosa-minoso","11":"first","12":"instock","13":"sold-individually","14":"shipping-taxable","15":"purchasable","16":"product-type-simple"},"yoast_head":"<!-- This site is optimized with the Yoast SEO plugin v27.3 - https:\/\/yoast.com\/product\/yoast-seo-wordpress\/ -->\n<title>DE POR QU\u00c9 ES NECESARIO UN FEMINISMO DESCOLONIAL &#8212; Zapateneo<\/title>\n<meta name=\"robots\" content=\"index, follow, max-snippet:-1, max-image-preview:large, max-video-preview:-1\" \/>\n<link rel=\"canonical\" href=\"https:\/\/zapateneo.net\/wordpress\/index.php\/producto\/de-por-que-es-necesario-un-feminismo-descolonial\/\" \/>\n<meta property=\"og:locale\" content=\"es_ES\" \/>\n<meta property=\"og:type\" content=\"article\" \/>\n<meta property=\"og:title\" content=\"DE POR QU\u00c9 ES NECESARIO UN FEMINISMO DESCOLONIAL &#8212; Zapateneo\" \/>\n<meta property=\"og:description\" content=\"Yuderkys Espinosa Mi\u00f1oso 9788418826566 - Icaria - 2022 - 320 p\u00e1ginas \/orri.\" \/>\n<meta property=\"og:url\" content=\"https:\/\/zapateneo.net\/wordpress\/index.php\/producto\/de-por-que-es-necesario-un-feminismo-descolonial\/\" \/>\n<meta property=\"og:site_name\" content=\"Zapateneo\" \/>\n<meta property=\"article:modified_time\" content=\"2022-07-07T07:06:30+00:00\" \/>\n<meta name=\"twitter:card\" content=\"summary_large_image\" \/>\n<meta name=\"twitter:site\" content=\"@zapateneo\" \/>\n<meta name=\"twitter:label1\" content=\"Tiempo de lectura\" \/>\n\t<meta name=\"twitter:data1\" content=\"1 minuto\" \/>\n<script type=\"application\/ld+json\" class=\"yoast-schema-graph\">{\"@context\":\"https:\\\/\\\/schema.org\",\"@graph\":[{\"@type\":\"WebPage\",\"@id\":\"https:\\\/\\\/zapateneo.net\\\/wordpress\\\/index.php\\\/producto\\\/de-por-que-es-necesario-un-feminismo-descolonial\\\/\",\"url\":\"https:\\\/\\\/zapateneo.net\\\/wordpress\\\/index.php\\\/producto\\\/de-por-que-es-necesario-un-feminismo-descolonial\\\/\",\"name\":\"DE POR QU\u00c9 ES NECESARIO UN FEMINISMO DESCOLONIAL &#8212; Zapateneo\",\"isPartOf\":{\"@id\":\"https:\\\/\\\/zapateneo.net\\\/wordpress\\\/#website\"},\"primaryImageOfPage\":{\"@id\":\"https:\\\/\\\/zapateneo.net\\\/wordpress\\\/index.php\\\/producto\\\/de-por-que-es-necesario-un-feminismo-descolonial\\\/#primaryimage\"},\"image\":{\"@id\":\"https:\\\/\\\/zapateneo.net\\\/wordpress\\\/index.php\\\/producto\\\/de-por-que-es-necesario-un-feminismo-descolonial\\\/#primaryimage\"},\"thumbnailUrl\":\"https:\\\/\\\/zapateneo.net\\\/wordpress\\\/wp-content\\\/uploads\\\/2022\\\/07\\\/de-por-que-es-necesario-un-feminismo-descolonial-9788418826566.jpg\",\"datePublished\":\"2022-07-07T07:06:13+00:00\",\"dateModified\":\"2022-07-07T07:06:30+00:00\",\"breadcrumb\":{\"@id\":\"https:\\\/\\\/zapateneo.net\\\/wordpress\\\/index.php\\\/producto\\\/de-por-que-es-necesario-un-feminismo-descolonial\\\/#breadcrumb\"},\"inLanguage\":\"es\",\"potentialAction\":[{\"@type\":\"ReadAction\",\"target\":[\"https:\\\/\\\/zapateneo.net\\\/wordpress\\\/index.php\\\/producto\\\/de-por-que-es-necesario-un-feminismo-descolonial\\\/\"]}]},{\"@type\":\"ImageObject\",\"inLanguage\":\"es\",\"@id\":\"https:\\\/\\\/zapateneo.net\\\/wordpress\\\/index.php\\\/producto\\\/de-por-que-es-necesario-un-feminismo-descolonial\\\/#primaryimage\",\"url\":\"https:\\\/\\\/zapateneo.net\\\/wordpress\\\/wp-content\\\/uploads\\\/2022\\\/07\\\/de-por-que-es-necesario-un-feminismo-descolonial-9788418826566.jpg\",\"contentUrl\":\"https:\\\/\\\/zapateneo.net\\\/wordpress\\\/wp-content\\\/uploads\\\/2022\\\/07\\\/de-por-que-es-necesario-un-feminismo-descolonial-9788418826566.jpg\",\"width\":245,\"height\":400},{\"@type\":\"BreadcrumbList\",\"@id\":\"https:\\\/\\\/zapateneo.net\\\/wordpress\\\/index.php\\\/producto\\\/de-por-que-es-necesario-un-feminismo-descolonial\\\/#breadcrumb\",\"itemListElement\":[{\"@type\":\"ListItem\",\"position\":1,\"name\":\"Portada\",\"item\":\"https:\\\/\\\/zapateneo.net\\\/wordpress\\\/\"},{\"@type\":\"ListItem\",\"position\":2,\"name\":\"Tienda\",\"item\":\"https:\\\/\\\/zapateneo.net\\\/wordpress\\\/\"},{\"@type\":\"ListItem\",\"position\":3,\"name\":\"DE POR QU\u00c9 ES NECESARIO UN FEMINISMO DESCOLONIAL\"}]},{\"@type\":\"WebSite\",\"@id\":\"https:\\\/\\\/zapateneo.net\\\/wordpress\\\/#website\",\"url\":\"https:\\\/\\\/zapateneo.net\\\/wordpress\\\/\",\"name\":\"Zapateneo\",\"description\":\"Zapateneoaren webgunea\",\"publisher\":{\"@id\":\"https:\\\/\\\/zapateneo.net\\\/wordpress\\\/#organization\"},\"potentialAction\":[{\"@type\":\"SearchAction\",\"target\":{\"@type\":\"EntryPoint\",\"urlTemplate\":\"https:\\\/\\\/zapateneo.net\\\/wordpress\\\/?s={search_term_string}\"},\"query-input\":{\"@type\":\"PropertyValueSpecification\",\"valueRequired\":true,\"valueName\":\"search_term_string\"}}],\"inLanguage\":\"es\"},{\"@type\":\"Organization\",\"@id\":\"https:\\\/\\\/zapateneo.net\\\/wordpress\\\/#organization\",\"name\":\"Zapateneo Kultur Elkartea\",\"url\":\"https:\\\/\\\/zapateneo.net\\\/wordpress\\\/\",\"logo\":{\"@type\":\"ImageObject\",\"inLanguage\":\"es\",\"@id\":\"https:\\\/\\\/zapateneo.net\\\/wordpress\\\/#\\\/schema\\\/logo\\\/image\\\/\",\"url\":\"https:\\\/\\\/zapateneo.net\\\/wordpress\\\/wp-content\\\/uploads\\\/2021\\\/04\\\/zap-libu-kolec.jpg\",\"contentUrl\":\"https:\\\/\\\/zapateneo.net\\\/wordpress\\\/wp-content\\\/uploads\\\/2021\\\/04\\\/zap-libu-kolec.jpg\",\"width\":2234,\"height\":398,\"caption\":\"Zapateneo Kultur Elkartea\"},\"image\":{\"@id\":\"https:\\\/\\\/zapateneo.net\\\/wordpress\\\/#\\\/schema\\\/logo\\\/image\\\/\"},\"sameAs\":[\"https:\\\/\\\/x.com\\\/zapateneo\"]}]}<\/script>\n<!-- \/ Yoast SEO plugin. -->","yoast_head_json":{"title":"DE POR QU\u00c9 ES NECESARIO UN FEMINISMO DESCOLONIAL &#8212; Zapateneo","robots":{"index":"index","follow":"follow","max-snippet":"max-snippet:-1","max-image-preview":"max-image-preview:large","max-video-preview":"max-video-preview:-1"},"canonical":"https:\/\/zapateneo.net\/wordpress\/index.php\/producto\/de-por-que-es-necesario-un-feminismo-descolonial\/","og_locale":"es_ES","og_type":"article","og_title":"DE POR QU\u00c9 ES NECESARIO UN FEMINISMO DESCOLONIAL &#8212; Zapateneo","og_description":"Yuderkys Espinosa Mi\u00f1oso 9788418826566 - Icaria - 2022 - 320 p\u00e1ginas \/orri.","og_url":"https:\/\/zapateneo.net\/wordpress\/index.php\/producto\/de-por-que-es-necesario-un-feminismo-descolonial\/","og_site_name":"Zapateneo","article_modified_time":"2022-07-07T07:06:30+00:00","twitter_card":"summary_large_image","twitter_site":"@zapateneo","twitter_misc":{"Tiempo de lectura":"1 minuto"},"schema":{"@context":"https:\/\/schema.org","@graph":[{"@type":"WebPage","@id":"https:\/\/zapateneo.net\/wordpress\/index.php\/producto\/de-por-que-es-necesario-un-feminismo-descolonial\/","url":"https:\/\/zapateneo.net\/wordpress\/index.php\/producto\/de-por-que-es-necesario-un-feminismo-descolonial\/","name":"DE POR QU\u00c9 ES NECESARIO UN FEMINISMO DESCOLONIAL &#8212; Zapateneo","isPartOf":{"@id":"https:\/\/zapateneo.net\/wordpress\/#website"},"primaryImageOfPage":{"@id":"https:\/\/zapateneo.net\/wordpress\/index.php\/producto\/de-por-que-es-necesario-un-feminismo-descolonial\/#primaryimage"},"image":{"@id":"https:\/\/zapateneo.net\/wordpress\/index.php\/producto\/de-por-que-es-necesario-un-feminismo-descolonial\/#primaryimage"},"thumbnailUrl":"https:\/\/zapateneo.net\/wordpress\/wp-content\/uploads\/2022\/07\/de-por-que-es-necesario-un-feminismo-descolonial-9788418826566.jpg","datePublished":"2022-07-07T07:06:13+00:00","dateModified":"2022-07-07T07:06:30+00:00","breadcrumb":{"@id":"https:\/\/zapateneo.net\/wordpress\/index.php\/producto\/de-por-que-es-necesario-un-feminismo-descolonial\/#breadcrumb"},"inLanguage":"es","potentialAction":[{"@type":"ReadAction","target":["https:\/\/zapateneo.net\/wordpress\/index.php\/producto\/de-por-que-es-necesario-un-feminismo-descolonial\/"]}]},{"@type":"ImageObject","inLanguage":"es","@id":"https:\/\/zapateneo.net\/wordpress\/index.php\/producto\/de-por-que-es-necesario-un-feminismo-descolonial\/#primaryimage","url":"https:\/\/zapateneo.net\/wordpress\/wp-content\/uploads\/2022\/07\/de-por-que-es-necesario-un-feminismo-descolonial-9788418826566.jpg","contentUrl":"https:\/\/zapateneo.net\/wordpress\/wp-content\/uploads\/2022\/07\/de-por-que-es-necesario-un-feminismo-descolonial-9788418826566.jpg","width":245,"height":400},{"@type":"BreadcrumbList","@id":"https:\/\/zapateneo.net\/wordpress\/index.php\/producto\/de-por-que-es-necesario-un-feminismo-descolonial\/#breadcrumb","itemListElement":[{"@type":"ListItem","position":1,"name":"Portada","item":"https:\/\/zapateneo.net\/wordpress\/"},{"@type":"ListItem","position":2,"name":"Tienda","item":"https:\/\/zapateneo.net\/wordpress\/"},{"@type":"ListItem","position":3,"name":"DE POR QU\u00c9 ES NECESARIO UN FEMINISMO DESCOLONIAL"}]},{"@type":"WebSite","@id":"https:\/\/zapateneo.net\/wordpress\/#website","url":"https:\/\/zapateneo.net\/wordpress\/","name":"Zapateneo","description":"Zapateneoaren webgunea","publisher":{"@id":"https:\/\/zapateneo.net\/wordpress\/#organization"},"potentialAction":[{"@type":"SearchAction","target":{"@type":"EntryPoint","urlTemplate":"https:\/\/zapateneo.net\/wordpress\/?s={search_term_string}"},"query-input":{"@type":"PropertyValueSpecification","valueRequired":true,"valueName":"search_term_string"}}],"inLanguage":"es"},{"@type":"Organization","@id":"https:\/\/zapateneo.net\/wordpress\/#organization","name":"Zapateneo Kultur Elkartea","url":"https:\/\/zapateneo.net\/wordpress\/","logo":{"@type":"ImageObject","inLanguage":"es","@id":"https:\/\/zapateneo.net\/wordpress\/#\/schema\/logo\/image\/","url":"https:\/\/zapateneo.net\/wordpress\/wp-content\/uploads\/2021\/04\/zap-libu-kolec.jpg","contentUrl":"https:\/\/zapateneo.net\/wordpress\/wp-content\/uploads\/2021\/04\/zap-libu-kolec.jpg","width":2234,"height":398,"caption":"Zapateneo Kultur Elkartea"},"image":{"@id":"https:\/\/zapateneo.net\/wordpress\/#\/schema\/logo\/image\/"},"sameAs":["https:\/\/x.com\/zapateneo"]}]}},"_links":{"self":[{"href":"https:\/\/zapateneo.net\/wordpress\/index.php\/wp-json\/wp\/v2\/product\/11679","targetHints":{"allow":["GET"]}}],"collection":[{"href":"https:\/\/zapateneo.net\/wordpress\/index.php\/wp-json\/wp\/v2\/product"}],"about":[{"href":"https:\/\/zapateneo.net\/wordpress\/index.php\/wp-json\/wp\/v2\/types\/product"}],"wp:featuredmedia":[{"embeddable":true,"href":"https:\/\/zapateneo.net\/wordpress\/index.php\/wp-json\/wp\/v2\/media\/11709"}],"wp:attachment":[{"href":"https:\/\/zapateneo.net\/wordpress\/index.php\/wp-json\/wp\/v2\/media?parent=11679"}],"wp:term":[{"taxonomy":"product_brand","embeddable":true,"href":"https:\/\/zapateneo.net\/wordpress\/index.php\/wp-json\/wp\/v2\/product_brand?post=11679"},{"taxonomy":"product_cat","embeddable":true,"href":"https:\/\/zapateneo.net\/wordpress\/index.php\/wp-json\/wp\/v2\/product_cat?post=11679"},{"taxonomy":"product_tag","embeddable":true,"href":"https:\/\/zapateneo.net\/wordpress\/index.php\/wp-json\/wp\/v2\/product_tag?post=11679"}],"curies":[{"name":"wp","href":"https:\/\/api.w.org\/{rel}","templated":true}]}}