{"id":11678,"date":"2022-07-07T08:06:13","date_gmt":"2022-07-07T07:06:13","guid":{"rendered":"https:\/\/zapateneo.net\/wordpress\/?post_type=product&#038;p=11678"},"modified":"2022-07-07T08:06:29","modified_gmt":"2022-07-07T07:06:29","slug":"el-movimiento-de-mujeres-romanies-luchas-y-debates-en-europa-central-y-oriental","status":"publish","type":"product","link":"https:\/\/zapateneo.net\/wordpress\/index.php\/producto\/el-movimiento-de-mujeres-romanies-luchas-y-debates-en-europa-central-y-oriental\/","title":{"rendered":"EL MOVIMIENTO DE MUJERES ROMAN\u00cdES Luchas y debates en Europa Central y Oriental"},"content":{"rendered":"<p>\u00abEste libro ilustra los tremendos avances que ha logrado el movimiento de mujeres gitanas desde la d\u00e9cada de 1990. Las autoras no solo narran enormes avances en visibilidad, sino que tambi\u00e9n exponen las l\u00edneas divisorias del debate durante las luchas que libraron para ser escuchadas y para que se las tomara en serio. El futuro apuntan a un compromiso de \u2018abordar las estructuras de poder desde una perscomo un concepto anal\u00edtico valioso para comprender la discriminaci\u00f3n m\u00faltiple, el libro defiende que las soluciones tambi\u00e9n deben ser interseccionales\u00bb. Carol Silverman<\/p>\n<p>AUTORAS: Gwendolyn Albert, L\u00eddia Balogh, Nicoleta Bi.u, Sarah Werner Boada, Patricia Caro Maya, Lucie Fremlov\u00e1, Carmen Gheorghe, Jamen Gabriela Hrabanov\u00e1, Jelena Jovanovic, Ang\u00e9la K\u00f3cz\u00e9, Teodora Krumova, Vera Kurtic, Letitia Mark, Margareta Matache, Aidan McGarry, Anna Mirga-Kruszelnicka, Alexandra Oprea, Jelena M. Savic, Debra Schultz, Carol Silverman, Eniko Vincze, Violetta Zentai.<\/p>\n","protected":false},"excerpt":{"rendered":"<p><strong>vvaa<\/strong><br \/>\n9788412405576 &#8211; Ka\u00f3tika &#8211; 2022 &#8211; 454 p\u00e1ginas \/orri.<\/p>\n","protected":false},"featured_media":11708,"template":"","meta":[],"product_brand":[],"product_cat":[177,16],"product_tag":[5676],"class_list":{"0":"post-11678","1":"product","2":"type-product","3":"status-publish","4":"has-post-thumbnail","6":"product_cat-gizarte-mugimenduak-movimientos-sociales","7":"product_cat-libros","8":"product_tag-kaotika","10":"first","11":"instock","12":"sold-individually","13":"shipping-taxable","14":"purchasable","15":"product-type-simple"},"yoast_head":"<!-- This site is optimized with the Yoast SEO plugin v27.3 - https:\/\/yoast.com\/product\/yoast-seo-wordpress\/ -->\n<title>EL MOVIMIENTO DE MUJERES ROMAN\u00cdES Luchas y debates en Europa Central y Oriental &#8212; Zapateneo<\/title>\n<meta name=\"robots\" content=\"index, follow, max-snippet:-1, max-image-preview:large, max-video-preview:-1\" \/>\n<link rel=\"canonical\" href=\"https:\/\/zapateneo.net\/wordpress\/index.php\/producto\/el-movimiento-de-mujeres-romanies-luchas-y-debates-en-europa-central-y-oriental\/\" \/>\n<meta property=\"og:locale\" content=\"es_ES\" \/>\n<meta property=\"og:type\" content=\"article\" \/>\n<meta property=\"og:title\" content=\"EL MOVIMIENTO DE MUJERES ROMAN\u00cdES Luchas y debates en Europa Central y Oriental &#8212; Zapateneo\" \/>\n<meta property=\"og:description\" content=\"vvaa 9788412405576 - Ka\u00f3tika - 2022 - 454 p\u00e1ginas \/orri.\" \/>\n<meta property=\"og:url\" content=\"https:\/\/zapateneo.net\/wordpress\/index.php\/producto\/el-movimiento-de-mujeres-romanies-luchas-y-debates-en-europa-central-y-oriental\/\" \/>\n<meta property=\"og:site_name\" content=\"Zapateneo\" \/>\n<meta property=\"article:modified_time\" content=\"2022-07-07T07:06:29+00:00\" \/>\n<meta name=\"twitter:card\" content=\"summary_large_image\" \/>\n<meta name=\"twitter:site\" content=\"@zapateneo\" \/>\n<meta name=\"twitter:label1\" content=\"Tiempo de lectura\" \/>\n\t<meta name=\"twitter:data1\" content=\"1 minuto\" \/>\n<script type=\"application\/ld+json\" class=\"yoast-schema-graph\">{\"@context\":\"https:\\\/\\\/schema.org\",\"@graph\":[{\"@type\":\"WebPage\",\"@id\":\"https:\\\/\\\/zapateneo.net\\\/wordpress\\\/index.php\\\/producto\\\/el-movimiento-de-mujeres-romanies-luchas-y-debates-en-europa-central-y-oriental\\\/\",\"url\":\"https:\\\/\\\/zapateneo.net\\\/wordpress\\\/index.php\\\/producto\\\/el-movimiento-de-mujeres-romanies-luchas-y-debates-en-europa-central-y-oriental\\\/\",\"name\":\"EL MOVIMIENTO DE MUJERES ROMAN\u00cdES Luchas y debates en Europa Central y Oriental &#8212; Zapateneo\",\"isPartOf\":{\"@id\":\"https:\\\/\\\/zapateneo.net\\\/wordpress\\\/#website\"},\"primaryImageOfPage\":{\"@id\":\"https:\\\/\\\/zapateneo.net\\\/wordpress\\\/index.php\\\/producto\\\/el-movimiento-de-mujeres-romanies-luchas-y-debates-en-europa-central-y-oriental\\\/#primaryimage\"},\"image\":{\"@id\":\"https:\\\/\\\/zapateneo.net\\\/wordpress\\\/index.php\\\/producto\\\/el-movimiento-de-mujeres-romanies-luchas-y-debates-en-europa-central-y-oriental\\\/#primaryimage\"},\"thumbnailUrl\":\"https:\\\/\\\/zapateneo.net\\\/wordpress\\\/wp-content\\\/uploads\\\/2022\\\/07\\\/el-movimiento-de-mujeres-romanies-9788412405576.jpg\",\"datePublished\":\"2022-07-07T07:06:13+00:00\",\"dateModified\":\"2022-07-07T07:06:29+00:00\",\"breadcrumb\":{\"@id\":\"https:\\\/\\\/zapateneo.net\\\/wordpress\\\/index.php\\\/producto\\\/el-movimiento-de-mujeres-romanies-luchas-y-debates-en-europa-central-y-oriental\\\/#breadcrumb\"},\"inLanguage\":\"es\",\"potentialAction\":[{\"@type\":\"ReadAction\",\"target\":[\"https:\\\/\\\/zapateneo.net\\\/wordpress\\\/index.php\\\/producto\\\/el-movimiento-de-mujeres-romanies-luchas-y-debates-en-europa-central-y-oriental\\\/\"]}]},{\"@type\":\"ImageObject\",\"inLanguage\":\"es\",\"@id\":\"https:\\\/\\\/zapateneo.net\\\/wordpress\\\/index.php\\\/producto\\\/el-movimiento-de-mujeres-romanies-luchas-y-debates-en-europa-central-y-oriental\\\/#primaryimage\",\"url\":\"https:\\\/\\\/zapateneo.net\\\/wordpress\\\/wp-content\\\/uploads\\\/2022\\\/07\\\/el-movimiento-de-mujeres-romanies-9788412405576.jpg\",\"contentUrl\":\"https:\\\/\\\/zapateneo.net\\\/wordpress\\\/wp-content\\\/uploads\\\/2022\\\/07\\\/el-movimiento-de-mujeres-romanies-9788412405576.jpg\",\"width\":244,\"height\":400},{\"@type\":\"BreadcrumbList\",\"@id\":\"https:\\\/\\\/zapateneo.net\\\/wordpress\\\/index.php\\\/producto\\\/el-movimiento-de-mujeres-romanies-luchas-y-debates-en-europa-central-y-oriental\\\/#breadcrumb\",\"itemListElement\":[{\"@type\":\"ListItem\",\"position\":1,\"name\":\"Portada\",\"item\":\"https:\\\/\\\/zapateneo.net\\\/wordpress\\\/\"},{\"@type\":\"ListItem\",\"position\":2,\"name\":\"Tienda\",\"item\":\"https:\\\/\\\/zapateneo.net\\\/wordpress\\\/\"},{\"@type\":\"ListItem\",\"position\":3,\"name\":\"EL MOVIMIENTO DE MUJERES ROMAN\u00cdES Luchas y debates en Europa Central y Oriental\"}]},{\"@type\":\"WebSite\",\"@id\":\"https:\\\/\\\/zapateneo.net\\\/wordpress\\\/#website\",\"url\":\"https:\\\/\\\/zapateneo.net\\\/wordpress\\\/\",\"name\":\"Zapateneo\",\"description\":\"Zapateneoaren webgunea\",\"publisher\":{\"@id\":\"https:\\\/\\\/zapateneo.net\\\/wordpress\\\/#organization\"},\"potentialAction\":[{\"@type\":\"SearchAction\",\"target\":{\"@type\":\"EntryPoint\",\"urlTemplate\":\"https:\\\/\\\/zapateneo.net\\\/wordpress\\\/?s={search_term_string}\"},\"query-input\":{\"@type\":\"PropertyValueSpecification\",\"valueRequired\":true,\"valueName\":\"search_term_string\"}}],\"inLanguage\":\"es\"},{\"@type\":\"Organization\",\"@id\":\"https:\\\/\\\/zapateneo.net\\\/wordpress\\\/#organization\",\"name\":\"Zapateneo Kultur Elkartea\",\"url\":\"https:\\\/\\\/zapateneo.net\\\/wordpress\\\/\",\"logo\":{\"@type\":\"ImageObject\",\"inLanguage\":\"es\",\"@id\":\"https:\\\/\\\/zapateneo.net\\\/wordpress\\\/#\\\/schema\\\/logo\\\/image\\\/\",\"url\":\"https:\\\/\\\/zapateneo.net\\\/wordpress\\\/wp-content\\\/uploads\\\/2021\\\/04\\\/zap-libu-kolec.jpg\",\"contentUrl\":\"https:\\\/\\\/zapateneo.net\\\/wordpress\\\/wp-content\\\/uploads\\\/2021\\\/04\\\/zap-libu-kolec.jpg\",\"width\":2234,\"height\":398,\"caption\":\"Zapateneo Kultur Elkartea\"},\"image\":{\"@id\":\"https:\\\/\\\/zapateneo.net\\\/wordpress\\\/#\\\/schema\\\/logo\\\/image\\\/\"},\"sameAs\":[\"https:\\\/\\\/x.com\\\/zapateneo\"]}]}<\/script>\n<!-- \/ Yoast SEO plugin. -->","yoast_head_json":{"title":"EL MOVIMIENTO DE MUJERES ROMAN\u00cdES Luchas y debates en Europa Central y Oriental &#8212; Zapateneo","robots":{"index":"index","follow":"follow","max-snippet":"max-snippet:-1","max-image-preview":"max-image-preview:large","max-video-preview":"max-video-preview:-1"},"canonical":"https:\/\/zapateneo.net\/wordpress\/index.php\/producto\/el-movimiento-de-mujeres-romanies-luchas-y-debates-en-europa-central-y-oriental\/","og_locale":"es_ES","og_type":"article","og_title":"EL MOVIMIENTO DE MUJERES ROMAN\u00cdES Luchas y debates en Europa Central y Oriental &#8212; Zapateneo","og_description":"vvaa 9788412405576 - Ka\u00f3tika - 2022 - 454 p\u00e1ginas \/orri.","og_url":"https:\/\/zapateneo.net\/wordpress\/index.php\/producto\/el-movimiento-de-mujeres-romanies-luchas-y-debates-en-europa-central-y-oriental\/","og_site_name":"Zapateneo","article_modified_time":"2022-07-07T07:06:29+00:00","twitter_card":"summary_large_image","twitter_site":"@zapateneo","twitter_misc":{"Tiempo de lectura":"1 minuto"},"schema":{"@context":"https:\/\/schema.org","@graph":[{"@type":"WebPage","@id":"https:\/\/zapateneo.net\/wordpress\/index.php\/producto\/el-movimiento-de-mujeres-romanies-luchas-y-debates-en-europa-central-y-oriental\/","url":"https:\/\/zapateneo.net\/wordpress\/index.php\/producto\/el-movimiento-de-mujeres-romanies-luchas-y-debates-en-europa-central-y-oriental\/","name":"EL MOVIMIENTO DE MUJERES ROMAN\u00cdES Luchas y debates en Europa Central y Oriental &#8212; Zapateneo","isPartOf":{"@id":"https:\/\/zapateneo.net\/wordpress\/#website"},"primaryImageOfPage":{"@id":"https:\/\/zapateneo.net\/wordpress\/index.php\/producto\/el-movimiento-de-mujeres-romanies-luchas-y-debates-en-europa-central-y-oriental\/#primaryimage"},"image":{"@id":"https:\/\/zapateneo.net\/wordpress\/index.php\/producto\/el-movimiento-de-mujeres-romanies-luchas-y-debates-en-europa-central-y-oriental\/#primaryimage"},"thumbnailUrl":"https:\/\/zapateneo.net\/wordpress\/wp-content\/uploads\/2022\/07\/el-movimiento-de-mujeres-romanies-9788412405576.jpg","datePublished":"2022-07-07T07:06:13+00:00","dateModified":"2022-07-07T07:06:29+00:00","breadcrumb":{"@id":"https:\/\/zapateneo.net\/wordpress\/index.php\/producto\/el-movimiento-de-mujeres-romanies-luchas-y-debates-en-europa-central-y-oriental\/#breadcrumb"},"inLanguage":"es","potentialAction":[{"@type":"ReadAction","target":["https:\/\/zapateneo.net\/wordpress\/index.php\/producto\/el-movimiento-de-mujeres-romanies-luchas-y-debates-en-europa-central-y-oriental\/"]}]},{"@type":"ImageObject","inLanguage":"es","@id":"https:\/\/zapateneo.net\/wordpress\/index.php\/producto\/el-movimiento-de-mujeres-romanies-luchas-y-debates-en-europa-central-y-oriental\/#primaryimage","url":"https:\/\/zapateneo.net\/wordpress\/wp-content\/uploads\/2022\/07\/el-movimiento-de-mujeres-romanies-9788412405576.jpg","contentUrl":"https:\/\/zapateneo.net\/wordpress\/wp-content\/uploads\/2022\/07\/el-movimiento-de-mujeres-romanies-9788412405576.jpg","width":244,"height":400},{"@type":"BreadcrumbList","@id":"https:\/\/zapateneo.net\/wordpress\/index.php\/producto\/el-movimiento-de-mujeres-romanies-luchas-y-debates-en-europa-central-y-oriental\/#breadcrumb","itemListElement":[{"@type":"ListItem","position":1,"name":"Portada","item":"https:\/\/zapateneo.net\/wordpress\/"},{"@type":"ListItem","position":2,"name":"Tienda","item":"https:\/\/zapateneo.net\/wordpress\/"},{"@type":"ListItem","position":3,"name":"EL MOVIMIENTO DE MUJERES ROMAN\u00cdES Luchas y debates en Europa Central y Oriental"}]},{"@type":"WebSite","@id":"https:\/\/zapateneo.net\/wordpress\/#website","url":"https:\/\/zapateneo.net\/wordpress\/","name":"Zapateneo","description":"Zapateneoaren webgunea","publisher":{"@id":"https:\/\/zapateneo.net\/wordpress\/#organization"},"potentialAction":[{"@type":"SearchAction","target":{"@type":"EntryPoint","urlTemplate":"https:\/\/zapateneo.net\/wordpress\/?s={search_term_string}"},"query-input":{"@type":"PropertyValueSpecification","valueRequired":true,"valueName":"search_term_string"}}],"inLanguage":"es"},{"@type":"Organization","@id":"https:\/\/zapateneo.net\/wordpress\/#organization","name":"Zapateneo Kultur Elkartea","url":"https:\/\/zapateneo.net\/wordpress\/","logo":{"@type":"ImageObject","inLanguage":"es","@id":"https:\/\/zapateneo.net\/wordpress\/#\/schema\/logo\/image\/","url":"https:\/\/zapateneo.net\/wordpress\/wp-content\/uploads\/2021\/04\/zap-libu-kolec.jpg","contentUrl":"https:\/\/zapateneo.net\/wordpress\/wp-content\/uploads\/2021\/04\/zap-libu-kolec.jpg","width":2234,"height":398,"caption":"Zapateneo Kultur Elkartea"},"image":{"@id":"https:\/\/zapateneo.net\/wordpress\/#\/schema\/logo\/image\/"},"sameAs":["https:\/\/x.com\/zapateneo"]}]}},"_links":{"self":[{"href":"https:\/\/zapateneo.net\/wordpress\/index.php\/wp-json\/wp\/v2\/product\/11678","targetHints":{"allow":["GET"]}}],"collection":[{"href":"https:\/\/zapateneo.net\/wordpress\/index.php\/wp-json\/wp\/v2\/product"}],"about":[{"href":"https:\/\/zapateneo.net\/wordpress\/index.php\/wp-json\/wp\/v2\/types\/product"}],"wp:featuredmedia":[{"embeddable":true,"href":"https:\/\/zapateneo.net\/wordpress\/index.php\/wp-json\/wp\/v2\/media\/11708"}],"wp:attachment":[{"href":"https:\/\/zapateneo.net\/wordpress\/index.php\/wp-json\/wp\/v2\/media?parent=11678"}],"wp:term":[{"taxonomy":"product_brand","embeddable":true,"href":"https:\/\/zapateneo.net\/wordpress\/index.php\/wp-json\/wp\/v2\/product_brand?post=11678"},{"taxonomy":"product_cat","embeddable":true,"href":"https:\/\/zapateneo.net\/wordpress\/index.php\/wp-json\/wp\/v2\/product_cat?post=11678"},{"taxonomy":"product_tag","embeddable":true,"href":"https:\/\/zapateneo.net\/wordpress\/index.php\/wp-json\/wp\/v2\/product_tag?post=11678"}],"curies":[{"name":"wp","href":"https:\/\/api.w.org\/{rel}","templated":true}]}}