{"id":11670,"date":"2022-07-07T08:06:12","date_gmt":"2022-07-07T07:06:12","guid":{"rendered":"https:\/\/zapateneo.net\/wordpress\/?post_type=product&#038;p=11670"},"modified":"2022-07-07T08:06:24","modified_gmt":"2022-07-07T07:06:24","slug":"la-otra-locura-salud-mental-sufrimiento-psiquico-y-sociedad","status":"publish","type":"product","link":"https:\/\/zapateneo.net\/wordpress\/index.php\/producto\/la-otra-locura-salud-mental-sufrimiento-psiquico-y-sociedad\/","title":{"rendered":"LA OTRA LOCURA Salud mental, sufrimiento psiquico y sociedad"},"content":{"rendered":"<p>\u00bfQu\u00e9 es la locura? \u00bfC\u00f3mo nos afecta? \u00bfCu\u00e1l es su relaci\u00f3n con las normas y las presiones sociales, con las tensiones cotidianas? \u00bfSe entiende lo mismo por locura en todas las culturas? El tab\u00fa impuesto sobre este tema en nuestra sociedad, supuestamente abierta y tolerante, nos priva de entender la locura, de comprender su relaci\u00f3n con nuestro mundo social. Vemos que cada vez hay m\u00e1s malestar, depresi\u00f3n, angustia? la causa est\u00e1 en el entorno que vivimos y que interiorizamos. Saber reconocer la opresi\u00f3n sufrida es necesario para liberarse y darse cuenta de que este malestar es algo muy extendido.<\/p>\n<p>La locura tiene mucho que ver con la soledad y la incomunicaci\u00f3n, con una vida en la que la precariedad ps\u00edquica, social y laboral repercuten la una sobre la otra. La imagen que toma hoy la psiquiatr\u00eda no es tanto la del sujeto encerrado y atado a una cama (aunque esto sigue ocurriendo), sino la medicaci\u00f3n masiva de la sociedad. La psiquiatr\u00eda reduce las enfermedades mentales a un problema org\u00e1nico o neurol\u00f3gico, y propone unas instancias de socializaci\u00f3n terap\u00e9utica que sirven para domesticar a los que considera inadaptados, recomponi\u00e9ndoles un perfil de personalidad adecuado a las normas sociales dominantes.<\/p>\n<p>En los a\u00f1os 60 y 70, en pleno auge de la contracultura y las alternativas al estilo de vida capitalista, se desarroll\u00f3 una nueva forma, com\u00fan a otra culturas, de comprender el sufrimiento ps\u00edquico, y tambi\u00e9n la locura como un proceso dial\u00e9ctico de reconfiguraci\u00f3n personal, para encontrar un camino propio; una rebeli\u00f3n, individual y a menudo desesperada, contra una vida insoportable, pero que tiene salida. Y se llevaron a cabo proyectos basados en comunidades terap\u00e9uticas horizontales, con resultados sorprendentes por ejemplo sobre la esquizofrenia. Este movimiento (la antipsiquiatr\u00eda) no lucha solo contra la psiquiatr\u00eda hegem\u00f3nica, sino contra la sociedad en la que esta se inscribe: una sociedad alienante, castradora y una forma de pensar masificada, impuesta. La antipsiquiatr\u00eda se postula contra las sublimaciones de la opresi\u00f3n en diferido.<\/p>\n<p>Esta antolog\u00eda est\u00e1 concebida para dar al lector una perspectiva amplia de las ideas de aquel momento tan potente, ideas que vuelven a estar de actualidad; y aborda temas propios de la contracultura, como la familia, el desarrollo personal, la autonom\u00eda colectiva, la relaci\u00f3n individuo-sociedad, o instituci\u00f3n-poder. Es una selecci\u00f3n de escritos de diferentes autores, de las corrientes cr\u00edticas m\u00e1s representativas: Basaglia, Laing, Schatzman, Goffman, Guattari, Castel o Foucault. Y en esta edici\u00f3n, tambi\u00e9n otros como Artaud, Casilda Rodrig\u00e1\u00f1ez o el poeta Leopoldo Mar\u00eda Panero. Una buena introducci\u00f3n para entender la relaci\u00f3n que hay entre el malestar personal y el social.<\/p>\n","protected":false},"excerpt":{"rendered":"<p><strong>vvaa<\/strong><br \/>\n9788485209354 &#8211; Irrecuperables &#8211; 2022 &#8211; 358 p\u00e1ginas \/orri.<\/p>\n","protected":false},"featured_media":11700,"template":"","meta":[],"product_brand":[],"product_cat":[16,182],"product_tag":[2960],"class_list":{"0":"post-11670","1":"product","2":"type-product","3":"status-publish","4":"has-post-thumbnail","6":"product_cat-libros","7":"product_cat-osasuna-salud","8":"product_tag-irrecuperables","10":"first","11":"instock","12":"sold-individually","13":"shipping-taxable","14":"purchasable","15":"product-type-simple"},"yoast_head":"<!-- This site is optimized with the Yoast SEO plugin v27.3 - https:\/\/yoast.com\/product\/yoast-seo-wordpress\/ -->\n<title>LA OTRA LOCURA Salud mental, sufrimiento psiquico y sociedad &#8212; Zapateneo<\/title>\n<meta name=\"robots\" content=\"index, follow, max-snippet:-1, max-image-preview:large, max-video-preview:-1\" \/>\n<link rel=\"canonical\" href=\"https:\/\/zapateneo.net\/wordpress\/index.php\/producto\/la-otra-locura-salud-mental-sufrimiento-psiquico-y-sociedad\/\" \/>\n<meta property=\"og:locale\" content=\"es_ES\" \/>\n<meta property=\"og:type\" content=\"article\" \/>\n<meta property=\"og:title\" content=\"LA OTRA LOCURA Salud mental, sufrimiento psiquico y sociedad &#8212; Zapateneo\" \/>\n<meta property=\"og:description\" content=\"vvaa 9788485209354 - Irrecuperables - 2022 - 358 p\u00e1ginas \/orri.\" \/>\n<meta property=\"og:url\" content=\"https:\/\/zapateneo.net\/wordpress\/index.php\/producto\/la-otra-locura-salud-mental-sufrimiento-psiquico-y-sociedad\/\" \/>\n<meta property=\"og:site_name\" content=\"Zapateneo\" \/>\n<meta property=\"article:modified_time\" content=\"2022-07-07T07:06:24+00:00\" \/>\n<meta name=\"twitter:card\" content=\"summary_large_image\" \/>\n<meta name=\"twitter:site\" content=\"@zapateneo\" \/>\n<meta name=\"twitter:label1\" content=\"Tiempo de lectura\" \/>\n\t<meta name=\"twitter:data1\" content=\"2 minutos\" \/>\n<script type=\"application\/ld+json\" class=\"yoast-schema-graph\">{\"@context\":\"https:\\\/\\\/schema.org\",\"@graph\":[{\"@type\":\"WebPage\",\"@id\":\"https:\\\/\\\/zapateneo.net\\\/wordpress\\\/index.php\\\/producto\\\/la-otra-locura-salud-mental-sufrimiento-psiquico-y-sociedad\\\/\",\"url\":\"https:\\\/\\\/zapateneo.net\\\/wordpress\\\/index.php\\\/producto\\\/la-otra-locura-salud-mental-sufrimiento-psiquico-y-sociedad\\\/\",\"name\":\"LA OTRA LOCURA Salud mental, sufrimiento psiquico y sociedad &#8212; Zapateneo\",\"isPartOf\":{\"@id\":\"https:\\\/\\\/zapateneo.net\\\/wordpress\\\/#website\"},\"primaryImageOfPage\":{\"@id\":\"https:\\\/\\\/zapateneo.net\\\/wordpress\\\/index.php\\\/producto\\\/la-otra-locura-salud-mental-sufrimiento-psiquico-y-sociedad\\\/#primaryimage\"},\"image\":{\"@id\":\"https:\\\/\\\/zapateneo.net\\\/wordpress\\\/index.php\\\/producto\\\/la-otra-locura-salud-mental-sufrimiento-psiquico-y-sociedad\\\/#primaryimage\"},\"thumbnailUrl\":\"https:\\\/\\\/zapateneo.net\\\/wordpress\\\/wp-content\\\/uploads\\\/2022\\\/07\\\/la-otra-locura.png\",\"datePublished\":\"2022-07-07T07:06:12+00:00\",\"dateModified\":\"2022-07-07T07:06:24+00:00\",\"breadcrumb\":{\"@id\":\"https:\\\/\\\/zapateneo.net\\\/wordpress\\\/index.php\\\/producto\\\/la-otra-locura-salud-mental-sufrimiento-psiquico-y-sociedad\\\/#breadcrumb\"},\"inLanguage\":\"es\",\"potentialAction\":[{\"@type\":\"ReadAction\",\"target\":[\"https:\\\/\\\/zapateneo.net\\\/wordpress\\\/index.php\\\/producto\\\/la-otra-locura-salud-mental-sufrimiento-psiquico-y-sociedad\\\/\"]}]},{\"@type\":\"ImageObject\",\"inLanguage\":\"es\",\"@id\":\"https:\\\/\\\/zapateneo.net\\\/wordpress\\\/index.php\\\/producto\\\/la-otra-locura-salud-mental-sufrimiento-psiquico-y-sociedad\\\/#primaryimage\",\"url\":\"https:\\\/\\\/zapateneo.net\\\/wordpress\\\/wp-content\\\/uploads\\\/2022\\\/07\\\/la-otra-locura.png\",\"contentUrl\":\"https:\\\/\\\/zapateneo.net\\\/wordpress\\\/wp-content\\\/uploads\\\/2022\\\/07\\\/la-otra-locura.png\",\"width\":281,\"height\":400},{\"@type\":\"BreadcrumbList\",\"@id\":\"https:\\\/\\\/zapateneo.net\\\/wordpress\\\/index.php\\\/producto\\\/la-otra-locura-salud-mental-sufrimiento-psiquico-y-sociedad\\\/#breadcrumb\",\"itemListElement\":[{\"@type\":\"ListItem\",\"position\":1,\"name\":\"Portada\",\"item\":\"https:\\\/\\\/zapateneo.net\\\/wordpress\\\/\"},{\"@type\":\"ListItem\",\"position\":2,\"name\":\"Tienda\",\"item\":\"https:\\\/\\\/zapateneo.net\\\/wordpress\\\/\"},{\"@type\":\"ListItem\",\"position\":3,\"name\":\"LA OTRA LOCURA Salud mental, sufrimiento psiquico y sociedad\"}]},{\"@type\":\"WebSite\",\"@id\":\"https:\\\/\\\/zapateneo.net\\\/wordpress\\\/#website\",\"url\":\"https:\\\/\\\/zapateneo.net\\\/wordpress\\\/\",\"name\":\"Zapateneo\",\"description\":\"Zapateneoaren webgunea\",\"publisher\":{\"@id\":\"https:\\\/\\\/zapateneo.net\\\/wordpress\\\/#organization\"},\"potentialAction\":[{\"@type\":\"SearchAction\",\"target\":{\"@type\":\"EntryPoint\",\"urlTemplate\":\"https:\\\/\\\/zapateneo.net\\\/wordpress\\\/?s={search_term_string}\"},\"query-input\":{\"@type\":\"PropertyValueSpecification\",\"valueRequired\":true,\"valueName\":\"search_term_string\"}}],\"inLanguage\":\"es\"},{\"@type\":\"Organization\",\"@id\":\"https:\\\/\\\/zapateneo.net\\\/wordpress\\\/#organization\",\"name\":\"Zapateneo Kultur Elkartea\",\"url\":\"https:\\\/\\\/zapateneo.net\\\/wordpress\\\/\",\"logo\":{\"@type\":\"ImageObject\",\"inLanguage\":\"es\",\"@id\":\"https:\\\/\\\/zapateneo.net\\\/wordpress\\\/#\\\/schema\\\/logo\\\/image\\\/\",\"url\":\"https:\\\/\\\/zapateneo.net\\\/wordpress\\\/wp-content\\\/uploads\\\/2021\\\/04\\\/zap-libu-kolec.jpg\",\"contentUrl\":\"https:\\\/\\\/zapateneo.net\\\/wordpress\\\/wp-content\\\/uploads\\\/2021\\\/04\\\/zap-libu-kolec.jpg\",\"width\":2234,\"height\":398,\"caption\":\"Zapateneo Kultur Elkartea\"},\"image\":{\"@id\":\"https:\\\/\\\/zapateneo.net\\\/wordpress\\\/#\\\/schema\\\/logo\\\/image\\\/\"},\"sameAs\":[\"https:\\\/\\\/x.com\\\/zapateneo\"]}]}<\/script>\n<!-- \/ Yoast SEO plugin. -->","yoast_head_json":{"title":"LA OTRA LOCURA Salud mental, sufrimiento psiquico y sociedad &#8212; Zapateneo","robots":{"index":"index","follow":"follow","max-snippet":"max-snippet:-1","max-image-preview":"max-image-preview:large","max-video-preview":"max-video-preview:-1"},"canonical":"https:\/\/zapateneo.net\/wordpress\/index.php\/producto\/la-otra-locura-salud-mental-sufrimiento-psiquico-y-sociedad\/","og_locale":"es_ES","og_type":"article","og_title":"LA OTRA LOCURA Salud mental, sufrimiento psiquico y sociedad &#8212; Zapateneo","og_description":"vvaa 9788485209354 - Irrecuperables - 2022 - 358 p\u00e1ginas \/orri.","og_url":"https:\/\/zapateneo.net\/wordpress\/index.php\/producto\/la-otra-locura-salud-mental-sufrimiento-psiquico-y-sociedad\/","og_site_name":"Zapateneo","article_modified_time":"2022-07-07T07:06:24+00:00","twitter_card":"summary_large_image","twitter_site":"@zapateneo","twitter_misc":{"Tiempo de lectura":"2 minutos"},"schema":{"@context":"https:\/\/schema.org","@graph":[{"@type":"WebPage","@id":"https:\/\/zapateneo.net\/wordpress\/index.php\/producto\/la-otra-locura-salud-mental-sufrimiento-psiquico-y-sociedad\/","url":"https:\/\/zapateneo.net\/wordpress\/index.php\/producto\/la-otra-locura-salud-mental-sufrimiento-psiquico-y-sociedad\/","name":"LA OTRA LOCURA Salud mental, sufrimiento psiquico y sociedad &#8212; Zapateneo","isPartOf":{"@id":"https:\/\/zapateneo.net\/wordpress\/#website"},"primaryImageOfPage":{"@id":"https:\/\/zapateneo.net\/wordpress\/index.php\/producto\/la-otra-locura-salud-mental-sufrimiento-psiquico-y-sociedad\/#primaryimage"},"image":{"@id":"https:\/\/zapateneo.net\/wordpress\/index.php\/producto\/la-otra-locura-salud-mental-sufrimiento-psiquico-y-sociedad\/#primaryimage"},"thumbnailUrl":"https:\/\/zapateneo.net\/wordpress\/wp-content\/uploads\/2022\/07\/la-otra-locura.png","datePublished":"2022-07-07T07:06:12+00:00","dateModified":"2022-07-07T07:06:24+00:00","breadcrumb":{"@id":"https:\/\/zapateneo.net\/wordpress\/index.php\/producto\/la-otra-locura-salud-mental-sufrimiento-psiquico-y-sociedad\/#breadcrumb"},"inLanguage":"es","potentialAction":[{"@type":"ReadAction","target":["https:\/\/zapateneo.net\/wordpress\/index.php\/producto\/la-otra-locura-salud-mental-sufrimiento-psiquico-y-sociedad\/"]}]},{"@type":"ImageObject","inLanguage":"es","@id":"https:\/\/zapateneo.net\/wordpress\/index.php\/producto\/la-otra-locura-salud-mental-sufrimiento-psiquico-y-sociedad\/#primaryimage","url":"https:\/\/zapateneo.net\/wordpress\/wp-content\/uploads\/2022\/07\/la-otra-locura.png","contentUrl":"https:\/\/zapateneo.net\/wordpress\/wp-content\/uploads\/2022\/07\/la-otra-locura.png","width":281,"height":400},{"@type":"BreadcrumbList","@id":"https:\/\/zapateneo.net\/wordpress\/index.php\/producto\/la-otra-locura-salud-mental-sufrimiento-psiquico-y-sociedad\/#breadcrumb","itemListElement":[{"@type":"ListItem","position":1,"name":"Portada","item":"https:\/\/zapateneo.net\/wordpress\/"},{"@type":"ListItem","position":2,"name":"Tienda","item":"https:\/\/zapateneo.net\/wordpress\/"},{"@type":"ListItem","position":3,"name":"LA OTRA LOCURA Salud mental, sufrimiento psiquico y sociedad"}]},{"@type":"WebSite","@id":"https:\/\/zapateneo.net\/wordpress\/#website","url":"https:\/\/zapateneo.net\/wordpress\/","name":"Zapateneo","description":"Zapateneoaren webgunea","publisher":{"@id":"https:\/\/zapateneo.net\/wordpress\/#organization"},"potentialAction":[{"@type":"SearchAction","target":{"@type":"EntryPoint","urlTemplate":"https:\/\/zapateneo.net\/wordpress\/?s={search_term_string}"},"query-input":{"@type":"PropertyValueSpecification","valueRequired":true,"valueName":"search_term_string"}}],"inLanguage":"es"},{"@type":"Organization","@id":"https:\/\/zapateneo.net\/wordpress\/#organization","name":"Zapateneo Kultur Elkartea","url":"https:\/\/zapateneo.net\/wordpress\/","logo":{"@type":"ImageObject","inLanguage":"es","@id":"https:\/\/zapateneo.net\/wordpress\/#\/schema\/logo\/image\/","url":"https:\/\/zapateneo.net\/wordpress\/wp-content\/uploads\/2021\/04\/zap-libu-kolec.jpg","contentUrl":"https:\/\/zapateneo.net\/wordpress\/wp-content\/uploads\/2021\/04\/zap-libu-kolec.jpg","width":2234,"height":398,"caption":"Zapateneo Kultur Elkartea"},"image":{"@id":"https:\/\/zapateneo.net\/wordpress\/#\/schema\/logo\/image\/"},"sameAs":["https:\/\/x.com\/zapateneo"]}]}},"_links":{"self":[{"href":"https:\/\/zapateneo.net\/wordpress\/index.php\/wp-json\/wp\/v2\/product\/11670","targetHints":{"allow":["GET"]}}],"collection":[{"href":"https:\/\/zapateneo.net\/wordpress\/index.php\/wp-json\/wp\/v2\/product"}],"about":[{"href":"https:\/\/zapateneo.net\/wordpress\/index.php\/wp-json\/wp\/v2\/types\/product"}],"wp:featuredmedia":[{"embeddable":true,"href":"https:\/\/zapateneo.net\/wordpress\/index.php\/wp-json\/wp\/v2\/media\/11700"}],"wp:attachment":[{"href":"https:\/\/zapateneo.net\/wordpress\/index.php\/wp-json\/wp\/v2\/media?parent=11670"}],"wp:term":[{"taxonomy":"product_brand","embeddable":true,"href":"https:\/\/zapateneo.net\/wordpress\/index.php\/wp-json\/wp\/v2\/product_brand?post=11670"},{"taxonomy":"product_cat","embeddable":true,"href":"https:\/\/zapateneo.net\/wordpress\/index.php\/wp-json\/wp\/v2\/product_cat?post=11670"},{"taxonomy":"product_tag","embeddable":true,"href":"https:\/\/zapateneo.net\/wordpress\/index.php\/wp-json\/wp\/v2\/product_tag?post=11670"}],"curies":[{"name":"wp","href":"https:\/\/api.w.org\/{rel}","templated":true}]}}