{"id":11668,"date":"2022-07-07T08:06:11","date_gmt":"2022-07-07T07:06:11","guid":{"rendered":"https:\/\/zapateneo.net\/wordpress\/?post_type=product&#038;p=11668"},"modified":"2022-07-07T08:06:22","modified_gmt":"2022-07-07T07:06:22","slug":"los-derechos-de-la-tierra-una-propuesta-de-constitucion","status":"publish","type":"product","link":"https:\/\/zapateneo.net\/wordpress\/index.php\/producto\/los-derechos-de-la-tierra-una-propuesta-de-constitucion\/","title":{"rendered":"LOS DERECHOS DE LA TIERRA Una propuesta de Constituci\u00f3n"},"content":{"rendered":"<p>El exjuez del Tribunal Supremo Jos\u00e9 Antonio Mart\u00edn Pall\u00edn, que fue el primer magistrado en dictar una sentencia por delito ecol\u00f3gico en Espa\u00f1a, esboza y propone en este libro una Constituci\u00f3n para proteger el planeta y rinde tributo al movimiento ecologista y a sus queridos amigos y maestros St\u00e9phane Hessel y Jos\u00e9 Luis Sampedro.<\/p>\n<p>Jos\u00e9 Antonio Mart\u00edn Pall\u00edn (A Coru\u00f1a, 1936) ha desempe\u00f1ado su actividad profesional en la Fiscal\u00eda del Tribunal Supremo de donde pas\u00f3 a Magistrado de la Sala Segunda de lo Penal del Tribunal Supremo. Es el Comisionado espa\u00f1ol de la Comisi\u00f3n Internacional de Juristas con sede en Ginebra. En su desempe\u00f1o como magistrado del Supremo tuvo la oportunidad de dictar la primera sentencia que se pronunci\u00f3 en Espa\u00f1a sobre un delito contra el medio ambiente, provocado por una central t\u00e9rmica que produc\u00eda lluvia \u00e1cida. A partir de esa primera resoluci\u00f3n ha pronunciado bastantes m\u00e1s sobre la misma materia. Ha asistido como invitado a la Cumbre mundial de los pueblos sobre el cambio clim\u00e1tico celebrada en Cochabamba (Bolivia). Es miembro del Gabinete cient\u00edfico de la Reserva de la Biosfera de Lanzarote. Dedica el libro a sus amigos St\u00e9phane Hessel y Jos\u00e9 Luis Sampedro a los que admira por su capacidad de indignarse y reaccionar contra las injusticias y los ataques a la vida y los derechos de las personas<\/p>\n<p>Pr\u00f3logo de Yayo Herrero<\/p>\n","protected":false},"excerpt":{"rendered":"<p><strong>Jos\u00e9 Antonio Mart\u00edn Pall\u00edn<\/strong><br \/>\n9788412524123 &#8211; CTXT &#8211; 2022 &#8211; 92 p\u00e1ginas \/orri.<\/p>\n","protected":false},"featured_media":11698,"template":"","meta":[],"product_brand":[],"product_cat":[180,16],"product_tag":[5666,5665],"class_list":{"0":"post-11668","1":"product","2":"type-product","3":"status-publish","4":"has-post-thumbnail","6":"product_cat-ekologia-ecologia","7":"product_cat-libros","8":"product_tag-ctxt","9":"product_tag-jose-antonio-martin-pallin","11":"first","12":"instock","13":"sold-individually","14":"shipping-taxable","15":"purchasable","16":"product-type-simple"},"yoast_head":"<!-- This site is optimized with the Yoast SEO plugin v27.3 - https:\/\/yoast.com\/product\/yoast-seo-wordpress\/ -->\n<title>LOS DERECHOS DE LA TIERRA Una propuesta de Constituci\u00f3n &#8212; Zapateneo<\/title>\n<meta name=\"robots\" content=\"index, follow, max-snippet:-1, max-image-preview:large, max-video-preview:-1\" \/>\n<link rel=\"canonical\" href=\"https:\/\/zapateneo.net\/wordpress\/index.php\/producto\/los-derechos-de-la-tierra-una-propuesta-de-constitucion\/\" \/>\n<meta property=\"og:locale\" content=\"es_ES\" \/>\n<meta property=\"og:type\" content=\"article\" \/>\n<meta property=\"og:title\" content=\"LOS DERECHOS DE LA TIERRA Una propuesta de Constituci\u00f3n &#8212; Zapateneo\" \/>\n<meta property=\"og:description\" content=\"Jos\u00e9 Antonio Mart\u00edn Pall\u00edn 9788412524123 - CTXT - 2022 - 92 p\u00e1ginas \/orri.\" \/>\n<meta property=\"og:url\" content=\"https:\/\/zapateneo.net\/wordpress\/index.php\/producto\/los-derechos-de-la-tierra-una-propuesta-de-constitucion\/\" \/>\n<meta property=\"og:site_name\" content=\"Zapateneo\" \/>\n<meta property=\"article:modified_time\" content=\"2022-07-07T07:06:22+00:00\" \/>\n<meta name=\"twitter:card\" content=\"summary_large_image\" \/>\n<meta name=\"twitter:site\" content=\"@zapateneo\" \/>\n<meta name=\"twitter:label1\" content=\"Tiempo de lectura\" \/>\n\t<meta name=\"twitter:data1\" content=\"1 minuto\" \/>\n<script type=\"application\/ld+json\" class=\"yoast-schema-graph\">{\"@context\":\"https:\\\/\\\/schema.org\",\"@graph\":[{\"@type\":\"WebPage\",\"@id\":\"https:\\\/\\\/zapateneo.net\\\/wordpress\\\/index.php\\\/producto\\\/los-derechos-de-la-tierra-una-propuesta-de-constitucion\\\/\",\"url\":\"https:\\\/\\\/zapateneo.net\\\/wordpress\\\/index.php\\\/producto\\\/los-derechos-de-la-tierra-una-propuesta-de-constitucion\\\/\",\"name\":\"LOS DERECHOS DE LA TIERRA Una propuesta de Constituci\u00f3n &#8212; Zapateneo\",\"isPartOf\":{\"@id\":\"https:\\\/\\\/zapateneo.net\\\/wordpress\\\/#website\"},\"primaryImageOfPage\":{\"@id\":\"https:\\\/\\\/zapateneo.net\\\/wordpress\\\/index.php\\\/producto\\\/los-derechos-de-la-tierra-una-propuesta-de-constitucion\\\/#primaryimage\"},\"image\":{\"@id\":\"https:\\\/\\\/zapateneo.net\\\/wordpress\\\/index.php\\\/producto\\\/los-derechos-de-la-tierra-una-propuesta-de-constitucion\\\/#primaryimage\"},\"thumbnailUrl\":\"https:\\\/\\\/zapateneo.net\\\/wordpress\\\/wp-content\\\/uploads\\\/2022\\\/07\\\/los-derechos-de-la-tierra.jpg\",\"datePublished\":\"2022-07-07T07:06:11+00:00\",\"dateModified\":\"2022-07-07T07:06:22+00:00\",\"breadcrumb\":{\"@id\":\"https:\\\/\\\/zapateneo.net\\\/wordpress\\\/index.php\\\/producto\\\/los-derechos-de-la-tierra-una-propuesta-de-constitucion\\\/#breadcrumb\"},\"inLanguage\":\"es\",\"potentialAction\":[{\"@type\":\"ReadAction\",\"target\":[\"https:\\\/\\\/zapateneo.net\\\/wordpress\\\/index.php\\\/producto\\\/los-derechos-de-la-tierra-una-propuesta-de-constitucion\\\/\"]}]},{\"@type\":\"ImageObject\",\"inLanguage\":\"es\",\"@id\":\"https:\\\/\\\/zapateneo.net\\\/wordpress\\\/index.php\\\/producto\\\/los-derechos-de-la-tierra-una-propuesta-de-constitucion\\\/#primaryimage\",\"url\":\"https:\\\/\\\/zapateneo.net\\\/wordpress\\\/wp-content\\\/uploads\\\/2022\\\/07\\\/los-derechos-de-la-tierra.jpg\",\"contentUrl\":\"https:\\\/\\\/zapateneo.net\\\/wordpress\\\/wp-content\\\/uploads\\\/2022\\\/07\\\/los-derechos-de-la-tierra.jpg\",\"width\":263,\"height\":400},{\"@type\":\"BreadcrumbList\",\"@id\":\"https:\\\/\\\/zapateneo.net\\\/wordpress\\\/index.php\\\/producto\\\/los-derechos-de-la-tierra-una-propuesta-de-constitucion\\\/#breadcrumb\",\"itemListElement\":[{\"@type\":\"ListItem\",\"position\":1,\"name\":\"Portada\",\"item\":\"https:\\\/\\\/zapateneo.net\\\/wordpress\\\/\"},{\"@type\":\"ListItem\",\"position\":2,\"name\":\"Tienda\",\"item\":\"https:\\\/\\\/zapateneo.net\\\/wordpress\\\/\"},{\"@type\":\"ListItem\",\"position\":3,\"name\":\"LOS DERECHOS DE LA TIERRA Una propuesta de Constituci\u00f3n\"}]},{\"@type\":\"WebSite\",\"@id\":\"https:\\\/\\\/zapateneo.net\\\/wordpress\\\/#website\",\"url\":\"https:\\\/\\\/zapateneo.net\\\/wordpress\\\/\",\"name\":\"Zapateneo\",\"description\":\"Zapateneoaren webgunea\",\"publisher\":{\"@id\":\"https:\\\/\\\/zapateneo.net\\\/wordpress\\\/#organization\"},\"potentialAction\":[{\"@type\":\"SearchAction\",\"target\":{\"@type\":\"EntryPoint\",\"urlTemplate\":\"https:\\\/\\\/zapateneo.net\\\/wordpress\\\/?s={search_term_string}\"},\"query-input\":{\"@type\":\"PropertyValueSpecification\",\"valueRequired\":true,\"valueName\":\"search_term_string\"}}],\"inLanguage\":\"es\"},{\"@type\":\"Organization\",\"@id\":\"https:\\\/\\\/zapateneo.net\\\/wordpress\\\/#organization\",\"name\":\"Zapateneo Kultur Elkartea\",\"url\":\"https:\\\/\\\/zapateneo.net\\\/wordpress\\\/\",\"logo\":{\"@type\":\"ImageObject\",\"inLanguage\":\"es\",\"@id\":\"https:\\\/\\\/zapateneo.net\\\/wordpress\\\/#\\\/schema\\\/logo\\\/image\\\/\",\"url\":\"https:\\\/\\\/zapateneo.net\\\/wordpress\\\/wp-content\\\/uploads\\\/2021\\\/04\\\/zap-libu-kolec.jpg\",\"contentUrl\":\"https:\\\/\\\/zapateneo.net\\\/wordpress\\\/wp-content\\\/uploads\\\/2021\\\/04\\\/zap-libu-kolec.jpg\",\"width\":2234,\"height\":398,\"caption\":\"Zapateneo Kultur Elkartea\"},\"image\":{\"@id\":\"https:\\\/\\\/zapateneo.net\\\/wordpress\\\/#\\\/schema\\\/logo\\\/image\\\/\"},\"sameAs\":[\"https:\\\/\\\/x.com\\\/zapateneo\"]}]}<\/script>\n<!-- \/ Yoast SEO plugin. -->","yoast_head_json":{"title":"LOS DERECHOS DE LA TIERRA Una propuesta de Constituci\u00f3n &#8212; Zapateneo","robots":{"index":"index","follow":"follow","max-snippet":"max-snippet:-1","max-image-preview":"max-image-preview:large","max-video-preview":"max-video-preview:-1"},"canonical":"https:\/\/zapateneo.net\/wordpress\/index.php\/producto\/los-derechos-de-la-tierra-una-propuesta-de-constitucion\/","og_locale":"es_ES","og_type":"article","og_title":"LOS DERECHOS DE LA TIERRA Una propuesta de Constituci\u00f3n &#8212; Zapateneo","og_description":"Jos\u00e9 Antonio Mart\u00edn Pall\u00edn 9788412524123 - CTXT - 2022 - 92 p\u00e1ginas \/orri.","og_url":"https:\/\/zapateneo.net\/wordpress\/index.php\/producto\/los-derechos-de-la-tierra-una-propuesta-de-constitucion\/","og_site_name":"Zapateneo","article_modified_time":"2022-07-07T07:06:22+00:00","twitter_card":"summary_large_image","twitter_site":"@zapateneo","twitter_misc":{"Tiempo de lectura":"1 minuto"},"schema":{"@context":"https:\/\/schema.org","@graph":[{"@type":"WebPage","@id":"https:\/\/zapateneo.net\/wordpress\/index.php\/producto\/los-derechos-de-la-tierra-una-propuesta-de-constitucion\/","url":"https:\/\/zapateneo.net\/wordpress\/index.php\/producto\/los-derechos-de-la-tierra-una-propuesta-de-constitucion\/","name":"LOS DERECHOS DE LA TIERRA Una propuesta de Constituci\u00f3n &#8212; Zapateneo","isPartOf":{"@id":"https:\/\/zapateneo.net\/wordpress\/#website"},"primaryImageOfPage":{"@id":"https:\/\/zapateneo.net\/wordpress\/index.php\/producto\/los-derechos-de-la-tierra-una-propuesta-de-constitucion\/#primaryimage"},"image":{"@id":"https:\/\/zapateneo.net\/wordpress\/index.php\/producto\/los-derechos-de-la-tierra-una-propuesta-de-constitucion\/#primaryimage"},"thumbnailUrl":"https:\/\/zapateneo.net\/wordpress\/wp-content\/uploads\/2022\/07\/los-derechos-de-la-tierra.jpg","datePublished":"2022-07-07T07:06:11+00:00","dateModified":"2022-07-07T07:06:22+00:00","breadcrumb":{"@id":"https:\/\/zapateneo.net\/wordpress\/index.php\/producto\/los-derechos-de-la-tierra-una-propuesta-de-constitucion\/#breadcrumb"},"inLanguage":"es","potentialAction":[{"@type":"ReadAction","target":["https:\/\/zapateneo.net\/wordpress\/index.php\/producto\/los-derechos-de-la-tierra-una-propuesta-de-constitucion\/"]}]},{"@type":"ImageObject","inLanguage":"es","@id":"https:\/\/zapateneo.net\/wordpress\/index.php\/producto\/los-derechos-de-la-tierra-una-propuesta-de-constitucion\/#primaryimage","url":"https:\/\/zapateneo.net\/wordpress\/wp-content\/uploads\/2022\/07\/los-derechos-de-la-tierra.jpg","contentUrl":"https:\/\/zapateneo.net\/wordpress\/wp-content\/uploads\/2022\/07\/los-derechos-de-la-tierra.jpg","width":263,"height":400},{"@type":"BreadcrumbList","@id":"https:\/\/zapateneo.net\/wordpress\/index.php\/producto\/los-derechos-de-la-tierra-una-propuesta-de-constitucion\/#breadcrumb","itemListElement":[{"@type":"ListItem","position":1,"name":"Portada","item":"https:\/\/zapateneo.net\/wordpress\/"},{"@type":"ListItem","position":2,"name":"Tienda","item":"https:\/\/zapateneo.net\/wordpress\/"},{"@type":"ListItem","position":3,"name":"LOS DERECHOS DE LA TIERRA Una propuesta de Constituci\u00f3n"}]},{"@type":"WebSite","@id":"https:\/\/zapateneo.net\/wordpress\/#website","url":"https:\/\/zapateneo.net\/wordpress\/","name":"Zapateneo","description":"Zapateneoaren webgunea","publisher":{"@id":"https:\/\/zapateneo.net\/wordpress\/#organization"},"potentialAction":[{"@type":"SearchAction","target":{"@type":"EntryPoint","urlTemplate":"https:\/\/zapateneo.net\/wordpress\/?s={search_term_string}"},"query-input":{"@type":"PropertyValueSpecification","valueRequired":true,"valueName":"search_term_string"}}],"inLanguage":"es"},{"@type":"Organization","@id":"https:\/\/zapateneo.net\/wordpress\/#organization","name":"Zapateneo Kultur Elkartea","url":"https:\/\/zapateneo.net\/wordpress\/","logo":{"@type":"ImageObject","inLanguage":"es","@id":"https:\/\/zapateneo.net\/wordpress\/#\/schema\/logo\/image\/","url":"https:\/\/zapateneo.net\/wordpress\/wp-content\/uploads\/2021\/04\/zap-libu-kolec.jpg","contentUrl":"https:\/\/zapateneo.net\/wordpress\/wp-content\/uploads\/2021\/04\/zap-libu-kolec.jpg","width":2234,"height":398,"caption":"Zapateneo Kultur Elkartea"},"image":{"@id":"https:\/\/zapateneo.net\/wordpress\/#\/schema\/logo\/image\/"},"sameAs":["https:\/\/x.com\/zapateneo"]}]}},"_links":{"self":[{"href":"https:\/\/zapateneo.net\/wordpress\/index.php\/wp-json\/wp\/v2\/product\/11668","targetHints":{"allow":["GET"]}}],"collection":[{"href":"https:\/\/zapateneo.net\/wordpress\/index.php\/wp-json\/wp\/v2\/product"}],"about":[{"href":"https:\/\/zapateneo.net\/wordpress\/index.php\/wp-json\/wp\/v2\/types\/product"}],"wp:featuredmedia":[{"embeddable":true,"href":"https:\/\/zapateneo.net\/wordpress\/index.php\/wp-json\/wp\/v2\/media\/11698"}],"wp:attachment":[{"href":"https:\/\/zapateneo.net\/wordpress\/index.php\/wp-json\/wp\/v2\/media?parent=11668"}],"wp:term":[{"taxonomy":"product_brand","embeddable":true,"href":"https:\/\/zapateneo.net\/wordpress\/index.php\/wp-json\/wp\/v2\/product_brand?post=11668"},{"taxonomy":"product_cat","embeddable":true,"href":"https:\/\/zapateneo.net\/wordpress\/index.php\/wp-json\/wp\/v2\/product_cat?post=11668"},{"taxonomy":"product_tag","embeddable":true,"href":"https:\/\/zapateneo.net\/wordpress\/index.php\/wp-json\/wp\/v2\/product_tag?post=11668"}],"curies":[{"name":"wp","href":"https:\/\/api.w.org\/{rel}","templated":true}]}}