{"id":11222,"date":"2022-05-29T17:39:37","date_gmt":"2022-05-29T16:39:37","guid":{"rendered":"https:\/\/zapateneo.net\/wordpress\/?post_type=product&#038;p=11222"},"modified":"2022-05-29T17:39:47","modified_gmt":"2022-05-29T16:39:47","slug":"los-olvidados-ficcion-de-un-proletariado-reaccionario","status":"publish","type":"product","link":"https:\/\/zapateneo.net\/wordpress\/index.php\/producto\/los-olvidados-ficcion-de-un-proletariado-reaccionario\/","title":{"rendered":"LOS OLVIDADOS Ficci\u00f3n de un proletariado reaccionario"},"content":{"rendered":"<p>En una \u00e9poca marcada por los intentos frustrados de transformaci\u00f3n social, y desde un afecto de desesperanza y cancelaci\u00f3n del futuro, proliferan discursos que acusan a la izquierda de haber abandonado a la clase trabajadora y desatendido la politizaci\u00f3n de la cuesti\u00f3n social. La lucha de clases, los problemas econ\u00f3micos y las preocupaciones materiales habr\u00edan sido sustituidas por las pol\u00edticas de la identidad y las luchas por el reconocimiento. Se se\u00f1ala una complicidad entre la llamada \u2018izquierda cultural\u2019 y el neoliberalismo. Y quienes han quedado excluidos de esta alianza progre reciben el nombre de los olvidados, los perdedores de la globalizaci\u00f3n, quienes quedaron en los m\u00e1rgenes en la Am\u00e9rica desindustrializada del Detroit, en la Francia perif\u00e9rica, en la Espa\u00f1a vac\u00eda o en la Inglaterra rural.<\/p>\n<p>Este ensayo se propone atender a la coartada reaccionaria que se esconde tras estos planteamientos. Los olvidados son presentados como una imagen en la que parece vivir aun cierta pureza y evidencia proletaria. Pero se trata de una superficie de inscripci\u00f3n de odios y resentimientos. Contrario a este conservadurismo sensible, necesitamos trazar nuevos imaginarios que den cuenta de la fragilidad identitaria de nuestras sociedades luego de la larga traves\u00eda que nos leg\u00f3 la derrota obrera del siglo pasado, y sus hilos latentes a\u00fan por descubrir.<\/p>\n<p>Antonio G\u00f3mez Villar es profesor de Filosof\u00eda en la Universitat de Barcelona (UB). Sus principales l\u00edneas de investigaci\u00f3n tienen que ver con los modos en que se ha redefinido el campo conceptual de recomposici\u00f3n de clase atendiendo a la transformaci\u00f3n de las subjetividades y las nuevas relaciones culturales y pol\u00edticas; y con el an\u00e1lisis de los repertorios de acci\u00f3n colectiva desde una perspectiva antagonista. Es autor del libro E. Laclau y Ch. Mouffe: hegemon\u00eda i populismo (Gedisa, 2021); y editor de los libros Maradona, un mito plebeyo (Ned, 2021); Working Dead. Escenarios del postrabajo (La Virreina, 2019), junto a Mar\u00eda Ruido y Marta Echaves; y de Vidas da\u00f1adas. Austeridad y vulnerabilidad en la era de la austeridad (Artefakte, 2014), junto a Sonia Arribas.<\/p>\n","protected":false},"excerpt":{"rendered":"<p><strong>Antonio G\u00f3mez Villar<\/strong><br \/>\n9788419160058 &#8211; Bellaterra &#8211; 2022 &#8211; 250 p\u00e1ginas \/orri.<\/p>\n","protected":false},"featured_media":11241,"template":"","meta":[],"product_brand":[],"product_cat":[178,16],"product_tag":[5627,92],"class_list":{"0":"post-11222","1":"product","2":"type-product","3":"status-publish","4":"has-post-thumbnail","6":"product_cat-ekonomia-economia","7":"product_cat-libros","8":"product_tag-antonio-gomez-villar","9":"product_tag-bellaterra","11":"first","12":"instock","13":"sold-individually","14":"shipping-taxable","15":"purchasable","16":"product-type-simple"},"yoast_head":"<!-- This site is optimized with the Yoast SEO plugin v27.3 - https:\/\/yoast.com\/product\/yoast-seo-wordpress\/ -->\n<title>LOS OLVIDADOS Ficci\u00f3n de un proletariado reaccionario &#8212; Zapateneo<\/title>\n<meta name=\"robots\" content=\"index, follow, max-snippet:-1, max-image-preview:large, max-video-preview:-1\" \/>\n<link rel=\"canonical\" href=\"https:\/\/zapateneo.net\/wordpress\/index.php\/producto\/los-olvidados-ficcion-de-un-proletariado-reaccionario\/\" \/>\n<meta property=\"og:locale\" content=\"es_ES\" \/>\n<meta property=\"og:type\" content=\"article\" \/>\n<meta property=\"og:title\" content=\"LOS OLVIDADOS Ficci\u00f3n de un proletariado reaccionario &#8212; Zapateneo\" \/>\n<meta property=\"og:description\" content=\"Antonio G\u00f3mez Villar 9788419160058 - Bellaterra - 2022 - 250 p\u00e1ginas \/orri.\" \/>\n<meta property=\"og:url\" content=\"https:\/\/zapateneo.net\/wordpress\/index.php\/producto\/los-olvidados-ficcion-de-un-proletariado-reaccionario\/\" \/>\n<meta property=\"og:site_name\" content=\"Zapateneo\" \/>\n<meta property=\"article:modified_time\" content=\"2022-05-29T16:39:47+00:00\" \/>\n<meta name=\"twitter:card\" content=\"summary_large_image\" \/>\n<meta name=\"twitter:site\" content=\"@zapateneo\" \/>\n<meta name=\"twitter:label1\" content=\"Tiempo de lectura\" \/>\n\t<meta name=\"twitter:data1\" content=\"2 minutos\" \/>\n<script type=\"application\/ld+json\" class=\"yoast-schema-graph\">{\"@context\":\"https:\\\/\\\/schema.org\",\"@graph\":[{\"@type\":\"WebPage\",\"@id\":\"https:\\\/\\\/zapateneo.net\\\/wordpress\\\/index.php\\\/producto\\\/los-olvidados-ficcion-de-un-proletariado-reaccionario\\\/\",\"url\":\"https:\\\/\\\/zapateneo.net\\\/wordpress\\\/index.php\\\/producto\\\/los-olvidados-ficcion-de-un-proletariado-reaccionario\\\/\",\"name\":\"LOS OLVIDADOS Ficci\u00f3n de un proletariado reaccionario &#8212; Zapateneo\",\"isPartOf\":{\"@id\":\"https:\\\/\\\/zapateneo.net\\\/wordpress\\\/#website\"},\"primaryImageOfPage\":{\"@id\":\"https:\\\/\\\/zapateneo.net\\\/wordpress\\\/index.php\\\/producto\\\/los-olvidados-ficcion-de-un-proletariado-reaccionario\\\/#primaryimage\"},\"image\":{\"@id\":\"https:\\\/\\\/zapateneo.net\\\/wordpress\\\/index.php\\\/producto\\\/los-olvidados-ficcion-de-un-proletariado-reaccionario\\\/#primaryimage\"},\"thumbnailUrl\":\"https:\\\/\\\/zapateneo.net\\\/wordpress\\\/wp-content\\\/uploads\\\/2022\\\/05\\\/los-olvidados-9788419160058.jpg\",\"datePublished\":\"2022-05-29T16:39:37+00:00\",\"dateModified\":\"2022-05-29T16:39:47+00:00\",\"breadcrumb\":{\"@id\":\"https:\\\/\\\/zapateneo.net\\\/wordpress\\\/index.php\\\/producto\\\/los-olvidados-ficcion-de-un-proletariado-reaccionario\\\/#breadcrumb\"},\"inLanguage\":\"es\",\"potentialAction\":[{\"@type\":\"ReadAction\",\"target\":[\"https:\\\/\\\/zapateneo.net\\\/wordpress\\\/index.php\\\/producto\\\/los-olvidados-ficcion-de-un-proletariado-reaccionario\\\/\"]}]},{\"@type\":\"ImageObject\",\"inLanguage\":\"es\",\"@id\":\"https:\\\/\\\/zapateneo.net\\\/wordpress\\\/index.php\\\/producto\\\/los-olvidados-ficcion-de-un-proletariado-reaccionario\\\/#primaryimage\",\"url\":\"https:\\\/\\\/zapateneo.net\\\/wordpress\\\/wp-content\\\/uploads\\\/2022\\\/05\\\/los-olvidados-9788419160058.jpg\",\"contentUrl\":\"https:\\\/\\\/zapateneo.net\\\/wordpress\\\/wp-content\\\/uploads\\\/2022\\\/05\\\/los-olvidados-9788419160058.jpg\",\"width\":261,\"height\":400},{\"@type\":\"BreadcrumbList\",\"@id\":\"https:\\\/\\\/zapateneo.net\\\/wordpress\\\/index.php\\\/producto\\\/los-olvidados-ficcion-de-un-proletariado-reaccionario\\\/#breadcrumb\",\"itemListElement\":[{\"@type\":\"ListItem\",\"position\":1,\"name\":\"Portada\",\"item\":\"https:\\\/\\\/zapateneo.net\\\/wordpress\\\/\"},{\"@type\":\"ListItem\",\"position\":2,\"name\":\"Tienda\",\"item\":\"https:\\\/\\\/zapateneo.net\\\/wordpress\\\/\"},{\"@type\":\"ListItem\",\"position\":3,\"name\":\"LOS OLVIDADOS Ficci\u00f3n de un proletariado reaccionario\"}]},{\"@type\":\"WebSite\",\"@id\":\"https:\\\/\\\/zapateneo.net\\\/wordpress\\\/#website\",\"url\":\"https:\\\/\\\/zapateneo.net\\\/wordpress\\\/\",\"name\":\"Zapateneo\",\"description\":\"Zapateneoaren webgunea\",\"publisher\":{\"@id\":\"https:\\\/\\\/zapateneo.net\\\/wordpress\\\/#organization\"},\"potentialAction\":[{\"@type\":\"SearchAction\",\"target\":{\"@type\":\"EntryPoint\",\"urlTemplate\":\"https:\\\/\\\/zapateneo.net\\\/wordpress\\\/?s={search_term_string}\"},\"query-input\":{\"@type\":\"PropertyValueSpecification\",\"valueRequired\":true,\"valueName\":\"search_term_string\"}}],\"inLanguage\":\"es\"},{\"@type\":\"Organization\",\"@id\":\"https:\\\/\\\/zapateneo.net\\\/wordpress\\\/#organization\",\"name\":\"Zapateneo Kultur Elkartea\",\"url\":\"https:\\\/\\\/zapateneo.net\\\/wordpress\\\/\",\"logo\":{\"@type\":\"ImageObject\",\"inLanguage\":\"es\",\"@id\":\"https:\\\/\\\/zapateneo.net\\\/wordpress\\\/#\\\/schema\\\/logo\\\/image\\\/\",\"url\":\"https:\\\/\\\/zapateneo.net\\\/wordpress\\\/wp-content\\\/uploads\\\/2021\\\/04\\\/zap-libu-kolec.jpg\",\"contentUrl\":\"https:\\\/\\\/zapateneo.net\\\/wordpress\\\/wp-content\\\/uploads\\\/2021\\\/04\\\/zap-libu-kolec.jpg\",\"width\":2234,\"height\":398,\"caption\":\"Zapateneo Kultur Elkartea\"},\"image\":{\"@id\":\"https:\\\/\\\/zapateneo.net\\\/wordpress\\\/#\\\/schema\\\/logo\\\/image\\\/\"},\"sameAs\":[\"https:\\\/\\\/x.com\\\/zapateneo\"]}]}<\/script>\n<!-- \/ Yoast SEO plugin. -->","yoast_head_json":{"title":"LOS OLVIDADOS Ficci\u00f3n de un proletariado reaccionario &#8212; Zapateneo","robots":{"index":"index","follow":"follow","max-snippet":"max-snippet:-1","max-image-preview":"max-image-preview:large","max-video-preview":"max-video-preview:-1"},"canonical":"https:\/\/zapateneo.net\/wordpress\/index.php\/producto\/los-olvidados-ficcion-de-un-proletariado-reaccionario\/","og_locale":"es_ES","og_type":"article","og_title":"LOS OLVIDADOS Ficci\u00f3n de un proletariado reaccionario &#8212; Zapateneo","og_description":"Antonio G\u00f3mez Villar 9788419160058 - Bellaterra - 2022 - 250 p\u00e1ginas \/orri.","og_url":"https:\/\/zapateneo.net\/wordpress\/index.php\/producto\/los-olvidados-ficcion-de-un-proletariado-reaccionario\/","og_site_name":"Zapateneo","article_modified_time":"2022-05-29T16:39:47+00:00","twitter_card":"summary_large_image","twitter_site":"@zapateneo","twitter_misc":{"Tiempo de lectura":"2 minutos"},"schema":{"@context":"https:\/\/schema.org","@graph":[{"@type":"WebPage","@id":"https:\/\/zapateneo.net\/wordpress\/index.php\/producto\/los-olvidados-ficcion-de-un-proletariado-reaccionario\/","url":"https:\/\/zapateneo.net\/wordpress\/index.php\/producto\/los-olvidados-ficcion-de-un-proletariado-reaccionario\/","name":"LOS OLVIDADOS Ficci\u00f3n de un proletariado reaccionario &#8212; Zapateneo","isPartOf":{"@id":"https:\/\/zapateneo.net\/wordpress\/#website"},"primaryImageOfPage":{"@id":"https:\/\/zapateneo.net\/wordpress\/index.php\/producto\/los-olvidados-ficcion-de-un-proletariado-reaccionario\/#primaryimage"},"image":{"@id":"https:\/\/zapateneo.net\/wordpress\/index.php\/producto\/los-olvidados-ficcion-de-un-proletariado-reaccionario\/#primaryimage"},"thumbnailUrl":"https:\/\/zapateneo.net\/wordpress\/wp-content\/uploads\/2022\/05\/los-olvidados-9788419160058.jpg","datePublished":"2022-05-29T16:39:37+00:00","dateModified":"2022-05-29T16:39:47+00:00","breadcrumb":{"@id":"https:\/\/zapateneo.net\/wordpress\/index.php\/producto\/los-olvidados-ficcion-de-un-proletariado-reaccionario\/#breadcrumb"},"inLanguage":"es","potentialAction":[{"@type":"ReadAction","target":["https:\/\/zapateneo.net\/wordpress\/index.php\/producto\/los-olvidados-ficcion-de-un-proletariado-reaccionario\/"]}]},{"@type":"ImageObject","inLanguage":"es","@id":"https:\/\/zapateneo.net\/wordpress\/index.php\/producto\/los-olvidados-ficcion-de-un-proletariado-reaccionario\/#primaryimage","url":"https:\/\/zapateneo.net\/wordpress\/wp-content\/uploads\/2022\/05\/los-olvidados-9788419160058.jpg","contentUrl":"https:\/\/zapateneo.net\/wordpress\/wp-content\/uploads\/2022\/05\/los-olvidados-9788419160058.jpg","width":261,"height":400},{"@type":"BreadcrumbList","@id":"https:\/\/zapateneo.net\/wordpress\/index.php\/producto\/los-olvidados-ficcion-de-un-proletariado-reaccionario\/#breadcrumb","itemListElement":[{"@type":"ListItem","position":1,"name":"Portada","item":"https:\/\/zapateneo.net\/wordpress\/"},{"@type":"ListItem","position":2,"name":"Tienda","item":"https:\/\/zapateneo.net\/wordpress\/"},{"@type":"ListItem","position":3,"name":"LOS OLVIDADOS Ficci\u00f3n de un proletariado reaccionario"}]},{"@type":"WebSite","@id":"https:\/\/zapateneo.net\/wordpress\/#website","url":"https:\/\/zapateneo.net\/wordpress\/","name":"Zapateneo","description":"Zapateneoaren webgunea","publisher":{"@id":"https:\/\/zapateneo.net\/wordpress\/#organization"},"potentialAction":[{"@type":"SearchAction","target":{"@type":"EntryPoint","urlTemplate":"https:\/\/zapateneo.net\/wordpress\/?s={search_term_string}"},"query-input":{"@type":"PropertyValueSpecification","valueRequired":true,"valueName":"search_term_string"}}],"inLanguage":"es"},{"@type":"Organization","@id":"https:\/\/zapateneo.net\/wordpress\/#organization","name":"Zapateneo Kultur Elkartea","url":"https:\/\/zapateneo.net\/wordpress\/","logo":{"@type":"ImageObject","inLanguage":"es","@id":"https:\/\/zapateneo.net\/wordpress\/#\/schema\/logo\/image\/","url":"https:\/\/zapateneo.net\/wordpress\/wp-content\/uploads\/2021\/04\/zap-libu-kolec.jpg","contentUrl":"https:\/\/zapateneo.net\/wordpress\/wp-content\/uploads\/2021\/04\/zap-libu-kolec.jpg","width":2234,"height":398,"caption":"Zapateneo Kultur Elkartea"},"image":{"@id":"https:\/\/zapateneo.net\/wordpress\/#\/schema\/logo\/image\/"},"sameAs":["https:\/\/x.com\/zapateneo"]}]}},"_links":{"self":[{"href":"https:\/\/zapateneo.net\/wordpress\/index.php\/wp-json\/wp\/v2\/product\/11222","targetHints":{"allow":["GET"]}}],"collection":[{"href":"https:\/\/zapateneo.net\/wordpress\/index.php\/wp-json\/wp\/v2\/product"}],"about":[{"href":"https:\/\/zapateneo.net\/wordpress\/index.php\/wp-json\/wp\/v2\/types\/product"}],"wp:featuredmedia":[{"embeddable":true,"href":"https:\/\/zapateneo.net\/wordpress\/index.php\/wp-json\/wp\/v2\/media\/11241"}],"wp:attachment":[{"href":"https:\/\/zapateneo.net\/wordpress\/index.php\/wp-json\/wp\/v2\/media?parent=11222"}],"wp:term":[{"taxonomy":"product_brand","embeddable":true,"href":"https:\/\/zapateneo.net\/wordpress\/index.php\/wp-json\/wp\/v2\/product_brand?post=11222"},{"taxonomy":"product_cat","embeddable":true,"href":"https:\/\/zapateneo.net\/wordpress\/index.php\/wp-json\/wp\/v2\/product_cat?post=11222"},{"taxonomy":"product_tag","embeddable":true,"href":"https:\/\/zapateneo.net\/wordpress\/index.php\/wp-json\/wp\/v2\/product_tag?post=11222"}],"curies":[{"name":"wp","href":"https:\/\/api.w.org\/{rel}","templated":true}]}}