{"id":11126,"date":"2022-05-26T18:23:45","date_gmt":"2022-05-26T17:23:45","guid":{"rendered":"https:\/\/zapateneo.net\/wordpress\/?post_type=product&#038;p=11126"},"modified":"2022-05-26T18:23:53","modified_gmt":"2022-05-26T17:23:53","slug":"lecturas-monstruo-genero-y-disidencia-sexual-en-la-cultura-contemporanea","status":"publish","type":"product","link":"https:\/\/zapateneo.net\/wordpress\/index.php\/producto\/lecturas-monstruo-genero-y-disidencia-sexual-en-la-cultura-contemporanea\/","title":{"rendered":"LECTURAS MONSTRUO G\u00e9nero y disidencia sexual en la cultura contempor\u00e1nea"},"content":{"rendered":"<p>Lo monstruoso como categor\u00eda de an\u00e1lisis aplicada a propuestas culturales que abordan las construcciones sexo-gen\u00e9ricas y que dan espacio y visibilidad a las m\u00faltiples formas de disidencia sexual en la cultura contempor\u00e1nea: esa es la propuesta de este ensayo. Propuesta que no solo funciona en la \u00f3rbita de la teor\u00eda sino que ata\u00f1e un posicionamiento pol\u00edtico tambi\u00e9n. El monstruo como figura que desaf\u00eda los binarismos y desborda las clasificaciones y etiquetas, como clave para releer expresiones culturales que desestabilizan los binarismos y el cisheteropatriarcado, para abordar representaciones en las que la monstruosidad se convierte en un espacio de resignificaci\u00f3n de lo que la sociedad considera abyecto, enfermo, degenerado.<\/p>\n<p>A partir ah\u00ed se pretende dar cuenta de gestos culturales complejos que, por ejemplo, hacen de la \u00abenfermedad\u00bb un espacio de potencialidad vital, que transgreden constantemente los l\u00edmites binarios de ser var\u00f3n y ser mujer. Se trata de analizar la construcci\u00f3n cultural de cuerpos que subvierten desde la disidencia, el feminismo, la subalternidad, la precariedad; que transgreden los l\u00edmites de lo que se puede narrar y mostrar en la literatura, el cine y el c\u00f3mic.<\/p>\n","protected":false},"excerpt":{"rendered":"<p><strong>Atilio Rubino<\/strong><br \/>\n9788416227372 &#8211; La oveja roja &#8211; 2021 &#8211; 332 p\u00e1ginas \/orri.<\/p>\n","protected":false},"featured_media":11140,"template":"","meta":[],"product_brand":[],"product_cat":[174,16],"product_tag":[5596,1216],"class_list":{"0":"post-11126","1":"product","2":"type-product","3":"status-publish","4":"has-post-thumbnail","6":"product_cat-generoak-generos","7":"product_cat-libros","8":"product_tag-atilio-rubino","9":"product_tag-la-oveja-roja","11":"first","12":"instock","13":"sold-individually","14":"shipping-taxable","15":"purchasable","16":"product-type-simple"},"yoast_head":"<!-- This site is optimized with the Yoast SEO plugin v27.3 - https:\/\/yoast.com\/product\/yoast-seo-wordpress\/ -->\n<title>LECTURAS MONSTRUO G\u00e9nero y disidencia sexual en la cultura contempor\u00e1nea &#8212; Zapateneo<\/title>\n<meta name=\"robots\" content=\"index, follow, max-snippet:-1, max-image-preview:large, max-video-preview:-1\" \/>\n<link rel=\"canonical\" href=\"https:\/\/zapateneo.net\/wordpress\/index.php\/producto\/lecturas-monstruo-genero-y-disidencia-sexual-en-la-cultura-contemporanea\/\" \/>\n<meta property=\"og:locale\" content=\"es_ES\" \/>\n<meta property=\"og:type\" content=\"article\" \/>\n<meta property=\"og:title\" content=\"LECTURAS MONSTRUO G\u00e9nero y disidencia sexual en la cultura contempor\u00e1nea &#8212; Zapateneo\" \/>\n<meta property=\"og:description\" content=\"Atilio Rubino 9788416227372 - La oveja roja - 2021 - 332 p\u00e1ginas \/orri.\" \/>\n<meta property=\"og:url\" content=\"https:\/\/zapateneo.net\/wordpress\/index.php\/producto\/lecturas-monstruo-genero-y-disidencia-sexual-en-la-cultura-contemporanea\/\" \/>\n<meta property=\"og:site_name\" content=\"Zapateneo\" \/>\n<meta property=\"article:modified_time\" content=\"2022-05-26T17:23:53+00:00\" \/>\n<meta name=\"twitter:card\" content=\"summary_large_image\" \/>\n<meta name=\"twitter:site\" content=\"@zapateneo\" \/>\n<meta name=\"twitter:label1\" content=\"Tiempo de lectura\" \/>\n\t<meta name=\"twitter:data1\" content=\"1 minuto\" \/>\n<script type=\"application\/ld+json\" class=\"yoast-schema-graph\">{\"@context\":\"https:\\\/\\\/schema.org\",\"@graph\":[{\"@type\":\"WebPage\",\"@id\":\"https:\\\/\\\/zapateneo.net\\\/wordpress\\\/index.php\\\/producto\\\/lecturas-monstruo-genero-y-disidencia-sexual-en-la-cultura-contemporanea\\\/\",\"url\":\"https:\\\/\\\/zapateneo.net\\\/wordpress\\\/index.php\\\/producto\\\/lecturas-monstruo-genero-y-disidencia-sexual-en-la-cultura-contemporanea\\\/\",\"name\":\"LECTURAS MONSTRUO G\u00e9nero y disidencia sexual en la cultura contempor\u00e1nea &#8212; Zapateneo\",\"isPartOf\":{\"@id\":\"https:\\\/\\\/zapateneo.net\\\/wordpress\\\/#website\"},\"primaryImageOfPage\":{\"@id\":\"https:\\\/\\\/zapateneo.net\\\/wordpress\\\/index.php\\\/producto\\\/lecturas-monstruo-genero-y-disidencia-sexual-en-la-cultura-contemporanea\\\/#primaryimage\"},\"image\":{\"@id\":\"https:\\\/\\\/zapateneo.net\\\/wordpress\\\/index.php\\\/producto\\\/lecturas-monstruo-genero-y-disidencia-sexual-en-la-cultura-contemporanea\\\/#primaryimage\"},\"thumbnailUrl\":\"https:\\\/\\\/zapateneo.net\\\/wordpress\\\/wp-content\\\/uploads\\\/2022\\\/05\\\/lecturas-monstruo.jpg\",\"datePublished\":\"2022-05-26T17:23:45+00:00\",\"dateModified\":\"2022-05-26T17:23:53+00:00\",\"breadcrumb\":{\"@id\":\"https:\\\/\\\/zapateneo.net\\\/wordpress\\\/index.php\\\/producto\\\/lecturas-monstruo-genero-y-disidencia-sexual-en-la-cultura-contemporanea\\\/#breadcrumb\"},\"inLanguage\":\"es\",\"potentialAction\":[{\"@type\":\"ReadAction\",\"target\":[\"https:\\\/\\\/zapateneo.net\\\/wordpress\\\/index.php\\\/producto\\\/lecturas-monstruo-genero-y-disidencia-sexual-en-la-cultura-contemporanea\\\/\"]}]},{\"@type\":\"ImageObject\",\"inLanguage\":\"es\",\"@id\":\"https:\\\/\\\/zapateneo.net\\\/wordpress\\\/index.php\\\/producto\\\/lecturas-monstruo-genero-y-disidencia-sexual-en-la-cultura-contemporanea\\\/#primaryimage\",\"url\":\"https:\\\/\\\/zapateneo.net\\\/wordpress\\\/wp-content\\\/uploads\\\/2022\\\/05\\\/lecturas-monstruo.jpg\",\"contentUrl\":\"https:\\\/\\\/zapateneo.net\\\/wordpress\\\/wp-content\\\/uploads\\\/2022\\\/05\\\/lecturas-monstruo.jpg\",\"width\":251,\"height\":400},{\"@type\":\"BreadcrumbList\",\"@id\":\"https:\\\/\\\/zapateneo.net\\\/wordpress\\\/index.php\\\/producto\\\/lecturas-monstruo-genero-y-disidencia-sexual-en-la-cultura-contemporanea\\\/#breadcrumb\",\"itemListElement\":[{\"@type\":\"ListItem\",\"position\":1,\"name\":\"Portada\",\"item\":\"https:\\\/\\\/zapateneo.net\\\/wordpress\\\/\"},{\"@type\":\"ListItem\",\"position\":2,\"name\":\"Tienda\",\"item\":\"https:\\\/\\\/zapateneo.net\\\/wordpress\\\/\"},{\"@type\":\"ListItem\",\"position\":3,\"name\":\"LECTURAS MONSTRUO G\u00e9nero y disidencia sexual en la cultura contempor\u00e1nea\"}]},{\"@type\":\"WebSite\",\"@id\":\"https:\\\/\\\/zapateneo.net\\\/wordpress\\\/#website\",\"url\":\"https:\\\/\\\/zapateneo.net\\\/wordpress\\\/\",\"name\":\"Zapateneo\",\"description\":\"Zapateneoaren webgunea\",\"publisher\":{\"@id\":\"https:\\\/\\\/zapateneo.net\\\/wordpress\\\/#organization\"},\"potentialAction\":[{\"@type\":\"SearchAction\",\"target\":{\"@type\":\"EntryPoint\",\"urlTemplate\":\"https:\\\/\\\/zapateneo.net\\\/wordpress\\\/?s={search_term_string}\"},\"query-input\":{\"@type\":\"PropertyValueSpecification\",\"valueRequired\":true,\"valueName\":\"search_term_string\"}}],\"inLanguage\":\"es\"},{\"@type\":\"Organization\",\"@id\":\"https:\\\/\\\/zapateneo.net\\\/wordpress\\\/#organization\",\"name\":\"Zapateneo Kultur Elkartea\",\"url\":\"https:\\\/\\\/zapateneo.net\\\/wordpress\\\/\",\"logo\":{\"@type\":\"ImageObject\",\"inLanguage\":\"es\",\"@id\":\"https:\\\/\\\/zapateneo.net\\\/wordpress\\\/#\\\/schema\\\/logo\\\/image\\\/\",\"url\":\"https:\\\/\\\/zapateneo.net\\\/wordpress\\\/wp-content\\\/uploads\\\/2021\\\/04\\\/zap-libu-kolec.jpg\",\"contentUrl\":\"https:\\\/\\\/zapateneo.net\\\/wordpress\\\/wp-content\\\/uploads\\\/2021\\\/04\\\/zap-libu-kolec.jpg\",\"width\":2234,\"height\":398,\"caption\":\"Zapateneo Kultur Elkartea\"},\"image\":{\"@id\":\"https:\\\/\\\/zapateneo.net\\\/wordpress\\\/#\\\/schema\\\/logo\\\/image\\\/\"},\"sameAs\":[\"https:\\\/\\\/x.com\\\/zapateneo\"]}]}<\/script>\n<!-- \/ Yoast SEO plugin. -->","yoast_head_json":{"title":"LECTURAS MONSTRUO G\u00e9nero y disidencia sexual en la cultura contempor\u00e1nea &#8212; Zapateneo","robots":{"index":"index","follow":"follow","max-snippet":"max-snippet:-1","max-image-preview":"max-image-preview:large","max-video-preview":"max-video-preview:-1"},"canonical":"https:\/\/zapateneo.net\/wordpress\/index.php\/producto\/lecturas-monstruo-genero-y-disidencia-sexual-en-la-cultura-contemporanea\/","og_locale":"es_ES","og_type":"article","og_title":"LECTURAS MONSTRUO G\u00e9nero y disidencia sexual en la cultura contempor\u00e1nea &#8212; Zapateneo","og_description":"Atilio Rubino 9788416227372 - La oveja roja - 2021 - 332 p\u00e1ginas \/orri.","og_url":"https:\/\/zapateneo.net\/wordpress\/index.php\/producto\/lecturas-monstruo-genero-y-disidencia-sexual-en-la-cultura-contemporanea\/","og_site_name":"Zapateneo","article_modified_time":"2022-05-26T17:23:53+00:00","twitter_card":"summary_large_image","twitter_site":"@zapateneo","twitter_misc":{"Tiempo de lectura":"1 minuto"},"schema":{"@context":"https:\/\/schema.org","@graph":[{"@type":"WebPage","@id":"https:\/\/zapateneo.net\/wordpress\/index.php\/producto\/lecturas-monstruo-genero-y-disidencia-sexual-en-la-cultura-contemporanea\/","url":"https:\/\/zapateneo.net\/wordpress\/index.php\/producto\/lecturas-monstruo-genero-y-disidencia-sexual-en-la-cultura-contemporanea\/","name":"LECTURAS MONSTRUO G\u00e9nero y disidencia sexual en la cultura contempor\u00e1nea &#8212; Zapateneo","isPartOf":{"@id":"https:\/\/zapateneo.net\/wordpress\/#website"},"primaryImageOfPage":{"@id":"https:\/\/zapateneo.net\/wordpress\/index.php\/producto\/lecturas-monstruo-genero-y-disidencia-sexual-en-la-cultura-contemporanea\/#primaryimage"},"image":{"@id":"https:\/\/zapateneo.net\/wordpress\/index.php\/producto\/lecturas-monstruo-genero-y-disidencia-sexual-en-la-cultura-contemporanea\/#primaryimage"},"thumbnailUrl":"https:\/\/zapateneo.net\/wordpress\/wp-content\/uploads\/2022\/05\/lecturas-monstruo.jpg","datePublished":"2022-05-26T17:23:45+00:00","dateModified":"2022-05-26T17:23:53+00:00","breadcrumb":{"@id":"https:\/\/zapateneo.net\/wordpress\/index.php\/producto\/lecturas-monstruo-genero-y-disidencia-sexual-en-la-cultura-contemporanea\/#breadcrumb"},"inLanguage":"es","potentialAction":[{"@type":"ReadAction","target":["https:\/\/zapateneo.net\/wordpress\/index.php\/producto\/lecturas-monstruo-genero-y-disidencia-sexual-en-la-cultura-contemporanea\/"]}]},{"@type":"ImageObject","inLanguage":"es","@id":"https:\/\/zapateneo.net\/wordpress\/index.php\/producto\/lecturas-monstruo-genero-y-disidencia-sexual-en-la-cultura-contemporanea\/#primaryimage","url":"https:\/\/zapateneo.net\/wordpress\/wp-content\/uploads\/2022\/05\/lecturas-monstruo.jpg","contentUrl":"https:\/\/zapateneo.net\/wordpress\/wp-content\/uploads\/2022\/05\/lecturas-monstruo.jpg","width":251,"height":400},{"@type":"BreadcrumbList","@id":"https:\/\/zapateneo.net\/wordpress\/index.php\/producto\/lecturas-monstruo-genero-y-disidencia-sexual-en-la-cultura-contemporanea\/#breadcrumb","itemListElement":[{"@type":"ListItem","position":1,"name":"Portada","item":"https:\/\/zapateneo.net\/wordpress\/"},{"@type":"ListItem","position":2,"name":"Tienda","item":"https:\/\/zapateneo.net\/wordpress\/"},{"@type":"ListItem","position":3,"name":"LECTURAS MONSTRUO G\u00e9nero y disidencia sexual en la cultura contempor\u00e1nea"}]},{"@type":"WebSite","@id":"https:\/\/zapateneo.net\/wordpress\/#website","url":"https:\/\/zapateneo.net\/wordpress\/","name":"Zapateneo","description":"Zapateneoaren webgunea","publisher":{"@id":"https:\/\/zapateneo.net\/wordpress\/#organization"},"potentialAction":[{"@type":"SearchAction","target":{"@type":"EntryPoint","urlTemplate":"https:\/\/zapateneo.net\/wordpress\/?s={search_term_string}"},"query-input":{"@type":"PropertyValueSpecification","valueRequired":true,"valueName":"search_term_string"}}],"inLanguage":"es"},{"@type":"Organization","@id":"https:\/\/zapateneo.net\/wordpress\/#organization","name":"Zapateneo Kultur Elkartea","url":"https:\/\/zapateneo.net\/wordpress\/","logo":{"@type":"ImageObject","inLanguage":"es","@id":"https:\/\/zapateneo.net\/wordpress\/#\/schema\/logo\/image\/","url":"https:\/\/zapateneo.net\/wordpress\/wp-content\/uploads\/2021\/04\/zap-libu-kolec.jpg","contentUrl":"https:\/\/zapateneo.net\/wordpress\/wp-content\/uploads\/2021\/04\/zap-libu-kolec.jpg","width":2234,"height":398,"caption":"Zapateneo Kultur Elkartea"},"image":{"@id":"https:\/\/zapateneo.net\/wordpress\/#\/schema\/logo\/image\/"},"sameAs":["https:\/\/x.com\/zapateneo"]}]}},"_links":{"self":[{"href":"https:\/\/zapateneo.net\/wordpress\/index.php\/wp-json\/wp\/v2\/product\/11126","targetHints":{"allow":["GET"]}}],"collection":[{"href":"https:\/\/zapateneo.net\/wordpress\/index.php\/wp-json\/wp\/v2\/product"}],"about":[{"href":"https:\/\/zapateneo.net\/wordpress\/index.php\/wp-json\/wp\/v2\/types\/product"}],"wp:featuredmedia":[{"embeddable":true,"href":"https:\/\/zapateneo.net\/wordpress\/index.php\/wp-json\/wp\/v2\/media\/11140"}],"wp:attachment":[{"href":"https:\/\/zapateneo.net\/wordpress\/index.php\/wp-json\/wp\/v2\/media?parent=11126"}],"wp:term":[{"taxonomy":"product_brand","embeddable":true,"href":"https:\/\/zapateneo.net\/wordpress\/index.php\/wp-json\/wp\/v2\/product_brand?post=11126"},{"taxonomy":"product_cat","embeddable":true,"href":"https:\/\/zapateneo.net\/wordpress\/index.php\/wp-json\/wp\/v2\/product_cat?post=11126"},{"taxonomy":"product_tag","embeddable":true,"href":"https:\/\/zapateneo.net\/wordpress\/index.php\/wp-json\/wp\/v2\/product_tag?post=11126"}],"curies":[{"name":"wp","href":"https:\/\/api.w.org\/{rel}","templated":true}]}}