{"id":10943,"date":"2022-05-08T18:40:47","date_gmt":"2022-05-08T17:40:47","guid":{"rendered":"https:\/\/zapateneo.net\/wordpress\/?post_type=product&#038;p=10943"},"modified":"2022-05-08T18:41:04","modified_gmt":"2022-05-08T17:41:04","slug":"monstruos-del-mercado-zombis-vampiros-y-capitalismo-global","status":"publish","type":"product","link":"https:\/\/zapateneo.net\/wordpress\/index.php\/producto\/monstruos-del-mercado-zombis-vampiros-y-capitalismo-global\/","title":{"rendered":"Monstruos del mercado Zombis, vampiros y capitalismo global"},"content":{"rendered":"<p>Sobre una mesa de autopsias, un grupo de cirujanos extrae las v\u00edsceras de un cad\u00e1ver. El p\u00fablico, que ha pagado la entrada para asistir al espect\u00e1culo, observa extasiado. El cuerpo pertenece a un joven que ha sido ahorcado por robar una chaqueta, pero eso no le importa a nadie. Es solo otro desgraciado m\u00e1s de los cientos de miles que deambulan por las calles en los inicios del capitalismo. La autopsia no tiene ning\u00fan fin cient\u00edfico, es un espect\u00e1culo, una demostraci\u00f3n de fuerza de una burgues\u00eda que festeja su llegada al poder disciplinando los cuerpos del proletariado. Esos cuerpos ser\u00e1n sometidos, azotados, ahorcados, cercenados, descuartizados, vampirizados.<\/p>\n<p>El capitalismo ha sido y sigue siendo una fuerza monstruosa que nos devora y convierte en zombis. Con el enfoque del marxismo g\u00f3tico, David McNally nos gu\u00eda hacia los infiernos del capital para mostrarnos todo lo que oculta. Esta traves\u00eda nos lleva desde el robo y la venta de cad\u00e1veres durante la Edad Moderna a las leyendas africanas actuales que hablan de zombis esclavizados y hechizos que convierten a las personas en cajeros autom\u00e1ticos, pasando por el descenso al inframundo que encarna la obra de Karl Marx. Si todo el pensamiento moderno ha sido un infructuoso viaje hacia la luz que ha dejado tras de s\u00ed un reguero de cuerpos mutilados, quiz\u00e1s haya llegado el momento de encaminarnos a la oscuridad. Puede que all\u00ed, por fin, podamos ser nosotros los terror\u00edficos.<\/p>\n","protected":false},"excerpt":{"rendered":"<p><strong>David McNally<\/strong><br \/>\n9788412520408 &#8211; LEVANTA FUEGO &#8211; 2022 &#8211; 454 p\u00e1ginas \/orri.<\/p>\n","protected":false},"featured_media":10972,"template":"","meta":[],"product_brand":[],"product_cat":[16,173],"product_tag":[5509,5510],"class_list":{"0":"post-10943","1":"product","2":"type-product","3":"status-publish","4":"has-post-thumbnail","6":"product_cat-libros","7":"product_cat-saiakera-ensayo","8":"product_tag-david-mcnally","9":"product_tag-levanta-fuego","11":"first","12":"instock","13":"sold-individually","14":"shipping-taxable","15":"purchasable","16":"product-type-simple"},"yoast_head":"<!-- This site is optimized with the Yoast SEO plugin v27.3 - https:\/\/yoast.com\/product\/yoast-seo-wordpress\/ -->\n<title>Monstruos del mercado Zombis, vampiros y capitalismo global &#8212; Zapateneo<\/title>\n<meta name=\"robots\" content=\"index, follow, max-snippet:-1, max-image-preview:large, max-video-preview:-1\" \/>\n<link rel=\"canonical\" href=\"https:\/\/zapateneo.net\/wordpress\/index.php\/producto\/monstruos-del-mercado-zombis-vampiros-y-capitalismo-global\/\" \/>\n<meta property=\"og:locale\" content=\"es_ES\" \/>\n<meta property=\"og:type\" content=\"article\" \/>\n<meta property=\"og:title\" content=\"Monstruos del mercado Zombis, vampiros y capitalismo global &#8212; Zapateneo\" \/>\n<meta property=\"og:description\" content=\"David McNally 9788412520408 - LEVANTA FUEGO - 2022 - 454 p\u00e1ginas \/orri.\" \/>\n<meta property=\"og:url\" content=\"https:\/\/zapateneo.net\/wordpress\/index.php\/producto\/monstruos-del-mercado-zombis-vampiros-y-capitalismo-global\/\" \/>\n<meta property=\"og:site_name\" content=\"Zapateneo\" \/>\n<meta property=\"article:modified_time\" content=\"2022-05-08T17:41:04+00:00\" \/>\n<meta name=\"twitter:card\" content=\"summary_large_image\" \/>\n<meta name=\"twitter:site\" content=\"@zapateneo\" \/>\n<meta name=\"twitter:label1\" content=\"Tiempo de lectura\" \/>\n\t<meta name=\"twitter:data1\" content=\"1 minuto\" \/>\n<script type=\"application\/ld+json\" class=\"yoast-schema-graph\">{\"@context\":\"https:\\\/\\\/schema.org\",\"@graph\":[{\"@type\":\"WebPage\",\"@id\":\"https:\\\/\\\/zapateneo.net\\\/wordpress\\\/index.php\\\/producto\\\/monstruos-del-mercado-zombis-vampiros-y-capitalismo-global\\\/\",\"url\":\"https:\\\/\\\/zapateneo.net\\\/wordpress\\\/index.php\\\/producto\\\/monstruos-del-mercado-zombis-vampiros-y-capitalismo-global\\\/\",\"name\":\"Monstruos del mercado Zombis, vampiros y capitalismo global &#8212; Zapateneo\",\"isPartOf\":{\"@id\":\"https:\\\/\\\/zapateneo.net\\\/wordpress\\\/#website\"},\"primaryImageOfPage\":{\"@id\":\"https:\\\/\\\/zapateneo.net\\\/wordpress\\\/index.php\\\/producto\\\/monstruos-del-mercado-zombis-vampiros-y-capitalismo-global\\\/#primaryimage\"},\"image\":{\"@id\":\"https:\\\/\\\/zapateneo.net\\\/wordpress\\\/index.php\\\/producto\\\/monstruos-del-mercado-zombis-vampiros-y-capitalismo-global\\\/#primaryimage\"},\"thumbnailUrl\":\"https:\\\/\\\/zapateneo.net\\\/wordpress\\\/wp-content\\\/uploads\\\/2022\\\/05\\\/monstruos_del_mercado_zombis_vampiros_y_capitalismo_global.jpg\",\"datePublished\":\"2022-05-08T17:40:47+00:00\",\"dateModified\":\"2022-05-08T17:41:04+00:00\",\"breadcrumb\":{\"@id\":\"https:\\\/\\\/zapateneo.net\\\/wordpress\\\/index.php\\\/producto\\\/monstruos-del-mercado-zombis-vampiros-y-capitalismo-global\\\/#breadcrumb\"},\"inLanguage\":\"es\",\"potentialAction\":[{\"@type\":\"ReadAction\",\"target\":[\"https:\\\/\\\/zapateneo.net\\\/wordpress\\\/index.php\\\/producto\\\/monstruos-del-mercado-zombis-vampiros-y-capitalismo-global\\\/\"]}]},{\"@type\":\"ImageObject\",\"inLanguage\":\"es\",\"@id\":\"https:\\\/\\\/zapateneo.net\\\/wordpress\\\/index.php\\\/producto\\\/monstruos-del-mercado-zombis-vampiros-y-capitalismo-global\\\/#primaryimage\",\"url\":\"https:\\\/\\\/zapateneo.net\\\/wordpress\\\/wp-content\\\/uploads\\\/2022\\\/05\\\/monstruos_del_mercado_zombis_vampiros_y_capitalismo_global.jpg\",\"contentUrl\":\"https:\\\/\\\/zapateneo.net\\\/wordpress\\\/wp-content\\\/uploads\\\/2022\\\/05\\\/monstruos_del_mercado_zombis_vampiros_y_capitalismo_global.jpg\",\"width\":283,\"height\":400},{\"@type\":\"BreadcrumbList\",\"@id\":\"https:\\\/\\\/zapateneo.net\\\/wordpress\\\/index.php\\\/producto\\\/monstruos-del-mercado-zombis-vampiros-y-capitalismo-global\\\/#breadcrumb\",\"itemListElement\":[{\"@type\":\"ListItem\",\"position\":1,\"name\":\"Portada\",\"item\":\"https:\\\/\\\/zapateneo.net\\\/wordpress\\\/\"},{\"@type\":\"ListItem\",\"position\":2,\"name\":\"Tienda\",\"item\":\"https:\\\/\\\/zapateneo.net\\\/wordpress\\\/\"},{\"@type\":\"ListItem\",\"position\":3,\"name\":\"Monstruos del mercado Zombis, vampiros y capitalismo global\"}]},{\"@type\":\"WebSite\",\"@id\":\"https:\\\/\\\/zapateneo.net\\\/wordpress\\\/#website\",\"url\":\"https:\\\/\\\/zapateneo.net\\\/wordpress\\\/\",\"name\":\"Zapateneo\",\"description\":\"Zapateneoaren webgunea\",\"publisher\":{\"@id\":\"https:\\\/\\\/zapateneo.net\\\/wordpress\\\/#organization\"},\"potentialAction\":[{\"@type\":\"SearchAction\",\"target\":{\"@type\":\"EntryPoint\",\"urlTemplate\":\"https:\\\/\\\/zapateneo.net\\\/wordpress\\\/?s={search_term_string}\"},\"query-input\":{\"@type\":\"PropertyValueSpecification\",\"valueRequired\":true,\"valueName\":\"search_term_string\"}}],\"inLanguage\":\"es\"},{\"@type\":\"Organization\",\"@id\":\"https:\\\/\\\/zapateneo.net\\\/wordpress\\\/#organization\",\"name\":\"Zapateneo Kultur Elkartea\",\"url\":\"https:\\\/\\\/zapateneo.net\\\/wordpress\\\/\",\"logo\":{\"@type\":\"ImageObject\",\"inLanguage\":\"es\",\"@id\":\"https:\\\/\\\/zapateneo.net\\\/wordpress\\\/#\\\/schema\\\/logo\\\/image\\\/\",\"url\":\"https:\\\/\\\/zapateneo.net\\\/wordpress\\\/wp-content\\\/uploads\\\/2021\\\/04\\\/zap-libu-kolec.jpg\",\"contentUrl\":\"https:\\\/\\\/zapateneo.net\\\/wordpress\\\/wp-content\\\/uploads\\\/2021\\\/04\\\/zap-libu-kolec.jpg\",\"width\":2234,\"height\":398,\"caption\":\"Zapateneo Kultur Elkartea\"},\"image\":{\"@id\":\"https:\\\/\\\/zapateneo.net\\\/wordpress\\\/#\\\/schema\\\/logo\\\/image\\\/\"},\"sameAs\":[\"https:\\\/\\\/x.com\\\/zapateneo\"]}]}<\/script>\n<!-- \/ Yoast SEO plugin. -->","yoast_head_json":{"title":"Monstruos del mercado Zombis, vampiros y capitalismo global &#8212; Zapateneo","robots":{"index":"index","follow":"follow","max-snippet":"max-snippet:-1","max-image-preview":"max-image-preview:large","max-video-preview":"max-video-preview:-1"},"canonical":"https:\/\/zapateneo.net\/wordpress\/index.php\/producto\/monstruos-del-mercado-zombis-vampiros-y-capitalismo-global\/","og_locale":"es_ES","og_type":"article","og_title":"Monstruos del mercado Zombis, vampiros y capitalismo global &#8212; Zapateneo","og_description":"David McNally 9788412520408 - LEVANTA FUEGO - 2022 - 454 p\u00e1ginas \/orri.","og_url":"https:\/\/zapateneo.net\/wordpress\/index.php\/producto\/monstruos-del-mercado-zombis-vampiros-y-capitalismo-global\/","og_site_name":"Zapateneo","article_modified_time":"2022-05-08T17:41:04+00:00","twitter_card":"summary_large_image","twitter_site":"@zapateneo","twitter_misc":{"Tiempo de lectura":"1 minuto"},"schema":{"@context":"https:\/\/schema.org","@graph":[{"@type":"WebPage","@id":"https:\/\/zapateneo.net\/wordpress\/index.php\/producto\/monstruos-del-mercado-zombis-vampiros-y-capitalismo-global\/","url":"https:\/\/zapateneo.net\/wordpress\/index.php\/producto\/monstruos-del-mercado-zombis-vampiros-y-capitalismo-global\/","name":"Monstruos del mercado Zombis, vampiros y capitalismo global &#8212; Zapateneo","isPartOf":{"@id":"https:\/\/zapateneo.net\/wordpress\/#website"},"primaryImageOfPage":{"@id":"https:\/\/zapateneo.net\/wordpress\/index.php\/producto\/monstruos-del-mercado-zombis-vampiros-y-capitalismo-global\/#primaryimage"},"image":{"@id":"https:\/\/zapateneo.net\/wordpress\/index.php\/producto\/monstruos-del-mercado-zombis-vampiros-y-capitalismo-global\/#primaryimage"},"thumbnailUrl":"https:\/\/zapateneo.net\/wordpress\/wp-content\/uploads\/2022\/05\/monstruos_del_mercado_zombis_vampiros_y_capitalismo_global.jpg","datePublished":"2022-05-08T17:40:47+00:00","dateModified":"2022-05-08T17:41:04+00:00","breadcrumb":{"@id":"https:\/\/zapateneo.net\/wordpress\/index.php\/producto\/monstruos-del-mercado-zombis-vampiros-y-capitalismo-global\/#breadcrumb"},"inLanguage":"es","potentialAction":[{"@type":"ReadAction","target":["https:\/\/zapateneo.net\/wordpress\/index.php\/producto\/monstruos-del-mercado-zombis-vampiros-y-capitalismo-global\/"]}]},{"@type":"ImageObject","inLanguage":"es","@id":"https:\/\/zapateneo.net\/wordpress\/index.php\/producto\/monstruos-del-mercado-zombis-vampiros-y-capitalismo-global\/#primaryimage","url":"https:\/\/zapateneo.net\/wordpress\/wp-content\/uploads\/2022\/05\/monstruos_del_mercado_zombis_vampiros_y_capitalismo_global.jpg","contentUrl":"https:\/\/zapateneo.net\/wordpress\/wp-content\/uploads\/2022\/05\/monstruos_del_mercado_zombis_vampiros_y_capitalismo_global.jpg","width":283,"height":400},{"@type":"BreadcrumbList","@id":"https:\/\/zapateneo.net\/wordpress\/index.php\/producto\/monstruos-del-mercado-zombis-vampiros-y-capitalismo-global\/#breadcrumb","itemListElement":[{"@type":"ListItem","position":1,"name":"Portada","item":"https:\/\/zapateneo.net\/wordpress\/"},{"@type":"ListItem","position":2,"name":"Tienda","item":"https:\/\/zapateneo.net\/wordpress\/"},{"@type":"ListItem","position":3,"name":"Monstruos del mercado Zombis, vampiros y capitalismo global"}]},{"@type":"WebSite","@id":"https:\/\/zapateneo.net\/wordpress\/#website","url":"https:\/\/zapateneo.net\/wordpress\/","name":"Zapateneo","description":"Zapateneoaren webgunea","publisher":{"@id":"https:\/\/zapateneo.net\/wordpress\/#organization"},"potentialAction":[{"@type":"SearchAction","target":{"@type":"EntryPoint","urlTemplate":"https:\/\/zapateneo.net\/wordpress\/?s={search_term_string}"},"query-input":{"@type":"PropertyValueSpecification","valueRequired":true,"valueName":"search_term_string"}}],"inLanguage":"es"},{"@type":"Organization","@id":"https:\/\/zapateneo.net\/wordpress\/#organization","name":"Zapateneo Kultur Elkartea","url":"https:\/\/zapateneo.net\/wordpress\/","logo":{"@type":"ImageObject","inLanguage":"es","@id":"https:\/\/zapateneo.net\/wordpress\/#\/schema\/logo\/image\/","url":"https:\/\/zapateneo.net\/wordpress\/wp-content\/uploads\/2021\/04\/zap-libu-kolec.jpg","contentUrl":"https:\/\/zapateneo.net\/wordpress\/wp-content\/uploads\/2021\/04\/zap-libu-kolec.jpg","width":2234,"height":398,"caption":"Zapateneo Kultur Elkartea"},"image":{"@id":"https:\/\/zapateneo.net\/wordpress\/#\/schema\/logo\/image\/"},"sameAs":["https:\/\/x.com\/zapateneo"]}]}},"_links":{"self":[{"href":"https:\/\/zapateneo.net\/wordpress\/index.php\/wp-json\/wp\/v2\/product\/10943","targetHints":{"allow":["GET"]}}],"collection":[{"href":"https:\/\/zapateneo.net\/wordpress\/index.php\/wp-json\/wp\/v2\/product"}],"about":[{"href":"https:\/\/zapateneo.net\/wordpress\/index.php\/wp-json\/wp\/v2\/types\/product"}],"wp:featuredmedia":[{"embeddable":true,"href":"https:\/\/zapateneo.net\/wordpress\/index.php\/wp-json\/wp\/v2\/media\/10972"}],"wp:attachment":[{"href":"https:\/\/zapateneo.net\/wordpress\/index.php\/wp-json\/wp\/v2\/media?parent=10943"}],"wp:term":[{"taxonomy":"product_brand","embeddable":true,"href":"https:\/\/zapateneo.net\/wordpress\/index.php\/wp-json\/wp\/v2\/product_brand?post=10943"},{"taxonomy":"product_cat","embeddable":true,"href":"https:\/\/zapateneo.net\/wordpress\/index.php\/wp-json\/wp\/v2\/product_cat?post=10943"},{"taxonomy":"product_tag","embeddable":true,"href":"https:\/\/zapateneo.net\/wordpress\/index.php\/wp-json\/wp\/v2\/product_tag?post=10943"}],"curies":[{"name":"wp","href":"https:\/\/api.w.org\/{rel}","templated":true}]}}