{"id":10929,"date":"2022-05-08T18:40:44","date_gmt":"2022-05-08T17:40:44","guid":{"rendered":"https:\/\/zapateneo.net\/wordpress\/?post_type=product&#038;p=10929"},"modified":"2022-05-08T18:40:55","modified_gmt":"2022-05-08T17:40:55","slug":"el-rumor-de-los-suburbios-musicas-desde-los-margenes","status":"publish","type":"product","link":"https:\/\/zapateneo.net\/wordpress\/index.php\/producto\/el-rumor-de-los-suburbios-musicas-desde-los-margenes\/","title":{"rendered":"EL RUMOR DE LOS SUBURBIOS M\u00fasicas desde los m\u00e1rgenes"},"content":{"rendered":"<p>Apasionado relato tras en busca de la relaci\u00f3n entre m\u00fasica y m\u00e1rgenes sociales a lo largo del siglo XX y principios del XXI.<\/p>\n<p>La relaci\u00f3n entre cultura y clase lleva d\u00e9cadas, siglos, alimentando debates y pol\u00e9micas. En el caso de la m\u00fasica, uno de los fen\u00f3menos culturales m\u00e1s masivamente mercantilizados de nuestras sociedades occidentales, esa relaci\u00f3n goza de una prolijidad incontestable. Ya sea desde fuertes convergencias con lo mercantil o desde pulsiones contestatarias arraigadas, las gentes que habitan nuestras muchas periferias geogr\u00e1ficas y sociales han hecho mil veces suyos los registros de la m\u00fasica. Valent\u00edn Ladrero centrar\u00e1 ah\u00ed su foco: en m\u00fasicas paridas en los m\u00e1rgenes, en m\u00fasicas que a menudo pasaron por confrontar primero estigmas y prejuicios antes de lograr cualquier otro tipo de reconocimiento. Esos territorios, en teor\u00eda poco proclives a la fortuna, constituir\u00e1n el contexto de un recorrido delimitado aqu\u00ed al siglo XX y las primeras d\u00e9cadas del XXI. Una periferia de sotabancos, de chabolas, de calles sin salida, de colmenas de pisos, de parques y descampados, de locales sin ventilaci\u00f3n en donde se establecieron hombres y mujeres para quienes la m\u00fasica ser\u00eda en ocasiones capaz de traer un plato caliente a casa, calmar el dolor y manifestar el inextinguible deseo de escribir su propia historia. Valent\u00edn Ladrero (Madrid, 1963) iba para periodista o soci\u00f3logo, pero la m\u00fasica se cruz\u00f3 en su vida despu\u00e9s de haber colaborado en prensa y radio. Trabaj\u00f3 quince a\u00f1os en la industria discogr\u00e1fica hasta que se dio cuenta que all\u00ed la m\u00fasica no era tan importante como pensaba y un d\u00eda decidi\u00f3 largarse. En la actualidad, una vez redimido y desintoxicado de aquellos a\u00f1os, trabaja en el movimiento ecologista. Ha participado en distintos libros como Hasta el final, Desde el otro lado y \u00bfAhora qu\u00e9? Impactos y resistencia social contra la embestida ultraliberal y piensa que ahora es m\u00e1s feliz escribiendo sobre m\u00fasica, hablando sobre ella y escuchando los discos que su trabajo no le dej\u00f3 escuchar. En 2016 public\u00f3 en esta misma editorial su primer libro en solitario, M\u00fasicas contra el poder: canci\u00f3n popular y pol\u00edtica en el siglo XX, obra que ha gozado de una duradera y fecunda relaci\u00f3n con lectores de todo el mundo.<\/p>\n","protected":false},"excerpt":{"rendered":"<p><strong>Valent\u00edn Ladrero<\/strong><br \/>\n9788416227457 &#8211; La oveja roja &#8211; 2021 &#8211; 392 p\u00e1ginas \/orri.<\/p>\n","protected":false},"featured_media":10958,"template":"","meta":[],"product_brand":[],"product_cat":[183,16],"product_tag":[1216,5496],"class_list":{"0":"post-10929","1":"product","2":"type-product","3":"status-publish","4":"has-post-thumbnail","6":"product_cat-kultur-adierazpenak-expresiones-culturales","7":"product_cat-libros","8":"product_tag-la-oveja-roja","9":"product_tag-valentin-ladrero","11":"first","12":"instock","13":"sold-individually","14":"shipping-taxable","15":"purchasable","16":"product-type-simple"},"yoast_head":"<!-- This site is optimized with the Yoast SEO plugin v27.3 - https:\/\/yoast.com\/product\/yoast-seo-wordpress\/ -->\n<title>EL RUMOR DE LOS SUBURBIOS M\u00fasicas desde los m\u00e1rgenes &#8212; Zapateneo<\/title>\n<meta name=\"robots\" content=\"index, follow, max-snippet:-1, max-image-preview:large, max-video-preview:-1\" \/>\n<link rel=\"canonical\" href=\"https:\/\/zapateneo.net\/wordpress\/index.php\/producto\/el-rumor-de-los-suburbios-musicas-desde-los-margenes\/\" \/>\n<meta property=\"og:locale\" content=\"es_ES\" \/>\n<meta property=\"og:type\" content=\"article\" \/>\n<meta property=\"og:title\" content=\"EL RUMOR DE LOS SUBURBIOS M\u00fasicas desde los m\u00e1rgenes &#8212; Zapateneo\" \/>\n<meta property=\"og:description\" content=\"Valent\u00edn Ladrero 9788416227457 - La oveja roja - 2021 - 392 p\u00e1ginas \/orri.\" \/>\n<meta property=\"og:url\" content=\"https:\/\/zapateneo.net\/wordpress\/index.php\/producto\/el-rumor-de-los-suburbios-musicas-desde-los-margenes\/\" \/>\n<meta property=\"og:site_name\" content=\"Zapateneo\" \/>\n<meta property=\"article:modified_time\" content=\"2022-05-08T17:40:55+00:00\" \/>\n<meta name=\"twitter:card\" content=\"summary_large_image\" \/>\n<meta name=\"twitter:site\" content=\"@zapateneo\" \/>\n<meta name=\"twitter:label1\" content=\"Tiempo de lectura\" \/>\n\t<meta name=\"twitter:data1\" content=\"2 minutos\" \/>\n<script type=\"application\/ld+json\" class=\"yoast-schema-graph\">{\"@context\":\"https:\\\/\\\/schema.org\",\"@graph\":[{\"@type\":\"WebPage\",\"@id\":\"https:\\\/\\\/zapateneo.net\\\/wordpress\\\/index.php\\\/producto\\\/el-rumor-de-los-suburbios-musicas-desde-los-margenes\\\/\",\"url\":\"https:\\\/\\\/zapateneo.net\\\/wordpress\\\/index.php\\\/producto\\\/el-rumor-de-los-suburbios-musicas-desde-los-margenes\\\/\",\"name\":\"EL RUMOR DE LOS SUBURBIOS M\u00fasicas desde los m\u00e1rgenes &#8212; Zapateneo\",\"isPartOf\":{\"@id\":\"https:\\\/\\\/zapateneo.net\\\/wordpress\\\/#website\"},\"primaryImageOfPage\":{\"@id\":\"https:\\\/\\\/zapateneo.net\\\/wordpress\\\/index.php\\\/producto\\\/el-rumor-de-los-suburbios-musicas-desde-los-margenes\\\/#primaryimage\"},\"image\":{\"@id\":\"https:\\\/\\\/zapateneo.net\\\/wordpress\\\/index.php\\\/producto\\\/el-rumor-de-los-suburbios-musicas-desde-los-margenes\\\/#primaryimage\"},\"thumbnailUrl\":\"https:\\\/\\\/zapateneo.net\\\/wordpress\\\/wp-content\\\/uploads\\\/2022\\\/05\\\/el-rumor-de-los-suburbios.jpg\",\"datePublished\":\"2022-05-08T17:40:44+00:00\",\"dateModified\":\"2022-05-08T17:40:55+00:00\",\"breadcrumb\":{\"@id\":\"https:\\\/\\\/zapateneo.net\\\/wordpress\\\/index.php\\\/producto\\\/el-rumor-de-los-suburbios-musicas-desde-los-margenes\\\/#breadcrumb\"},\"inLanguage\":\"es\",\"potentialAction\":[{\"@type\":\"ReadAction\",\"target\":[\"https:\\\/\\\/zapateneo.net\\\/wordpress\\\/index.php\\\/producto\\\/el-rumor-de-los-suburbios-musicas-desde-los-margenes\\\/\"]}]},{\"@type\":\"ImageObject\",\"inLanguage\":\"es\",\"@id\":\"https:\\\/\\\/zapateneo.net\\\/wordpress\\\/index.php\\\/producto\\\/el-rumor-de-los-suburbios-musicas-desde-los-margenes\\\/#primaryimage\",\"url\":\"https:\\\/\\\/zapateneo.net\\\/wordpress\\\/wp-content\\\/uploads\\\/2022\\\/05\\\/el-rumor-de-los-suburbios.jpg\",\"contentUrl\":\"https:\\\/\\\/zapateneo.net\\\/wordpress\\\/wp-content\\\/uploads\\\/2022\\\/05\\\/el-rumor-de-los-suburbios.jpg\",\"width\":251,\"height\":400},{\"@type\":\"BreadcrumbList\",\"@id\":\"https:\\\/\\\/zapateneo.net\\\/wordpress\\\/index.php\\\/producto\\\/el-rumor-de-los-suburbios-musicas-desde-los-margenes\\\/#breadcrumb\",\"itemListElement\":[{\"@type\":\"ListItem\",\"position\":1,\"name\":\"Portada\",\"item\":\"https:\\\/\\\/zapateneo.net\\\/wordpress\\\/\"},{\"@type\":\"ListItem\",\"position\":2,\"name\":\"Tienda\",\"item\":\"https:\\\/\\\/zapateneo.net\\\/wordpress\\\/\"},{\"@type\":\"ListItem\",\"position\":3,\"name\":\"EL RUMOR DE LOS SUBURBIOS M\u00fasicas desde los m\u00e1rgenes\"}]},{\"@type\":\"WebSite\",\"@id\":\"https:\\\/\\\/zapateneo.net\\\/wordpress\\\/#website\",\"url\":\"https:\\\/\\\/zapateneo.net\\\/wordpress\\\/\",\"name\":\"Zapateneo\",\"description\":\"Zapateneoaren webgunea\",\"publisher\":{\"@id\":\"https:\\\/\\\/zapateneo.net\\\/wordpress\\\/#organization\"},\"potentialAction\":[{\"@type\":\"SearchAction\",\"target\":{\"@type\":\"EntryPoint\",\"urlTemplate\":\"https:\\\/\\\/zapateneo.net\\\/wordpress\\\/?s={search_term_string}\"},\"query-input\":{\"@type\":\"PropertyValueSpecification\",\"valueRequired\":true,\"valueName\":\"search_term_string\"}}],\"inLanguage\":\"es\"},{\"@type\":\"Organization\",\"@id\":\"https:\\\/\\\/zapateneo.net\\\/wordpress\\\/#organization\",\"name\":\"Zapateneo Kultur Elkartea\",\"url\":\"https:\\\/\\\/zapateneo.net\\\/wordpress\\\/\",\"logo\":{\"@type\":\"ImageObject\",\"inLanguage\":\"es\",\"@id\":\"https:\\\/\\\/zapateneo.net\\\/wordpress\\\/#\\\/schema\\\/logo\\\/image\\\/\",\"url\":\"https:\\\/\\\/zapateneo.net\\\/wordpress\\\/wp-content\\\/uploads\\\/2021\\\/04\\\/zap-libu-kolec.jpg\",\"contentUrl\":\"https:\\\/\\\/zapateneo.net\\\/wordpress\\\/wp-content\\\/uploads\\\/2021\\\/04\\\/zap-libu-kolec.jpg\",\"width\":2234,\"height\":398,\"caption\":\"Zapateneo Kultur Elkartea\"},\"image\":{\"@id\":\"https:\\\/\\\/zapateneo.net\\\/wordpress\\\/#\\\/schema\\\/logo\\\/image\\\/\"},\"sameAs\":[\"https:\\\/\\\/x.com\\\/zapateneo\"]}]}<\/script>\n<!-- \/ Yoast SEO plugin. -->","yoast_head_json":{"title":"EL RUMOR DE LOS SUBURBIOS M\u00fasicas desde los m\u00e1rgenes &#8212; Zapateneo","robots":{"index":"index","follow":"follow","max-snippet":"max-snippet:-1","max-image-preview":"max-image-preview:large","max-video-preview":"max-video-preview:-1"},"canonical":"https:\/\/zapateneo.net\/wordpress\/index.php\/producto\/el-rumor-de-los-suburbios-musicas-desde-los-margenes\/","og_locale":"es_ES","og_type":"article","og_title":"EL RUMOR DE LOS SUBURBIOS M\u00fasicas desde los m\u00e1rgenes &#8212; Zapateneo","og_description":"Valent\u00edn Ladrero 9788416227457 - La oveja roja - 2021 - 392 p\u00e1ginas \/orri.","og_url":"https:\/\/zapateneo.net\/wordpress\/index.php\/producto\/el-rumor-de-los-suburbios-musicas-desde-los-margenes\/","og_site_name":"Zapateneo","article_modified_time":"2022-05-08T17:40:55+00:00","twitter_card":"summary_large_image","twitter_site":"@zapateneo","twitter_misc":{"Tiempo de lectura":"2 minutos"},"schema":{"@context":"https:\/\/schema.org","@graph":[{"@type":"WebPage","@id":"https:\/\/zapateneo.net\/wordpress\/index.php\/producto\/el-rumor-de-los-suburbios-musicas-desde-los-margenes\/","url":"https:\/\/zapateneo.net\/wordpress\/index.php\/producto\/el-rumor-de-los-suburbios-musicas-desde-los-margenes\/","name":"EL RUMOR DE LOS SUBURBIOS M\u00fasicas desde los m\u00e1rgenes &#8212; Zapateneo","isPartOf":{"@id":"https:\/\/zapateneo.net\/wordpress\/#website"},"primaryImageOfPage":{"@id":"https:\/\/zapateneo.net\/wordpress\/index.php\/producto\/el-rumor-de-los-suburbios-musicas-desde-los-margenes\/#primaryimage"},"image":{"@id":"https:\/\/zapateneo.net\/wordpress\/index.php\/producto\/el-rumor-de-los-suburbios-musicas-desde-los-margenes\/#primaryimage"},"thumbnailUrl":"https:\/\/zapateneo.net\/wordpress\/wp-content\/uploads\/2022\/05\/el-rumor-de-los-suburbios.jpg","datePublished":"2022-05-08T17:40:44+00:00","dateModified":"2022-05-08T17:40:55+00:00","breadcrumb":{"@id":"https:\/\/zapateneo.net\/wordpress\/index.php\/producto\/el-rumor-de-los-suburbios-musicas-desde-los-margenes\/#breadcrumb"},"inLanguage":"es","potentialAction":[{"@type":"ReadAction","target":["https:\/\/zapateneo.net\/wordpress\/index.php\/producto\/el-rumor-de-los-suburbios-musicas-desde-los-margenes\/"]}]},{"@type":"ImageObject","inLanguage":"es","@id":"https:\/\/zapateneo.net\/wordpress\/index.php\/producto\/el-rumor-de-los-suburbios-musicas-desde-los-margenes\/#primaryimage","url":"https:\/\/zapateneo.net\/wordpress\/wp-content\/uploads\/2022\/05\/el-rumor-de-los-suburbios.jpg","contentUrl":"https:\/\/zapateneo.net\/wordpress\/wp-content\/uploads\/2022\/05\/el-rumor-de-los-suburbios.jpg","width":251,"height":400},{"@type":"BreadcrumbList","@id":"https:\/\/zapateneo.net\/wordpress\/index.php\/producto\/el-rumor-de-los-suburbios-musicas-desde-los-margenes\/#breadcrumb","itemListElement":[{"@type":"ListItem","position":1,"name":"Portada","item":"https:\/\/zapateneo.net\/wordpress\/"},{"@type":"ListItem","position":2,"name":"Tienda","item":"https:\/\/zapateneo.net\/wordpress\/"},{"@type":"ListItem","position":3,"name":"EL RUMOR DE LOS SUBURBIOS M\u00fasicas desde los m\u00e1rgenes"}]},{"@type":"WebSite","@id":"https:\/\/zapateneo.net\/wordpress\/#website","url":"https:\/\/zapateneo.net\/wordpress\/","name":"Zapateneo","description":"Zapateneoaren webgunea","publisher":{"@id":"https:\/\/zapateneo.net\/wordpress\/#organization"},"potentialAction":[{"@type":"SearchAction","target":{"@type":"EntryPoint","urlTemplate":"https:\/\/zapateneo.net\/wordpress\/?s={search_term_string}"},"query-input":{"@type":"PropertyValueSpecification","valueRequired":true,"valueName":"search_term_string"}}],"inLanguage":"es"},{"@type":"Organization","@id":"https:\/\/zapateneo.net\/wordpress\/#organization","name":"Zapateneo Kultur Elkartea","url":"https:\/\/zapateneo.net\/wordpress\/","logo":{"@type":"ImageObject","inLanguage":"es","@id":"https:\/\/zapateneo.net\/wordpress\/#\/schema\/logo\/image\/","url":"https:\/\/zapateneo.net\/wordpress\/wp-content\/uploads\/2021\/04\/zap-libu-kolec.jpg","contentUrl":"https:\/\/zapateneo.net\/wordpress\/wp-content\/uploads\/2021\/04\/zap-libu-kolec.jpg","width":2234,"height":398,"caption":"Zapateneo Kultur Elkartea"},"image":{"@id":"https:\/\/zapateneo.net\/wordpress\/#\/schema\/logo\/image\/"},"sameAs":["https:\/\/x.com\/zapateneo"]}]}},"_links":{"self":[{"href":"https:\/\/zapateneo.net\/wordpress\/index.php\/wp-json\/wp\/v2\/product\/10929","targetHints":{"allow":["GET"]}}],"collection":[{"href":"https:\/\/zapateneo.net\/wordpress\/index.php\/wp-json\/wp\/v2\/product"}],"about":[{"href":"https:\/\/zapateneo.net\/wordpress\/index.php\/wp-json\/wp\/v2\/types\/product"}],"wp:featuredmedia":[{"embeddable":true,"href":"https:\/\/zapateneo.net\/wordpress\/index.php\/wp-json\/wp\/v2\/media\/10958"}],"wp:attachment":[{"href":"https:\/\/zapateneo.net\/wordpress\/index.php\/wp-json\/wp\/v2\/media?parent=10929"}],"wp:term":[{"taxonomy":"product_brand","embeddable":true,"href":"https:\/\/zapateneo.net\/wordpress\/index.php\/wp-json\/wp\/v2\/product_brand?post=10929"},{"taxonomy":"product_cat","embeddable":true,"href":"https:\/\/zapateneo.net\/wordpress\/index.php\/wp-json\/wp\/v2\/product_cat?post=10929"},{"taxonomy":"product_tag","embeddable":true,"href":"https:\/\/zapateneo.net\/wordpress\/index.php\/wp-json\/wp\/v2\/product_tag?post=10929"}],"curies":[{"name":"wp","href":"https:\/\/api.w.org\/{rel}","templated":true}]}}