{"id":10921,"date":"2022-05-08T18:40:42","date_gmt":"2022-05-08T17:40:42","guid":{"rendered":"https:\/\/zapateneo.net\/wordpress\/?post_type=product&#038;p=10921"},"modified":"2022-05-08T18:40:50","modified_gmt":"2022-05-08T17:40:50","slug":"durruti-sin-mitos-ni-laberinto-y-otras-estampas","status":"publish","type":"product","link":"https:\/\/zapateneo.net\/wordpress\/index.php\/producto\/durruti-sin-mitos-ni-laberinto-y-otras-estampas\/","title":{"rendered":"Durruti sin mitos ni laberinto y otras estampas"},"content":{"rendered":"<p>Compuesto por siete destellos de la revoluci\u00f3n de 1936 y de algunos de sus personajes \u2014estampas absolutamente aut\u00f3nomas e independientes entre s\u00ed\u2014, el libro las re\u00fane para formar un conjunto estructurado que ampl\u00eda y transforma las im\u00e1genes y el contenido de cada una de ellas.<\/p>\n<p>Entendemos por estampa una ilustraci\u00f3n precisa de un paisaje, una persona o un pueblo. Definen y encuadran una situaci\u00f3n, retratan una personalidad o sintetizan una vida. Esas im\u00e1genes inmovilizan y arrancan un instante o unos d\u00edas, captando su esencia m\u00e1s profunda. Sin embargo este conjunto de estampas produce una sensaci\u00f3n de movimiento tel\u00farico, de encaje de las piezas del puzzle y justificaci\u00f3n de todas y cada una de las im\u00e1genes, en una estructura precisa que ejemplifica el breve rel\u00e1mpago de la revoluci\u00f3n, as\u00ed como su dolorosa oscuridad y muerte.<\/p>\n<p>Tres estampas dibujan el perfil del revolucionario Buenaventura Durruti; las otras cuatro esbozan el terremoto colectivo, masivo y popular del hecho revolucionario y luego, la embestida de la contrarrevoluci\u00f3n estalinista y republicana. El conjunto demuestra que Durruti no se perdi\u00f3 en ning\u00fan laberinto. El autor nos lo presenta sin mitos, m\u00e1s all\u00e1 de la divinizaci\u00f3n de algunos y de su demonizaci\u00f3n por otros; o de su banalizaci\u00f3n por los m\u00e1s.<\/p>\n<p>El libro incluye dos anexos documentales: la protesta de Durruti por la militarizaci\u00f3n de su columna y la orden recibida de marchar a Madrid.<\/p>\n","protected":false},"excerpt":{"rendered":"<p><strong>Agust\u00edn Guillam\u00f3n<\/strong><br \/>\n9788412441703 &#8211; Sue\u00f1os de sabotaje &#8211; 2021 &#8211; 92 p\u00e1ginas \/orri.<\/p>\n","protected":false},"featured_media":10950,"template":"","meta":[],"product_brand":[],"product_cat":[1868,16],"product_tag":[3321,5488],"class_list":{"0":"post-10921","1":"product","2":"type-product","3":"status-publish","4":"has-post-thumbnail","6":"product_cat-anarkismoa-anarquismo","7":"product_cat-libros","8":"product_tag-agustin-guillamon","9":"product_tag-suenos-de-sabotaje","11":"first","12":"instock","13":"sold-individually","14":"shipping-taxable","15":"purchasable","16":"product-type-simple"},"yoast_head":"<!-- This site is optimized with the Yoast SEO plugin v27.3 - https:\/\/yoast.com\/product\/yoast-seo-wordpress\/ -->\n<title>Durruti sin mitos ni laberinto y otras estampas &#8212; Zapateneo<\/title>\n<meta name=\"robots\" content=\"index, follow, max-snippet:-1, max-image-preview:large, max-video-preview:-1\" \/>\n<link rel=\"canonical\" href=\"https:\/\/zapateneo.net\/wordpress\/index.php\/producto\/durruti-sin-mitos-ni-laberinto-y-otras-estampas\/\" \/>\n<meta property=\"og:locale\" content=\"es_ES\" \/>\n<meta property=\"og:type\" content=\"article\" \/>\n<meta property=\"og:title\" content=\"Durruti sin mitos ni laberinto y otras estampas &#8212; Zapateneo\" \/>\n<meta property=\"og:description\" content=\"Agust\u00edn Guillam\u00f3n 9788412441703 - Sue\u00f1os de sabotaje - 2021 - 92 p\u00e1ginas \/orri.\" \/>\n<meta property=\"og:url\" content=\"https:\/\/zapateneo.net\/wordpress\/index.php\/producto\/durruti-sin-mitos-ni-laberinto-y-otras-estampas\/\" \/>\n<meta property=\"og:site_name\" content=\"Zapateneo\" \/>\n<meta property=\"article:modified_time\" content=\"2022-05-08T17:40:50+00:00\" \/>\n<meta name=\"twitter:card\" content=\"summary_large_image\" \/>\n<meta name=\"twitter:site\" content=\"@zapateneo\" \/>\n<meta name=\"twitter:label1\" content=\"Tiempo de lectura\" \/>\n\t<meta name=\"twitter:data1\" content=\"1 minuto\" \/>\n<script type=\"application\/ld+json\" class=\"yoast-schema-graph\">{\"@context\":\"https:\\\/\\\/schema.org\",\"@graph\":[{\"@type\":\"WebPage\",\"@id\":\"https:\\\/\\\/zapateneo.net\\\/wordpress\\\/index.php\\\/producto\\\/durruti-sin-mitos-ni-laberinto-y-otras-estampas\\\/\",\"url\":\"https:\\\/\\\/zapateneo.net\\\/wordpress\\\/index.php\\\/producto\\\/durruti-sin-mitos-ni-laberinto-y-otras-estampas\\\/\",\"name\":\"Durruti sin mitos ni laberinto y otras estampas &#8212; Zapateneo\",\"isPartOf\":{\"@id\":\"https:\\\/\\\/zapateneo.net\\\/wordpress\\\/#website\"},\"primaryImageOfPage\":{\"@id\":\"https:\\\/\\\/zapateneo.net\\\/wordpress\\\/index.php\\\/producto\\\/durruti-sin-mitos-ni-laberinto-y-otras-estampas\\\/#primaryimage\"},\"image\":{\"@id\":\"https:\\\/\\\/zapateneo.net\\\/wordpress\\\/index.php\\\/producto\\\/durruti-sin-mitos-ni-laberinto-y-otras-estampas\\\/#primaryimage\"},\"thumbnailUrl\":\"https:\\\/\\\/zapateneo.net\\\/wordpress\\\/wp-content\\\/uploads\\\/2022\\\/05\\\/9788412441703.jpg\",\"datePublished\":\"2022-05-08T17:40:42+00:00\",\"dateModified\":\"2022-05-08T17:40:50+00:00\",\"breadcrumb\":{\"@id\":\"https:\\\/\\\/zapateneo.net\\\/wordpress\\\/index.php\\\/producto\\\/durruti-sin-mitos-ni-laberinto-y-otras-estampas\\\/#breadcrumb\"},\"inLanguage\":\"es\",\"potentialAction\":[{\"@type\":\"ReadAction\",\"target\":[\"https:\\\/\\\/zapateneo.net\\\/wordpress\\\/index.php\\\/producto\\\/durruti-sin-mitos-ni-laberinto-y-otras-estampas\\\/\"]}]},{\"@type\":\"ImageObject\",\"inLanguage\":\"es\",\"@id\":\"https:\\\/\\\/zapateneo.net\\\/wordpress\\\/index.php\\\/producto\\\/durruti-sin-mitos-ni-laberinto-y-otras-estampas\\\/#primaryimage\",\"url\":\"https:\\\/\\\/zapateneo.net\\\/wordpress\\\/wp-content\\\/uploads\\\/2022\\\/05\\\/9788412441703.jpg\",\"contentUrl\":\"https:\\\/\\\/zapateneo.net\\\/wordpress\\\/wp-content\\\/uploads\\\/2022\\\/05\\\/9788412441703.jpg\",\"width\":240,\"height\":365},{\"@type\":\"BreadcrumbList\",\"@id\":\"https:\\\/\\\/zapateneo.net\\\/wordpress\\\/index.php\\\/producto\\\/durruti-sin-mitos-ni-laberinto-y-otras-estampas\\\/#breadcrumb\",\"itemListElement\":[{\"@type\":\"ListItem\",\"position\":1,\"name\":\"Portada\",\"item\":\"https:\\\/\\\/zapateneo.net\\\/wordpress\\\/\"},{\"@type\":\"ListItem\",\"position\":2,\"name\":\"Tienda\",\"item\":\"https:\\\/\\\/zapateneo.net\\\/wordpress\\\/\"},{\"@type\":\"ListItem\",\"position\":3,\"name\":\"Durruti sin mitos ni laberinto y otras estampas\"}]},{\"@type\":\"WebSite\",\"@id\":\"https:\\\/\\\/zapateneo.net\\\/wordpress\\\/#website\",\"url\":\"https:\\\/\\\/zapateneo.net\\\/wordpress\\\/\",\"name\":\"Zapateneo\",\"description\":\"Zapateneoaren webgunea\",\"publisher\":{\"@id\":\"https:\\\/\\\/zapateneo.net\\\/wordpress\\\/#organization\"},\"potentialAction\":[{\"@type\":\"SearchAction\",\"target\":{\"@type\":\"EntryPoint\",\"urlTemplate\":\"https:\\\/\\\/zapateneo.net\\\/wordpress\\\/?s={search_term_string}\"},\"query-input\":{\"@type\":\"PropertyValueSpecification\",\"valueRequired\":true,\"valueName\":\"search_term_string\"}}],\"inLanguage\":\"es\"},{\"@type\":\"Organization\",\"@id\":\"https:\\\/\\\/zapateneo.net\\\/wordpress\\\/#organization\",\"name\":\"Zapateneo Kultur Elkartea\",\"url\":\"https:\\\/\\\/zapateneo.net\\\/wordpress\\\/\",\"logo\":{\"@type\":\"ImageObject\",\"inLanguage\":\"es\",\"@id\":\"https:\\\/\\\/zapateneo.net\\\/wordpress\\\/#\\\/schema\\\/logo\\\/image\\\/\",\"url\":\"https:\\\/\\\/zapateneo.net\\\/wordpress\\\/wp-content\\\/uploads\\\/2021\\\/04\\\/zap-libu-kolec.jpg\",\"contentUrl\":\"https:\\\/\\\/zapateneo.net\\\/wordpress\\\/wp-content\\\/uploads\\\/2021\\\/04\\\/zap-libu-kolec.jpg\",\"width\":2234,\"height\":398,\"caption\":\"Zapateneo Kultur Elkartea\"},\"image\":{\"@id\":\"https:\\\/\\\/zapateneo.net\\\/wordpress\\\/#\\\/schema\\\/logo\\\/image\\\/\"},\"sameAs\":[\"https:\\\/\\\/x.com\\\/zapateneo\"]}]}<\/script>\n<!-- \/ Yoast SEO plugin. -->","yoast_head_json":{"title":"Durruti sin mitos ni laberinto y otras estampas &#8212; Zapateneo","robots":{"index":"index","follow":"follow","max-snippet":"max-snippet:-1","max-image-preview":"max-image-preview:large","max-video-preview":"max-video-preview:-1"},"canonical":"https:\/\/zapateneo.net\/wordpress\/index.php\/producto\/durruti-sin-mitos-ni-laberinto-y-otras-estampas\/","og_locale":"es_ES","og_type":"article","og_title":"Durruti sin mitos ni laberinto y otras estampas &#8212; Zapateneo","og_description":"Agust\u00edn Guillam\u00f3n 9788412441703 - Sue\u00f1os de sabotaje - 2021 - 92 p\u00e1ginas \/orri.","og_url":"https:\/\/zapateneo.net\/wordpress\/index.php\/producto\/durruti-sin-mitos-ni-laberinto-y-otras-estampas\/","og_site_name":"Zapateneo","article_modified_time":"2022-05-08T17:40:50+00:00","twitter_card":"summary_large_image","twitter_site":"@zapateneo","twitter_misc":{"Tiempo de lectura":"1 minuto"},"schema":{"@context":"https:\/\/schema.org","@graph":[{"@type":"WebPage","@id":"https:\/\/zapateneo.net\/wordpress\/index.php\/producto\/durruti-sin-mitos-ni-laberinto-y-otras-estampas\/","url":"https:\/\/zapateneo.net\/wordpress\/index.php\/producto\/durruti-sin-mitos-ni-laberinto-y-otras-estampas\/","name":"Durruti sin mitos ni laberinto y otras estampas &#8212; Zapateneo","isPartOf":{"@id":"https:\/\/zapateneo.net\/wordpress\/#website"},"primaryImageOfPage":{"@id":"https:\/\/zapateneo.net\/wordpress\/index.php\/producto\/durruti-sin-mitos-ni-laberinto-y-otras-estampas\/#primaryimage"},"image":{"@id":"https:\/\/zapateneo.net\/wordpress\/index.php\/producto\/durruti-sin-mitos-ni-laberinto-y-otras-estampas\/#primaryimage"},"thumbnailUrl":"https:\/\/zapateneo.net\/wordpress\/wp-content\/uploads\/2022\/05\/9788412441703.jpg","datePublished":"2022-05-08T17:40:42+00:00","dateModified":"2022-05-08T17:40:50+00:00","breadcrumb":{"@id":"https:\/\/zapateneo.net\/wordpress\/index.php\/producto\/durruti-sin-mitos-ni-laberinto-y-otras-estampas\/#breadcrumb"},"inLanguage":"es","potentialAction":[{"@type":"ReadAction","target":["https:\/\/zapateneo.net\/wordpress\/index.php\/producto\/durruti-sin-mitos-ni-laberinto-y-otras-estampas\/"]}]},{"@type":"ImageObject","inLanguage":"es","@id":"https:\/\/zapateneo.net\/wordpress\/index.php\/producto\/durruti-sin-mitos-ni-laberinto-y-otras-estampas\/#primaryimage","url":"https:\/\/zapateneo.net\/wordpress\/wp-content\/uploads\/2022\/05\/9788412441703.jpg","contentUrl":"https:\/\/zapateneo.net\/wordpress\/wp-content\/uploads\/2022\/05\/9788412441703.jpg","width":240,"height":365},{"@type":"BreadcrumbList","@id":"https:\/\/zapateneo.net\/wordpress\/index.php\/producto\/durruti-sin-mitos-ni-laberinto-y-otras-estampas\/#breadcrumb","itemListElement":[{"@type":"ListItem","position":1,"name":"Portada","item":"https:\/\/zapateneo.net\/wordpress\/"},{"@type":"ListItem","position":2,"name":"Tienda","item":"https:\/\/zapateneo.net\/wordpress\/"},{"@type":"ListItem","position":3,"name":"Durruti sin mitos ni laberinto y otras estampas"}]},{"@type":"WebSite","@id":"https:\/\/zapateneo.net\/wordpress\/#website","url":"https:\/\/zapateneo.net\/wordpress\/","name":"Zapateneo","description":"Zapateneoaren webgunea","publisher":{"@id":"https:\/\/zapateneo.net\/wordpress\/#organization"},"potentialAction":[{"@type":"SearchAction","target":{"@type":"EntryPoint","urlTemplate":"https:\/\/zapateneo.net\/wordpress\/?s={search_term_string}"},"query-input":{"@type":"PropertyValueSpecification","valueRequired":true,"valueName":"search_term_string"}}],"inLanguage":"es"},{"@type":"Organization","@id":"https:\/\/zapateneo.net\/wordpress\/#organization","name":"Zapateneo Kultur Elkartea","url":"https:\/\/zapateneo.net\/wordpress\/","logo":{"@type":"ImageObject","inLanguage":"es","@id":"https:\/\/zapateneo.net\/wordpress\/#\/schema\/logo\/image\/","url":"https:\/\/zapateneo.net\/wordpress\/wp-content\/uploads\/2021\/04\/zap-libu-kolec.jpg","contentUrl":"https:\/\/zapateneo.net\/wordpress\/wp-content\/uploads\/2021\/04\/zap-libu-kolec.jpg","width":2234,"height":398,"caption":"Zapateneo Kultur Elkartea"},"image":{"@id":"https:\/\/zapateneo.net\/wordpress\/#\/schema\/logo\/image\/"},"sameAs":["https:\/\/x.com\/zapateneo"]}]}},"_links":{"self":[{"href":"https:\/\/zapateneo.net\/wordpress\/index.php\/wp-json\/wp\/v2\/product\/10921","targetHints":{"allow":["GET"]}}],"collection":[{"href":"https:\/\/zapateneo.net\/wordpress\/index.php\/wp-json\/wp\/v2\/product"}],"about":[{"href":"https:\/\/zapateneo.net\/wordpress\/index.php\/wp-json\/wp\/v2\/types\/product"}],"wp:featuredmedia":[{"embeddable":true,"href":"https:\/\/zapateneo.net\/wordpress\/index.php\/wp-json\/wp\/v2\/media\/10950"}],"wp:attachment":[{"href":"https:\/\/zapateneo.net\/wordpress\/index.php\/wp-json\/wp\/v2\/media?parent=10921"}],"wp:term":[{"taxonomy":"product_brand","embeddable":true,"href":"https:\/\/zapateneo.net\/wordpress\/index.php\/wp-json\/wp\/v2\/product_brand?post=10921"},{"taxonomy":"product_cat","embeddable":true,"href":"https:\/\/zapateneo.net\/wordpress\/index.php\/wp-json\/wp\/v2\/product_cat?post=10921"},{"taxonomy":"product_tag","embeddable":true,"href":"https:\/\/zapateneo.net\/wordpress\/index.php\/wp-json\/wp\/v2\/product_tag?post=10921"}],"curies":[{"name":"wp","href":"https:\/\/api.w.org\/{rel}","templated":true}]}}