{"id":10874,"date":"2022-03-17T18:53:53","date_gmt":"2022-03-17T17:53:53","guid":{"rendered":"https:\/\/zapateneo.net\/wordpress\/?post_type=product&#038;p=10874"},"modified":"2023-04-12T16:05:16","modified_gmt":"2023-04-12T15:05:16","slug":"la-policia-un-analisis-critico","status":"publish","type":"product","link":"https:\/\/zapateneo.net\/wordpress\/index.php\/producto\/la-policia-un-analisis-critico\/","title":{"rendered":"La polic\u00eda. Un an\u00e1lisis cr\u00edtico"},"content":{"rendered":"<p>\u201cLa polic\u00eda. Un an\u00e1lisis cr\u00edtico\u201d es el decimocuarto t\u00edtulo de nuestra colecci\u00f3n central. Este texto pretende contribuir a llenar un curioso vac\u00edo: el estudio de los cuerpos policiales. Es cierto que la cultura audiovisual, sobre todo a trav\u00e9s del cine y las series de televisi\u00f3n, ha convertido a la polic\u00eda en una instituci\u00f3n con una presencia enorme en la cultura que consumimos. Por otro lado, resulta llamativa la escasa producci\u00f3n de estudios cient\u00edficos sociales sobre esta instituci\u00f3n. \u00bfNo existe inter\u00e9s por el estudio de los cuerpos del orden? \u00bfEs su hermetismo el motivo de esta escasez de estudios? \u00bfO es posible que se trate de un objeto inc\u00f3modo de estudio por su poder? Resulta dif\u00edcil saber si estas razones u otras han sido determinantes en esta sequ\u00eda acad\u00e9mica. No obstante, el Colectivo La Plebe se ha propuesto poner un grano de arena para ofrecernos un acercamiento que combine sencillez y seriedad. Porque cuanto m\u00e1s poder acumula una instituci\u00f3n m\u00e1s necesario es poner sobre ella la lupa de la cr\u00edtica para dejar al descubierto la realidad: <\/p>\n<p>Si tuvi\u00e9ramos que elegir un adjetivo para definir este siglo en el que nos ha tocado vivir, ser\u00eda el de c\u00ednico. Y es que poca gente parece creer, con un m\u00ednimo de sinceridad, en las grandes instituciones hist\u00f3ricas como la Iglesia, los partidos pol\u00edticos, la justicia, etc. El descr\u00e9dito no est\u00e1 restringido a esos referentes, sino que ha socavado el prestigio de muchos campos profesionales que, en otro tiempo, parece que gozaron de cierto respeto, como el periodismo, la abogac\u00eda, la docencia, etc.<br \/>\nPor eso, todos podr\u00edan mirar con recelo a la polic\u00eda, que ha conseguido una imagen que para s\u00ed quisieran otros organismos. Pero, \u00bfqu\u00e9 ha ocurrido para que una organizaci\u00f3n que ha ejercido tanta violencia contra las capas m\u00e1s d\u00e9biles de la sociedad a lo largo de su historia haya mejorado considerablemente su reputaci\u00f3n?<br \/>\nLas p\u00e1ginas del libro que tienes entre tus manos analizan con rigor y amenidad las herramientas culturales que han operado en las \u00faltimas d\u00e9cadas para producir ese cambio. Al mismo tiempo, encontrar\u00e1s una descripci\u00f3n cr\u00edtica de los rasgos propios de la realidad policial, su visi\u00f3n de la justicia, la percepci\u00f3n que tienen de s\u00ed mismos, etc. No se trata solo de entender cu\u00e1l es la funci\u00f3n social de la polic\u00eda, sino de entender algunos de los mecanismos que operan en esto que llamamos democracia y que impiden avanzar hacia un mundo donde la conjunci\u00f3n de igualdad y libertad abra nuevos horizontes de justicia social.<\/p>\n","protected":false},"excerpt":{"rendered":"<p><strong>Colectivo La Plebe<\/strong><br \/>\n2022031500012 &#8211; La Neurosis o Las Barricadas Ed. &#8211; 2022 &#8211; 168 p\u00e1ginas \/orri.<\/p>\n","protected":false},"featured_media":10877,"template":"","meta":[],"product_brand":[],"product_cat":[16,173],"product_tag":[5478,714],"class_list":{"0":"post-10874","1":"product","2":"type-product","3":"status-publish","4":"has-post-thumbnail","6":"product_cat-libros","7":"product_cat-saiakera-ensayo","8":"product_tag-colectivo-la-plebe","9":"product_tag-la-neurosis-o-las-barricadas","11":"first","12":"instock","13":"sold-individually","14":"shipping-taxable","15":"purchasable","16":"product-type-simple"},"yoast_head":"<!-- This site is optimized with the Yoast SEO plugin v27.3 - https:\/\/yoast.com\/product\/yoast-seo-wordpress\/ -->\n<title>La polic\u00eda. Un an\u00e1lisis cr\u00edtico &#8212; Zapateneo<\/title>\n<meta name=\"robots\" content=\"index, follow, max-snippet:-1, max-image-preview:large, max-video-preview:-1\" \/>\n<link rel=\"canonical\" href=\"https:\/\/zapateneo.net\/wordpress\/index.php\/producto\/la-policia-un-analisis-critico\/\" \/>\n<meta property=\"og:locale\" content=\"es_ES\" \/>\n<meta property=\"og:type\" content=\"article\" \/>\n<meta property=\"og:title\" content=\"La polic\u00eda. Un an\u00e1lisis cr\u00edtico &#8212; Zapateneo\" \/>\n<meta property=\"og:description\" content=\"Colectivo La Plebe 2022031500012 - La Neurosis o Las Barricadas Ed. - 2022 - 168 p\u00e1ginas \/orri.\" \/>\n<meta property=\"og:url\" content=\"https:\/\/zapateneo.net\/wordpress\/index.php\/producto\/la-policia-un-analisis-critico\/\" \/>\n<meta property=\"og:site_name\" content=\"Zapateneo\" \/>\n<meta property=\"article:modified_time\" content=\"2023-04-12T15:05:16+00:00\" \/>\n<meta property=\"og:image\" content=\"https:\/\/zapateneo.net\/wordpress\/wp-content\/uploads\/2022\/03\/polisiacubierta.jpg\" \/>\n\t<meta property=\"og:image:width\" content=\"311\" \/>\n\t<meta property=\"og:image:height\" content=\"400\" \/>\n\t<meta property=\"og:image:type\" content=\"image\/jpeg\" \/>\n<meta name=\"twitter:card\" content=\"summary_large_image\" \/>\n<meta name=\"twitter:site\" content=\"@zapateneo\" \/>\n<meta name=\"twitter:label1\" content=\"Tiempo de lectura\" \/>\n\t<meta name=\"twitter:data1\" content=\"2 minutos\" \/>\n<script type=\"application\/ld+json\" class=\"yoast-schema-graph\">{\"@context\":\"https:\\\/\\\/schema.org\",\"@graph\":[{\"@type\":\"WebPage\",\"@id\":\"https:\\\/\\\/zapateneo.net\\\/wordpress\\\/index.php\\\/producto\\\/la-policia-un-analisis-critico\\\/\",\"url\":\"https:\\\/\\\/zapateneo.net\\\/wordpress\\\/index.php\\\/producto\\\/la-policia-un-analisis-critico\\\/\",\"name\":\"La polic\u00eda. Un an\u00e1lisis cr\u00edtico &#8212; Zapateneo\",\"isPartOf\":{\"@id\":\"https:\\\/\\\/zapateneo.net\\\/wordpress\\\/#website\"},\"primaryImageOfPage\":{\"@id\":\"https:\\\/\\\/zapateneo.net\\\/wordpress\\\/index.php\\\/producto\\\/la-policia-un-analisis-critico\\\/#primaryimage\"},\"image\":{\"@id\":\"https:\\\/\\\/zapateneo.net\\\/wordpress\\\/index.php\\\/producto\\\/la-policia-un-analisis-critico\\\/#primaryimage\"},\"thumbnailUrl\":\"https:\\\/\\\/zapateneo.net\\\/wordpress\\\/wp-content\\\/uploads\\\/2022\\\/03\\\/polisiacubierta.jpg\",\"datePublished\":\"2022-03-17T17:53:53+00:00\",\"dateModified\":\"2023-04-12T15:05:16+00:00\",\"breadcrumb\":{\"@id\":\"https:\\\/\\\/zapateneo.net\\\/wordpress\\\/index.php\\\/producto\\\/la-policia-un-analisis-critico\\\/#breadcrumb\"},\"inLanguage\":\"es\",\"potentialAction\":[{\"@type\":\"ReadAction\",\"target\":[\"https:\\\/\\\/zapateneo.net\\\/wordpress\\\/index.php\\\/producto\\\/la-policia-un-analisis-critico\\\/\"]}]},{\"@type\":\"ImageObject\",\"inLanguage\":\"es\",\"@id\":\"https:\\\/\\\/zapateneo.net\\\/wordpress\\\/index.php\\\/producto\\\/la-policia-un-analisis-critico\\\/#primaryimage\",\"url\":\"https:\\\/\\\/zapateneo.net\\\/wordpress\\\/wp-content\\\/uploads\\\/2022\\\/03\\\/polisiacubierta.jpg\",\"contentUrl\":\"https:\\\/\\\/zapateneo.net\\\/wordpress\\\/wp-content\\\/uploads\\\/2022\\\/03\\\/polisiacubierta.jpg\",\"width\":311,\"height\":400},{\"@type\":\"BreadcrumbList\",\"@id\":\"https:\\\/\\\/zapateneo.net\\\/wordpress\\\/index.php\\\/producto\\\/la-policia-un-analisis-critico\\\/#breadcrumb\",\"itemListElement\":[{\"@type\":\"ListItem\",\"position\":1,\"name\":\"Portada\",\"item\":\"https:\\\/\\\/zapateneo.net\\\/wordpress\\\/\"},{\"@type\":\"ListItem\",\"position\":2,\"name\":\"Tienda\",\"item\":\"https:\\\/\\\/zapateneo.net\\\/wordpress\\\/\"},{\"@type\":\"ListItem\",\"position\":3,\"name\":\"La polic\u00eda. Un an\u00e1lisis cr\u00edtico\"}]},{\"@type\":\"WebSite\",\"@id\":\"https:\\\/\\\/zapateneo.net\\\/wordpress\\\/#website\",\"url\":\"https:\\\/\\\/zapateneo.net\\\/wordpress\\\/\",\"name\":\"Zapateneo\",\"description\":\"Zapateneoaren webgunea\",\"publisher\":{\"@id\":\"https:\\\/\\\/zapateneo.net\\\/wordpress\\\/#organization\"},\"potentialAction\":[{\"@type\":\"SearchAction\",\"target\":{\"@type\":\"EntryPoint\",\"urlTemplate\":\"https:\\\/\\\/zapateneo.net\\\/wordpress\\\/?s={search_term_string}\"},\"query-input\":{\"@type\":\"PropertyValueSpecification\",\"valueRequired\":true,\"valueName\":\"search_term_string\"}}],\"inLanguage\":\"es\"},{\"@type\":\"Organization\",\"@id\":\"https:\\\/\\\/zapateneo.net\\\/wordpress\\\/#organization\",\"name\":\"Zapateneo Kultur Elkartea\",\"url\":\"https:\\\/\\\/zapateneo.net\\\/wordpress\\\/\",\"logo\":{\"@type\":\"ImageObject\",\"inLanguage\":\"es\",\"@id\":\"https:\\\/\\\/zapateneo.net\\\/wordpress\\\/#\\\/schema\\\/logo\\\/image\\\/\",\"url\":\"https:\\\/\\\/zapateneo.net\\\/wordpress\\\/wp-content\\\/uploads\\\/2021\\\/04\\\/zap-libu-kolec.jpg\",\"contentUrl\":\"https:\\\/\\\/zapateneo.net\\\/wordpress\\\/wp-content\\\/uploads\\\/2021\\\/04\\\/zap-libu-kolec.jpg\",\"width\":2234,\"height\":398,\"caption\":\"Zapateneo Kultur Elkartea\"},\"image\":{\"@id\":\"https:\\\/\\\/zapateneo.net\\\/wordpress\\\/#\\\/schema\\\/logo\\\/image\\\/\"},\"sameAs\":[\"https:\\\/\\\/x.com\\\/zapateneo\"]}]}<\/script>\n<!-- \/ Yoast SEO plugin. -->","yoast_head_json":{"title":"La polic\u00eda. Un an\u00e1lisis cr\u00edtico &#8212; Zapateneo","robots":{"index":"index","follow":"follow","max-snippet":"max-snippet:-1","max-image-preview":"max-image-preview:large","max-video-preview":"max-video-preview:-1"},"canonical":"https:\/\/zapateneo.net\/wordpress\/index.php\/producto\/la-policia-un-analisis-critico\/","og_locale":"es_ES","og_type":"article","og_title":"La polic\u00eda. Un an\u00e1lisis cr\u00edtico &#8212; Zapateneo","og_description":"Colectivo La Plebe 2022031500012 - La Neurosis o Las Barricadas Ed. - 2022 - 168 p\u00e1ginas \/orri.","og_url":"https:\/\/zapateneo.net\/wordpress\/index.php\/producto\/la-policia-un-analisis-critico\/","og_site_name":"Zapateneo","article_modified_time":"2023-04-12T15:05:16+00:00","og_image":[{"width":311,"height":400,"url":"https:\/\/zapateneo.net\/wordpress\/wp-content\/uploads\/2022\/03\/polisiacubierta.jpg","type":"image\/jpeg"}],"twitter_card":"summary_large_image","twitter_site":"@zapateneo","twitter_misc":{"Tiempo de lectura":"2 minutos"},"schema":{"@context":"https:\/\/schema.org","@graph":[{"@type":"WebPage","@id":"https:\/\/zapateneo.net\/wordpress\/index.php\/producto\/la-policia-un-analisis-critico\/","url":"https:\/\/zapateneo.net\/wordpress\/index.php\/producto\/la-policia-un-analisis-critico\/","name":"La polic\u00eda. Un an\u00e1lisis cr\u00edtico &#8212; Zapateneo","isPartOf":{"@id":"https:\/\/zapateneo.net\/wordpress\/#website"},"primaryImageOfPage":{"@id":"https:\/\/zapateneo.net\/wordpress\/index.php\/producto\/la-policia-un-analisis-critico\/#primaryimage"},"image":{"@id":"https:\/\/zapateneo.net\/wordpress\/index.php\/producto\/la-policia-un-analisis-critico\/#primaryimage"},"thumbnailUrl":"https:\/\/zapateneo.net\/wordpress\/wp-content\/uploads\/2022\/03\/polisiacubierta.jpg","datePublished":"2022-03-17T17:53:53+00:00","dateModified":"2023-04-12T15:05:16+00:00","breadcrumb":{"@id":"https:\/\/zapateneo.net\/wordpress\/index.php\/producto\/la-policia-un-analisis-critico\/#breadcrumb"},"inLanguage":"es","potentialAction":[{"@type":"ReadAction","target":["https:\/\/zapateneo.net\/wordpress\/index.php\/producto\/la-policia-un-analisis-critico\/"]}]},{"@type":"ImageObject","inLanguage":"es","@id":"https:\/\/zapateneo.net\/wordpress\/index.php\/producto\/la-policia-un-analisis-critico\/#primaryimage","url":"https:\/\/zapateneo.net\/wordpress\/wp-content\/uploads\/2022\/03\/polisiacubierta.jpg","contentUrl":"https:\/\/zapateneo.net\/wordpress\/wp-content\/uploads\/2022\/03\/polisiacubierta.jpg","width":311,"height":400},{"@type":"BreadcrumbList","@id":"https:\/\/zapateneo.net\/wordpress\/index.php\/producto\/la-policia-un-analisis-critico\/#breadcrumb","itemListElement":[{"@type":"ListItem","position":1,"name":"Portada","item":"https:\/\/zapateneo.net\/wordpress\/"},{"@type":"ListItem","position":2,"name":"Tienda","item":"https:\/\/zapateneo.net\/wordpress\/"},{"@type":"ListItem","position":3,"name":"La polic\u00eda. Un an\u00e1lisis cr\u00edtico"}]},{"@type":"WebSite","@id":"https:\/\/zapateneo.net\/wordpress\/#website","url":"https:\/\/zapateneo.net\/wordpress\/","name":"Zapateneo","description":"Zapateneoaren webgunea","publisher":{"@id":"https:\/\/zapateneo.net\/wordpress\/#organization"},"potentialAction":[{"@type":"SearchAction","target":{"@type":"EntryPoint","urlTemplate":"https:\/\/zapateneo.net\/wordpress\/?s={search_term_string}"},"query-input":{"@type":"PropertyValueSpecification","valueRequired":true,"valueName":"search_term_string"}}],"inLanguage":"es"},{"@type":"Organization","@id":"https:\/\/zapateneo.net\/wordpress\/#organization","name":"Zapateneo Kultur Elkartea","url":"https:\/\/zapateneo.net\/wordpress\/","logo":{"@type":"ImageObject","inLanguage":"es","@id":"https:\/\/zapateneo.net\/wordpress\/#\/schema\/logo\/image\/","url":"https:\/\/zapateneo.net\/wordpress\/wp-content\/uploads\/2021\/04\/zap-libu-kolec.jpg","contentUrl":"https:\/\/zapateneo.net\/wordpress\/wp-content\/uploads\/2021\/04\/zap-libu-kolec.jpg","width":2234,"height":398,"caption":"Zapateneo Kultur Elkartea"},"image":{"@id":"https:\/\/zapateneo.net\/wordpress\/#\/schema\/logo\/image\/"},"sameAs":["https:\/\/x.com\/zapateneo"]}]}},"_links":{"self":[{"href":"https:\/\/zapateneo.net\/wordpress\/index.php\/wp-json\/wp\/v2\/product\/10874","targetHints":{"allow":["GET"]}}],"collection":[{"href":"https:\/\/zapateneo.net\/wordpress\/index.php\/wp-json\/wp\/v2\/product"}],"about":[{"href":"https:\/\/zapateneo.net\/wordpress\/index.php\/wp-json\/wp\/v2\/types\/product"}],"wp:featuredmedia":[{"embeddable":true,"href":"https:\/\/zapateneo.net\/wordpress\/index.php\/wp-json\/wp\/v2\/media\/10877"}],"wp:attachment":[{"href":"https:\/\/zapateneo.net\/wordpress\/index.php\/wp-json\/wp\/v2\/media?parent=10874"}],"wp:term":[{"taxonomy":"product_brand","embeddable":true,"href":"https:\/\/zapateneo.net\/wordpress\/index.php\/wp-json\/wp\/v2\/product_brand?post=10874"},{"taxonomy":"product_cat","embeddable":true,"href":"https:\/\/zapateneo.net\/wordpress\/index.php\/wp-json\/wp\/v2\/product_cat?post=10874"},{"taxonomy":"product_tag","embeddable":true,"href":"https:\/\/zapateneo.net\/wordpress\/index.php\/wp-json\/wp\/v2\/product_tag?post=10874"}],"curies":[{"name":"wp","href":"https:\/\/api.w.org\/{rel}","templated":true}]}}