{"id":10262,"date":"2021-11-22T16:53:05","date_gmt":"2021-11-22T15:53:05","guid":{"rendered":"https:\/\/zapateneo.net\/wordpress\/?post_type=product&#038;p=10262"},"modified":"2021-12-22T17:22:33","modified_gmt":"2021-12-22T16:22:33","slug":"independencia-libertad-y-soberania-individual","status":"publish","type":"product","link":"https:\/\/zapateneo.net\/wordpress\/index.php\/producto\/independencia-libertad-y-soberania-individual\/","title":{"rendered":"Independencia, libertad y soberan\u00eda individual"},"content":{"rendered":"<p>Isaac Puente.<br \/>\nPr\u00f3logo de Jos\u00e9 Peirats.<\/p>\n<p>El primer contacto simb\u00f3lico con Isaac Puente (pues nunca personal lo tuve) se remonta al bienio 1925-27, a trav\u00e9s de la publicaci\u00f3n \u00abGeneraci\u00f3n Consciente\u00bb, que se editaba en Valencia excelentemente presentada. Est\u00e1bamos en plena dictadura de Primo de Rivera. El virus libertario recurr\u00eda a subterfugios para comunicarse sus inquietudes. Uno de los amagos preferidos era la excursi\u00f3n a la monta\u00f1a. Para los \u00e1cratas en flor capitale\u00f1os, la monta\u00f1a era la orla pegada a la costa mediterr\u00e1nea todav\u00eda no profanada por el asfalto, el caucho y los acres olores. Hab\u00eda que hab\u00e9rselas con sendas abruptas y enmara\u00f1adas, juego de ni\u00f1os para los monta\u00f1eros del Clot (\u00abSol y Vida\u00bb), los alumnos nocturnos de la Escuela \u00abLuz\u00bb (de Sants), los de \u00abNatura\u00bb (S. Mart\u00edn) y otras partidas de forajidos. Escal\u00e1bamos el repecho de Vall-vidrera cual ganado cabr\u00edo para desparramarnos por el ondulante Vall\u00e9s Occidental, donde abundaban paisajes buc\u00f3licos, bosquecillos de pinos pi\u00f1oneros, arroyos con alamedas, grises encinares y olivares plateados. \u00a1Qu\u00e9 j\u00f3venes nos vemos ahora en viejas, borrosas, amarillentas fotograf\u00edas, milagrosamente supervivientes! Iban pollinamente cargadas nuestras espaldas con mochilas repletas de fruta del tiempo y&#8230; papeles, kilos de papel impreso: los casi f\u00f3siles folletos, alg\u00fan que otro libraco de hojas arrolladas como las que oto\u00f1o aventa y, milagro de lozan\u00eda, las pocas revistas que la inquisitorial censura militar desde\u00f1aba: \u00abGeneraci\u00f3n Consciente\u00bb y \u00abLa Revista Blanca\u00bb; \u00e9sta prodigiosamente nacida con el cuartelazo, y en la que se le\u00edan con unci\u00f3n los primeros pinitos literarios de Federica, acontecimiento por mujer, joven y un estilo vigoroso. Rumiaban con m\u00e1s o menos sordina los iniciados las misteriosas hojas clandestinas, que firmaban con estilo pirot\u00e9cnico, tras los saludos y vivas de rigor, remotos comit\u00e9s confederales o \u00abespec\u00edficos\u00bb. Y, como soga tras caldero, produc\u00edase la \u00abcharla\u00bb. Era la de no acabar sobre la sexualidad, amor libre, naturismo o vegetarismo. La Dictadura hab\u00eda liquidado un movimiento y clausurado una \u00e9poca; pero los pretendientes a los favores de Acracia que no yac\u00edan bajo tierra profana; los no enterrados en vida en presidios; los que no andaban a salto de mata cambiando de domicilio o de provincia; en fin, los que no hab\u00edan puesto Pirineos de por medio, hac\u00edamos filosof\u00eda barata discutiendo lo humano y lo divino, francos a\u00fan de ficha antropom\u00e9trica en la Jefatura Superior de Polic\u00eda&#8230;<\/p>\n<p>Asociaci\u00f3n Isaac Puente, Vitoria 1987<\/p>\n","protected":false},"excerpt":{"rendered":"<p><strong>Isaac Puente<\/strong><br \/>\n2021011400014 &#8211; Asociaci\u00f3n Isaac Puente &#8211; 1987 &#8211; 40 p\u00e1ginas \/orri.<\/p>\n","protected":false},"featured_media":10289,"template":"","meta":[],"product_brand":[],"product_cat":[1868,165],"product_tag":[1846,5104],"class_list":{"0":"post-10262","1":"product","2":"type-product","3":"status-publish","4":"has-post-thumbnail","6":"product_cat-anarkismoa-anarquismo","7":"product_cat-fanzines-fanzineak","8":"product_tag-asociacion-isaac-puente","9":"product_tag-isaac-puente","11":"first","12":"instock","13":"sold-individually","14":"shipping-taxable","15":"purchasable","16":"product-type-simple"},"yoast_head":"<!-- This site is optimized with the Yoast SEO plugin v27.3 - https:\/\/yoast.com\/product\/yoast-seo-wordpress\/ -->\n<title>Independencia, libertad y soberan\u00eda individual &#8212; Zapateneo<\/title>\n<meta name=\"robots\" content=\"index, follow, max-snippet:-1, max-image-preview:large, max-video-preview:-1\" \/>\n<link rel=\"canonical\" href=\"https:\/\/zapateneo.net\/wordpress\/index.php\/producto\/independencia-libertad-y-soberania-individual\/\" \/>\n<meta property=\"og:locale\" content=\"es_ES\" \/>\n<meta property=\"og:type\" content=\"article\" \/>\n<meta property=\"og:title\" content=\"Independencia, libertad y soberan\u00eda individual &#8212; Zapateneo\" \/>\n<meta property=\"og:description\" content=\"Isaac Puente 2021011400014 - Asociaci\u00f3n Isaac Puente - 1987 - 40 p\u00e1ginas \/orri.\" \/>\n<meta property=\"og:url\" content=\"https:\/\/zapateneo.net\/wordpress\/index.php\/producto\/independencia-libertad-y-soberania-individual\/\" \/>\n<meta property=\"og:site_name\" content=\"Zapateneo\" \/>\n<meta property=\"article:modified_time\" content=\"2021-12-22T16:22:33+00:00\" \/>\n<meta property=\"og:image\" content=\"https:\/\/zapateneo.net\/wordpress\/wp-content\/uploads\/2021\/12\/independencia-libertad-y-soberania-individual.jpeg\" \/>\n\t<meta property=\"og:image:width\" content=\"400\" \/>\n\t<meta property=\"og:image:height\" content=\"400\" \/>\n\t<meta property=\"og:image:type\" content=\"image\/jpeg\" \/>\n<meta name=\"twitter:card\" content=\"summary_large_image\" \/>\n<meta name=\"twitter:site\" content=\"@zapateneo\" \/>\n<meta name=\"twitter:label1\" content=\"Tiempo de lectura\" \/>\n\t<meta name=\"twitter:data1\" content=\"2 minutos\" \/>\n<script type=\"application\/ld+json\" class=\"yoast-schema-graph\">{\"@context\":\"https:\\\/\\\/schema.org\",\"@graph\":[{\"@type\":\"WebPage\",\"@id\":\"https:\\\/\\\/zapateneo.net\\\/wordpress\\\/index.php\\\/producto\\\/independencia-libertad-y-soberania-individual\\\/\",\"url\":\"https:\\\/\\\/zapateneo.net\\\/wordpress\\\/index.php\\\/producto\\\/independencia-libertad-y-soberania-individual\\\/\",\"name\":\"Independencia, libertad y soberan\u00eda individual &#8212; Zapateneo\",\"isPartOf\":{\"@id\":\"https:\\\/\\\/zapateneo.net\\\/wordpress\\\/#website\"},\"primaryImageOfPage\":{\"@id\":\"https:\\\/\\\/zapateneo.net\\\/wordpress\\\/index.php\\\/producto\\\/independencia-libertad-y-soberania-individual\\\/#primaryimage\"},\"image\":{\"@id\":\"https:\\\/\\\/zapateneo.net\\\/wordpress\\\/index.php\\\/producto\\\/independencia-libertad-y-soberania-individual\\\/#primaryimage\"},\"thumbnailUrl\":\"https:\\\/\\\/zapateneo.net\\\/wordpress\\\/wp-content\\\/uploads\\\/2021\\\/12\\\/independencia-libertad-y-soberania-individual.jpeg\",\"datePublished\":\"2021-11-22T15:53:05+00:00\",\"dateModified\":\"2021-12-22T16:22:33+00:00\",\"breadcrumb\":{\"@id\":\"https:\\\/\\\/zapateneo.net\\\/wordpress\\\/index.php\\\/producto\\\/independencia-libertad-y-soberania-individual\\\/#breadcrumb\"},\"inLanguage\":\"es\",\"potentialAction\":[{\"@type\":\"ReadAction\",\"target\":[\"https:\\\/\\\/zapateneo.net\\\/wordpress\\\/index.php\\\/producto\\\/independencia-libertad-y-soberania-individual\\\/\"]}]},{\"@type\":\"ImageObject\",\"inLanguage\":\"es\",\"@id\":\"https:\\\/\\\/zapateneo.net\\\/wordpress\\\/index.php\\\/producto\\\/independencia-libertad-y-soberania-individual\\\/#primaryimage\",\"url\":\"https:\\\/\\\/zapateneo.net\\\/wordpress\\\/wp-content\\\/uploads\\\/2021\\\/12\\\/independencia-libertad-y-soberania-individual.jpeg\",\"contentUrl\":\"https:\\\/\\\/zapateneo.net\\\/wordpress\\\/wp-content\\\/uploads\\\/2021\\\/12\\\/independencia-libertad-y-soberania-individual.jpeg\",\"width\":400,\"height\":400},{\"@type\":\"BreadcrumbList\",\"@id\":\"https:\\\/\\\/zapateneo.net\\\/wordpress\\\/index.php\\\/producto\\\/independencia-libertad-y-soberania-individual\\\/#breadcrumb\",\"itemListElement\":[{\"@type\":\"ListItem\",\"position\":1,\"name\":\"Portada\",\"item\":\"https:\\\/\\\/zapateneo.net\\\/wordpress\\\/\"},{\"@type\":\"ListItem\",\"position\":2,\"name\":\"Tienda\",\"item\":\"https:\\\/\\\/zapateneo.net\\\/wordpress\\\/\"},{\"@type\":\"ListItem\",\"position\":3,\"name\":\"Independencia, libertad y soberan\u00eda individual\"}]},{\"@type\":\"WebSite\",\"@id\":\"https:\\\/\\\/zapateneo.net\\\/wordpress\\\/#website\",\"url\":\"https:\\\/\\\/zapateneo.net\\\/wordpress\\\/\",\"name\":\"Zapateneo\",\"description\":\"Zapateneoaren webgunea\",\"publisher\":{\"@id\":\"https:\\\/\\\/zapateneo.net\\\/wordpress\\\/#organization\"},\"potentialAction\":[{\"@type\":\"SearchAction\",\"target\":{\"@type\":\"EntryPoint\",\"urlTemplate\":\"https:\\\/\\\/zapateneo.net\\\/wordpress\\\/?s={search_term_string}\"},\"query-input\":{\"@type\":\"PropertyValueSpecification\",\"valueRequired\":true,\"valueName\":\"search_term_string\"}}],\"inLanguage\":\"es\"},{\"@type\":\"Organization\",\"@id\":\"https:\\\/\\\/zapateneo.net\\\/wordpress\\\/#organization\",\"name\":\"Zapateneo Kultur Elkartea\",\"url\":\"https:\\\/\\\/zapateneo.net\\\/wordpress\\\/\",\"logo\":{\"@type\":\"ImageObject\",\"inLanguage\":\"es\",\"@id\":\"https:\\\/\\\/zapateneo.net\\\/wordpress\\\/#\\\/schema\\\/logo\\\/image\\\/\",\"url\":\"https:\\\/\\\/zapateneo.net\\\/wordpress\\\/wp-content\\\/uploads\\\/2021\\\/04\\\/zap-libu-kolec.jpg\",\"contentUrl\":\"https:\\\/\\\/zapateneo.net\\\/wordpress\\\/wp-content\\\/uploads\\\/2021\\\/04\\\/zap-libu-kolec.jpg\",\"width\":2234,\"height\":398,\"caption\":\"Zapateneo Kultur Elkartea\"},\"image\":{\"@id\":\"https:\\\/\\\/zapateneo.net\\\/wordpress\\\/#\\\/schema\\\/logo\\\/image\\\/\"},\"sameAs\":[\"https:\\\/\\\/x.com\\\/zapateneo\"]}]}<\/script>\n<!-- \/ Yoast SEO plugin. -->","yoast_head_json":{"title":"Independencia, libertad y soberan\u00eda individual &#8212; Zapateneo","robots":{"index":"index","follow":"follow","max-snippet":"max-snippet:-1","max-image-preview":"max-image-preview:large","max-video-preview":"max-video-preview:-1"},"canonical":"https:\/\/zapateneo.net\/wordpress\/index.php\/producto\/independencia-libertad-y-soberania-individual\/","og_locale":"es_ES","og_type":"article","og_title":"Independencia, libertad y soberan\u00eda individual &#8212; Zapateneo","og_description":"Isaac Puente 2021011400014 - Asociaci\u00f3n Isaac Puente - 1987 - 40 p\u00e1ginas \/orri.","og_url":"https:\/\/zapateneo.net\/wordpress\/index.php\/producto\/independencia-libertad-y-soberania-individual\/","og_site_name":"Zapateneo","article_modified_time":"2021-12-22T16:22:33+00:00","og_image":[{"width":400,"height":400,"url":"https:\/\/zapateneo.net\/wordpress\/wp-content\/uploads\/2021\/12\/independencia-libertad-y-soberania-individual.jpeg","type":"image\/jpeg"}],"twitter_card":"summary_large_image","twitter_site":"@zapateneo","twitter_misc":{"Tiempo de lectura":"2 minutos"},"schema":{"@context":"https:\/\/schema.org","@graph":[{"@type":"WebPage","@id":"https:\/\/zapateneo.net\/wordpress\/index.php\/producto\/independencia-libertad-y-soberania-individual\/","url":"https:\/\/zapateneo.net\/wordpress\/index.php\/producto\/independencia-libertad-y-soberania-individual\/","name":"Independencia, libertad y soberan\u00eda individual &#8212; Zapateneo","isPartOf":{"@id":"https:\/\/zapateneo.net\/wordpress\/#website"},"primaryImageOfPage":{"@id":"https:\/\/zapateneo.net\/wordpress\/index.php\/producto\/independencia-libertad-y-soberania-individual\/#primaryimage"},"image":{"@id":"https:\/\/zapateneo.net\/wordpress\/index.php\/producto\/independencia-libertad-y-soberania-individual\/#primaryimage"},"thumbnailUrl":"https:\/\/zapateneo.net\/wordpress\/wp-content\/uploads\/2021\/12\/independencia-libertad-y-soberania-individual.jpeg","datePublished":"2021-11-22T15:53:05+00:00","dateModified":"2021-12-22T16:22:33+00:00","breadcrumb":{"@id":"https:\/\/zapateneo.net\/wordpress\/index.php\/producto\/independencia-libertad-y-soberania-individual\/#breadcrumb"},"inLanguage":"es","potentialAction":[{"@type":"ReadAction","target":["https:\/\/zapateneo.net\/wordpress\/index.php\/producto\/independencia-libertad-y-soberania-individual\/"]}]},{"@type":"ImageObject","inLanguage":"es","@id":"https:\/\/zapateneo.net\/wordpress\/index.php\/producto\/independencia-libertad-y-soberania-individual\/#primaryimage","url":"https:\/\/zapateneo.net\/wordpress\/wp-content\/uploads\/2021\/12\/independencia-libertad-y-soberania-individual.jpeg","contentUrl":"https:\/\/zapateneo.net\/wordpress\/wp-content\/uploads\/2021\/12\/independencia-libertad-y-soberania-individual.jpeg","width":400,"height":400},{"@type":"BreadcrumbList","@id":"https:\/\/zapateneo.net\/wordpress\/index.php\/producto\/independencia-libertad-y-soberania-individual\/#breadcrumb","itemListElement":[{"@type":"ListItem","position":1,"name":"Portada","item":"https:\/\/zapateneo.net\/wordpress\/"},{"@type":"ListItem","position":2,"name":"Tienda","item":"https:\/\/zapateneo.net\/wordpress\/"},{"@type":"ListItem","position":3,"name":"Independencia, libertad y soberan\u00eda individual"}]},{"@type":"WebSite","@id":"https:\/\/zapateneo.net\/wordpress\/#website","url":"https:\/\/zapateneo.net\/wordpress\/","name":"Zapateneo","description":"Zapateneoaren webgunea","publisher":{"@id":"https:\/\/zapateneo.net\/wordpress\/#organization"},"potentialAction":[{"@type":"SearchAction","target":{"@type":"EntryPoint","urlTemplate":"https:\/\/zapateneo.net\/wordpress\/?s={search_term_string}"},"query-input":{"@type":"PropertyValueSpecification","valueRequired":true,"valueName":"search_term_string"}}],"inLanguage":"es"},{"@type":"Organization","@id":"https:\/\/zapateneo.net\/wordpress\/#organization","name":"Zapateneo Kultur Elkartea","url":"https:\/\/zapateneo.net\/wordpress\/","logo":{"@type":"ImageObject","inLanguage":"es","@id":"https:\/\/zapateneo.net\/wordpress\/#\/schema\/logo\/image\/","url":"https:\/\/zapateneo.net\/wordpress\/wp-content\/uploads\/2021\/04\/zap-libu-kolec.jpg","contentUrl":"https:\/\/zapateneo.net\/wordpress\/wp-content\/uploads\/2021\/04\/zap-libu-kolec.jpg","width":2234,"height":398,"caption":"Zapateneo Kultur Elkartea"},"image":{"@id":"https:\/\/zapateneo.net\/wordpress\/#\/schema\/logo\/image\/"},"sameAs":["https:\/\/x.com\/zapateneo"]}]}},"_links":{"self":[{"href":"https:\/\/zapateneo.net\/wordpress\/index.php\/wp-json\/wp\/v2\/product\/10262","targetHints":{"allow":["GET"]}}],"collection":[{"href":"https:\/\/zapateneo.net\/wordpress\/index.php\/wp-json\/wp\/v2\/product"}],"about":[{"href":"https:\/\/zapateneo.net\/wordpress\/index.php\/wp-json\/wp\/v2\/types\/product"}],"wp:featuredmedia":[{"embeddable":true,"href":"https:\/\/zapateneo.net\/wordpress\/index.php\/wp-json\/wp\/v2\/media\/10289"}],"wp:attachment":[{"href":"https:\/\/zapateneo.net\/wordpress\/index.php\/wp-json\/wp\/v2\/media?parent=10262"}],"wp:term":[{"taxonomy":"product_brand","embeddable":true,"href":"https:\/\/zapateneo.net\/wordpress\/index.php\/wp-json\/wp\/v2\/product_brand?post=10262"},{"taxonomy":"product_cat","embeddable":true,"href":"https:\/\/zapateneo.net\/wordpress\/index.php\/wp-json\/wp\/v2\/product_cat?post=10262"},{"taxonomy":"product_tag","embeddable":true,"href":"https:\/\/zapateneo.net\/wordpress\/index.php\/wp-json\/wp\/v2\/product_tag?post=10262"}],"curies":[{"name":"wp","href":"https:\/\/api.w.org\/{rel}","templated":true}]}}